000
CDUS45 KRIW 140744
CLIGEY


CLIMATE REPORT
NATIONAL WEATHER SERVICE RIVERTON WY
1233 AM MST SUN FEB 14 2016


...................................

...THE GREYBULL WY CLIMATE SUMMARY FOR FEBRUARY 13 2016...

CLIMATE NORMAL PERIOD 1981 TO 2010
CLIMATE RECORD PERIOD 1998 TO 2016


WEATHER ITEM   OBSERVED TIME   RECORD YEAR NORMAL DEPARTURE LAST
                VALUE   (LST)  VALUE       VALUE  FROM      YEAR
                                                  NORMAL
..................................................................
TEMPERATURE (F)
 YESTERDAY
  MAXIMUM         53   1238 PM  59    2015  35     18       59
  MINIMUM         28   1159 PM  -8    2001  11     17       28
  AVERAGE         41                        23     18       44

PRECIPITATION (IN)
  YESTERDAY        T   R         T    2012   0.01  -0.01     0.00
                                      2014
  MONTH TO DATE    T                         0.08  -0.08      T
  SINCE DEC 1      0.12                      0.59  -0.47     0.43
  SINCE JAN 1      0.11                      0.31  -0.20     0.22

DEGREE DAYS
 HEATING
  YESTERDAY       24                        42    -18       21
  MONTH TO DATE  437                       579   -142      366
  SINCE DEC 1   3207                      3536   -329     3279
  SINCE JUL 1   4724                      5393   -669     5112

 COOLING
  YESTERDAY        0                         0      0        0
  MONTH TO DATE    0                         0      0        0
  SINCE DEC 1      0                         0      0        0
  SINCE JAN 1      0                         0      0        0
..................................................................


WIND (MPH)
  HIGHEST WIND SPEED    49   HIGHEST WIND DIRECTION    NW (330)
  HIGHEST GUST SPEED    63   HIGHEST GUST DIRECTION    NW (330)
  AVERAGE WIND SPEED     7.6


SKY COVER
  POSSIBLE SUNSHINE  MM
  AVERAGE SKY COVER 0.2


WEATHER CONDITIONS
 THE FOLLOWING WEATHER WAS RECORDED YESTERDAY.
  LIGHT RAIN


RELATIVE HUMIDITY (PERCENT)
 HIGHEST    92           800 AM
 LOWEST     33           600 PM
 AVERAGE    63

..........................................................


THE GREYBULL WY CLIMATE NORMALS FOR TODAY
                         NORMAL    RECORD    YEAR
 MAXIMUM TEMPERATURE (F)   35        53      2015
 MINIMUM TEMPERATURE (F)   11       -17      2001


SUNRISE AND SUNSET
FEBRUARY 14 2016......SUNRISE   714 AM MST   SUNSET   539 PM MST
FEBRUARY 15 2016......SUNRISE   713 AM MST   SUNSET   541 PM MST


-  INDICATES NEGATIVE NUMBERS.
R  INDICATES RECORD WAS SET OR TIED.
MM INDICATES DATA IS MISSING.
T  INDICATES TRACE AMOUNT.




$$
