963
CDUS45 KRIW 280038
CLIGEY


CLIMATE REPORT
NATIONAL WEATHER SERVICE RIVERTON WY
636 PM MDT TUE JUN 27 2017


...................................

...THE GREYBULL WY CLIMATE SUMMARY FOR JUNE 27 2017...
VALID TODAY AS OF 0500 PM LOCAL TIME.

CLIMATE NORMAL PERIOD 1981 TO 2010
CLIMATE RECORD PERIOD 1998 TO 2017


WEATHER ITEM   OBSERVED TIME   RECORD YEAR NORMAL DEPARTURE LAST
                VALUE   (LST)  VALUE       VALUE  FROM      YEAR
                                                  NORMAL
..................................................................
TEMPERATURE (F)
 TODAY
  MAXIMUM         87        MM 101    2015  85      2       92
  MINIMUM         61        MM  47    2011  54      7       60
                                      1999
  AVERAGE         74

PRECIPITATION (IN)
  TODAY            0.05          0.32 2014   0.02   0.03     0.00
  MONTH TO DATE    0.25                      1.16  -0.91     0.06
  SINCE JUN 1      0.25                      1.16  -0.91     0.06
  SINCE JAN 1      1.79                      4.33  -2.54     2.35

DEGREE DAYS
 HEATING
  TODAY            0                         1     -1        0
  MONTH TO DATE   14                        68    -54        5
  SINCE JUN 1     14                        68    -54        5
  SINCE JUL 1   7449                      7748   -299     6596

 COOLING
  TODAY            9                         6      3       11
  MONTH TO DATE  142                        88     54      227
  SINCE JUN 1    142                        88     54      227
  SINCE JAN 1    154                       108     46      238
..................................................................


WIND (MPH)
  HIGHEST WIND SPEED    23   HIGHEST WIND DIRECTION    NW (320)
  HIGHEST GUST SPEED    30   HIGHEST GUST DIRECTION     W (290)
  AVERAGE WIND SPEED     6.8


SKY COVER
  POSSIBLE SUNSHINE  MM
  AVERAGE SKY COVER 0.3


WEATHER CONDITIONS
 THE FOLLOWING WEATHER WAS RECORDED TODAY.
  LIGHT RAIN


RELATIVE HUMIDITY (PERCENT)
 HIGHEST    44           400 PM
 LOWEST     17          1200 AM
 AVERAGE    31

..........................................................


THE GREYBULL WY CLIMATE NORMALS FOR TOMORROW
                         NORMAL    RECORD    YEAR
 MAXIMUM TEMPERATURE (F)   86       102      2002
 MINIMUM TEMPERATURE (F)   55        42      1999


SUNRISE AND SUNSET
JUNE 27 2017..........SUNRISE   530 AM MDT   SUNSET   901 PM MDT
JUNE 28 2017..........SUNRISE   530 AM MDT   SUNSET   901 PM MDT


-  INDICATES NEGATIVE NUMBERS.
R  INDICATES RECORD WAS SET OR TIED.
MM INDICATES DATA IS MISSING.
T  INDICATES TRACE AMOUNT.




$$
