000
CDUS45 KRIW 080035
CLIGEY


CLIMATE REPORT
NATIONAL WEATHER SERVICE RIVERTON WY
635 PM MDT TUE JUL 7 2015


...................................

...THE GREYBULL WY CLIMATE SUMMARY FOR JULY 7 2015...
VALID TODAY AS OF 0500 PM LOCAL TIME.

CLIMATE NORMAL PERIOD 1981 TO 2010
CLIMATE RECORD PERIOD 1998 TO 2015


WEATHER ITEM   OBSERVED TIME   RECORD YEAR NORMAL DEPARTURE LAST
                VALUE   (LST)  VALUE       VALUE  FROM      YEAR
                                                  NORMAL
..................................................................
TEMPERATURE (F)
 TODAY
  MAXIMUM         88        MM 100    2007  89     -1       86
  MINIMUM         57        MM  44    2010  56      1       66
  AVERAGE         73

PRECIPITATION (IN)
  TODAY            0.00          T    2012   0.03  -0.03     0.00
                                      2007
                                      2006
  MONTH TO DATE    T                         0.21  -0.21      T
  SINCE JUN 1      0.25                      1.41  -1.16     0.94
  SINCE JAN 1      1.83                      4.58  -2.75     2.64

DEGREE DAYS
 HEATING
  TODAY            0                         0      0        0
  MONTH TO DATE    0                         1     -1        0
  SINCE JUN 1      0                        71    -71       56
  SINCE JUL 1      0                         1     -1        0

 COOLING
  TODAY            8                         8      0       11
  MONTH TO DATE   74                        51     23       70
  SINCE JUN 1    319                       157    162      119
  SINCE JAN 1    324                       177    147      161
..................................................................


WIND (MPH)
  HIGHEST WIND SPEED    22   HIGHEST WIND DIRECTION     N (350)
  HIGHEST GUST SPEED    32   HIGHEST GUST DIRECTION     N (350)
  AVERAGE WIND SPEED     3.5


SKY COVER
  POSSIBLE SUNSHINE  MM
  AVERAGE SKY COVER 0.1


WEATHER CONDITIONS
 THE FOLLOWING WEATHER WAS RECORDED TODAY.
  NO SIGNIFICANT WEATHER WAS OBSERVED.


RELATIVE HUMIDITY (PERCENT)
 HIGHEST    77           600 AM
 LOWEST     21           200 PM
 AVERAGE    49

..........................................................


THE GREYBULL WY CLIMATE NORMALS FOR TOMORROW
                         NORMAL    RECORD    YEAR
 MAXIMUM TEMPERATURE (F)   89       107      2002
 MINIMUM TEMPERATURE (F)   57        48      2010


SUNRISE AND SUNSET
JULY  7 2015..........SUNRISE   535 AM MDT   SUNSET   859 PM MDT
JULY  8 2015..........SUNRISE   536 AM MDT   SUNSET   859 PM MDT


-  INDICATES NEGATIVE NUMBERS.
R  INDICATES RECORD WAS SET OR TIED.
MM INDICATES DATA IS MISSING.
T  INDICATES TRACE AMOUNT.




$$
