000
CDUS45 KRIW 300108
CLIGEY


CLIMATE REPORT
NATIONAL WEATHER SERVICE RIVERTON WY
705 PM MDT THU SEP 29 2016


...................................

...THE GREYBULL WY CLIMATE SUMMARY FOR SEPTEMBER 29 2016...
VALID TODAY AS OF 0500 PM LOCAL TIME.

CLIMATE NORMAL PERIOD 1981 TO 2010
CLIMATE RECORD PERIOD 1998 TO 2016


WEATHER ITEM   OBSERVED TIME   RECORD YEAR NORMAL DEPARTURE LAST
                VALUE   (LST)  VALUE       VALUE  FROM      YEAR
                                                  NORMAL
..................................................................
TEMPERATURE (F)
 TODAY
  MAXIMUM         81        MM  87    2009  67     14       82
  MINIMUM         49    600 AM  27    1999  38     11       40
  AVERAGE         65

PRECIPITATION (IN)
  TODAY            0.00          0.26 2014   0.03  -0.03     0.00
  MONTH TO DATE    2.75                      0.85   1.90     0.01
  SINCE SEP 1      2.75                      0.85   1.90     0.01
  SINCE JAN 1      5.63                      6.30  -0.67     1.93

DEGREE DAYS
 HEATING
  TODAY            0                        12    -12        4
  MONTH TO DATE  144                       196    -52       59
  SINCE SEP 1    144                       196    -52       59
  SINCE JUL 1    163                       217    -54       87

 COOLING
  TODAY            0                         0      0        0
  MONTH TO DATE   41                        34      7       72
  SINCE SEP 1     41                        34      7       72
  SINCE JAN 1    886                       667    219      821
..................................................................


WIND (MPH)
  HIGHEST WIND SPEED    18   HIGHEST WIND DIRECTION    SE (140)
  HIGHEST GUST SPEED    24   HIGHEST GUST DIRECTION    SE (140)
  AVERAGE WIND SPEED     6.6


SKY COVER
  POSSIBLE SUNSHINE  MM
  AVERAGE SKY COVER 0.1


WEATHER CONDITIONS
 THE FOLLOWING WEATHER WAS RECORDED TODAY.
  NO SIGNIFICANT WEATHER WAS OBSERVED.


RELATIVE HUMIDITY (PERCENT)
 HIGHEST    80           600 AM
 LOWEST     28           100 PM
 AVERAGE    54

..........................................................


THE GREYBULL WY CLIMATE NORMALS FOR TOMORROW
                         NORMAL    RECORD    YEAR
 MAXIMUM TEMPERATURE (F)   67        86      2015
 MINIMUM TEMPERATURE (F)   37        38      2009
                                             2008
                                             2007


SUNRISE AND SUNSET
SEPTEMBER 29 2016.....SUNRISE   708 AM MDT   SUNSET   656 PM MDT
SEPTEMBER 30 2016.....SUNRISE   710 AM MDT   SUNSET   654 PM MDT


-  INDICATES NEGATIVE NUMBERS.
R  INDICATES RECORD WAS SET OR TIED.
MM INDICATES DATA IS MISSING.
T  INDICATES TRACE AMOUNT.




$$
