000
CDUS45 KRIW 300738
CLIGEY


CLIMATE REPORT
NATIONAL WEATHER SERVICE RIVERTON WY
128 AM MDT MON MAY 30 2016


...................................

...THE GREYBULL WY CLIMATE SUMMARY FOR MAY 29 2016...

CLIMATE NORMAL PERIOD 1981 TO 2010
CLIMATE RECORD PERIOD 1998 TO 2016


WEATHER ITEM   OBSERVED TIME   RECORD YEAR NORMAL DEPARTURE LAST
                VALUE   (LST)  VALUE       VALUE  FROM      YEAR
                                                  NORMAL
..................................................................
TEMPERATURE (F)
 YESTERDAY
  MAXIMUM         79    513 PM  98    2003  75      4       71
  MINIMUM         50    546 AM  38    2012  47      3       50
  AVERAGE         65                        61      4       61

PRECIPITATION (IN)
  YESTERDAY        0.00          0.34 2013   0.07  -0.07     0.03
  MONTH TO DATE    1.36                      1.49  -0.13     1.01
  SINCE MAR 1      2.18                      2.60  -0.42     1.26
  SINCE JAN 1      2.29                      3.01  -0.72     1.52

DEGREE DAYS
 HEATING
  YESTERDAY        0                         6     -6        4
  MONTH TO DATE  232                       270    -38      274
  SINCE MAR 1   1427                      1698   -271     1475
  SINCE JUL 1   6580                      7669  -1089     7119

 COOLING
  YESTERDAY        0                         1     -1        0
  MONTH TO DATE   11                        14     -3        0
  SINCE MAR 1     11                        15     -4        0
  SINCE JAN 1     11                        15     -4        0
..................................................................


WIND (MPH)
  HIGHEST WIND SPEED    14   HIGHEST WIND DIRECTION     S (190)
  HIGHEST GUST SPEED    21   HIGHEST GUST DIRECTION    SE (150)
  AVERAGE WIND SPEED     5.2


SKY COVER
  POSSIBLE SUNSHINE  MM
  AVERAGE SKY COVER 0.2


WEATHER CONDITIONS
 THE FOLLOWING WEATHER WAS RECORDED YESTERDAY.
  NO SIGNIFICANT WEATHER WAS OBSERVED.


RELATIVE HUMIDITY (PERCENT)
 HIGHEST    77           600 AM
 LOWEST     16           200 PM
 AVERAGE    47

..........................................................


THE GREYBULL WY CLIMATE NORMALS FOR TODAY
                         NORMAL    RECORD    YEAR
 MAXIMUM TEMPERATURE (F)   75        91      2002
 MINIMUM TEMPERATURE (F)   47        37      2006


SUNRISE AND SUNSET
MAY 30 2016...........SUNRISE   531 AM MDT   SUNSET   849 PM MDT
MAY 31 2016...........SUNRISE   531 AM MDT   SUNSET   850 PM MDT


-  INDICATES NEGATIVE NUMBERS.
R  INDICATES RECORD WAS SET OR TIED.
MM INDICATES DATA IS MISSING.
T  INDICATES TRACE AMOUNT.




$$
