000
CDUS45 KRIW 030035
CLIGEY


CLIMATE REPORT
NATIONAL WEATHER SERVICE RIVERTON WY
628 PM MDT WED SEP 2 2015


...................................

...THE GREYBULL WY CLIMATE SUMMARY FOR SEPTEMBER 2 2015...
VALID TODAY AS OF 0500 PM LOCAL TIME.

CLIMATE NORMAL PERIOD 1981 TO 2010
CLIMATE RECORD PERIOD 1998 TO 2015


WEATHER ITEM   OBSERVED TIME   RECORD YEAR NORMAL DEPARTURE LAST
                VALUE   (LST)  VALUE       VALUE  FROM      YEAR
                                                  NORMAL
..................................................................
TEMPERATURE (F)
 TODAY
  MAXIMUM         97R       MM  96    2007  83     14       84
  MINIMUM         61        MM  37    2006  49     12       46
  AVERAGE         79

PRECIPITATION (IN)
  TODAY            0.00          0.15 1999   0.03  -0.03     0.00
  MONTH TO DATE    0.00                      0.06  -0.06     0.00
  SINCE SEP 1      0.00                      0.06  -0.06     0.00
  SINCE JAN 1      1.92                      5.51  -3.59     3.86

DEGREE DAYS
 HEATING
  TODAY            0                         2     -2        0
  MONTH TO DATE    0                         4     -4        3
  SINCE SEP 1      0                         4     -4        3
  SINCE JUL 1     28                        25      3       30

 COOLING
  TODAY           14                         3     11        0
  MONTH TO DATE   20                         7     13        0
  SINCE SEP 1     20                         7     13        0
  SINCE JAN 1    769                       640    129      655
..................................................................


WIND (MPH)
  HIGHEST WIND SPEED    21   HIGHEST WIND DIRECTION     S (160)
  HIGHEST GUST SPEED    31   HIGHEST GUST DIRECTION    SE (150)
  AVERAGE WIND SPEED     8.9


SKY COVER
  POSSIBLE SUNSHINE  MM
  AVERAGE SKY COVER 0.0


WEATHER CONDITIONS
 THE FOLLOWING WEATHER WAS RECORDED TODAY.
  NO SIGNIFICANT WEATHER WAS OBSERVED.


RELATIVE HUMIDITY (PERCENT)
 HIGHEST    40           300 AM
 LOWEST      8           100 PM
 AVERAGE    24

..........................................................


THE GREYBULL WY CLIMATE NORMALS FOR TOMORROW
                         NORMAL    RECORD    YEAR
 MAXIMUM TEMPERATURE (F)   83        98      2007
 MINIMUM TEMPERATURE (F)   49        35      2006


SUNRISE AND SUNSET
SEPTEMBER  2 2015.....SUNRISE   636 AM MDT   SUNSET   747 PM MDT
SEPTEMBER  3 2015.....SUNRISE   637 AM MDT   SUNSET   745 PM MDT


-  INDICATES NEGATIVE NUMBERS.
R  INDICATES RECORD WAS SET OR TIED.
MM INDICATES DATA IS MISSING.
T  INDICATES TRACE AMOUNT.




$$
