000
CDUS43 KIND 290539
CLIGEZ


CLIMATE REPORT
NATIONAL WEATHER SERVICE INDIANAPOLIS IN
134 AM EDT MON MAY 29 2017


...................................

...THE SHELBYVILLE IN CLIMATE SUMMARY FOR MAY 28 2017...

CLIMATE NORMAL PERIOD 1981 TO 2010
CLIMATE RECORD PERIOD 9999 TO 9999


WEATHER ITEM   OBSERVED TIME   NORMAL DEPARTURE LAST
                VALUE   (LST)  VALUE  FROM      YEAR
                                      NORMAL
......................................................
TEMPERATURE (F)
 YESTERDAY
  MAXIMUM         78    447 PM  77      1       87
  MINIMUM         62   1159 PM  56      6       72
  AVERAGE         70            67      3       80

PRECIPITATION (IN)
  YESTERDAY        0.34          0.12   0.22      T
  MONTH TO DATE    5.92          4.85   1.07     2.24
  SINCE MAR 1     13.18         12.60   0.58    11.82
  SINCE JAN 1     18.62         17.35   1.27    16.46

DEGREE DAYS
 HEATING
  YESTERDAY        0             2     -2        0
  MONTH TO DATE  118           130    -12      134
  SINCE MAR 1    922          1227   -305      902
  SINCE JUL 1   4105          5390  -1285     4071

 COOLING
  YESTERDAY        5             4      1       15
  MONTH TO DATE   88            58     30       67
  SINCE MAR 1    148            71     77       87
  SINCE JAN 1    148            71     77       87
......................................................


WIND (MPH)
  HIGHEST WIND SPEED    28   HIGHEST WIND DIRECTION    NW (310)
  HIGHEST GUST SPEED    35   HIGHEST GUST DIRECTION    NW (320)
  AVERAGE WIND SPEED     9.8


SKY COVER
  AVERAGE SKY COVER 0.5


WEATHER CONDITIONS
 THE FOLLOWING WEATHER WAS RECORDED YESTERDAY.
  THUNDERSTORM
  HEAVY RAIN
  LIGHT RAIN
  FOG


RELATIVE HUMIDITY (PERCENT)
 HIGHEST    87          1200 AM
 LOWEST     56           500 PM
 AVERAGE    72

..........................................................


THE SHELBYVILLE IN CLIMATE NORMALS FOR TODAY
                         NORMAL
 MAXIMUM TEMPERATURE (F)   77
 MINIMUM TEMPERATURE (F)   57


SUNRISE AND SUNSET
MAY 29 2017...........SUNRISE   619 AM EDT   SUNSET   903 PM EDT
MAY 30 2017...........SUNRISE   618 AM EDT   SUNSET   903 PM EDT


-  INDICATES NEGATIVE NUMBERS.
R  INDICATES RECORD WAS SET OR TIED.
MM INDICATES DATA IS MISSING.
T  INDICATES TRACE AMOUNT.




$$
