000
CDUS43 KIND 040545
CLIGEZ


CLIMATE REPORT
NATIONAL WEATHER SERVICE INDIANAPOLIS IN
144 AM EDT SAT JUL 4 2015


...................................

...THE SHELBYVILLE IN CLIMATE SUMMARY FOR JULY 3 2015...

CLIMATE NORMAL PERIOD 1981 TO 2010
CLIMATE RECORD PERIOD 9999 TO 9999


WEATHER ITEM   OBSERVED TIME   NORMAL DEPARTURE LAST
                VALUE   (LST)  VALUE  FROM      YEAR
                                      NORMAL
......................................................
TEMPERATURE (F)
 YESTERDAY
  MAXIMUM         75    610 PM  85    -10       76
  MINIMUM         65    800 AM  64      1       59
  AVERAGE         70            74     -4       68

PRECIPITATION (IN)
  YESTERDAY        0.93          0.12   0.81      T
  MONTH TO DATE    0.97          0.32   0.65     0.11
  SINCE JUN 1      8.79          4.72   4.07     5.51
  SINCE JAN 1     22.83         22.50   0.33    21.00

DEGREE DAYS
 HEATING
  YESTERDAY        0             0      0        0
  MONTH TO DATE    0             0      0        0
  SINCE JUN 1     21            15      6        1
  SINCE JUL 1      0             0      0        0

 COOLING
  YESTERDAY        5             9     -4        3
  MONTH TO DATE   18            27     -9       27
  SINCE JUN 1    309           236     73      343
  SINCE JAN 1    497           317    180      506
......................................................


WIND (MPH)
  HIGHEST WIND SPEED    12   HIGHEST WIND DIRECTION     E (80)
  HIGHEST GUST SPEED    18   HIGHEST GUST DIRECTION     E (70)
  AVERAGE WIND SPEED     4.7


SKY COVER
  AVERAGE SKY COVER 0.9


WEATHER CONDITIONS
 THE FOLLOWING WEATHER WAS RECORDED YESTERDAY.
  THUNDERSTORM
  HEAVY RAIN
  RAIN
  LIGHT RAIN
  FOG


RELATIVE HUMIDITY (PERCENT)
 HIGHEST    93           900 PM
 LOWEST     73          1200 AM
 AVERAGE    83

..........................................................


THE SHELBYVILLE IN CLIMATE NORMALS FOR TODAY
                         NORMAL
 MAXIMUM TEMPERATURE (F)   85
 MINIMUM TEMPERATURE (F)   64


SUNRISE AND SUNSET
JULY  4 2015..........SUNRISE   621 AM EDT   SUNSET   914 PM EDT
JULY  5 2015..........SUNRISE   621 AM EDT   SUNSET   914 PM EDT


-  INDICATES NEGATIVE NUMBERS.
R  INDICATES RECORD WAS SET OR TIED.
MM INDICATES DATA IS MISSING.
T  INDICATES TRACE AMOUNT.




$$
