000
CDUS43 KIND 280536
CLIGEZ


CLIMATE REPORT
NATIONAL WEATHER SERVICE INDIANAPOLIS IN
133 AM EDT THU AUG 28 2014


...................................

...THE SHELBYVILLE IN CLIMATE SUMMARY FOR AUGUST 27 2014...

CLIMATE NORMAL PERIOD 1981 TO 2010
CLIMATE RECORD PERIOD 9999 TO 9999


WEATHER ITEM   OBSERVED TIME   NORMAL DEPARTURE LAST
                VALUE   (LST)  VALUE  FROM      YEAR
                                      NORMAL
......................................................
TEMPERATURE (F)
 YESTERDAY
  MAXIMUM         90    304 PM  83      7       92
  MINIMUM         69    602 AM  60      9       70
  AVERAGE         80            71      9       81

PRECIPITATION (IN)
  YESTERDAY        0.00          0.13  -0.13     0.00
  MONTH TO DATE    2.22          2.85  -0.63     2.44
  SINCE JUN 1     11.15         11.96  -0.81     8.27
  SINCE JAN 1     26.64         29.74  -3.10    20.58

DEGREE DAYS
 HEATING
  YESTERDAY        0             0      0        0
  MONTH TO DATE    3             0      3        6
  SINCE JUN 1      6            16    -10       13
  SINCE JUL 1      5             1      4        8

 COOLING
  YESTERDAY       15             7      8       16
  MONTH TO DATE  246           207     39      194
  SINCE JUN 1    762           699     63      752
  SINCE JAN 1    925           780    145      920
......................................................


WIND (MPH)
  HIGHEST WIND SPEED    12   HIGHEST WIND DIRECTION     N (360)
  HIGHEST GUST SPEED    30   HIGHEST GUST DIRECTION     E (90)
  AVERAGE WIND SPEED     3.6


SKY COVER
  AVERAGE SKY COVER 0.1


WEATHER CONDITIONS
 THE FOLLOWING WEATHER WAS RECORDED YESTERDAY.
  FOG
  HAZE


RELATIVE HUMIDITY (PERCENT)
 HIGHEST    97           100 AM
 LOWEST     59           200 PM
 AVERAGE    78

..........................................................


THE SHELBYVILLE IN CLIMATE NORMALS FOR TODAY
                         NORMAL
 MAXIMUM TEMPERATURE (F)   83
 MINIMUM TEMPERATURE (F)   60


SUNRISE AND SUNSET
AUGUST 28 2014........SUNRISE   708 AM EDT   SUNSET   820 PM EDT
AUGUST 29 2014........SUNRISE   709 AM EDT   SUNSET   819 PM EDT


-  INDICATES NEGATIVE NUMBERS.
R  INDICATES RECORD WAS SET OR TIED.
MM INDICATES DATA IS MISSING.
T  INDICATES TRACE AMOUNT.




$$
