000
CDUS43 KIND 020538
CLIGEZ


CLIMATE REPORT
NATIONAL WEATHER SERVICE INDIANAPOLIS IN
138 AM EDT MON MAY 2 2016


...................................

...THE SHELBYVILLE IN CLIMATE SUMMARY FOR MAY 1 2016...

CLIMATE NORMAL PERIOD 1981 TO 2010
CLIMATE RECORD PERIOD 9999 TO 9999


WEATHER ITEM   OBSERVED TIME   NORMAL DEPARTURE LAST
                VALUE   (LST)  VALUE  FROM      YEAR
                                      NORMAL
......................................................
TEMPERATURE (F)
 YESTERDAY
  MAXIMUM         79    524 PM  69     10       75
  MINIMUM         62   1159 PM  47     15       39
  AVERAGE         71            58     13       57

PRECIPITATION (IN)
  YESTERDAY        0.33          0.19   0.14     0.00
  MONTH TO DATE    0.33          0.19   0.14     0.00
  SINCE MAR 1      9.91          7.94   1.97     8.53
  SINCE JAN 1     14.55         12.69   1.86    11.55

DEGREE DAYS
 HEATING
  YESTERDAY        0             8     -8        8
  MONTH TO DATE    0             8     -8        8
  SINCE MAR 1    768          1105   -337     1062
  SINCE JUL 1   3937          5268  -1331     5503

 COOLING
  YESTERDAY        6             1      5        0
  MONTH TO DATE    6             1      5        0
  SINCE MAR 1     26            14     12        8
  SINCE JAN 1     26            14     12        8
......................................................


WIND (MPH)
  HIGHEST WIND SPEED    17   HIGHEST WIND DIRECTION     S (170)
  HIGHEST GUST SPEED    22   HIGHEST GUST DIRECTION     S (170)
  AVERAGE WIND SPEED     6.8


SKY COVER
  AVERAGE SKY COVER 0.6


WEATHER CONDITIONS
 THE FOLLOWING WEATHER WAS RECORDED YESTERDAY.
  HEAVY RAIN
  LIGHT RAIN
  FOG


RELATIVE HUMIDITY (PERCENT)
 HIGHEST    93           100 AM
 LOWEST     45           400 PM
 AVERAGE    69

..........................................................


THE SHELBYVILLE IN CLIMATE NORMALS FOR TODAY
                         NORMAL
 MAXIMUM TEMPERATURE (F)   69
 MINIMUM TEMPERATURE (F)   48


SUNRISE AND SUNSET
MAY  2 2016...........SUNRISE   642 AM EDT   SUNSET   839 PM EDT
MAY  3 2016...........SUNRISE   641 AM EDT   SUNSET   840 PM EDT


-  INDICATES NEGATIVE NUMBERS.
R  INDICATES RECORD WAS SET OR TIED.
MM INDICATES DATA IS MISSING.
T  INDICATES TRACE AMOUNT.




$$
