000
CDUS43 KIND 250532
CLIGEZ


CLIMATE REPORT
NATIONAL WEATHER SERVICE INDIANAPOLIS IN
131 AM EDT WED MAY 25 2016


...................................

...THE SHELBYVILLE IN CLIMATE SUMMARY FOR MAY 24 2016...

CLIMATE NORMAL PERIOD 1981 TO 2010
CLIMATE RECORD PERIOD 9999 TO 9999


WEATHER ITEM   OBSERVED TIME   NORMAL DEPARTURE LAST
                VALUE   (LST)  VALUE  FROM      YEAR
                                      NORMAL
......................................................
TEMPERATURE (F)
 YESTERDAY
  MAXIMUM         84    500 PM  76      8       87
  MINIMUM         51    551 AM  55     -4       63
  AVERAGE         68            66      2       75

PRECIPITATION (IN)
  YESTERDAY        0.00          0.16  -0.16     0.00
  MONTH TO DATE    2.23          4.29  -2.06     1.27
  SINCE MAR 1     11.81         12.04  -0.23     9.80
  SINCE JAN 1     16.45         16.79  -0.34    12.82

DEGREE DAYS
 HEATING
  YESTERDAY        0             3     -3        0
  MONTH TO DATE  134           121     13       59
  SINCE MAR 1    902          1218   -316     1113
  SINCE JUL 1   4071          5381  -1310     5554

 COOLING
  YESTERDAY        3             3      0       10
  MONTH TO DATE   23            43    -20      116
  SINCE MAR 1     43            56    -13      124
  SINCE JAN 1     43            56    -13      124
......................................................


WIND (MPH)
  HIGHEST WIND SPEED    14   HIGHEST WIND DIRECTION    SW (220)
  HIGHEST GUST SPEED    20   HIGHEST GUST DIRECTION    SW (210)
  AVERAGE WIND SPEED     6.6


SKY COVER
  AVERAGE SKY COVER 0.0


WEATHER CONDITIONS
 THE FOLLOWING WEATHER WAS RECORDED YESTERDAY.
  NO SIGNIFICANT WEATHER WAS OBSERVED.


RELATIVE HUMIDITY (PERCENT)
 HIGHEST    89           600 AM
 LOWEST     30          1200 PM
 AVERAGE    60

..........................................................


THE SHELBYVILLE IN CLIMATE NORMALS FOR TODAY
                         NORMAL
 MAXIMUM TEMPERATURE (F)   76
 MINIMUM TEMPERATURE (F)   55


SUNRISE AND SUNSET
MAY 25 2016...........SUNRISE   621 AM EDT   SUNSET   900 PM EDT
MAY 26 2016...........SUNRISE   620 AM EDT   SUNSET   901 PM EDT


-  INDICATES NEGATIVE NUMBERS.
R  INDICATES RECORD WAS SET OR TIED.
MM INDICATES DATA IS MISSING.
T  INDICATES TRACE AMOUNT.




$$
