000
CDUS43 KFGF 290639
CLIGFK


CLIMATE REPORT
NATIONAL WEATHER SERVICE EASTERN NORTH DAKOTA/GRAND FORKS
1239 AM CST THU JAN 29 2015


...................................

...THE GRAND FORKS INTL AP ND CLIMATE SUMMARY FOR JANUARY 28 2015...

CLIMATE NORMAL PERIOD 1981 TO 2010
CLIMATE RECORD PERIOD 1941 TO 2015


WEATHER ITEM   OBSERVED TIME   RECORD YEAR NORMAL DEPARTURE LAST
                VALUE   (LST)  VALUE       VALUE  FROM      YEAR
                                                  NORMAL
..................................................................
TEMPERATURE (F)
 YESTERDAY
  MAXIMUM         34    453 PM  38    1942  18     16        2
  MINIMUM         24   1159 PM -37    2004  -3     27      -20
  AVERAGE         29                         7     22       -9

PRECIPITATION (IN)
  YESTERDAY        T             0.26 1996   0.02  -0.02     0.00
  MONTH TO DATE    0.42                      0.50  -0.08     0.66
  SINCE DEC 1      0.64                      1.11  -0.47     1.48
  SINCE JAN 1      0.42                      0.50  -0.08     0.66

SNOWFALL (IN)
  YESTERDAY        0.0           2.8  1996   0.3   -0.3      0.0
  MONTH TO DATE    3.8                       9.8   -6.0     15.9
  SINCE DEC 1      5.6                      20.5  -14.9     38.7
  SINCE JUL 1      9.6                      29.7  -20.1     40.3
  SNOW DEPTH       T

DEGREE DAYS
 HEATING
  YESTERDAY       36                        58    -22       74
  MONTH TO DATE 1467                      1637   -170     1780
  SINCE DEC 1   2919                      3297   -378     3788
  SINCE JUL 1   5063                      5496   -433     5899

 COOLING
  YESTERDAY        0                         0      0        0
  MONTH TO DATE    0                         0      0        0
  SINCE DEC 1      0                         0      0        0
  SINCE JAN 1      0                         0      0        0
..................................................................


WIND (MPH)
  HIGHEST WIND SPEED    26   HIGHEST WIND DIRECTION     N (340)
  HIGHEST GUST SPEED    32   HIGHEST GUST DIRECTION     N (340)
  AVERAGE WIND SPEED    13.4


SKY COVER
  POSSIBLE SUNSHINE  MM
  AVERAGE SKY COVER 1.0


WEATHER CONDITIONS
 THE FOLLOWING WEATHER WAS RECORDED YESTERDAY.
  LIGHT RAIN
  FREEZING RAIN
  FOG


RELATIVE HUMIDITY (PERCENT)
 HIGHEST   100           400 PM
 LOWEST     81          1000 PM
 AVERAGE    91

..........................................................


THE GRAND FORKS INTL AP ND CLIMATE NORMALS FOR TODAY
                         NORMAL    RECORD    YEAR
 MAXIMUM TEMPERATURE (F)   18        43      1992
 MINIMUM TEMPERATURE (F)   -3       -40      2004


SUNRISE AND SUNSET
JANUARY 29 2015.......SUNRISE   800 AM CST   SUNSET   524 PM CST
JANUARY 30 2015.......SUNRISE   759 AM CST   SUNSET   526 PM CST


-  INDICATES NEGATIVE NUMBERS.
R  INDICATES RECORD WAS SET OR TIED.
MM INDICATES DATA IS MISSING.
T  INDICATES TRACE AMOUNT.




$$
