802
CDUS43 KFGF 280649
CLIGFK


CLIMATE REPORT
NATIONAL WEATHER SERVICE EASTERN NORTH DAKOTA/GRAND FORKS
149 AM CDT TUE MAR 28 2017


...................................

...THE GRAND FORKS INTL AP ND CLIMATE SUMMARY FOR MARCH 27 2017...

CLIMATE NORMAL PERIOD 1981 TO 2010
CLIMATE RECORD PERIOD 1941 TO 2017


WEATHER ITEM   OBSERVED TIME   RECORD YEAR NORMAL DEPARTURE LAST
                VALUE   (LST)  VALUE       VALUE  FROM      YEAR
                                                  NORMAL
..................................................................
TEMPERATURE (F)
 YESTERDAY
  MAXIMUM         46    436 PM  82    1946  41      5       55
  MINIMUM         35   1159 PM -13    1955  22     13       22
  AVERAGE         41                        31     10       39

PRECIPITATION (IN)
  YESTERDAY        T             0.58 2004   0.03  -0.03     0.00
  MONTH TO DATE    0.77                      0.83  -0.06     0.53
  SINCE MAR 1      0.77                      0.83  -0.06     0.53
  SINCE JAN 1      1.62                      1.90  -0.28     1.11

SNOWFALL (IN)
  YESTERDAY        0.0           3.3  1975   0.1   -0.1      0.0
  MONTH TO DATE    0.2                       6.6   -6.4      2.2
  SINCE MAR 1      0.2                       6.6   -6.4      2.2
  SINCE JUL 1     38.5                      43.8   -5.3     28.1
  SNOW DEPTH       0

DEGREE DAYS
 HEATING
  YESTERDAY       24                        34    -10       26
  MONTH TO DATE 1078                      1107    -29      792
  SINCE MAR 1   1078                      1107    -29      792
  SINCE JUL 1   7047                      8257  -1210     6771

 COOLING
  YESTERDAY        0                         0      0        0
  MONTH TO DATE    0                         0      0        0
  SINCE MAR 1      0                         0      0        0
  SINCE JAN 1      0                         0      0        0
..................................................................


WIND (MPH)
  HIGHEST WIND SPEED    13   HIGHEST WIND DIRECTION    NE (50)
  HIGHEST GUST SPEED    15   HIGHEST GUST DIRECTION    NE (40)
  AVERAGE WIND SPEED     4.0


SKY COVER
  POSSIBLE SUNSHINE  MM
  AVERAGE SKY COVER 1.0


WEATHER CONDITIONS
 THE FOLLOWING WEATHER WAS RECORDED YESTERDAY.
  LIGHT RAIN
  FOG
  FOG W/VISIBILITY <= 1/4 MILE
  HAZE


RELATIVE HUMIDITY (PERCENT)
 HIGHEST   100          1200 AM
 LOWEST     83           400 PM
 AVERAGE    92

..........................................................


THE GRAND FORKS INTL AP ND CLIMATE NORMALS FOR TODAY
                         NORMAL    RECORD    YEAR
 MAXIMUM TEMPERATURE (F)   41        69      1946
 MINIMUM TEMPERATURE (F)   22       -15      1970


SUNRISE AND SUNSET
MARCH 28 2017.........SUNRISE   715 AM CDT   SUNSET   754 PM CDT
MARCH 29 2017.........SUNRISE   713 AM CDT   SUNSET   755 PM CDT


-  INDICATES NEGATIVE NUMBERS.
R  INDICATES RECORD WAS SET OR TIED.
MM INDICATES DATA IS MISSING.
T  INDICATES TRACE AMOUNT.




$$
