000
CDUS43 KFGF 200635
CLIGFK


CLIMATE REPORT
NATIONAL WEATHER SERVICE EASTERN NORTH DAKOTA/GRAND FORKS
1233 AM CST FRI JAN 20 2017


...................................

...THE GRAND FORKS INTL AP ND CLIMATE SUMMARY FOR JANUARY 19 2017...

CLIMATE NORMAL PERIOD 1981 TO 2010
CLIMATE RECORD PERIOD 1941 TO 2017


WEATHER ITEM   OBSERVED TIME   RECORD YEAR NORMAL DEPARTURE LAST
                VALUE   (LST)  VALUE       VALUE  FROM      YEAR
                                                  NORMAL
..................................................................
TEMPERATURE (F)
 YESTERDAY
  MAXIMUM         35   1159 PM  43    1942  16     19       12
  MINIMUM         22    659 AM -35    1970  -4     26      -12
  AVERAGE         29                         6     23        0

PRECIPITATION (IN)
  YESTERDAY        0.00          0.10 1979   0.01  -0.01      T
  MONTH TO DATE    0.42                      0.35   0.07     0.28
  SINCE DEC 1      2.03                      0.96   1.07     1.34
  SINCE JAN 1      0.42                      0.35   0.07     0.28

SNOWFALL (IN)
  YESTERDAY        0.0           1.0  1979   0.3   -0.3       T
  MONTH TO DATE    7.1                       6.9    0.2      4.3
  SINCE DEC 1     32.2                      17.6   14.6     19.6
  SINCE JUL 1     33.3                      26.8    6.5     22.3
  SNOW DEPTH       9

DEGREE DAYS
 HEATING
  YESTERDAY       36                        59    -23       65
  MONTH TO DATE 1188                      1113     75     1154
  SINCE DEC 1   2792                      2773     19     2542
  SINCE JUL 1   4260                      4972   -712     4207

 COOLING
  YESTERDAY        0                         0      0        0
  MONTH TO DATE    0                         0      0        0
  SINCE DEC 1      0                         0      0        0
  SINCE JAN 1      0                         0      0        0
..................................................................


WIND (MPH)
  HIGHEST WIND SPEED    22   HIGHEST WIND DIRECTION     S (190)
  HIGHEST GUST SPEED    26   HIGHEST GUST DIRECTION     S (180)
  AVERAGE WIND SPEED    14.8


SKY COVER
  POSSIBLE SUNSHINE  MM
  AVERAGE SKY COVER 0.6


WEATHER CONDITIONS
 THE FOLLOWING WEATHER WAS RECORDED YESTERDAY.
  FOG
  FOG W/VISIBILITY <= 1/4 MILE
  HAZE


RELATIVE HUMIDITY (PERCENT)
 HIGHEST    92           400 PM
 LOWEST     75          1200 AM
 AVERAGE    84

..........................................................


THE GRAND FORKS INTL AP ND CLIMATE NORMALS FOR TODAY
                         NORMAL    RECORD    YEAR
 MAXIMUM TEMPERATURE (F)   16        49      1944
 MINIMUM TEMPERATURE (F)   -4       -35      1970


SUNRISE AND SUNSET
JANUARY 20 2017.......SUNRISE   809 AM CST   SUNSET   511 PM CST
JANUARY 21 2017.......SUNRISE   808 AM CST   SUNSET   512 PM CST


-  INDICATES NEGATIVE NUMBERS.
R  INDICATES RECORD WAS SET OR TIED.
MM INDICATES DATA IS MISSING.
T  INDICATES TRACE AMOUNT.




$$
