000
CDUS43 KFGF 180640
CLIGFK


CLIMATE REPORT
NATIONAL WEATHER SERVICE EASTERN NORTH DAKOTA/GRAND FORKS
136 AM CDT FRI APR 18 2014


...................................

...THE GRAND FORKS INTL AP ND CLIMATE SUMMARY FOR APRIL 17 2014...

CLIMATE NORMAL PERIOD 1981 TO 2010
CLIMATE RECORD PERIOD 1941 TO 2014


WEATHER ITEM   OBSERVED TIME   RECORD YEAR NORMAL DEPARTURE LAST
                VALUE   (LST)  VALUE       VALUE  FROM      YEAR
                                                  NORMAL
..................................................................
TEMPERATURE (F)
 YESTERDAY
  MAXIMUM         43    436 PM  80    1977  55    -12       36
  MINIMUM         21    603 AM  11    1953  31    -10       29
  AVERAGE         32                        43    -11       33

PRECIPITATION (IN)
  YESTERDAY        0.00          0.47 1967   0.03  -0.03     0.02
  MONTH TO DATE    0.21                      0.49  -0.28     0.70
  SINCE MAR 1      1.14                      1.45  -0.31     1.68
  SINCE JAN 1      2.21                      2.52  -0.31     2.47

SNOWFALL (IN)
  YESTERDAY        0.0           5.0  1967   0.0    0.0       T
  MONTH TO DATE    1.1                       1.8   -0.7      6.5
  SINCE MAR 1     14.6                       9.0    5.6     20.1
  SINCE JUL 1     60.3                      46.2   14.1     50.0
  SNOW DEPTH       0

DEGREE DAYS
 HEATING
  YESTERDAY       33                        22     11       32
  MONTH TO DATE  549                       450     99      636
  SINCE MAR 1   2004                      1685    319     2202
  SINCE JUL 1   9899                      8835   1064     9203

 COOLING
  YESTERDAY        0                         0      0        0
  MONTH TO DATE    0                         0      0        0
  SINCE MAR 1      0                         0      0        0
  SINCE JAN 1      0                         0      0        0
..................................................................


WIND (MPH)
  HIGHEST WIND SPEED    13   HIGHEST WIND DIRECTION     N (340)
  HIGHEST GUST SPEED    18   HIGHEST GUST DIRECTION     N (20)
  AVERAGE WIND SPEED     7.2


SKY COVER
  POSSIBLE SUNSHINE  MM
  AVERAGE SKY COVER 0.3


WEATHER CONDITIONS
 THE FOLLOWING WEATHER WAS RECORDED YESTERDAY.
  NO SIGNIFICANT WEATHER WAS OBSERVED.


RELATIVE HUMIDITY (PERCENT)
 HIGHEST    92           100 AM
 LOWEST     23           300 PM
 AVERAGE    58

..........................................................


THE GRAND FORKS INTL AP ND CLIMATE NORMALS FOR TODAY
                         NORMAL    RECORD    YEAR
 MAXIMUM TEMPERATURE (F)   56        89      1987
 MINIMUM TEMPERATURE (F)   31        17      1988
                                             1953


SUNRISE AND SUNSET
APRIL 18 2014.........SUNRISE   634 AM CDT   SUNSET   823 PM CDT
APRIL 19 2014.........SUNRISE   632 AM CDT   SUNSET   825 PM CDT


-  INDICATES NEGATIVE NUMBERS.
R  INDICATES RECORD WAS SET OR TIED.
MM INDICATES DATA IS MISSING.
T  INDICATES TRACE AMOUNT.




$$
