000
CDUS43 KFGF 010637
CLIGFK


CLIMATE REPORT
NATIONAL WEATHER SERVICE EASTERN NORTH DAKOTA/GRAND FORKS
136 AM CDT SAT OCT 1 2016


...................................

...THE GRAND FORKS INTL AP ND CLIMATE SUMMARY FOR SEPTEMBER 30 2016...

CLIMATE NORMAL PERIOD 1981 TO 2010
CLIMATE RECORD PERIOD 1941 TO 2016


WEATHER ITEM   OBSERVED TIME   RECORD YEAR NORMAL DEPARTURE LAST
                VALUE   (LST)  VALUE       VALUE  FROM      YEAR
                                                  NORMAL
..................................................................
TEMPERATURE (F)
 YESTERDAY
  MAXIMUM         72    320 PM  93    1976  63      9       71
  MINIMUM         42    545 AM  23    1974  38      4       42
  AVERAGE         57                        50      7       57

PRECIPITATION (IN)
  YESTERDAY        0.00          1.11 1981   0.06  -0.06     0.00
  MONTH TO DATE    4.16                      2.05   2.11     0.84
  SINCE SEP 1      4.16                      2.05   2.11     0.84
  SINCE JAN 1     22.68                     17.28   5.40    17.65

SNOWFALL (IN)
  YESTERDAY        0.0           T    1985   0.0    0.0      0.0
  MONTH TO DATE    0.0                       T      0.0      0.0
  SINCE SEP 1      0.0                       T      0.0      0.0
  SINCE JUL 1      0.0                       T      0.0      0.0
  SNOW DEPTH       0

DEGREE DAYS
 HEATING
  YESTERDAY        8                        15     -7        8
  MONTH TO DATE  168                       268   -100      142
  SINCE SEP 1    168                       269   -101      142
  SINCE JUL 1    196                       351   -155      206

 COOLING
  YESTERDAY        0                         0      0        0
  MONTH TO DATE   26                        26      0       72
  SINCE SEP 1     26                        26      0       72
  SINCE JAN 1    430                       378     52      469
..................................................................


WIND (MPH)
  HIGHEST WIND SPEED    18   HIGHEST WIND DIRECTION    SE (150)
  HIGHEST GUST SPEED    26   HIGHEST GUST DIRECTION    SE (150)
  AVERAGE WIND SPEED    10.4


SKY COVER
  POSSIBLE SUNSHINE  MM
  AVERAGE SKY COVER 0.4


WEATHER CONDITIONS
 THE FOLLOWING WEATHER WAS RECORDED YESTERDAY.
  NO SIGNIFICANT WEATHER WAS OBSERVED.


RELATIVE HUMIDITY (PERCENT)
 HIGHEST    92           500 AM
 LOWEST     44           400 PM
 AVERAGE    68

..........................................................


THE GRAND FORKS INTL AP ND CLIMATE NORMALS FOR TODAY
                         NORMAL    RECORD    YEAR
 MAXIMUM TEMPERATURE (F)   62        92      1992
 MINIMUM TEMPERATURE (F)   38        23      2003
                                             1993
                                             1975


SUNRISE AND SUNSET
OCTOBER  1 2016.......SUNRISE   729 AM CDT   SUNSET   707 PM CDT
OCTOBER  2 2016.......SUNRISE   730 AM CDT   SUNSET   705 PM CDT


-  INDICATES NEGATIVE NUMBERS.
R  INDICATES RECORD WAS SET OR TIED.
MM INDICATES DATA IS MISSING.
T  INDICATES TRACE AMOUNT.




$$
