000
CDUS43 KFGF 232225
CLIGFK


CLIMATE REPORT
NATIONAL WEATHER SERVICE EASTERN NORTH DAKOTA/GRAND FORKS
525 PM CDT WED JUL 23 2014


...................................

...THE GRAND FORKS INTL AP ND CLIMATE SUMMARY FOR JULY 23 2014...
VALID TODAY AS OF 0400 PM LOCAL TIME.

CLIMATE NORMAL PERIOD 1981 TO 2010
CLIMATE RECORD PERIOD 1941 TO 2014


WEATHER ITEM   OBSERVED TIME   RECORD YEAR NORMAL DEPARTURE LAST
                VALUE   (LST)  VALUE       VALUE  FROM      YEAR
                                                  NORMAL
..................................................................
TEMPERATURE (F)
 TODAY
  MAXIMUM         75    259 PM  96    1945  82     -7       74
                                      1941
  MINIMUM         57    419 AM  45    2004  57      0       50
                                      1953
  AVERAGE         66                        69     -3       62

PRECIPITATION (IN)
  TODAY            0.00          1.13 2011   0.09  -0.09     0.00
  MONTH TO DATE    3.69                      2.45   1.24     1.96
  SINCE JUN 1     10.29                      5.93   4.36     5.06
  SINCE JAN 1     17.47                     11.65   5.82    13.23

SNOWFALL (IN)
  TODAY            0.0          MM      MM   0.0    0.0      0.0
  MONTH TO DATE    0.0                       0.0    0.0      0.0
  SINCE JUN 1      0.0                       0.0    0.0      0.0
  SINCE JUL 1      0.0                       0.0    0.0      0.0
  SNOW DEPTH       0

DEGREE DAYS
 HEATING
  TODAY            0                         1     -1        3
  MONTH TO DATE   29                        24      5        9
  SINCE JUN 1     75                       127    -52       86
  SINCE JUL 1     29                        24      5        9

 COOLING
  TODAY            1                         5     -4        0
  MONTH TO DATE   92                       105    -13      160
  SINCE JUN 1    159                       180    -21      273
  SINCE JAN 1    212                       197     15      282
..................................................................


WIND (MPH)
  HIGHEST WIND SPEED    10   HIGHEST WIND DIRECTION     N (20)
  HIGHEST GUST SPEED    15   HIGHEST GUST DIRECTION     N (20)
  AVERAGE WIND SPEED     5.0


SKY COVER
  POSSIBLE SUNSHINE  MM
  AVERAGE SKY COVER 0.5


WEATHER CONDITIONS
 THE FOLLOWING WEATHER WAS RECORDED TODAY.
  NO SIGNIFICANT WEATHER WAS OBSERVED.


RELATIVE HUMIDITY (PERCENT)
 HIGHEST    97          1200 AM
 LOWEST     53           300 PM
 AVERAGE    75

..........................................................


THE GRAND FORKS INTL AP ND CLIMATE NORMALS FOR TOMORROW
                         NORMAL    RECORD    YEAR
 MAXIMUM TEMPERATURE (F)   82        99      1951
 MINIMUM TEMPERATURE (F)   57        43      1946


SUNRISE AND SUNSET
JULY 23 2014..........SUNRISE   554 AM CDT   SUNSET   916 PM CDT
JULY 24 2014..........SUNRISE   555 AM CDT   SUNSET   915 PM CDT


-  INDICATES NEGATIVE NUMBERS.
R  INDICATES RECORD WAS SET OR TIED.
MM INDICATES DATA IS MISSING.
T  INDICATES TRACE AMOUNT.




$$
