000
CDUS41 KALY 100638
CLIGFL


CLIMATE REPORT
NATIONAL WEATHER SERVICE ALBANY NY
136 AM EST SAT DEC 10 2016


...................................

...THE GLENS FALLS NY CLIMATE SUMMARY FOR DECEMBER 9 2016...

CLIMATE NORMAL PERIOD 1981 TO 2010
CLIMATE RECORD PERIOD 1949 TO 2016


WEATHER ITEM   OBSERVED TIME   RECORD YEAR NORMAL DEPARTURE LAST
                VALUE   (LST)  VALUE       VALUE  FROM      YEAR
                                                  NORMAL
..................................................................
TEMPERATURE (F)
 YESTERDAY
  MAXIMUM         33    151 PM  56    1966  36     -3       45
  MINIMUM         22   1159 PM  -5    1989  19      3       23
  AVERAGE         28                        28      0       34

PRECIPITATION (IN)
  YESTERDAY        T             1.01 1973   0.12  -0.12     0.00
  MONTH TO DATE    0.50                      1.00  -0.50     0.81
  SINCE DEC 1      0.50                      1.00  -0.50     0.81
  SINCE JAN 1     28.80                     37.01  -8.21    27.78

DEGREE DAYS
 HEATING
  YESTERDAY       37                        37      0       31
  MONTH TO DATE  267                       320    -53      279
  SINCE DEC 1    267                       320    -53      279
  SINCE JUL 1   1583                      2018   -435     1570

 COOLING
  YESTERDAY        0                         0      0        0
  MONTH TO DATE    0                         0      0        0
  SINCE DEC 1      0                         0      0        0
  SINCE JAN 1    643                       352    291      596
..................................................................


WIND (MPH)
  HIGHEST WIND SPEED    17   HIGHEST WIND DIRECTION    NW (310)
  HIGHEST GUST SPEED    27   HIGHEST GUST DIRECTION    NW (300)
  AVERAGE WIND SPEED     8.6


SKY COVER
  AVERAGE SKY COVER 0.8



RELATIVE HUMIDITY (PERCENT)
 HIGHEST    63           100 AM
 LOWEST     36           100 PM
 AVERAGE    50

..........................................................


THE GLENS FALLS NY CLIMATE NORMALS FOR TODAY
                         NORMAL    RECORD    YEAR
 MAXIMUM TEMPERATURE (F)   36        61      1966
 MINIMUM TEMPERATURE (F)   19       -15      1977


SUNRISE AND SUNSET
DECEMBER 10 2016......SUNRISE   716 AM EST   SUNSET   419 PM EST
DECEMBER 11 2016......SUNRISE   717 AM EST   SUNSET   419 PM EST


-  INDICATES NEGATIVE NUMBERS.
R  INDICATES RECORD WAS SET OR TIED.
MM INDICATES DATA IS MISSING.
T  INDICATES TRACE AMOUNT.




$$
