000
CDUS41 KALY 170627
CLIGFL


CLIMATE REPORT
NATIONAL WEATHER SERVICE ALBANY NY
226 AM EDT THU APR 17 2014


...................................

...THE GLENS FALLS NY CLIMATE SUMMARY FOR APRIL 16 2014...

CLIMATE NORMAL PERIOD 1981 TO 2010
CLIMATE RECORD PERIOD 1949 TO 2014


WEATHER ITEM   OBSERVED TIME   RECORD YEAR NORMAL DEPARTURE LAST
                VALUE   (LST)  VALUE       VALUE  FROM      YEAR
                                                  NORMAL
..................................................................
TEMPERATURE (F)
 YESTERDAY
  MAXIMUM         39        MM  89    2002  57    -18       58
  MINIMUM         25        MM  21    1992  33     -8       47
  AVERAGE         32                        45    -13       53

PRECIPITATION (IN)
  YESTERDAY        0.00          1.06 1996   0.10  -0.10     0.15
  MONTH TO DATE    1.93                      1.57   0.36     1.57
  SINCE MAR 1      4.65                      4.51   0.14     4.68
  SINCE JAN 1      9.18                      9.45  -0.27     6.98

DEGREE DAYS
 HEATING
  YESTERDAY       33                        20     13       12
  MONTH TO DATE  337                       372    -35      378
  SINCE MAR 1   1647                      1415    232     1364
  SINCE JUL 1   7416                      7035    381     6465

 COOLING
  YESTERDAY        0                         0      0        0
  MONTH TO DATE    0                         0      0        0
  SINCE MAR 1      0                         0      0        0
  SINCE JAN 1      0                         0      0        0
..................................................................


WIND (MPH)
  HIGHEST WIND SPEED    17   HIGHEST WIND DIRECTION    NW (330)
  HIGHEST GUST SPEED    23   HIGHEST GUST DIRECTION    NW (320)
  AVERAGE WIND SPEED    10.1


SKY COVER
  AVERAGE SKY COVER 0.1



RELATIVE HUMIDITY (PERCENT)
 HIGHEST    74           300 AM
 LOWEST     34           500 PM
 AVERAGE    54

..........................................................


THE GLENS FALLS NY CLIMATE NORMALS FOR TODAY
                         NORMAL    RECORD    YEAR
 MAXIMUM TEMPERATURE (F)   58        91      2002
 MINIMUM TEMPERATURE (F)   33        23      2003


SUNRISE AND SUNSET
APRIL 17 2014.........SUNRISE   609 AM EDT   SUNSET   740 PM EDT
APRIL 18 2014.........SUNRISE   607 AM EDT   SUNSET   741 PM EDT


-  INDICATES NEGATIVE NUMBERS.
R  INDICATES RECORD WAS SET OR TIED.
MM INDICATES DATA IS MISSING.
T  INDICATES TRACE AMOUNT.




$$
