000
CDUS41 KALY 250623
CLIGFL


CLIMATE REPORT
NATIONAL WEATHER SERVICE ALBANY NY
123 AM EST THU DEC 25 2014


...................................

...THE GLENS FALLS NY CLIMATE SUMMARY FOR DECEMBER 24 2014...

CLIMATE NORMAL PERIOD 1981 TO 2010
CLIMATE RECORD PERIOD 1949 TO 2014


WEATHER ITEM   OBSERVED TIME   RECORD YEAR NORMAL DEPARTURE LAST
                VALUE   (LST)  VALUE       VALUE  FROM      YEAR
                                                  NORMAL
..................................................................
TEMPERATURE (F)
 YESTERDAY
  MAXIMUM         39    523 PM  49    1957  31      8       32
  MINIMUM         35    701 AM -23    1989  13     22       12
  AVERAGE         37                        22     15       22

PRECIPITATION (IN)
  YESTERDAY        0.93          1.21 2003   0.09   0.84     0.00
  MONTH TO DATE    3.97                      2.43   1.54     1.92
  SINCE DEC 1      3.97                      2.43   1.54     1.92
  SINCE JAN 1     36.32                     38.44  -2.12    34.76

DEGREE DAYS
 HEATING
  YESTERDAY       28                        43    -15       43
  MONTH TO DATE  838                       928    -90      946
  SINCE DEC 1    838                       928    -90      946
  SINCE JUL 1   2299                      2626   -327     2625

 COOLING
  YESTERDAY        0                         0      0        0
  MONTH TO DATE    0                         0      0        0
  SINCE DEC 1      0                         0      0        0
  SINCE JAN 1    392                       352     40      537
..................................................................


WIND (MPH)
  HIGHEST WIND SPEED     7   HIGHEST WIND DIRECTION    NW (300)
  HIGHEST GUST SPEED     7   HIGHEST GUST DIRECTION    NW (300)
  AVERAGE WIND SPEED     0.0


SKY COVER
  AVERAGE SKY COVER 1.0



RELATIVE HUMIDITY (PERCENT)
 HIGHEST   100           100 AM
 LOWEST     92          1200 AM
 AVERAGE    96

..........................................................


THE GLENS FALLS NY CLIMATE NORMALS FOR TODAY
                         NORMAL    RECORD    YEAR
 MAXIMUM TEMPERATURE (F)   31        62      1964
 MINIMUM TEMPERATURE (F)   12       -27      1980


SUNRISE AND SUNSET
DECEMBER 25 2014......SUNRISE   725 AM EST   SUNSET   424 PM EST
DECEMBER 26 2014......SUNRISE   726 AM EST   SUNSET   424 PM EST


-  INDICATES NEGATIVE NUMBERS.
R  INDICATES RECORD WAS SET OR TIED.
MM INDICATES DATA IS MISSING.
T  INDICATES TRACE AMOUNT.




$$
