000
CDUS44 KSHV 130844
CLIGGG


CLIMATE REPORT
NATIONAL WEATHER SERVICE SHREVEPORT, LA
239 AM CST WED DEC 13 2017


...................................

...THE LONGVIEW CLIMATE SUMMARY FOR DECEMBER 12 2017...

CLIMATE NORMAL PERIOD 1981 TO 2010
CLIMATE RECORD PERIOD 1902 TO 2017


WEATHER ITEM   OBSERVED TIME   RECORD YEAR NORMAL DEPARTURE LAST
                VALUE   (LST)  VALUE       VALUE  FROM      YEAR
                                                  NORMAL
..................................................................
TEMPERATURE (F)
 YESTERDAY
  MAXIMUM         58    241 PM  82    1949  59     -1       66
  MINIMUM         32   1158 PM  17    1962  38     -6       52
  AVERAGE         45                        48     -3       59

PRECIPITATION (IN)
  YESTERDAY        0.00          2.11 1999   0.16  -0.16     0.00
  MONTH TO DATE    0.51                      1.94  -1.43     2.70
  SINCE DEC 1      0.51                      1.94  -1.43     2.70
  SINCE JAN 1     40.01                     45.00  -4.99    47.32

SNOWFALL (IN)
  YESTERDAY        0.0
  MONTH TO DATE    0.0
  SINCE DEC 1      0.0
  SINCE JUL 1      0.0
  SNOW DEPTH       0

DEGREE DAYS
 HEATING
  YESTERDAY       20                        17      3        6
  MONTH TO DATE  161                       190    -29      198
  SINCE DEC 1    161                       190    -29      198
  SINCE JUL 1    441                       562   -121      358

 COOLING
  YESTERDAY        0                         0      0        0
  MONTH TO DATE    4                         0      4        0
  SINCE DEC 1      4                         0      4        0
  SINCE JAN 1   2703                      2417    286     2729
..................................................................


WIND (MPH)
  HIGHEST WIND SPEED    17   HIGHEST WIND DIRECTION    NW (330)
  HIGHEST GUST SPEED    22   HIGHEST GUST DIRECTION     N (350)
  AVERAGE WIND SPEED     8.2


SKY COVER
  POSSIBLE SUNSHINE  MM
  AVERAGE SKY COVER 0.0


WEATHER CONDITIONS
 THE FOLLOWING WEATHER WAS RECORDED YESTERDAY.
  NO SIGNIFICANT WEATHER WAS OBSERVED.


RELATIVE HUMIDITY (PERCENT)
 HIGHEST    82          1000 PM
 LOWEST     25           300 PM
 AVERAGE    54

..........................................................


THE LONGVIEW CLIMATE NORMALS FOR TODAY
                         NORMAL    RECORD    YEAR
 MAXIMUM TEMPERATURE (F)   59        81      1933
 MINIMUM TEMPERATURE (F)   38        10      1919


SUNRISE AND SUNSET
DECEMBER 13 2017......SUNRISE   712 AM CST   SUNSET   515 PM CST
DECEMBER 14 2017......SUNRISE   712 AM CST   SUNSET   515 PM CST


-  INDICATES NEGATIVE NUMBERS.
R  INDICATES RECORD WAS SET OR TIED.
MM INDICATES DATA IS MISSING.
T  INDICATES TRACE AMOUNT.




$$
