000
CDUS44 KSHV 280851
CLIGGG


CLIMATE REPORT
NATIONAL WEATHER SERVICE SHREVEPORT, LA
246 AM CST SUN DEC 28 2014


...................................

...THE LONGVIEW CLIMATE SUMMARY FOR DECEMBER 27 2014...

CLIMATE NORMAL PERIOD 1981 TO 2010
CLIMATE RECORD PERIOD 1902 TO 2014


WEATHER ITEM   OBSERVED TIME   RECORD YEAR NORMAL DEPARTURE LAST
                VALUE   (LST)  VALUE       VALUE  FROM      YEAR
                                                  NORMAL
..................................................................
TEMPERATURE (F)
 YESTERDAY
  MAXIMUM         62    902 AM  79    1946  57      5       57
  MINIMUM         39   1159 PM  21    1904  36      3       34
  AVERAGE         51                        47      4       46

PRECIPITATION (IN)
  YESTERDAY        0.25          4.00 1944   0.12   0.13     0.00
  MONTH TO DATE    2.03                      4.01  -1.98     4.15
  SINCE DEC 1      2.03                      4.01  -1.98     4.15
  SINCE JAN 1     38.54                     47.07  -8.53    40.55

SNOWFALL (IN)
  YESTERDAY       MM
  MONTH TO DATE    0.0
  SINCE DEC 1      0.0
  SINCE JUL 1      0.0
  SNOW DEPTH       0

DEGREE DAYS
 HEATING
  YESTERDAY       14                        19     -5       19
  MONTH TO DATE  340                       458   -118      483
  SINCE DEC 1    340                       458   -118      483
  SINCE JUL 1    750                       830    -80      911

 COOLING
  YESTERDAY        0                         0      0        0
  MONTH TO DATE    5                         0      5       11
  SINCE DEC 1      5                         0      5       11
  SINCE JAN 1   2461                      2417     44     2738
..................................................................


WIND (MPH)
  HIGHEST WIND SPEED    22   HIGHEST WIND DIRECTION    NW (330)
  HIGHEST GUST SPEED    29   HIGHEST GUST DIRECTION    NW (320)
  AVERAGE WIND SPEED    11.2


SKY COVER
  POSSIBLE SUNSHINE  MM
  AVERAGE SKY COVER 1.0


WEATHER CONDITIONS
 THE FOLLOWING WEATHER WAS RECORDED YESTERDAY.
  THUNDERSTORM
  HEAVY RAIN
  LIGHT RAIN
  FOG


RELATIVE HUMIDITY (PERCENT)
 HIGHEST   100           500 AM
 LOWEST     85          1100 PM
 AVERAGE    93

..........................................................


THE LONGVIEW CLIMATE NORMALS FOR TODAY
                         NORMAL    RECORD    YEAR
 MAXIMUM TEMPERATURE (F)   57        75      1910
 MINIMUM TEMPERATURE (F)   36        23      1904


SUNRISE AND SUNSET
DECEMBER 28 2014......SUNRISE   719 AM CST   SUNSET   522 PM CST
DECEMBER 29 2014......SUNRISE   720 AM CST   SUNSET   522 PM CST


-  INDICATES NEGATIVE NUMBERS.
R  INDICATES RECORD WAS SET OR TIED.
MM INDICATES DATA IS MISSING.
T  INDICATES TRACE AMOUNT.




$$
