000
CDUS44 KSHV 190853
CLIGGG


CLIMATE REPORT
NATIONAL WEATHER SERVICE SHREVEPORT, LA
248 AM CST MON FEB 19 2018


...................................

...THE LONGVIEW CLIMATE SUMMARY FOR FEBRUARY 18 2018...

CLIMATE NORMAL PERIOD 1981 TO 2010
CLIMATE RECORD PERIOD 1902 TO 2018


WEATHER ITEM   OBSERVED TIME   RECORD YEAR NORMAL DEPARTURE LAST
                VALUE   (LST)  VALUE       VALUE  FROM      YEAR
                                                  NORMAL
..................................................................
TEMPERATURE (F)
 YESTERDAY
  MAXIMUM         67   1159 PM  83    1911  63      4       79
  MINIMUM         49    915 AM   9    1910  39     10       52
  AVERAGE         58                        51      7       66

PRECIPITATION (IN)
  YESTERDAY        T             2.13 2012   0.16  -0.16     0.00
  MONTH TO DATE    3.10                      2.53   0.57     1.14
  SINCE DEC 1     11.18                     10.34   0.84    11.44
  SINCE JAN 1      5.85                      5.85   0.00     6.64

SNOWFALL (IN)
  YESTERDAY       MM
  MONTH TO DATE    T
  SINCE DEC 1      1.5
  SINCE JUL 1      1.5
  SNOW DEPTH       0

DEGREE DAYS
 HEATING
  YESTERDAY        7                        14     -7        0
  MONTH TO DATE  287                       292     -5      139
  SINCE DEC 1   1466                      1403     63      905
  SINCE JUL 1   1746                      1775    -29     1065

 COOLING
  YESTERDAY        0                         0      0        1
  MONTH TO DATE    6                         0      6       26
  SINCE DEC 1     13                        10      3       63
  SINCE JAN 1      9                         4      5       45
..................................................................


WIND (MPH)
  HIGHEST WIND SPEED    16   HIGHEST WIND DIRECTION     S (180)
  HIGHEST GUST SPEED    22   HIGHEST GUST DIRECTION     S (160)
  AVERAGE WIND SPEED     8.1


SKY COVER
  POSSIBLE SUNSHINE  MM
  AVERAGE SKY COVER 0.9


WEATHER CONDITIONS
 THE FOLLOWING WEATHER WAS RECORDED YESTERDAY.
  LIGHT RAIN
  FOG
  HAZE


RELATIVE HUMIDITY (PERCENT)
 HIGHEST   100          1200 AM
 LOWEST     93           100 AM
 AVERAGE    97

..........................................................


THE LONGVIEW CLIMATE NORMALS FOR TODAY
                         NORMAL    RECORD    YEAR
 MAXIMUM TEMPERATURE (F)   63        80      2017
 MINIMUM TEMPERATURE (F)   40        12      1910


SUNRISE AND SUNSET
FEBRUARY 19 2018......SUNRISE   657 AM CST   SUNSET   608 PM CST
FEBRUARY 20 2018......SUNRISE   656 AM CST   SUNSET   609 PM CST


-  INDICATES NEGATIVE NUMBERS.
R  INDICATES RECORD WAS SET OR TIED.
MM INDICATES DATA IS MISSING.
T  INDICATES TRACE AMOUNT.




$$
