416
CDUS44 KSHV 260732
CLIGGG


CLIMATE REPORT
NATIONAL WEATHER SERVICE SHREVEPORT, LA
232 AM CDT MON SEP 26 2016


...................................

...THE LONGVIEW CLIMATE SUMMARY FOR SEPTEMBER 25 2016...

CLIMATE NORMAL PERIOD 1981 TO 2010
CLIMATE RECORD PERIOD 1902 TO 2016


WEATHER ITEM   OBSERVED TIME   RECORD YEAR NORMAL DEPARTURE LAST
                VALUE   (LST)  VALUE       VALUE  FROM      YEAR
                                                  NORMAL
..................................................................
TEMPERATURE (F)
 YESTERDAY
  MAXIMUM         92    229 PM 100    1945  85      7       94
  MINIMUM         69    629 AM  45    1994  61      8       65
  AVERAGE         81                        73      8       80

PRECIPITATION (IN)
  YESTERDAY        0.00          2.00 1972   0.12  -0.12     0.00
  MONTH TO DATE    0.03                      2.69  -2.66     0.04
  SINCE DEC 1     46.79                     37.83   8.96    45.74
  SINCE JAN 1     40.73                     33.34   7.39    43.44

SNOWFALL (IN)
  YESTERDAY        0.0
  MONTH TO DATE    0.0
  SINCE SEP 1      0.0
  SINCE JUL 1      0.0
  SNOW DEPTH       0

DEGREE DAYS
 HEATING
  YESTERDAY        0                         0      0        0
  MONTH TO DATE    0                         0      0        0
  SINCE SEP 1      0                         0      0        0
  SINCE JUL 1      0                         0      0        0

 COOLING
  YESTERDAY       16                         8      8       15
  MONTH TO DATE  400                       302     98      404
  SINCE SEP 1    400                       302     98      404
  SINCE JAN 1   2445                      2242    203     2576
..................................................................


WIND (MPH)
  HIGHEST WIND SPEED    31   HIGHEST WIND DIRECTION    SW (210)
  HIGHEST GUST SPEED    39   HIGHEST GUST DIRECTION    SW (230)
  AVERAGE WIND SPEED     4.9


SKY COVER
  POSSIBLE SUNSHINE  MM
  AVERAGE SKY COVER 0.2


WEATHER CONDITIONS
 THE FOLLOWING WEATHER WAS RECORDED YESTERDAY.
  THUNDERSTORM


RELATIVE HUMIDITY (PERCENT)
 HIGHEST   100           200 AM
 LOWEST     44           200 PM
 AVERAGE    72

..........................................................


THE LONGVIEW CLIMATE NORMALS FOR TODAY
                         NORMAL    RECORD    YEAR
 MAXIMUM TEMPERATURE (F)   84        99      1938
 MINIMUM TEMPERATURE (F)   61        44      2000


SUNRISE AND SUNSET
SEPTEMBER 26 2016.....SUNRISE   710 AM CDT   SUNSET   709 PM CDT
SEPTEMBER 27 2016.....SUNRISE   711 AM CDT   SUNSET   708 PM CDT


-  INDICATES NEGATIVE NUMBERS.
R  INDICATES RECORD WAS SET OR TIED.
MM INDICATES DATA IS MISSING.
T  INDICATES TRACE AMOUNT.




$$
