000
CDUS44 KSHV 280739
CLIGGG


CLIMATE REPORT
NATIONAL WEATHER SERVICE SHREVEPORT, LA
237 AM CDT SAT MAY 28 2016


...................................

...THE LONGVIEW CLIMATE SUMMARY FOR MAY 27 2016...

CLIMATE NORMAL PERIOD 1981 TO 2010
CLIMATE RECORD PERIOD 1902 TO 2016


WEATHER ITEM   OBSERVED TIME   RECORD YEAR NORMAL DEPARTURE LAST
                VALUE   (LST)  VALUE       VALUE  FROM      YEAR
                                                  NORMAL
..................................................................
TEMPERATURE (F)
 YESTERDAY
  MAXIMUM         71   1217 AM  97    1902  86    -15       90
  MINIMUM         65   1046 PM  48    1961  65      0       65
  AVERAGE         68                        76     -8       78

PRECIPITATION (IN)
  YESTERDAY        0.98          1.27 1970   0.18   0.80     0.94
  MONTH TO DATE    4.02                      4.17  -0.15    10.97
  SINCE DEC 1     34.37                     23.59  10.78    36.51
  SINCE JAN 1     28.31                     19.10   9.21    34.21

SNOWFALL (IN)
  YESTERDAY        0.0
  MONTH TO DATE    0.0
  SINCE MAR 1      0.0
  SINCE JUL 1      0.0
  SNOW DEPTH       0

DEGREE DAYS
 HEATING
  YESTERDAY        0                         0      0        0
  MONTH TO DATE   15                         8      7        0
  SINCE MAR 1    205                       353   -148      309
  SINCE JUL 1   1654                      2257   -603     2282

 COOLING
  YESTERDAY        3                        11     -8       13
  MONTH TO DATE  170                       211    -41      248
  SINCE MAR 1    307                       322    -15      411
  SINCE JAN 1    313                       334    -21      411
..................................................................


WIND (MPH)
  HIGHEST WIND SPEED    25   HIGHEST WIND DIRECTION     W (260)
  HIGHEST GUST SPEED    33   HIGHEST GUST DIRECTION    SE (140)
  AVERAGE WIND SPEED     8.1


SKY COVER
  POSSIBLE SUNSHINE  MM
  AVERAGE SKY COVER 0.7


WEATHER CONDITIONS
 THE FOLLOWING WEATHER WAS RECORDED YESTERDAY.
  THUNDERSTORM
  HEAVY RAIN
  RAIN
  LIGHT RAIN
  FOG


RELATIVE HUMIDITY (PERCENT)
 HIGHEST   100          1000 AM
 LOWEST     84          1200 AM
 AVERAGE    92

..........................................................


THE LONGVIEW CLIMATE NORMALS FOR TODAY
                         NORMAL    RECORD    YEAR
 MAXIMUM TEMPERATURE (F)   86        98      1937
 MINIMUM TEMPERATURE (F)   65        48      1961


SUNRISE AND SUNSET
MAY 28 2016...........SUNRISE   614 AM CDT   SUNSET   819 PM CDT
MAY 29 2016...........SUNRISE   613 AM CDT   SUNSET   820 PM CDT


-  INDICATES NEGATIVE NUMBERS.
R  INDICATES RECORD WAS SET OR TIED.
MM INDICATES DATA IS MISSING.
T  INDICATES TRACE AMOUNT.




$$
