000
CDUS44 KSHV 012203
CLIGGG


CLIMATE REPORT
NATIONAL WEATHER SERVICE SHREVEPORT, LA
502 PM CDT FRI AUG 1 2014


...................................

...THE LONGVIEW CLIMATE SUMMARY FOR AUGUST 1 2014...
VALID TODAY AS OF 0500 PM LOCAL TIME.

CLIMATE NORMAL PERIOD 1981 TO 2010
CLIMATE RECORD PERIOD 1902 TO 2014


WEATHER ITEM   OBSERVED TIME   RECORD YEAR NORMAL DEPARTURE LAST
                VALUE   (LST)  VALUE       VALUE  FROM      YEAR
                                                  NORMAL
..................................................................
TEMPERATURE (F)
 TODAY
  MAXIMUM         74    244 PM 108    2011  94    -20      103
  MINIMUM         67    651 AM  59    1971  73     -6       77
  AVERAGE         71                        84    -13       90

PRECIPITATION (IN)
  TODAY            0.03          1.67 2009   0.08  -0.05      T
  MONTH TO DATE    0.03                      0.08  -0.05      T
  SINCE DEC 1     29.97                     32.20  -2.23    23.62
  SINCE JAN 1     25.82                     27.71  -1.89    19.27

DEGREE DAYS
 HEATING
  TODAY            0                         0      0        0
  MONTH TO DATE    0                         0      0        0
  SINCE JUN 1      0                         0      0        0
  SINCE JUL 1      0                         0      0        0

 COOLING
  TODAY            6                        19    -13       25
  MONTH TO DATE    6                        19    -13       25
  SINCE JUN 1    952                      1030    -78     1093
  SINCE JAN 1   1306                      1409   -103     1481
..................................................................


WIND (MPH)
  HIGHEST WIND SPEED    13   HIGHEST WIND DIRECTION     E (70)
  HIGHEST GUST SPEED    17   HIGHEST GUST DIRECTION     E (90)
  AVERAGE WIND SPEED     6.2


SKY COVER
  POSSIBLE SUNSHINE  MM
  AVERAGE SKY COVER 1.0


WEATHER CONDITIONS
 THE FOLLOWING WEATHER WAS RECORDED TODAY.
  LIGHT RAIN
  FOG


RELATIVE HUMIDITY (PERCENT)
 HIGHEST    97          1200 AM
 LOWEST     79           300 PM
 AVERAGE    88

..........................................................


THE LONGVIEW CLIMATE NORMALS FOR TOMORROW
                         NORMAL    RECORD    YEAR
 MAXIMUM TEMPERATURE (F)   94       109      2011
 MINIMUM TEMPERATURE (F)   73        60      1965


SUNRISE AND SUNSET
AUGUST  1 2014........SUNRISE   633 AM CDT   SUNSET   816 PM CDT
AUGUST  2 2014........SUNRISE   634 AM CDT   SUNSET   816 PM CDT


-  INDICATES NEGATIVE NUMBERS.
R  INDICATES RECORD WAS SET OR TIED.
MM INDICATES DATA IS MISSING.
T  INDICATES TRACE AMOUNT.




$$
