000
CDUS45 KGGW 280741
CLIGGW


CLIMATE REPORT
NATIONAL WEATHER SERVICE GLASGOW MT
1240 AM MST SUN DEC 28 2014


...................................

...THE GLASGOW MT CLIMATE SUMMARY FOR DECEMBER 27 2014...

CLIMATE NORMAL PERIOD 1981 TO 2010
CLIMATE RECORD PERIOD 1893 TO 2014


WEATHER ITEM   OBSERVED TIME   RECORD YEAR NORMAL DEPARTURE LAST
                VALUE   (LST)  VALUE       VALUE  FROM      YEAR
                                                  NORMAL
..................................................................
TEMPERATURE (F)
 YESTERDAY
  MAXIMUM         31    318 PM  54    1980  23      8       40
  MINIMUM         12    229 AM -42    1925   4      8       26
  AVERAGE         22                        14      8       33

PRECIPITATION (IN)
  YESTERDAY        0.00          0.30 1895   0.01  -0.01     0.00
  MONTH TO DATE    0.11                      0.34  -0.23     0.66
  SINCE OCT 1      1.26                      1.49  -0.23     1.25
  SINCE JAN 1     15.00                     11.60   3.40    15.67

SNOWFALL (IN)
  YESTERDAY        0.0           7.8  2003   0.3   -0.3      0.0
  MONTH TO DATE    0.1                       6.8   -6.7     10.8
  SINCE DEC 1      0.1                       6.8   -6.7     10.8
  SINCE JUL 1     11.5                      13.4   -1.9     14.5
  SNOW DEPTH       0   (12Z/5AM MST)

DEGREE DAYS
 HEATING
  YESTERDAY       43                        51     -8       32
  MONTH TO DATE 1086                      1304   -218     1559
  SINCE DEC 1   1086                      1304   -218     1559
  SINCE JUL 1   3171                      3297   -126     3470

 COOLING
  YESTERDAY        0                         0      0        0
  MONTH TO DATE    0                         0      0        0
  SINCE DEC 1      0                         0      0        0
  SINCE JAN 1    495                       533    -38      563
..................................................................


WIND (MPH)
  HIGHEST WIND SPEED    14   HIGHEST WIND DIRECTION     E (110)
  HIGHEST GUST SPEED    16   HIGHEST GUST DIRECTION     E (110)
  AVERAGE WIND SPEED     5.5


SKY COVER
  POSSIBLE SUNSHINE  MM
  AVERAGE SKY COVER 0.7


WEATHER CONDITIONS
 THE FOLLOWING WEATHER WAS RECORDED YESTERDAY.
  NO SIGNIFICANT WEATHER WAS OBSERVED.


RELATIVE HUMIDITY (PERCENT)
 HIGHEST    88           300 AM
 LOWEST     53           200 PM
 AVERAGE    71

..........................................................


THE GLASGOW MT CLIMATE NORMALS FOR TODAY
                         NORMAL    RECORD    YEAR
 MAXIMUM TEMPERATURE (F)   23        55      1999
 MINIMUM TEMPERATURE (F)    4       -31      1968


SUNRISE AND SUNSET
DECEMBER 28 2014......SUNRISE   757 AM MST   SUNSET   420 PM MST
DECEMBER 29 2014......SUNRISE   757 AM MST   SUNSET   420 PM MST


-  INDICATES NEGATIVE NUMBERS.
R  INDICATES RECORD WAS SET OR TIED.
MM INDICATES DATA IS MISSING.
T  INDICATES TRACE AMOUNT.




$$
