000
CDUS45 KGGW 221233
CLIGGW


CLIMATE REPORT
NATIONAL WEATHER SERVICE GLASGOW MT
633 AM MDT TUE AUG 22 2017


...................................

...THE GLASGOW MT CLIMATE SUMMARY FOR AUGUST 22 2017...
VALID AS OF 0600 AM LOCAL TIME.

CLIMATE NORMAL PERIOD 1981 TO 2010
CLIMATE RECORD PERIOD 1893 TO 2017


WEATHER ITEM   OBSERVED TIME   RECORD YEAR NORMAL DEPARTURE LAST
                VALUE   (LST)  VALUE       VALUE  FROM      YEAR
                                                  NORMAL
..................................................................
TEMPERATURE (F)
 TODAY
  MINIMUM         51    515 AM  31    1896  55     -4       53

PRECIPITATION (IN)
  TODAY            0.00          1.18 1933   0.04  -0.04     0.00
  MONTH TO DATE    0.26                      0.92  -0.66     0.51
  SINCE OCT 1      7.23                     10.40  -3.17    18.63
  SINCE JAN 1      3.70                      8.85  -5.15    15.65

SNOWFALL (IN)
  TODAY            0.0           0.0  2002   0.0    0.0      0.0
                                      2001
                                      2000
  MONTH TO DATE    0.0                       0.0    0.0      0.0
  SINCE JUN 1      0.0                       0.0    0.0      0.0
  SINCE JUL 1      0.0                       0.0    0.0      0.0
  SNOW DEPTH       0

DEGREE DAYS
 HEATING
  TODAY           12                         1     11        0
  MONTH TO DATE   19                        14      5        8
  SINCE JUN 1     66                       137    -71       48
  SINCE JUL 1     19                        32    -13       16

 COOLING
  TODAY            0                         5     -5        8
  MONTH TO DATE   52                       158   -106      125
  SINCE JUN 1    515                       440     75      360
  SINCE JAN 1    530                       457     73      371
..................................................................





WEATHER CONDITIONS
 THE FOLLOWING WEATHER WAS RECORDED TODAY.
  NO SIGNIFICANT WEATHER WAS OBSERVED.


RELATIVE HUMIDITY (PERCENT)
 HIGHEST    MM

..........................................................


THE GLASGOW MT CLIMATE NORMALS FOR TOMORROW
                         NORMAL    RECORD    YEAR
 MAXIMUM TEMPERATURE (F)   83       101      1969
 MINIMUM TEMPERATURE (F)   55        28      1928


SUNRISE AND SUNSET
AUGUST 22 2017........SUNRISE   611 AM MDT   SUNSET   807 PM MDT
AUGUST 23 2017........SUNRISE   612 AM MDT   SUNSET   805 PM MDT


-  INDICATES NEGATIVE NUMBERS.
R  INDICATES RECORD WAS SET OR TIED.
MM INDICATES DATA IS MISSING.
T  INDICATES TRACE AMOUNT.




$$
