000
CDUS45 KGGW 220745 CCA
CLIGGW

CLIMATE REPORT
NATIONAL WEATHER SERVICE GLASGOW MT
1245 AM MST THU FEB 22 2018


...................................

...THE GLASGOW MT CLIMATE SUMMARY FOR FEBRUARY 21 2018...

CLIMATE NORMAL PERIOD 1981 TO 2010
CLIMATE RECORD PERIOD 1893 TO 2018


WEATHER ITEM   OBSERVED TIME   RECORD YEAR NORMAL DEPARTURE LAST
                VALUE   (LST)  VALUE       VALUE  FROM      YEAR
                                                  NORMAL
..................................................................
TEMPERATURE (F)
 YESTERDAY
  MAXIMUM          2    349 PM  63    1995  31    -29       47
  MINIMUM        -21    404 AM -43    1918  11    -32       32
  AVERAGE         -9                        21    -30       40

PRECIPITATION (IN)
  YESTERDAY        0.00          0.50 1899   0.01  -0.01     0.14
  MONTH TO DATE    0.76                      0.18   0.58     0.42
  SINCE OCT 1      2.93                      2.10   0.83     4.42
  SINCE JAN 1      1.13                      0.55   0.58     0.89

SNOWFALL (IN)
  YESTERDAY        0.0           2.3  1922   0.2   -0.2       T
  MONTH TO DATE   16.3                       3.3   13.0      7.0
  SINCE DEC 1     36.6                      19.3   17.3     28.9
  SINCE JUL 1     38.2                      25.9   12.3     29.3
  SNOW DEPTH       6

DEGREE DAYS
 HEATING
  YESTERDAY       74                        44     30       25
  MONTH TO DATE 1392                       986    406      880
  SINCE DEC 1   4538                      4082    456     4194
  SINCE JUL 1   6473                      6075    398     5813

 COOLING
  YESTERDAY        0                         0      0        0
  MONTH TO DATE    0                         0      0        0
  SINCE DEC 1      0                         0      0        0
  SINCE JAN 1      0                         0      0        0
..................................................................


WIND (MPH)
  HIGHEST WIND SPEED    16   HIGHEST WIND DIRECTION     E (110)
  HIGHEST GUST SPEED    18   HIGHEST GUST DIRECTION     E (110)
  AVERAGE WIND SPEED     9.3


SKY COVER
  POSSIBLE SUNSHINE  MM
  AVERAGE SKY COVER 0.1


WEATHER CONDITIONS
 THE FOLLOWING WEATHER WAS RECORDED YESTERDAY.
  NO SIGNIFICANT WEATHER WAS OBSERVED.


RELATIVE HUMIDITY (PERCENT)
 HIGHEST    91           200 AM
 LOWEST     65          1200 PM
 AVERAGE    78

..........................................................


THE GLASGOW MT CLIMATE NORMALS FOR TODAY
                         NORMAL    RECORD    YEAR
 MAXIMUM TEMPERATURE (F)   32        66      2002
 MINIMUM TEMPERATURE (F)   12       -34      1918


SUNRISE AND SUNSET
FEBRUARY 22 2018......SUNRISE   701 AM MST   SUNSET   540 PM MST
FEBRUARY 23 2018......SUNRISE   659 AM MST   SUNSET   542 PM MST


-  INDICATES NEGATIVE NUMBERS.
R  INDICATES RECORD WAS SET OR TIED.
MM INDICATES DATA IS MISSING.
T  INDICATES TRACE AMOUNT.


SNOW DEPTH TAKEN AT 12Z (5 AM)


$$
