000
CDUS45 KGGW 190020
CLIGGW


CLIMATE REPORT
NATIONAL WEATHER SERVICE GLASGOW MT
620 PM MDT THU SEP 18 2014


...................................

...THE GLASGOW MT CLIMATE SUMMARY FOR SEPTEMBER 18 2014...
VALID TODAY AS OF 0500 PM LOCAL TIME.

CLIMATE NORMAL PERIOD 1981 TO 2010
CLIMATE RECORD PERIOD 1893 TO 2014


WEATHER ITEM   OBSERVED TIME   RECORD YEAR NORMAL DEPARTURE LAST
                VALUE   (LST)  VALUE       VALUE  FROM      YEAR
                                                  NORMAL
..................................................................
TEMPERATURE (F)
 TODAY
  MAXIMUM         82        MM  96    1928  71     11       73
  MINIMUM         52        MM  22    1991  43      9       48
  AVERAGE         67                        57     10       61

PRECIPITATION (IN)
  TODAY            0.00          1.27 1978   0.03  -0.03     0.02
  MONTH TO DATE    0.40                      0.56  -0.16     1.56
  SINCE OCT 1     14.80                     11.28   3.52    16.35
  SINCE JAN 1     13.35                      9.73   3.62    14.15

SNOWFALL (IN)
  TODAY            0.0           0.4  1957   0.0    0.0      0.0
  MONTH TO DATE    0.0                       0.0    0.0      0.0
  SINCE SEP 1      0.0                       0.0    0.0      0.0
  SINCE JUL 1      0.0                       0.0    0.0      0.0
  SNOW DEPTH       0

DEGREE DAYS
 HEATING
  TODAY            0                         9     -9        4
  MONTH TO DATE  169                       106     63       11
  SINCE SEP 1    169                       106     63       11
  SINCE JUL 1    222                       159     63       26

 COOLING
  TODAY            2                         1      1        0
  MONTH TO DATE    4                        33    -29       86
  SINCE SEP 1      4                        33    -29       86
  SINCE JAN 1    476                       528    -52      563
..................................................................


WIND (MPH)
  HIGHEST WIND SPEED    15   HIGHEST WIND DIRECTION     E (100)
  HIGHEST GUST SPEED    MM   HIGHEST GUST DIRECTION    MM
  AVERAGE WIND SPEED     9.6


SKY COVER
  POSSIBLE SUNSHINE  MM
  AVERAGE SKY COVER 0.0


WEATHER CONDITIONS
 THE FOLLOWING WEATHER WAS RECORDED TODAY.
  NO SIGNIFICANT WEATHER WAS OBSERVED.


RELATIVE HUMIDITY (PERCENT)
 HIGHEST    83           400 AM
 LOWEST     36           400 PM
 AVERAGE    60

..........................................................


THE GLASGOW MT CLIMATE NORMALS FOR TOMORROW
                         NORMAL    RECORD    YEAR
 MAXIMUM TEMPERATURE (F)   70        96      2009
 MINIMUM TEMPERATURE (F)   43        24      1913


SUNRISE AND SUNSET
SEPTEMBER 18 2014.....SUNRISE   648 AM MDT   SUNSET   713 PM MDT
SEPTEMBER 19 2014.....SUNRISE   649 AM MDT   SUNSET   710 PM MDT


-  INDICATES NEGATIVE NUMBERS.
R  INDICATES RECORD WAS SET OR TIED.
MM INDICATES DATA IS MISSING.
T  INDICATES TRACE AMOUNT.




$$
