000
CDUS45 KGGW 040019
CLIGGW


CLIMATE REPORT
NATIONAL WEATHER SERVICE GLASGOW MT
618 PM MDT THU SEP 3 2015


...................................

...THE GLASGOW MT CLIMATE SUMMARY FOR SEPTEMBER 3 2015...
VALID TODAY AS OF 0500 PM LOCAL TIME.

CLIMATE NORMAL PERIOD 1981 TO 2010
CLIMATE RECORD PERIOD 1893 TO 2015


WEATHER ITEM   OBSERVED TIME   RECORD YEAR NORMAL DEPARTURE LAST
                VALUE   (LST)  VALUE       VALUE  FROM      YEAR
                                                  NORMAL
..................................................................
TEMPERATURE (F)
 TODAY
  MAXIMUM         83    309 PM 102    1940  78      5       80
  MINIMUM         59    644 AM  29    1902  50      9       49
  AVERAGE         71                        64      7       65

PRECIPITATION (IN)
  TODAY            0.00          0.43 1999   0.03  -0.03      T
  MONTH TO DATE    0.00                      0.09  -0.09      T
  SINCE OCT 1     10.75                     10.81  -0.06    14.40
  SINCE JAN 1      9.49                      9.26   0.23    12.95

SNOWFALL (IN)
  TODAY            0.0           0.0  2002   0.0    0.0      0.0
                                      2001
                                      2000
  MONTH TO DATE    0.0                       0.0    0.0      0.0
  SINCE SEP 1      0.0                       0.0    0.0      0.0
  SINCE JUL 1      0.0                       0.0    0.0      0.0
  SNOW DEPTH       0

DEGREE DAYS
 HEATING
  TODAY            0                         4     -4        0
  MONTH TO DATE    0                        11    -11        7
  SINCE SEP 1      0                        11    -11        7
  SINCE JUL 1     50                        64    -14       60

 COOLING
  TODAY            6                         3      3        0
  MONTH TO DATE   23                         9     14        0
  SINCE SEP 1     23                         9     14        0
  SINCE JAN 1    587                       504     83      472
..................................................................


WIND (MPH)
  HIGHEST WIND SPEED    21   HIGHEST WIND DIRECTION     N (20)
  HIGHEST GUST SPEED    32   HIGHEST GUST DIRECTION     N (340)
  AVERAGE WIND SPEED    16.1


SKY COVER
  POSSIBLE SUNSHINE  MM
  AVERAGE SKY COVER 0.0


WEATHER CONDITIONS
 THE FOLLOWING WEATHER WAS RECORDED TODAY.
  NO SIGNIFICANT WEATHER WAS OBSERVED.


RELATIVE HUMIDITY (PERCENT)
 HIGHEST    49           700 AM
 LOWEST     21           400 PM
 AVERAGE    35

..........................................................


THE GLASGOW MT CLIMATE NORMALS FOR TOMORROW
                         NORMAL    RECORD    YEAR
 MAXIMUM TEMPERATURE (F)   77       100      1950
                                             1922
 MINIMUM TEMPERATURE (F)   50        29      1935


SUNRISE AND SUNSET
SEPTEMBER  3 2015.....SUNRISE   627 AM MDT   SUNSET   744 PM MDT
SEPTEMBER  4 2015.....SUNRISE   628 AM MDT   SUNSET   742 PM MDT


-  INDICATES NEGATIVE NUMBERS.
R  INDICATES RECORD WAS SET OR TIED.
MM INDICATES DATA IS MISSING.
T  INDICATES TRACE AMOUNT.

$$
