000
CDUS45 KGGW 250805
CLIGGW


CLIMATE REPORT
NATIONAL WEATHER SERVICE GLASGOW MT
205 AM MDT WED MAY 25 2016


...................................

...THE GLASGOW MT CLIMATE SUMMARY FOR MAY 24 2016...

CLIMATE NORMAL PERIOD 1981 TO 2010
CLIMATE RECORD PERIOD 1893 TO 2016


WEATHER ITEM   OBSERVED TIME   RECORD YEAR NORMAL DEPARTURE LAST
                VALUE   (LST)  VALUE       VALUE  FROM      YEAR
                                                  NORMAL
..................................................................
TEMPERATURE (F)
 YESTERDAY
  MAXIMUM         64    419 PM  95    1929  70     -6       78
  MINIMUM         44    140 AM  29    1903  45     -1       44
  AVERAGE         54                        58     -4       61

PRECIPITATION (IN)
  YESTERDAY        0.00          0.86 2010   0.07  -0.07     0.00
  MONTH TO DATE    3.85                      1.36   2.49     0.73
  SINCE OCT 1     10.58                      4.81   5.77     4.99
  SINCE JAN 1      7.60                      3.26   4.34     3.73

SNOWFALL (IN)
  YESTERDAY        0.0           0.0  2002   0.0    0.0      0.0
                                      2000
  MONTH TO DATE    0.0                       1.1   -1.1      0.0
  SINCE MAR 1      6.1                       7.7   -1.6      8.1
  SINCE JUL 1     27.6                      34.7   -7.1     43.2
  SNOW DEPTH       0

DEGREE DAYS
 HEATING
  YESTERDAY       11                         8      3        4
  MONTH TO DATE  213                       274    -61      308
  SINCE MAR 1   1536                      1911   -375     1649
  SINCE JUL 1   7001                      8281  -1280     7733

 COOLING
  YESTERDAY        0                         1     -1        0
  MONTH TO DATE   11                         4      7        0
  SINCE MAR 1     11                         5      6        0
  SINCE JAN 1     11                         5      6        0
..................................................................


WIND (MPH)
  HIGHEST WIND SPEED    18   HIGHEST WIND DIRECTION     W (260)
  HIGHEST GUST SPEED    23   HIGHEST GUST DIRECTION     W (290)
  AVERAGE WIND SPEED    10.0


SKY COVER
  POSSIBLE SUNSHINE  MM
  AVERAGE SKY COVER 0.6


WEATHER CONDITIONS
 THE FOLLOWING WEATHER WAS RECORDED YESTERDAY.
  NO SIGNIFICANT WEATHER WAS OBSERVED.


RELATIVE HUMIDITY (PERCENT)
 HIGHEST    89          1200 AM
 LOWEST     43           600 PM
 AVERAGE    66

..........................................................


THE GLASGOW MT CLIMATE NORMALS FOR TODAY
                         NORMAL    RECORD    YEAR
 MAXIMUM TEMPERATURE (F)   70        95      1931
 MINIMUM TEMPERATURE (F)   46        22      1903


SUNRISE AND SUNSET
MAY 25 2016...........SUNRISE   515 AM MDT   SUNSET   852 PM MDT
MAY 26 2016...........SUNRISE   514 AM MDT   SUNSET   853 PM MDT


-  INDICATES NEGATIVE NUMBERS.
R  INDICATES RECORD WAS SET OR TIED.
MM INDICATES DATA IS MISSING.
T  INDICATES TRACE AMOUNT.

$$
