000
CDUS45 KGGW 300018
CLIGGW


CLIMATE REPORT
NATIONAL WEATHER SERVICE GLASGOW MT
617 PM MDT TUE JUL 29 2014


...................................

...THE GLASGOW MT CLIMATE SUMMARY FOR JULY 29 2014...
VALID TODAY AS OF 0500 PM LOCAL TIME.

CLIMATE NORMAL PERIOD 1981 TO 2010
CLIMATE RECORD PERIOD 1893 TO 2014


WEATHER ITEM   OBSERVED TIME   RECORD YEAR NORMAL DEPARTURE LAST
                VALUE   (LST)  VALUE       VALUE  FROM      YEAR
                                                  NORMAL
..................................................................
TEMPERATURE (F)
 TODAY
  MAXIMUM         92        MM 103    1975  87      5       79
  MINIMUM         59        MM  45    1971  59      0       56
                                      1903
                                      1898
  AVERAGE         76                        73      3       68

PRECIPITATION (IN)
  TODAY            0.00          1.16 1987   0.05  -0.05      T
  MONTH TO DATE    0.58                      1.69  -1.11     0.84
  SINCE OCT 1      7.68                      9.39  -1.71    14.50
  SINCE JAN 1      6.23                      7.84  -1.61    12.30

SNOWFALL (IN)
  TODAY            0.0           0.0  2002   0.0    0.0      0.0
                                      2001
                                      2000
  MONTH TO DATE    0.0                       0.0    0.0      0.0
  SINCE JUN 1      0.0                       0.0    0.0      0.0
  SINCE JUL 1      0.0                       0.0    0.0      0.0
  SNOW DEPTH       0

DEGREE DAYS
 HEATING
  TODAY            0                         0      0        0
  MONTH TO DATE    4                        15    -11       10
  SINCE JUN 1    112                       120     -8       94
  SINCE JUL 1      4                        15    -11       10

 COOLING
  TODAY           11                         8      3        3
  MONTH TO DATE  190                       191     -1      168
  SINCE JUN 1    210                       266    -56      217
  SINCE JAN 1    244                       283    -39      226
..................................................................


WIND (MPH)
  HIGHEST WIND SPEED    15   HIGHEST WIND DIRECTION    NE (60)
  HIGHEST GUST SPEED    18   HIGHEST GUST DIRECTION    NE (30)
  AVERAGE WIND SPEED     8.4


SKY COVER
  POSSIBLE SUNSHINE  MM
  AVERAGE SKY COVER 0.0


WEATHER CONDITIONS
 THE FOLLOWING WEATHER WAS RECORDED TODAY.
  NO SIGNIFICANT WEATHER WAS OBSERVED.


RELATIVE HUMIDITY (PERCENT)
 HIGHEST    64           300 AM
 LOWEST     18           200 PM
 AVERAGE    41

..........................................................


THE GLASGOW MT CLIMATE NORMALS FOR TOMORROW
                         NORMAL    RECORD    YEAR
 MAXIMUM TEMPERATURE (F)   87       107      1926
 MINIMUM TEMPERATURE (F)   59        40      1917


SUNRISE AND SUNSET
JULY 29 2014..........SUNRISE   538 AM MDT   SUNSET   847 PM MDT
JULY 30 2014..........SUNRISE   540 AM MDT   SUNSET   845 PM MDT


-  INDICATES NEGATIVE NUMBERS.
R  INDICATES RECORD WAS SET OR TIED.
MM INDICATES DATA IS MISSING.
T  INDICATES TRACE AMOUNT.




$$
