000
CDUS45 KGGW 131335
CLIGGW


CLIMATE REPORT
NATIONAL WEATHER SERVICE GLASGOW MT
634 AM MST WED DEC 13 2017


...................................

...THE GLASGOW MT CLIMATE SUMMARY FOR DECEMBER 13 2017...
VALID AS OF 0600 AM LOCAL TIME.

CLIMATE NORMAL PERIOD 1981 TO 2010
CLIMATE RECORD PERIOD 1893 TO 2017


WEATHER ITEM   OBSERVED TIME   RECORD YEAR NORMAL DEPARTURE LAST
                VALUE   (LST)  VALUE       VALUE  FROM      YEAR
                                                  NORMAL
..................................................................
TEMPERATURE (F)
 TODAY
  MINIMUM         31    633 AM -43    1922   7     24       -5

PRECIPITATION (IN)
  TODAY            0.00          0.44 1924   0.01  -0.01     0.00
  MONTH TO DATE    0.04                      0.14  -0.10     0.28
  SINCE OCT 1      1.12                      1.29  -0.17     3.45
  SINCE JAN 1      5.96                     11.40  -5.44    20.78

SNOWFALL (IN)
  TODAY            0.0          10.0  2008   0.2   -0.2      0.0
  MONTH TO DATE    0.7                       2.7   -2.0      7.1
  SINCE DEC 1      0.7                       2.7   -2.0      7.1
  SINCE JUL 1      2.3                       9.3   -7.0      7.5
  SNOW DEPTH       0

DEGREE DAYS
 HEATING
  TODAY           30                        48    -18       60
  MONTH TO DATE  419                       601   -182      714
  SINCE DEC 1    419                       601   -182      714
  SINCE JUL 1   2354                      2594   -240     2333

 COOLING
  TODAY            0                         0      0        0
  MONTH TO DATE    0                         0      0        0
  SINCE DEC 1      0                         0      0        0
  SINCE JAN 1    684                       533    151      434
..................................................................





WEATHER CONDITIONS
 THE FOLLOWING WEATHER WAS RECORDED TODAY.
  NO SIGNIFICANT WEATHER WAS OBSERVED.


RELATIVE HUMIDITY (PERCENT)
 HIGHEST    72           500 AM

..........................................................


THE GLASGOW MT CLIMATE NORMALS FOR TOMORROW
                         NORMAL    RECORD    YEAR
 MAXIMUM TEMPERATURE (F)   26        55      1979
 MINIMUM TEMPERATURE (F)    7       -37      1922


SUNRISE AND SUNSET
DECEMBER 13 2017......SUNRISE   749 AM MST   SUNSET   413 PM MST
DECEMBER 14 2017......SUNRISE   750 AM MST   SUNSET   413 PM MST


-  INDICATES NEGATIVE NUMBERS.
R  INDICATES RECORD WAS SET OR TIED.
MM INDICATES DATA IS MISSING.
T  INDICATES TRACE AMOUNT.




$$
