000
CDUS45 KGGW 130740
CLIGGW


CLIMATE REPORT
NATIONAL WEATHER SERVICE GLASGOW MT
1240 AM MST SAT FEB 13 2016


...................................

...THE GLASGOW MT CLIMATE SUMMARY FOR FEBRUARY 12 2016...

CLIMATE NORMAL PERIOD 1981 TO 2010
CLIMATE RECORD PERIOD 1893 TO 2016


WEATHER ITEM   OBSERVED TIME   RECORD YEAR NORMAL DEPARTURE LAST
                VALUE   (LST)  VALUE       VALUE  FROM      YEAR
                                                  NORMAL
..................................................................
TEMPERATURE (F)
 YESTERDAY
  MAXIMUM         28   1238 AM  62    1924  28      0       38
  MINIMUM         15   1216 PM -55    1905   8      7        8
  AVERAGE         22                        18      4       23

PRECIPITATION (IN)
  YESTERDAY        0.04          0.40 1919   0.01   0.03     0.00
  MONTH TO DATE    0.08                      0.10  -0.02     0.22
  SINCE OCT 1      3.40                      2.02   1.38     2.28
  SINCE JAN 1      0.42                      0.47  -0.05     1.02

SNOWFALL (IN)
  YESTERDAY        0.8           3.3  2007   0.2    0.6      0.0
  MONTH TO DATE    1.3                       1.9   -0.6      2.6
  SINCE DEC 1     19.7                      17.9    1.8     23.3
  SINCE JUL 1     20.7                      24.5   -3.8     34.7
  SNOW DEPTH       T (12Z / 5AM MST)

DEGREE DAYS
 HEATING
  YESTERDAY       43                        47     -4       42
  MONTH TO DATE  450                       578   -128      560
  SINCE DEC 1   3292                      3674   -382     3281
  SINCE JUL 1   4954                      5667   -713     5366

 COOLING
  YESTERDAY        0                         0      0        0
  MONTH TO DATE    0                         0      0        0
  SINCE DEC 1      0                         0      0        0
  SINCE JAN 1      0                         0      0        0
..................................................................


WIND (MPH)
  HIGHEST WIND SPEED    28   HIGHEST WIND DIRECTION     E (110)
  HIGHEST GUST SPEED    33   HIGHEST GUST DIRECTION    SE (120)
  AVERAGE WIND SPEED    19.6


SKY COVER
  POSSIBLE SUNSHINE  MM
  AVERAGE SKY COVER 1.0


WEATHER CONDITIONS
 THE FOLLOWING WEATHER WAS RECORDED YESTERDAY.
  LIGHT SNOW
  FOG


RELATIVE HUMIDITY (PERCENT)
 HIGHEST    92           400 AM
 LOWEST     73           900 AM
 AVERAGE    83

..........................................................


THE GLASGOW MT CLIMATE NORMALS FOR TODAY
                         NORMAL    RECORD    YEAR
 MAXIMUM TEMPERATURE (F)   28        63      1921
 MINIMUM TEMPERATURE (F)    9       -35      1895


SUNRISE AND SUNSET
FEBRUARY 13 2016......SUNRISE   717 AM MST   SUNSET   525 PM MST
FEBRUARY 14 2016......SUNRISE   716 AM MST   SUNSET   526 PM MST


-  INDICATES NEGATIVE NUMBERS.
R  INDICATES RECORD WAS SET OR TIED.
MM INDICATES DATA IS MISSING.
T  INDICATES TRACE AMOUNT.

$$
