000
CDUS45 KGGW 290025
CLIGGW


CLIMATE REPORT
NATIONAL WEATHER SERVICE GLASGOW MT
624 PM MDT FRI APR 28 2017


...................................

...THE GLASGOW MT CLIMATE SUMMARY FOR APRIL 28 2017...
VALID TODAY AS OF 0500 PM LOCAL TIME.

CLIMATE NORMAL PERIOD 1981 TO 2010
CLIMATE RECORD PERIOD 1893 TO 2017


WEATHER ITEM   OBSERVED TIME   RECORD YEAR NORMAL DEPARTURE LAST
                VALUE   (LST)  VALUE       VALUE  FROM      YEAR
                                                  NORMAL
..................................................................
TEMPERATURE (F)
 TODAY
  MAXIMUM         59    243 PM  89    1952  63     -4       55
  MINIMUM         39    610 AM  14    1966  36      3       33
                                      1958
  AVERAGE         49                        49      0       44

PRECIPITATION (IN)
  TODAY            0.00          1.03 1970   0.04  -0.04     0.00
  MONTH TO DATE    0.46                      0.77  -0.31     2.61
  SINCE OCT 1      5.50                      3.37   2.13     6.73
  SINCE JAN 1      1.97                      1.82   0.15     3.75

SNOWFALL (IN)
  TODAY            0.0           8.3  1970   0.0    0.0      0.0
  MONTH TO DATE    0.0                       1.8   -1.8      3.2
  SINCE MAR 1      6.2                       6.5   -0.3      6.1
  SINCE JUL 1     37.7                      33.5    4.2     27.6
  SNOW DEPTH       0

DEGREE DAYS
 HEATING
  TODAY           16                        16      0       21
  MONTH TO DATE  549                       572    -23      522
  SINCE MAR 1   1504                      1606   -102     1294
  SINCE JUL 1   7611                      7976   -365     6759

 COOLING
  TODAY            0                         0      0        0
  MONTH TO DATE    0                         0      0        0
  SINCE MAR 1      0                         0      0        0
  SINCE JAN 1      0                         0      0        0
..................................................................


WIND (MPH)
  HIGHEST WIND SPEED    15   HIGHEST WIND DIRECTION     E (110)
  HIGHEST GUST SPEED    19   HIGHEST GUST DIRECTION     E (110)
  AVERAGE WIND SPEED     8.1


SKY COVER
  POSSIBLE SUNSHINE  MM
  AVERAGE SKY COVER 0.7


WEATHER CONDITIONS
 THE FOLLOWING WEATHER WAS RECORDED TODAY.
  NO SIGNIFICANT WEATHER WAS OBSERVED.


RELATIVE HUMIDITY (PERCENT)
 HIGHEST    40           500 AM
 LOWEST     24           200 PM
 AVERAGE    32

..........................................................


THE GLASGOW MT CLIMATE NORMALS FOR TOMORROW
                         NORMAL    RECORD    YEAR
 MAXIMUM TEMPERATURE (F)   63        90      1939
                                             1926
 MINIMUM TEMPERATURE (F)   36         7      1954


SUNRISE AND SUNSET
APRIL 28 2017.........SUNRISE   552 AM MDT   SUNSET   816 PM MDT
APRIL 29 2017.........SUNRISE   551 AM MDT   SUNSET   818 PM MDT


-  INDICATES NEGATIVE NUMBERS.
R  INDICATES RECORD WAS SET OR TIED.
MM INDICATES DATA IS MISSING.
T  INDICATES TRACE AMOUNT.




$$
