426
CDUS45 KGJT 260735
CLIGJT


CLIMATE REPORT
NATIONAL WEATHER SERVICE GRAND JUNCTION CO
132 AM MDT FRI AUG 26 2016


...................................

...THE GRAND JUNCTION CO CLIMATE SUMMARY FOR AUGUST 25 2016...

CLIMATE NORMAL PERIOD 1981 TO 2010
CLIMATE RECORD PERIOD 1893 TO 2016


WEATHER ITEM   OBSERVED TIME   RECORD YEAR NORMAL DEPARTURE LAST
                VALUE   (LST)  VALUE       VALUE  FROM      YEAR
                                                  NORMAL
..................................................................
TEMPERATURE (F)
 YESTERDAY
  MAXIMUM         83    229 PM  99    1969  88     -5       95
  MINIMUM         56   1158 PM  48    1975  60     -4       63
  AVERAGE         70                        74     -4       79

PRECIPITATION (IN)
  YESTERDAY        0.19          0.75 1961   0.03   0.16     0.00
  MONTH TO DATE    0.52                      0.75  -0.23     0.07
  SINCE JUN 1      1.25                      1.82  -0.57     2.51
  SINCE JAN 1      6.22                      5.65   0.57     7.61

SNOWFALL (IN)
  YESTERDAY        0.0           0.0  2015   0.0    0.0      0.0
  MONTH TO DATE    0.0                       0.0    0.0       T
  SINCE JUN 1      0.0                       0.0    0.0       T
  SINCE JUL 1      0.0                       0.0    0.0       T
  SNOW DEPTH       0

DEGREE DAYS
 HEATING
  YESTERDAY        0                         0      0        0
  MONTH TO DATE    0                         0      0        0
  SINCE JUN 1      1                        23    -22       12
  SINCE JUL 1      0                         1     -1        0

 COOLING
  YESTERDAY        5                         9     -4       14
  MONTH TO DATE  277                       279     -2      275
  SINCE JUN 1   1071                       920    151      842
  SINCE JAN 1   1084                       971    113      850
..................................................................


WIND (MPH)
  HIGHEST WIND SPEED    38   HIGHEST WIND DIRECTION    SW (240)
  HIGHEST GUST SPEED    54   HIGHEST GUST DIRECTION    SW (240)
  AVERAGE WIND SPEED    10.2


SKY COVER
  POSSIBLE SUNSHINE  MM
  AVERAGE SKY COVER 0.4


WEATHER CONDITIONS
 THE FOLLOWING WEATHER WAS RECORDED YESTERDAY.
  THUNDERSTORM
  RAIN
  LIGHT RAIN


RELATIVE HUMIDITY (PERCENT)
 HIGHEST    86           600 PM
 LOWEST     21           200 PM
 AVERAGE    54

..........................................................


THE GRAND JUNCTION CO CLIMATE NORMALS FOR TODAY
                         NORMAL    RECORD    YEAR
 MAXIMUM TEMPERATURE (F)   88        99      1969
 MINIMUM TEMPERATURE (F)   59        49      1992
                                             1987


SUNRISE AND SUNSET
AUGUST 26 2016........SUNRISE   638 AM MDT   SUNSET   753 PM MDT
AUGUST 27 2016........SUNRISE   639 AM MDT   SUNSET   751 PM MDT


-  INDICATES NEGATIVE NUMBERS.
R  INDICATES RECORD WAS SET OR TIED.
MM INDICATES DATA IS MISSING.
T  INDICATES TRACE AMOUNT.




$$
