000
CDUS45 KGJT 190742
CLIGJT


CLIMATE REPORT
NATIONAL WEATHER SERVICE GRAND JUNCTION CO
140 AM MDT SAT APR 19 2014


...................................

...THE GRAND JUNCTION CO CLIMATE SUMMARY FOR APRIL 18 2014...

CLIMATE NORMAL PERIOD 1981 TO 2010
CLIMATE RECORD PERIOD 1893 TO 2014


WEATHER ITEM   OBSERVED TIME   RECORD YEAR NORMAL DEPARTURE LAST
                VALUE   (LST)  VALUE       VALUE  FROM      YEAR
                                                  NORMAL
..................................................................
TEMPERATURE (F)
 YESTERDAY
  MAXIMUM         76    402 PM  84    1946  66     10       42
  MINIMUM         43    234 AM  22    1922  39      4       24
  AVERAGE         60                        52      8       33

PRECIPITATION (IN)
  YESTERDAY        0.00          0.37 1975   0.03  -0.03     0.00
  MONTH TO DATE    0.58                      0.57   0.01     1.15
  SINCE MAR 1      0.68                      1.49  -0.81     1.50
  SINCE JAN 1      2.06                      2.61  -0.55     2.50

SNOWFALL (IN)
  YESTERDAY        0.0           3.6  1975   0.0    0.0      0.0
  MONTH TO DATE    T                         0.8   -0.8      4.6
  SINCE MAR 1      T                         3.4   -3.4      4.6
  SINCE JUL 1     25.7                      18.9    6.8     24.6
  SNOW DEPTH       0

DEGREE DAYS
 HEATING
  YESTERDAY        5                        13     -8       32
  MONTH TO DATE  294                       273     21      332
  SINCE MAR 1    946                       926     20      981
  SINCE JUL 1   5884                      5305    579     5744

 COOLING
  YESTERDAY        0                         0      0        0
  MONTH TO DATE    0                         0      0        0
  SINCE MAR 1      0                         0      0        0
  SINCE JAN 1      0                         0      0        0
..................................................................


WIND (MPH)
  HIGHEST WIND SPEED    24   HIGHEST WIND DIRECTION    SE (120)
  HIGHEST GUST SPEED    29   HIGHEST GUST DIRECTION     W (280)
  AVERAGE WIND SPEED    12.7


SKY COVER
  POSSIBLE SUNSHINE  MM
  AVERAGE SKY COVER 0.2


WEATHER CONDITIONS
 THE FOLLOWING WEATHER WAS RECORDED YESTERDAY.
  NO SIGNIFICANT WEATHER WAS OBSERVED.


RELATIVE HUMIDITY (PERCENT)
 HIGHEST    49           200 AM
 LOWEST     13           400 PM
 AVERAGE    31

..........................................................


THE GRAND JUNCTION CO CLIMATE NORMALS FOR TODAY
                         NORMAL    RECORD    YEAR
 MAXIMUM TEMPERATURE (F)   66        86      1962
 MINIMUM TEMPERATURE (F)   39        25      2013


SUNRISE AND SUNSET
APRIL 19 2014.........SUNRISE   632 AM MDT   SUNSET   755 PM MDT
APRIL 20 2014.........SUNRISE   630 AM MDT   SUNSET   756 PM MDT


-  INDICATES NEGATIVE NUMBERS.
R  INDICATES RECORD WAS SET OR TIED.
MM INDICATES DATA IS MISSING.
T  INDICATES TRACE AMOUNT.




$$
