000
CDUS45 KGJT 240917
CLIGJT


CLIMATE REPORT
NATIONAL WEATHER SERVICE GRAND JUNCTION CO
214 AM MST TUE JAN 24 2017


...................................

...THE GRAND JUNCTION CO CLIMATE SUMMARY FOR JANUARY 23 2017...

CLIMATE NORMAL PERIOD 1981 TO 2010
CLIMATE RECORD PERIOD 1893 TO 2017


WEATHER ITEM   OBSERVED TIME   RECORD YEAR NORMAL DEPARTURE LAST
                VALUE   (LST)  VALUE       VALUE  FROM      YEAR
                                                  NORMAL
..................................................................
TEMPERATURE (F)
 YESTERDAY
  MAXIMUM         50    153 PM  58    1972  38     12       35
  MINIMUM         29   1042 PM -14    1930  17     12       12
  AVERAGE         40                        28     12       24

PRECIPITATION (IN)
  YESTERDAY        0.02          0.48 1978   0.01   0.01     0.00
  MONTH TO DATE    0.94                      0.44   0.50     0.51
  SINCE DEC 1      1.67                      1.03   0.64     1.20
  SINCE JAN 1      0.94                      0.44   0.50     0.51

SNOWFALL (IN)
  YESTERDAY        T             6.8  1978   0.1   -0.1      0.0
  MONTH TO DATE    6.5                       3.9    2.6      6.6
  SINCE DEC 1     10.0                       8.8    1.2     16.1
  SINCE JUL 1     10.5                      11.3   -0.8     19.5
  SNOW DEPTH       0

DEGREE DAYS
 HEATING
  YESTERDAY       25                        37    -12       41
  MONTH TO DATE  769                       875   -106      966
  SINCE DEC 1   1846                      2006   -160     2193
  SINCE JUL 1   2716                      3234   -518     3242

 COOLING
  YESTERDAY        0                         0      0        0
  MONTH TO DATE    0                         0      0        0
  SINCE DEC 1      0                         0      0        0
  SINCE JAN 1      0                         0      0        0
..................................................................


WIND (MPH)
  HIGHEST WIND SPEED    36   HIGHEST WIND DIRECTION     W (280)
  HIGHEST GUST SPEED    45   HIGHEST GUST DIRECTION     W (270)
  AVERAGE WIND SPEED    12.8


SKY COVER
  POSSIBLE SUNSHINE  MM
  AVERAGE SKY COVER 0.7


WEATHER CONDITIONS
 THE FOLLOWING WEATHER WAS RECORDED YESTERDAY.
  HEAVY RAIN
  RAIN
  LIGHT RAIN
  SNOW
  LIGHT SNOW
  FOG


RELATIVE HUMIDITY (PERCENT)
 HIGHEST   100           400 PM
 LOWEST     42           100 PM
 AVERAGE    71

..........................................................


THE GRAND JUNCTION CO CLIMATE NORMALS FOR TODAY
                         NORMAL    RECORD    YEAR
 MAXIMUM TEMPERATURE (F)   39        55      1994
 MINIMUM TEMPERATURE (F)   18       -12      1930


SUNRISE AND SUNSET
JANUARY 24 2017.......SUNRISE   727 AM MST   SUNSET   526 PM MST
JANUARY 25 2017.......SUNRISE   726 AM MST   SUNSET   527 PM MST


-  INDICATES NEGATIVE NUMBERS.
R  INDICATES RECORD WAS SET OR TIED.
MM INDICATES DATA IS MISSING.
T  INDICATES TRACE AMOUNT.




$$
