000
CDUS45 KGJT 240730
CLIGJT


CLIMATE REPORT
NATIONAL WEATHER SERVICE GRAND JUNCTION CO
1228 AM MST FRI FEB 24 2017


...................................

...THE GRAND JUNCTION CO CLIMATE SUMMARY FOR FEBRUARY 23 2017...

CLIMATE NORMAL PERIOD 1981 TO 2010
CLIMATE RECORD PERIOD 1893 TO 2017


WEATHER ITEM   OBSERVED TIME   RECORD YEAR NORMAL DEPARTURE LAST
                VALUE   (LST)  VALUE       VALUE  FROM      YEAR
                                                  NORMAL
..................................................................
TEMPERATURE (F)
 YESTERDAY
  MAXIMUM         52   1206 AM  67    1995  49      3       48
  MINIMUM         24   1026 PM   4    1974  27     -3       26
  AVERAGE         38                        38      0       37

PRECIPITATION (IN)
  YESTERDAY        T             0.32 1906   0.02  -0.02     0.00
  MONTH TO DATE    0.34                      0.43  -0.09     0.45
  SINCE DEC 1      2.08                      1.60   0.48     2.06
  SINCE JAN 1      1.35                      1.01   0.34     1.37

SNOWFALL (IN)
  YESTERDAY        0.0           4.2  1979   0.1   -0.1      0.0
  MONTH TO DATE    0.0                       2.7   -2.7      4.7
  SINCE DEC 1     11.2                      12.5   -1.3     24.0
  SINCE JUL 1     11.7                      15.0   -3.3     27.4
  SNOW DEPTH       0

DEGREE DAYS
 HEATING
  YESTERDAY       27                        27      0       28
  MONTH TO DATE  479                       722   -243      804
  SINCE DEC 1   2610                      3020   -410     3292
  SINCE JUL 1   3480                      4248   -768     4341

 COOLING
  YESTERDAY        0                         0      0        0
  MONTH TO DATE    0                         0      0        0
  SINCE DEC 1      0                         0      0        0
  SINCE JAN 1      0                         0      0        0
..................................................................


WIND (MPH)
  HIGHEST WIND SPEED    29   HIGHEST WIND DIRECTION     W (270)
  HIGHEST GUST SPEED    40   HIGHEST GUST DIRECTION     W (260)
  AVERAGE WIND SPEED    12.7


SKY COVER
  POSSIBLE SUNSHINE  MM
  AVERAGE SKY COVER 0.6


WEATHER CONDITIONS
 THE FOLLOWING WEATHER WAS RECORDED YESTERDAY.
  LIGHT RAIN
  LIGHT SNOW


RELATIVE HUMIDITY (PERCENT)
 HIGHEST   100          1000 PM
 LOWEST     23          1200 PM
 AVERAGE    62

..........................................................


THE GRAND JUNCTION CO CLIMATE NORMALS FOR TODAY
                         NORMAL    RECORD    YEAR
 MAXIMUM TEMPERATURE (F)   49        70      1904
 MINIMUM TEMPERATURE (F)   27         4      1974


SUNRISE AND SUNSET
FEBRUARY 24 2017......SUNRISE   653 AM MST   SUNSET   602 PM MST
FEBRUARY 25 2017......SUNRISE   652 AM MST   SUNSET   603 PM MST


-  INDICATES NEGATIVE NUMBERS.
R  INDICATES RECORD WAS SET OR TIED.
MM INDICATES DATA IS MISSING.
T  INDICATES TRACE AMOUNT.




$$
