000
CDUS45 KGJT 250800
CLIGJT


CLIMATE REPORT
NATIONAL WEATHER SERVICE GRAND JUNCTION CO
1256 AM MST SUN JAN 25 2015


...................................

...THE GRAND JUNCTION CO CLIMATE SUMMARY FOR JANUARY 24 2015...

CLIMATE NORMAL PERIOD 1981 TO 2010
CLIMATE RECORD PERIOD 1893 TO 2015


WEATHER ITEM   OBSERVED TIME   RECORD YEAR NORMAL DEPARTURE LAST
                VALUE   (LST)  VALUE       VALUE  FROM      YEAR
                                                  NORMAL
..................................................................
TEMPERATURE (F)
 YESTERDAY
  MAXIMUM         41    331 PM  55    1994  39      2       36
  MINIMUM         18    613 AM -12    1930  18      0       11
  AVERAGE         30                        28      2       24

PRECIPITATION (IN)
  YESTERDAY        0.00          0.59 1989   0.02  -0.02     0.00
  MONTH TO DATE    0.44                      0.46  -0.02     0.04
  SINCE DEC 1      1.50                      1.05   0.45     1.00
  SINCE JAN 1      0.44                      0.46  -0.02     0.04

SNOWFALL (IN)
  YESTERDAY        0.0           5.4  1950   0.1   -0.1      0.0
  MONTH TO DATE    1.3                       4.0   -2.7      0.7
  SINCE DEC 1      6.9                       8.9   -2.0     11.4
  SINCE JUL 1      6.9                      11.4   -4.5     16.2
  SNOW DEPTH       0

DEGREE DAYS
 HEATING
  YESTERDAY       35                        37     -2       41
  MONTH TO DATE  849                       912    -63      999
  SINCE DEC 1   1863                      2043   -180     2515
  SINCE JUL 1   3087                      3271   -184     3854

 COOLING
  YESTERDAY        0                         0      0        0
  MONTH TO DATE    0                         0      0        0
  SINCE DEC 1      0                         0      0        0
  SINCE JAN 1      0                         0      0        0
..................................................................


WIND (MPH)
  HIGHEST WIND SPEED    15   HIGHEST WIND DIRECTION    SE (140)
  HIGHEST GUST SPEED    18   HIGHEST GUST DIRECTION    SE (120)
  AVERAGE WIND SPEED     5.6


SKY COVER
  POSSIBLE SUNSHINE  MM
  AVERAGE SKY COVER 0.0


WEATHER CONDITIONS
 THE FOLLOWING WEATHER WAS RECORDED YESTERDAY.
  NO SIGNIFICANT WEATHER WAS OBSERVED.


RELATIVE HUMIDITY (PERCENT)
 HIGHEST    74          1000 PM
 LOWEST     27           300 PM
 AVERAGE    51

..........................................................


THE GRAND JUNCTION CO CLIMATE NORMALS FOR TODAY
                         NORMAL    RECORD    YEAR
 MAXIMUM TEMPERATURE (F)   39        55      2003
 MINIMUM TEMPERATURE (F)   18       -12      1917


SUNRISE AND SUNSET
JANUARY 25 2015.......SUNRISE   726 AM MST   SUNSET   527 PM MST
JANUARY 26 2015.......SUNRISE   726 AM MST   SUNSET   528 PM MST


-  INDICATES NEGATIVE NUMBERS.
R  INDICATES RECORD WAS SET OR TIED.
MM INDICATES DATA IS MISSING.
T  INDICATES TRACE AMOUNT.




$$
