000
CDUS45 KGJT 272332
CLIGJT


CLIMATE REPORT
NATIONAL WEATHER SERVICE GRAND JUNCTION CO
526 PM MDT MON MAR 27 2017


...................................

...THE GRAND JUNCTION CO CLIMATE SUMMARY FOR MARCH 27 2017...
VALID TODAY AS OF 0500 PM LOCAL TIME.

CLIMATE NORMAL PERIOD 1981 TO 2010
CLIMATE RECORD PERIOD 1893 TO 2017


WEATHER ITEM   OBSERVED TIME   RECORD YEAR NORMAL DEPARTURE LAST
                VALUE   (LST)  VALUE       VALUE  FROM      YEAR
                                                  NORMAL
..................................................................
TEMPERATURE (F)
 TODAY
  MAXIMUM         61    359 PM  77    1988  60      1       55
  MINIMUM         42   1219 AM  16    1975  33      9       26
                                      1931
  AVERAGE         52                        46      6       41

PRECIPITATION (IN)
  TODAY            0.00          1.00 1993   0.03  -0.03     0.00
  MONTH TO DATE    0.03                      0.78  -0.75     0.79
  SINCE MAR 1      0.03                      0.78  -0.75     0.79
  SINCE JAN 1      1.58                      1.90  -0.32     2.16

SNOWFALL (IN)
  TODAY            0.0           1.8  1901   0.1   -0.1      0.0
  MONTH TO DATE    T                         2.3   -2.3      1.1
  SINCE MAR 1      T                         2.3   -2.3      1.1
  SINCE JUL 1     13.9                      17.8   -3.9     28.5
  SNOW DEPTH       0

DEGREE DAYS
 HEATING
  TODAY           13                        18     -5       24
  MONTH TO DATE  382                       581   -199      529
  SINCE MAR 1    382                       581   -199      529
  SINCE JUL 1   4029                      4960   -931     5007

 COOLING
  TODAY            0                         0      0        0
  MONTH TO DATE    0                         0      0        0
  SINCE MAR 1      0                         0      0        0
  SINCE JAN 1      0                         0      0        0
..................................................................


WIND (MPH)
  HIGHEST WIND SPEED    18   HIGHEST WIND DIRECTION    SE (130)
  HIGHEST GUST SPEED    20   HIGHEST GUST DIRECTION    SE (130)
  AVERAGE WIND SPEED     9.3


SKY COVER
  POSSIBLE SUNSHINE  MM
  AVERAGE SKY COVER 0.9


WEATHER CONDITIONS
 THE FOLLOWING WEATHER WAS RECORDED TODAY.
  NO SIGNIFICANT WEATHER WAS OBSERVED.


RELATIVE HUMIDITY (PERCENT)
 HIGHEST    53           300 AM
 LOWEST     27           100 PM
 AVERAGE    40

..........................................................


THE GRAND JUNCTION CO CLIMATE NORMALS FOR TOMORROW
                         NORMAL    RECORD    YEAR
 MAXIMUM TEMPERATURE (F)   60        78      2015
 MINIMUM TEMPERATURE (F)   34        11      1975


SUNRISE AND SUNSET
MARCH 27 2017.........SUNRISE   706 AM MDT   SUNSET   733 PM MDT
MARCH 28 2017.........SUNRISE   704 AM MDT   SUNSET   734 PM MDT


-  INDICATES NEGATIVE NUMBERS.
R  INDICATES RECORD WAS SET OR TIED.
MM INDICATES DATA IS MISSING.
T  INDICATES TRACE AMOUNT.




$$
