000
CDUS43 KGLD 080753
CLIGLD

WRKCLIGLD 000
TTAA00 KGLD 080751

CLIMATE REPORT
NATIONAL WEATHER SERVICE GOODLAND
1247 AM MST THU DEC 8 2016

...................................

...THE GOODLAND KS CLIMATE SUMMARY FOR DECEMBER 7 2016...

CLIMATE NORMAL PERIOD 1981 TO 2010
CLIMATE RECORD PERIOD 1895 TO 2016

WEATHER ITEM   OBSERVED TIME   RECORD YEAR NORMAL DEPARTURE LAST
                VALUE   (LST)  VALUE       VALUE  FROM      YEAR
                                                  NORMAL
..................................................................
TEMPERATURE (F)
 YESTERDAY
  MAXIMUM         24   1245 AM  74    1923  43    -19       56
  MINIMUM          1   1159 PM -10    2005  18    -17       25
  AVERAGE         13                        31    -18       41

PRECIPITATION (IN)
  YESTERDAY        0.07          0.17 1914   0.01   0.06     0.00
  MONTH TO DATE    0.07                      0.11  -0.04     0.00
  SINCE DEC 1      0.07                      0.11  -0.04     0.00
  SINCE JAN 1     16.85                     19.31  -2.46    20.37

SNOWFALL (IN)
  YESTERDAY        1.4                       0.2    1.2      0.0
  MONTH TO DATE    1.4                       1.2    0.2      0.0
  SINCE DEC 1      1.4                       1.2    0.2      0.0
  SINCE JUL 1      2.0                       8.4   -6.4      8.2
  SNOW DEPTH       2

DEGREE DAYS
 HEATING
  YESTERDAY       52                        34     18       24
  MONTH TO DATE  258                       235     23      187
  SINCE DEC 1    258                       235     23      187
  SINCE JUL 1   1121                      1554   -433     1247

 COOLING
  YESTERDAY        0                         0      0        0
  MONTH TO DATE    0                         0      0        0
  SINCE DEC 1      0                         0      0        0
  SINCE JAN 1   1103                       941    162     1145
..................................................................

WIND (MPH)
  HIGHEST WIND SPEED    21   HIGHEST WIND DIRECTION     E (80)
  HIGHEST GUST SPEED    26   HIGHEST GUST DIRECTION     E (80)
  AVERAGE WIND SPEED    12.6


SKY COVER
  AVERAGE SKY COVER 0.8


WEATHER CONDITIONS
 THE FOLLOWING WEATHER WAS RECORDED YESTERDAY.
  HEAVY SNOW
  SNOW
  LIGHT SNOW
  FOG
  FOG W/VISIBILITY <= 1/4 MILE


RELATIVE HUMIDITY (PERCENT)
 HIGHEST    88
 LOWEST     36
 AVERAGE    62

..........................................................


THE GOODLAND KS CLIMATE NORMALS FOR TODAY
                         NORMAL    RECORD    YEAR
 MAXIMUM TEMPERATURE (F)   43        70      1970
 MINIMUM TEMPERATURE (F)   18       -11      2005
                                             1978


SUNRISE AND SUNSET
DECEMBER  8 2016......SUNRISE   655 AM MST   SUNSET   423 PM MST
DECEMBER  9 2016......SUNRISE   655 AM MST   SUNSET   423 PM MST


-  INDICATES NEGATIVE NUMBERS.
R  INDICATES RECORD WAS SET OR TIED.
MM INDICATES DATA IS MISSING.
T  INDICATES TRACE AMOUNT.

&&

THE AVERAGE SOIL TEMPERATURE AT THE FOUR INCH DEPTH... 33
THE CURRENT DEPTH OF FROST... 0 INCHES

$$
