000
CDUS43 KGLD 280744
CLIGLD

CLIMATE REPORT
NATIONAL WEATHER SERVICE GOODLAND
1236 AM MST FRI NOV 28 2014

...................................

...THE GOODLAND KS CLIMATE SUMMARY FOR NOVEMBER 27 2014...

CLIMATE NORMAL PERIOD 1981 TO 2010
CLIMATE RECORD PERIOD 1895 TO 2014

WEATHER ITEM   OBSERVED TIME   RECORD YEAR NORMAL DEPARTURE LAST
                VALUE   (LST)  VALUE       VALUE  FROM      YEAR
                                                  NORMAL
..................................................................
TEMPERATURE (F)
 YESTERDAY
  MAXIMUM         65    204 PM  75    1949  47     18       60
  MINIMUM         23    613 AM -10    1952  21      2       23
  AVERAGE         44                        34     10       42

PRECIPITATION (IN)
  YESTERDAY        0.00          0.95 1983   0.02  -0.02     0.00
  MONTH TO DATE    0.02                      0.66  -0.64     0.17
  SINCE SEP 1      2.51                      3.25  -0.74     7.90
  SINCE JAN 1     16.41                     19.15  -2.74    16.69

SNOWFALL (IN)
  YESTERDAY        0.0                       0.2   -0.2      0.0
  MONTH TO DATE    0.2                       4.0   -3.8      0.3
  SINCE SEP 1      0.2                       6.6   -6.4      4.3
  SINCE JUL 1      0.2                       6.6   -6.4      4.3
  SNOW DEPTH       0

DEGREE DAYS
 HEATING
  YESTERDAY       21                        31    -10       23
  MONTH TO DATE  768                       682     86      679
  SINCE SEP 1   1183                      1210    -27     1183
  SINCE JUL 1   1196                      1222    -26     1190

 COOLING
  YESTERDAY        0                         0      0        0
  MONTH TO DATE    0                         0      0        0
  SINCE SEP 1    118                       108     10      183
  SINCE JAN 1    920                       941    -21     1181
..................................................................

WIND (MPH)
  HIGHEST WIND SPEED    26   HIGHEST WIND DIRECTION     S (190)
  HIGHEST GUST SPEED    31   HIGHEST GUST DIRECTION     S (190)
  AVERAGE WIND SPEED    13.1


SKY COVER
  AVERAGE SKY COVER 0.0


WEATHER CONDITIONS
 THE FOLLOWING WEATHER WAS RECORDED YESTERDAY.
  NO SIGNIFICANT WEATHER WAS OBSERVED.


RELATIVE HUMIDITY (PERCENT)
 HIGHEST    81
 LOWEST     20
 AVERAGE    51

..........................................................


THE GOODLAND KS CLIMATE NORMALS FOR TODAY
                         NORMAL    RECORD    YEAR
 MAXIMUM TEMPERATURE (F)   46        72      1986
                                             1932
 MINIMUM TEMPERATURE (F)   21       -12      1952


SUNRISE AND SUNSET
NOVEMBER 28 2014......SUNRISE   645 AM MST   SUNSET   425 PM MST
NOVEMBER 29 2014......SUNRISE   646 AM MST   SUNSET   424 PM MST


-  INDICATES NEGATIVE NUMBERS.
R  INDICATES RECORD WAS SET OR TIED.
MM INDICATES DATA IS MISSING.
T  INDICATES TRACE AMOUNT.

&&

THE AVERAGE SOIL TEMPERATURE AT THE FOUR INCH DEPTH... 37
THE CURRENT DEPTH OF FROST... 0 INCHES

$$
