000
CDUS43 KGLD 260738
CLIGLD

CLIMATE REPORT
NATIONAL WEATHER SERVICE GOODLAND
136 AM MDT FRI MAY 26 2017

...................................

...THE GOODLAND KS CLIMATE SUMMARY FOR MAY 25 2017...

CLIMATE NORMAL PERIOD 1981 TO 2010
CLIMATE RECORD PERIOD 1895 TO 2017

WEATHER ITEM   OBSERVED TIME   RECORD YEAR NORMAL DEPARTURE LAST
                VALUE   (LST)  VALUE       VALUE  FROM      YEAR
                                                  NORMAL
..................................................................
TEMPERATURE (F)
 YESTERDAY
  MAXIMUM         85    155 PM  97    1964  76      9       80
  MINIMUM         50    454 AM  29    1992  49      1       49
  AVERAGE         68                        62      6       65

PRECIPITATION (IN)
  YESTERDAY        0.13          2.52 1996   0.11   0.02     0.00
  MONTH TO DATE    5.59                      2.25   3.34     1.07
  SINCE MAR 1      9.39                      4.91   4.48     5.61
  SINCE JAN 1     10.32                      5.78   4.54     6.47

SNOWFALL (IN)
  YESTERDAY        T                         0.0    0.0      0.0
  MONTH TO DATE    T                         0.5   -0.5       T
  SINCE MAR 1      4.8                      11.5   -6.7      6.7
  SINCE JUL 1     14.2                      35.5  -21.3     30.1
  SNOW DEPTH       0

DEGREE DAYS
 HEATING
  YESTERDAY        0                         4     -4        0
  MONTH TO DATE  202                       189     13      221
  SINCE MAR 1   1213                      1427   -214     1261
  SINCE JUL 1   5098                      5844   -746     5107

 COOLING
  YESTERDAY        3                         2      1        0
  MONTH TO DATE   28                        27      1       20
  SINCE MAR 1     35                        31      4       20
  SINCE JAN 1     35                        31      4       20
..................................................................

WIND (MPH)
  HIGHEST WIND SPEED    39   HIGHEST WIND DIRECTION    NW (330)
  HIGHEST GUST SPEED    53   HIGHEST GUST DIRECTION    NE (30)
  AVERAGE WIND SPEED    13.8


SKY COVER
  AVERAGE SKY COVER 0.1


WEATHER CONDITIONS
 THE FOLLOWING WEATHER WAS RECORDED YESTERDAY.
  THUNDERSTORM
  LIGHT RAIN
  HAIL
  FOG
  HAZE


RELATIVE HUMIDITY (PERCENT)
 HIGHEST    86
 LOWEST     32
 AVERAGE    59

..........................................................


THE GOODLAND KS CLIMATE NORMALS FOR TODAY
                         NORMAL    RECORD    YEAR
 MAXIMUM TEMPERATURE (F)   76        97      2012
                                             2006
 MINIMUM TEMPERATURE (F)   49        27      1992


SUNRISE AND SUNSET
MAY 26 2017...........SUNRISE   525 AM MDT   SUNSET   803 PM MDT
MAY 27 2017...........SUNRISE   524 AM MDT   SUNSET   804 PM MDT


-  INDICATES NEGATIVE NUMBERS.
R  INDICATES RECORD WAS SET OR TIED.
MM INDICATES DATA IS MISSING.
T  INDICATES TRACE AMOUNT.

&&

THE AVERAGE SOIL TEMPERATURE AT THE FOUR INCH DEPTH... 55

$$
