000
CDUS44 KHGX 222222
CLIGLS


CLIMATE REPORT
NATIONAL WEATHER SERVICE HOUSTON/GALVESTON TX
421 PM CST SUN JAN 22 2017


...................................

...THE GALVESTON CLIMATE SUMMARY FOR JANUARY 22 2017...
VALID TODAY AS OF 400 PM LOCAL TIME.

CLIMATE NORMAL PERIOD 1981 TO 2010
CLIMATE RECORD PERIOD 1875 TO 2017


WEATHER ITEM   OBSERVED TIME   RECORD YEAR NORMAL DEPARTURE LAST
                VALUE   (LST)  VALUE       VALUE  FROM      YEAR
                                                  NORMAL
..................................................................
TEMPERATURE (F)
 TODAY
  MAXIMUM         72    305 PM  77    2005  62     10       54
                                      1999
  MINIMUM         61    750 AM  19    1935  49     12       40
  AVERAGE         67                        55     12       47

PRECIPITATION (IN)
  TODAY            T             5.38 1923   0.15  -0.15     0.00
  MONTH TO DATE    0.89                      3.02  -2.13     1.64
  SINCE DEC 1     11.97                      6.54   5.43     5.13
  SINCE JAN 1      0.89                      3.02  -2.13     1.64

SNOWFALL (IN)
  TODAY            0.0           0.9  1940  MM     MM        0.0
  MONTH TO DATE    0.0                       0.0    0.0      0.0
  SINCE DEC 1      0.0                       0.0    0.0      0.0
  SINCE JUL 1      0.0                       0.0    0.0      0.0
  SNOW DEPTH       0

DEGREE DAYS
 HEATING
  TODAY            0                        10    -10       18
  MONTH TO DATE   92                       220   -128      252
  SINCE DEC 1    227                       477   -250      412
  SINCE JUL 1    239                       580   -341      465

 COOLING
  TODAY            2                         0      2        0
  MONTH TO DATE   62                         0     62        0
  SINCE DEC 1    140                        19    121       50
  SINCE JAN 1     62                         0     62        0
..................................................................


WIND (MPH)
  RESULTANT WIND SPEED  19   RESULTANT WIND DIRECTION   W (280)
  HIGHEST WIND SPEED    36   HIGHEST WIND DIRECTION    NW (310)
  HIGHEST GUST SPEED    47   HIGHEST GUST DIRECTION     W (260)
  AVERAGE WIND SPEED    20.0


SKY COVER
  AVERAGE SKY COVER 0.2


WEATHER CONDITIONS
 THE FOLLOWING WEATHER WAS RECORDED TODAY.
  LIGHT RAIN


RELATIVE HUMIDITY (PERCENT)
 HIGHEST    87          1200 AM
 LOWEST     32          1100 AM
 AVERAGE    60

..........................................................


THE GALVESTON CLIMATE NORMALS FOR TOMORROW
                         NORMAL    RECORD    YEAR
 MAXIMUM TEMPERATURE (F)   62        77      2000
                                             1969
 MINIMUM TEMPERATURE (F)   49        19      1940


SUNRISE AND SUNSET
JANUARY 22 2017.......SUNRISE   713 AM CST   SUNSET   550 PM CST
JANUARY 23 2017.......SUNRISE   713 AM CST   SUNSET   551 PM CST


-  INDICATES NEGATIVE NUMBERS.
R  INDICATES RECORD WAS SET OR TIED.
MM INDICATES DATA IS MISSING.
T  INDICATES TRACE AMOUNT.




$$
