000
CDUS44 KHGX 250817 RRA
CLIGLS

CLIMATE REPORT
NATIONAL WEATHER SERVICE HOUSTON/GALVESTON TX
216 AM CST THU DEC 25 2014


...................................

...THE GALVESTON CLIMATE SUMMARY FOR DECEMBER 24 2014...

CLIMATE NORMAL PERIOD 1981 TO 2010
CLIMATE RECORD PERIOD 1875 TO 2014


WEATHER ITEM   OBSERVED TIME   RECORD YEAR NORMAL DEPARTURE LAST
                VALUE   (LST)  VALUE       VALUE  FROM      YEAR
                                                  NORMAL
..................................................................
TEMPERATURE (F)
 YESTERDAY
  MAXIMUM         54    356 PM  76    2012  63     -9       53
  MINIMUM         44    929 PM  17    1983  49     -5       40
  AVERAGE         49                        56     -7       47

PRECIPITATION (IN)
  YESTERDAY        0.00          2.55 1926   0.11  -0.11     0.00
  MONTH TO DATE    3.45                      2.84   0.61     0.62
  SINCE DEC 1      3.45                      2.84   0.61     0.62
  SINCE JAN 1     31.47                     50.08 -18.61    39.21

SNOWFALL (IN)
  YESTERDAY        0.0           3.1  2004  MM     MM        0.0
  MONTH TO DATE    0.0                      MM     MM        0.0
  SINCE DEC 1      0.0                      MM     MM        0.0
  SINCE JUL 1      0.0                      MM     MM        0.0
  SNOW DEPTH       0

DEGREE DAYS
 HEATING
  YESTERDAY       16                         9      7       18
  MONTH TO DATE  109                       191    -82      273
  SINCE DEC 1    109                       191    -82      273
  SINCE JUL 1    260                       294    -34      451

 COOLING
  YESTERDAY        0                         0      0        0
  MONTH TO DATE   20                        14      6       13
  SINCE DEC 1     20                        14      6       13
  SINCE JAN 1   3258                      3303    -45     3324
..................................................................


WIND (MPH)
  RESULTANT WIND SPEED  11   RESULTANT WIND DIRECTION  NW (300)
  HIGHEST WIND SPEED    20   HIGHEST WIND DIRECTION     W (280)
  HIGHEST GUST SPEED    25   HIGHEST GUST DIRECTION     W (280)
  AVERAGE WIND SPEED    10.9


SKY COVER
  AVERAGE SKY COVER 0.1


WEATHER CONDITIONS
 THE FOLLOWING WEATHER WAS RECORDED YESTERDAY.
  NO SIGNIFICANT WEATHER WAS OBSERVED.


RELATIVE HUMIDITY (PERCENT)
 HIGHEST    82
 LOWEST     50
 AVERAGE    66

..........................................................


THE GALVESTON CLIMATE NORMALS FOR TODAY
                         NORMAL    RECORD    YEAR
 MAXIMUM TEMPERATURE (F)   63        75      2012
 MINIMUM TEMPERATURE (F)   49        14      1983


SUNRISE AND SUNSET
DECEMBER 25 2014......SUNRISE   711 AM CST   SUNSET   528 PM CST
DECEMBER 26 2014......SUNRISE   712 AM CST   SUNSET   529 PM CST


-  INDICATES NEGATIVE NUMBERS.
R  INDICATES RECORD WAS SET OR TIED.
MM INDICATES DATA IS MISSING.
T  INDICATES TRACE AMOUNT.




$$
