000
CDUS44 KHGX 220733
CLIGLS


CLIMATE REPORT
NATIONAL WEATHER SERVICE HOUSTON/GALVESTON TX
232 AM CDT FRI MAY 22 2015


...................................

...THE GALVESTON CLIMATE SUMMARY FOR MAY 21 2015...

CLIMATE NORMAL PERIOD 1981 TO 2010
CLIMATE RECORD PERIOD 1875 TO 2015


WEATHER ITEM   OBSERVED TIME   RECORD YEAR NORMAL DEPARTURE LAST
                VALUE   (LST)  VALUE       VALUE  FROM      YEAR
                                                  NORMAL
..................................................................
TEMPERATURE (F)
 YESTERDAY
  MAXIMUM         85   1250 PM  92    2005  84      1       82
  MINIMUM         72   1159 PM  61    1883  74     -2       73
  AVERAGE         79                        79      0       78

PRECIPITATION (IN)
  YESTERDAY        0.00          6.13 1916   0.12  -0.12     0.00
  MONTH TO DATE    1.40                      2.33  -0.93     0.40
  SINCE MAR 1     14.39                      8.54   5.85     2.32
  SINCE JAN 1     20.53                     15.31   5.22     5.37

SNOWFALL (IN)
  YESTERDAY        0.0          MM      MM  MM     MM        0.0
  MONTH TO DATE    0.0                      MM     MM        0.0
  SINCE MAR 1      0.0                      MM     MM        0.0
  SINCE JUL 1      0.0                      MM     MM         T
  SNOW DEPTH       0

DEGREE DAYS
 HEATING
  YESTERDAY        0                         0      0        0
  MONTH TO DATE    0                         0      0        0
  SINCE MAR 1    120                       121     -1      186
  SINCE JUL 1   1182                      1009    173     1425

 COOLING
  YESTERDAY       14                        14      0       13
  MONTH TO DATE  290                       243     47      188
  SINCE MAR 1    567                       469     98      369
  SINCE JAN 1    573                       486     87      376
..................................................................


WIND (MPH)
  RESULTANT WIND SPEED   3   RESULTANT WIND DIRECTION   E (90)
  HIGHEST WIND SPEED    23   HIGHEST WIND DIRECTION     N (20)
  HIGHEST GUST SPEED    27   HIGHEST GUST DIRECTION     N (20)
  AVERAGE WIND SPEED    10.3


SKY COVER
  AVERAGE SKY COVER 0.4


WEATHER CONDITIONS
 THE FOLLOWING WEATHER WAS RECORDED YESTERDAY.
  THUNDERSTORM


RELATIVE HUMIDITY (PERCENT)
 HIGHEST    93
 LOWEST     70
 AVERAGE    82

..........................................................


THE GALVESTON CLIMATE NORMALS FOR TODAY
                         NORMAL    RECORD    YEAR
 MAXIMUM TEMPERATURE (F)   85        90      2012
                                             2005
 MINIMUM TEMPERATURE (F)   74        54      1892


SUNRISE AND SUNSET
MAY 22 2015...........SUNRISE   624 AM CDT   SUNSET   809 PM CDT
MAY 23 2015...........SUNRISE   623 AM CDT   SUNSET   809 PM CDT


-  INDICATES NEGATIVE NUMBERS.
R  INDICATES RECORD WAS SET OR TIED.
MM INDICATES DATA IS MISSING.
T  INDICATES TRACE AMOUNT.




$$
