000
CDUS44 KHGX 180735
CLIGLS


CLIMATE REPORT
NATIONAL WEATHER SERVICE HOUSTON/GALVESTON TX
233 AM CDT THU SEP 18 2014


...................................

...THE GALVESTON CLIMATE SUMMARY FOR SEPTEMBER 17 2014...

CLIMATE NORMAL PERIOD 1981 TO 2010
CLIMATE RECORD PERIOD 1875 TO 2014


WEATHER ITEM   OBSERVED TIME   RECORD YEAR NORMAL DEPARTURE LAST
                VALUE   (LST)  VALUE       VALUE  FROM      YEAR
                                                  NORMAL
..................................................................
TEMPERATURE (F)
 YESTERDAY
  MAXIMUM         87   1119 AM  95    2004  87      0       90
  MINIMUM         76    119 PM  60    1903  76      0       77
  AVERAGE         82                        82      0       84

PRECIPITATION (IN)
  YESTERDAY        0.33          4.64 1877   0.18   0.15     0.21
  MONTH TO DATE    2.34                      3.90  -1.56     0.96
  SINCE SEP 1      2.34                      3.90  -1.56     0.96
  SINCE JAN 1     18.59                     35.08 -16.49    25.19

SNOWFALL (IN)
  YESTERDAY        0.0          MM      MM  MM     MM        0.0
  MONTH TO DATE    0.0                      MM     MM        0.0
  SINCE SEP 1      0.0                      MM     MM        0.0
  SINCE JUL 1      0.0                      MM     MM        0.0
  SNOW DEPTH       0

DEGREE DAYS
 HEATING
  YESTERDAY        0                         0      0        0
  MONTH TO DATE    0                         0      0        0
  SINCE SEP 1      0                         0      0        0
  SINCE JUL 1      0                         0      0        0

 COOLING
  YESTERDAY       17                        16      1       19
  MONTH TO DATE  315                       305     10      328
  SINCE SEP 1    315                       305     10      328
  SINCE JAN 1   2642                      2699    -57     2722
..................................................................


WIND (MPH)
  RESULTANT WIND SPEED   5   RESULTANT WIND DIRECTION   S (170)
  HIGHEST WIND SPEED    20   HIGHEST WIND DIRECTION     W (290)
  HIGHEST GUST SPEED    24   HIGHEST GUST DIRECTION     W (280)
  AVERAGE WIND SPEED     6.5


SKY COVER
  AVERAGE SKY COVER 0.3


WEATHER CONDITIONS
 THE FOLLOWING WEATHER WAS RECORDED YESTERDAY.
  THUNDERSTORM
  HEAVY RAIN
  RAIN
  LIGHT RAIN
  FOG


RELATIVE HUMIDITY (PERCENT)
 HIGHEST    94
 LOWEST     74
 AVERAGE    84

..........................................................


THE GALVESTON CLIMATE NORMALS FOR TODAY
                         NORMAL    RECORD    YEAR
 MAXIMUM TEMPERATURE (F)   87        96      1927
 MINIMUM TEMPERATURE (F)   76        59      1875


SUNRISE AND SUNSET
SEPTEMBER 18 2014.....SUNRISE   706 AM CDT   SUNSET   721 PM CDT
SEPTEMBER 19 2014.....SUNRISE   706 AM CDT   SUNSET   720 PM CDT


-  INDICATES NEGATIVE NUMBERS.
R  INDICATES RECORD WAS SET OR TIED.
MM INDICATES DATA IS MISSING.
T  INDICATES TRACE AMOUNT.




$$
