000
CDUS44 KHGX 012135
CLIGLS


CLIMATE REPORT
NATIONAL WEATHER SERVICE HOUSTON/GALVESTON TX
433 PM CDT FRI AUG 1 2014


...................................

...THE GALVESTON CLIMATE SUMMARY FOR AUGUST 1 2014...
VALID TODAY AS OF 400 PM LOCAL TIME.

CLIMATE NORMAL PERIOD 1981 TO 2010
CLIMATE RECORD PERIOD 1875 TO 2014


WEATHER ITEM   OBSERVED TIME   RECORD YEAR NORMAL DEPARTURE LAST
                VALUE   (LST)  VALUE       VALUE  FROM      YEAR
                                                  NORMAL
..................................................................
TEMPERATURE (F)
 TODAY
  MAXIMUM         90    250 PM  97    1877  90      0       92
  MINIMUM         75    703 AM  69    1995  80     -5       81
                                      1926
  AVERAGE         83                        85     -2       87

PRECIPITATION (IN)
  TODAY            0.09          6.56 1989   0.10  -0.01     0.00
  MONTH TO DATE    0.09                      0.10  -0.01     0.00
  SINCE JUN 1      2.70                      9.59  -6.89     5.66
  SINCE JAN 1     11.39                     26.89 -15.50    20.38

SNOWFALL (IN)
  TODAY            0.0          MM      MM  MM     MM        0.0
  MONTH TO DATE    0.0                      MM     MM        0.0
  SINCE JUN 1      0.0                      MM     MM        0.0
  SINCE JUL 1      0.0                      MM     MM        0.0
  SNOW DEPTH       0

DEGREE DAYS
 HEATING
  TODAY            0                         0      0        0
  MONTH TO DATE    0                         0      0        0
  SINCE JUN 1      0                         0      0        0
  SINCE JUL 1      0                         0      0        0

 COOLING
  TODAY           18                        20     -2       22
  MONTH TO DATE   18                        20     -2       22
  SINCE JUN 1   1196                      1159     37     1245
  SINCE JAN 1   1704                      1794    -90     1796
..................................................................


WIND (MPH)
  RESULTANT WIND SPEED   7   RESULTANT WIND DIRECTION  SW (230)
  HIGHEST WIND SPEED    20   HIGHEST WIND DIRECTION     W (270)
  HIGHEST GUST SPEED    26   HIGHEST GUST DIRECTION     W (270)
  AVERAGE WIND SPEED     8.6


SKY COVER
  AVERAGE SKY COVER 0.5


WEATHER CONDITIONS
 THE FOLLOWING WEATHER WAS RECORDED TODAY.
  THUNDERSTORM
  HEAVY RAIN
  RAIN
  LIGHT RAIN
  FOG


RELATIVE HUMIDITY (PERCENT)
 HIGHEST    97           500 AM
 LOWEST     64           300 PM
 AVERAGE    81

..........................................................


THE GALVESTON CLIMATE NORMALS FOR TOMORROW
                         NORMAL    RECORD    YEAR
 MAXIMUM TEMPERATURE (F)   90        97      1877
 MINIMUM TEMPERATURE (F)   80        71      1953
                                             1918
                                             1876


SUNRISE AND SUNSET
AUGUST  1 2014........SUNRISE   640 AM CDT   SUNSET   811 PM CDT
AUGUST  2 2014........SUNRISE   640 AM CDT   SUNSET   811 PM CDT


-  INDICATES NEGATIVE NUMBERS.
R  INDICATES RECORD WAS SET OR TIED.
MM INDICATES DATA IS MISSING.
T  INDICATES TRACE AMOUNT.


$$
