000
CDUS42 KJAX 140536
CLIGNV


CLIMATE REPORT
NATIONAL WEATHER SERVICE JACKSONVILLE FL
1230 AM EST SUN FEB 14 2016


...................................

...THE GAINESVILLE CLIMATE SUMMARY FOR FEBRUARY 13 2016...

CLIMATE NORMAL PERIOD 1981 TO 2010
CLIMATE RECORD PERIOD 1890 TO 2016


WEATHER ITEM   OBSERVED TIME   RECORD YEAR NORMAL DEPARTURE LAST
                VALUE   (LST)  VALUE       VALUE  FROM      YEAR
                                                  NORMAL
..................................................................
TEMPERATURE (F)
 YESTERDAY
  MAXIMUM         65    255 PM  85    1959  69     -4       55
                                      1950
                                      1927
  MINIMUM         41   1154 PM   6    1899  45     -4       31
  AVERAGE         53                        57     -4       43

PRECIPITATION (IN)
  YESTERDAY        0.00          1.77 1983   0.11  -0.11     0.00
  MONTH TO DATE    3.60                      1.44   2.16     0.63
  SINCE DEC 1      8.30                      7.23   1.07     7.25
  SINCE JAN 1      6.33                      4.75   1.58     3.87

SNOWFALL (IN)
  YESTERDAY        0.0           0.0    MM   0.0    0.0      0.0
  MONTH TO DATE    0.0                       0.0    0.0      0.0
  SINCE DEC 1      0.0                       0.0    0.0      0.0
  SINCE JUL 1      0.0                       0.0    0.0      0.0
  SNOW DEPTH       0

DEGREE DAYS
 HEATING
  YESTERDAY       12                         8      4       22
  MONTH TO DATE  147                       121     26      165
  SINCE DEC 1    605                       762   -157      715
  SINCE JUL 1    644                       923   -279      980

 COOLING
  YESTERDAY        0                         1     -1        0
  MONTH TO DATE   14                         9      5        0
  SINCE DEC 1    162                        43    119       50
  SINCE JAN 1     16                        21     -5       14
..................................................................


WIND (MPH)
  HIGHEST WIND SPEED    16   HIGHEST WIND DIRECTION     N (340)
  HIGHEST GUST SPEED    22   HIGHEST GUST DIRECTION    NW (330)
  AVERAGE WIND SPEED     7.8


SKY COVER
  POSSIBLE SUNSHINE  MM
  AVERAGE SKY COVER 0.1


WEATHER CONDITIONS
 THE FOLLOWING WEATHER WAS RECORDED YESTERDAY.
  FOG


RELATIVE HUMIDITY (PERCENT)
 HIGHEST   100           200 AM
 LOWEST     19           100 PM
 AVERAGE    60

..........................................................


THE GAINESVILLE CLIMATE NORMALS FOR TODAY
                         NORMAL    RECORD    YEAR
 MAXIMUM TEMPERATURE (F)   70        85      1959
                                             1935
                                             1903
 MINIMUM TEMPERATURE (F)   45        13      1899


SUNRISE AND SUNSET
FEBRUARY 14 2016......SUNRISE   710 AM EST   SUNSET   617 PM EST
FEBRUARY 15 2016......SUNRISE   709 AM EST   SUNSET   618 PM EST


-  INDICATES NEGATIVE NUMBERS.
R  INDICATES RECORD WAS SET OR TIED.
MM INDICATES DATA IS MISSING.
T  INDICATES TRACE AMOUNT.




$$
