000
CDUS42 KJAX 010533
CLIGNV


CLIMATE REPORT
NATIONAL WEATHER SERVICE JACKSONVILLE FL
133 AM EDT WED JUL 1 2015


...................................

...THE GAINESVILLE CLIMATE SUMMARY FOR JUNE 30 2015...

CLIMATE NORMAL PERIOD 1981 TO 2010
CLIMATE RECORD PERIOD 1890 TO 2015


WEATHER ITEM   OBSERVED TIME   RECORD YEAR NORMAL DEPARTURE LAST
                VALUE   (LST)  VALUE       VALUE  FROM      YEAR
                                                  NORMAL
..................................................................
TEMPERATURE (F)
 YESTERDAY
  MAXIMUM         92    343 PM 100    1898  91      1       93
                                      1897
  MINIMUM         69   1159 PM  66    1970  71     -2       71
                                      1938
                                      1927
  AVERAGE         81                        81      0       82

PRECIPITATION (IN)
  YESTERDAY        T             2.98 1921   0.28  -0.28     0.00
  MONTH TO DATE    3.61                      7.12  -3.51     4.52
  SINCE JUN 1      3.61                      7.12  -3.51     4.52
  SINCE JAN 1     15.80                     23.11  -7.31    25.06

SNOWFALL (IN)
  YESTERDAY        0.0           0.0    MM   0.0    0.0      0.0
  MONTH TO DATE    0.0                       0.0    0.0      0.0
  SINCE JUN 1      0.0                       0.0    0.0      0.0
  SINCE JUL 1      0.0                       0.0    0.0      0.0
  SNOW DEPTH       0

DEGREE DAYS
 HEATING
  YESTERDAY        0                         0      0        0
  MONTH TO DATE    0                         0      0        0
  SINCE JUN 1      0                         0      0        0
  SINCE JUL 1   1213                      1218     -5     1098

 COOLING
  YESTERDAY       16                        16      0       17
  MONTH TO DATE  489                       439     50      428
  SINCE JUN 1    489                       439     50      428
  SINCE JAN 1   1225                       949    276      929
..................................................................


WIND (MPH)
  HIGHEST WIND SPEED    28   HIGHEST WIND DIRECTION    NW (330)
  HIGHEST GUST SPEED    71   HIGHEST GUST DIRECTION    NW (330)
  AVERAGE WIND SPEED     6.9


SKY COVER
  POSSIBLE SUNSHINE  MM
  AVERAGE SKY COVER 0.2


WEATHER CONDITIONS
 THE FOLLOWING WEATHER WAS RECORDED YESTERDAY.
  THUNDERSTORM
  LIGHT RAIN
  FOG


RELATIVE HUMIDITY (PERCENT)
 HIGHEST   100           200 AM
 LOWEST     49           200 PM
 AVERAGE    75

..........................................................


THE GAINESVILLE CLIMATE NORMALS FOR TODAY
                         NORMAL    RECORD    YEAR
 MAXIMUM TEMPERATURE (F)   91        99      1902
 MINIMUM TEMPERATURE (F)   71        62      1892


SUNRISE AND SUNSET
JULY  1 2015..........SUNRISE   632 AM EDT   SUNSET   833 PM EDT
JULY  2 2015..........SUNRISE   633 AM EDT   SUNSET   833 PM EDT


-  INDICATES NEGATIVE NUMBERS.
R  INDICATES RECORD WAS SET OR TIED.
MM INDICATES DATA IS MISSING.
T  INDICATES TRACE AMOUNT.




$$
