052
CDUS42 KJAX 260526
CLIGNV


CLIMATE REPORT
NATIONAL WEATHER SERVICE JACKSONVILLE FL
126 AM EDT SUN MAR 26 2017


...................................

...THE GAINESVILLE CLIMATE SUMMARY FOR MARCH 25 2017...

CLIMATE NORMAL PERIOD 1981 TO 2010
CLIMATE RECORD PERIOD 1890 TO 2017


WEATHER ITEM   OBSERVED TIME   RECORD YEAR NORMAL DEPARTURE LAST
                VALUE   (LST)  VALUE       VALUE  FROM      YEAR
                                                  NORMAL
..................................................................
TEMPERATURE (F)
 YESTERDAY
  MAXIMUM         82    309 PM  95    1907  76      6       75
  MINIMUM         52    621 AM  30    1968  51      1       60
  AVERAGE         67                        64      3       68

PRECIPITATION (IN)
  YESTERDAY        0.00          1.94 1973   0.12  -0.12     0.02
  MONTH TO DATE    0.67                      3.57  -2.90     1.76
  SINCE MAR 1      0.67                      3.57  -2.90     1.76
  SINCE JAN 1      2.51                     10.08  -7.57     8.61

SNOWFALL (IN)
  YESTERDAY        0.0           0.0    MM   0.0    0.0      0.0
  MONTH TO DATE    0.0                       0.0    0.0      0.0
  SINCE MAR 1      0.0                       0.0    0.0      0.0
  SINCE JUL 1      0.0                       0.0    0.0      0.0
  SNOW DEPTH       0

DEGREE DAYS
 HEATING
  YESTERDAY        0                         3     -3        0
  MONTH TO DATE  125                       120      5       74
  SINCE MAR 1    125                       120      5       74
  SINCE JUL 1    628                      1154   -526      839

 COOLING
  YESTERDAY        2                         2      0        3
  MONTH TO DATE   36                        44     -8       83
  SINCE MAR 1     36                        44     -8       83
  SINCE JAN 1    120                        76     44      108
..................................................................


WIND (MPH)
  HIGHEST WIND SPEED    16   HIGHEST WIND DIRECTION     E (110)
  HIGHEST GUST SPEED    21   HIGHEST GUST DIRECTION     E (110)
  AVERAGE WIND SPEED     6.7


SKY COVER
  POSSIBLE SUNSHINE  MM
  AVERAGE SKY COVER 0.2


WEATHER CONDITIONS
 THE FOLLOWING WEATHER WAS RECORDED YESTERDAY.
  NO SIGNIFICANT WEATHER WAS OBSERVED.


RELATIVE HUMIDITY (PERCENT)
 HIGHEST   100           700 AM
 LOWEST     42           300 PM
 AVERAGE    71

..........................................................


THE GAINESVILLE CLIMATE NORMALS FOR TODAY
                         NORMAL    RECORD    YEAR
 MAXIMUM TEMPERATURE (F)   76        93      1907
 MINIMUM TEMPERATURE (F)   52        34      2013
                                             2006
                                             1983


SUNRISE AND SUNSET
MARCH 26 2017.........SUNRISE   725 AM EDT   SUNSET   744 PM EDT
MARCH 27 2017.........SUNRISE   724 AM EDT   SUNSET   745 PM EDT


-  INDICATES NEGATIVE NUMBERS.
R  INDICATES RECORD WAS SET OR TIED.
MM INDICATES DATA IS MISSING.
T  INDICATES TRACE AMOUNT.




$$
