000
CDUS42 KJAX 210717
CLIGNV


CLIMATE REPORT
NATIONAL WEATHER SERVICE JACKSONVILLE FL
217 AM EST SUN DEC 21 2014


...................................

...THE GAINESVILLE CLIMATE SUMMARY FOR DECEMBER 20 2014...

CLIMATE NORMAL PERIOD 1981 TO 2010
CLIMATE RECORD PERIOD 1890 TO 2014


WEATHER ITEM   OBSERVED TIME   RECORD YEAR NORMAL DEPARTURE LAST
                VALUE   (LST)  VALUE       VALUE  FROM      YEAR
                                                  NORMAL
..................................................................
TEMPERATURE (F)
 YESTERDAY
  MAXIMUM         73    345 PM  85    1931  67      6       78
  MINIMUM         43    447 AM  21    2000  44     -1       44
  AVERAGE         58                        55      3       61

PRECIPITATION (IN)
  YESTERDAY        0.01          1.42 1915   0.08  -0.07     0.00
  MONTH TO DATE    0.04                      1.51  -1.47     2.45
  SINCE DEC 1      0.04                      1.51  -1.47     2.45
  SINCE JAN 1     48.40                     46.44   1.96    45.74

SNOWFALL (IN)
  YESTERDAY        0.0           0.0    MM   0.0    0.0      0.0
  MONTH TO DATE    0.0                       0.0    0.0      0.0
  SINCE DEC 1      0.0                       0.0    0.0      0.0
  SINCE JUL 1      0.0                       0.0    0.0      0.0
  SNOW DEPTH       0

DEGREE DAYS
 HEATING
  YESTERDAY        7                        10     -3        4
  MONTH TO DATE  172                       175     -3      111
  SINCE DEC 1    172                       175     -3      111
  SINCE JUL 1    437                       336    101      204

 COOLING
  YESTERDAY        0                         1     -1        0
  MONTH TO DATE   20                        20      0       33
  SINCE DEC 1     20                        20      0       33
  SINCE JAN 1   2583                      2636    -53     2858
..................................................................


WIND (MPH)
  HIGHEST WIND SPEED    12   HIGHEST WIND DIRECTION    NE (60)
  HIGHEST GUST SPEED    15   HIGHEST GUST DIRECTION    NE (50)
  AVERAGE WIND SPEED     3.5


SKY COVER
  POSSIBLE SUNSHINE  MM
  AVERAGE SKY COVER 0.5


WEATHER CONDITIONS
 THE FOLLOWING WEATHER WAS RECORDED YESTERDAY.
  RAIN


RELATIVE HUMIDITY (PERCENT)
 HIGHEST    93           400 AM
 LOWEST     52          1100 AM
 AVERAGE    73

..........................................................


THE GAINESVILLE CLIMATE NORMALS FOR TODAY
                         NORMAL    RECORD    YEAR
 MAXIMUM TEMPERATURE (F)   67        85      1931
 MINIMUM TEMPERATURE (F)   43        19      1901


SUNRISE AND SUNSET
DECEMBER 21 2014......SUNRISE   720 AM EST   SUNSET   534 PM EST
DECEMBER 22 2014......SUNRISE   720 AM EST   SUNSET   535 PM EST


-  INDICATES NEGATIVE NUMBERS.
R  INDICATES RECORD WAS SET OR TIED.
MM INDICATES DATA IS MISSING.
T  INDICATES TRACE AMOUNT.




$$
