000
CDUS42 KJAX 290532
CLIGNV


CLIMATE REPORT
NATIONAL WEATHER SERVICE JACKSONVILLE FL
132 AM EDT THU SEP 29 2016


...................................

...THE GAINESVILLE CLIMATE SUMMARY FOR SEPTEMBER 28 2016...

CLIMATE NORMAL PERIOD 1981 TO 2010
CLIMATE RECORD PERIOD 1890 TO 2016


WEATHER ITEM   OBSERVED TIME   RECORD YEAR NORMAL DEPARTURE LAST
                VALUE   (LST)  VALUE       VALUE  FROM      YEAR
                                                  NORMAL
..................................................................
TEMPERATURE (F)
 YESTERDAY
  MAXIMUM         88   1135 AM  94    1976  85      3       83
                                      1951
                                      1934
  MINIMUM         70   1159 PM  54    1962  66      4       73
  AVERAGE         79                        76      3       78

PRECIPITATION (IN)
  YESTERDAY        0.08          2.05 1966   0.13  -0.05     0.89
  MONTH TO DATE    7.97                      4.17   3.80     6.07
  SINCE SEP 1      7.97                      4.17   3.80     6.07
  SINCE JAN 1     37.69                     39.74  -2.05    41.44

SNOWFALL (IN)
  YESTERDAY        0.0           0.0    MM   0.0    0.0      0.0
  MONTH TO DATE    0.0                       0.0    0.0      0.0
  SINCE SEP 1      0.0                       0.0    0.0      0.0
  SINCE JUL 1      0.0                       0.0    0.0      0.0
  SNOW DEPTH       0

DEGREE DAYS
 HEATING
  YESTERDAY        0                         0      0        0
  MONTH TO DATE    0                         0      0        0
  SINCE SEP 1      0                         0      0        0
  SINCE JUL 1      0                         0      0        0

 COOLING
  YESTERDAY       14                        11      3       13
  MONTH TO DATE  430                       375     55      394
  SINCE SEP 1    430                       375     55      394
  SINCE JAN 1   2673                      2319    354     2670
..................................................................


WIND (MPH)
  HIGHEST WIND SPEED    10   HIGHEST WIND DIRECTION     E (70)
  HIGHEST GUST SPEED    14   HIGHEST GUST DIRECTION    NE (50)
  AVERAGE WIND SPEED     3.1


SKY COVER
  POSSIBLE SUNSHINE  MM
  AVERAGE SKY COVER 0.3


WEATHER CONDITIONS
 THE FOLLOWING WEATHER WAS RECORDED YESTERDAY.
  THUNDERSTORM
  RAIN
  LIGHT RAIN


RELATIVE HUMIDITY (PERCENT)
 HIGHEST    97           400 AM
 LOWEST     61          1200 PM
 AVERAGE    79

..........................................................


THE GAINESVILLE CLIMATE NORMALS FOR TODAY
                         NORMAL    RECORD    YEAR
 MAXIMUM TEMPERATURE (F)   85        94      1972
                                             1939
                                             1936
 MINIMUM TEMPERATURE (F)   66        50      1967


SUNRISE AND SUNSET
SEPTEMBER 29 2016.....SUNRISE   721 AM EDT   SUNSET   716 PM EDT
SEPTEMBER 30 2016.....SUNRISE   722 AM EDT   SUNSET   715 PM EDT


-  INDICATES NEGATIVE NUMBERS.
R  INDICATES RECORD WAS SET OR TIED.
MM INDICATES DATA IS MISSING.
T  INDICATES TRACE AMOUNT.




$$
