000
CDUS42 KJAX 010531
CLIGNV


CLIMATE REPORT
NATIONAL WEATHER SERVICE JACKSONVILLE FL
1230 AM EST SUN MAR 1 2015


...................................

...THE GAINESVILLE CLIMATE SUMMARY FOR FEBRUARY 28 2015...

CLIMATE NORMAL PERIOD 1981 TO 2010
CLIMATE RECORD PERIOD 1890 TO 2015


WEATHER ITEM   OBSERVED TIME   RECORD YEAR NORMAL DEPARTURE LAST
                VALUE   (LST)  VALUE       VALUE  FROM      YEAR
                                                  NORMAL
..................................................................
TEMPERATURE (F)
 YESTERDAY
  MAXIMUM         59    246 PM  87    1997  72    -13       67
  MINIMUM         49   1253 AM  25    2002  47      2       32
  AVERAGE         54                        60     -6       50

PRECIPITATION (IN)
  YESTERDAY        0.11          1.36 1966   0.12  -0.01     0.00
  MONTH TO DATE    2.02                      3.20  -1.18     4.37
  SINCE DEC 1      8.64                      8.99  -0.35    13.36
  SINCE JAN 1      5.26                      6.51  -1.25     9.57

SNOWFALL (IN)
  YESTERDAY        0.0           0.0    MM   0.0    0.0      0.0
  MONTH TO DATE    0.0                       0.0    0.0      0.0
  SINCE DEC 1      0.0                       0.0    0.0      0.0
  SINCE JUL 1      0.0                       0.0    0.0      0.0
  SNOW DEPTH       0

DEGREE DAYS
 HEATING
  YESTERDAY       11                         7      4       15
  MONTH TO DATE  336                       233    103      195
  SINCE DEC 1    886                       873     13      817
  SINCE JUL 1   1151                      1034    117      910

 COOLING
  YESTERDAY        0                         1     -1        0
  MONTH TO DATE    1                        20    -19       27
  SINCE DEC 1     51                        54     -3       92
  SINCE JAN 1     15                        32    -17       37
..................................................................


WIND (MPH)
  HIGHEST WIND SPEED    18   HIGHEST WIND DIRECTION    NE (30)
  HIGHEST GUST SPEED    24   HIGHEST GUST DIRECTION    NE (30)
  AVERAGE WIND SPEED    10.6


SKY COVER
  POSSIBLE SUNSHINE  MM
  AVERAGE SKY COVER 1.0


WEATHER CONDITIONS
 THE FOLLOWING WEATHER WAS RECORDED YESTERDAY.
  LIGHT RAIN
  FOG


RELATIVE HUMIDITY (PERCENT)
 HIGHEST   100           500 PM
 LOWEST     74           200 AM
 AVERAGE    87

..........................................................


THE GAINESVILLE CLIMATE NORMALS FOR TODAY
                         NORMAL    RECORD    YEAR
 MAXIMUM TEMPERATURE (F)   72        87      1997
                                             1918
 MINIMUM TEMPERATURE (F)   48        26      2002


SUNRISE AND SUNSET
MARCH  1 2015.........SUNRISE   655 AM EST   SUNSET   628 PM EST
MARCH  2 2015.........SUNRISE   654 AM EST   SUNSET   629 PM EST


-  INDICATES NEGATIVE NUMBERS.
R  INDICATES RECORD WAS SET OR TIED.
MM INDICATES DATA IS MISSING.
T  INDICATES TRACE AMOUNT.




$$
