000
CDUS42 KJAX 252227
CLIGNV


CLIMATE REPORT
NATIONAL WEATHER SERVICE JACKSONVILLE FL
526 PM EST SUN FEB 25 2018


...................................

...THE GAINESVILLE CLIMATE SUMMARY FOR FEBRUARY 25 2018...
VALID TODAY AS OF 0500 PM LOCAL TIME.

CLIMATE NORMAL PERIOD 1981 TO 2010
CLIMATE RECORD PERIOD 1890 TO 2018


WEATHER ITEM   OBSERVED TIME   RECORD YEAR NORMAL DEPARTURE LAST
                VALUE   (LST)  VALUE       VALUE  FROM      YEAR
                                                  NORMAL
..................................................................
TEMPERATURE (F)
 TODAY
  MAXIMUM         85R   418 PM  85    1962  71     14       82
                                      1922
  MINIMUM         63    527 AM  23    1989  47     16       59
  AVERAGE         74                        59     15       71

PRECIPITATION (IN)
  TODAY            T             1.82 1960   0.12  -0.12     0.00
  MONTH TO DATE    1.55                      2.84  -1.29     0.39
  SINCE DEC 1      8.52                      8.63  -0.11     4.53
  SINCE JAN 1      5.87                      6.15  -0.28     1.84

SNOWFALL (IN)
  TODAY            0.0           0.0    MM   0.0    0.0      0.0
  MONTH TO DATE    0.0                       0.0    0.0      0.0
  SINCE DEC 1      0.0                       0.0    0.0      0.0
  SINCE JUL 1      0.0                       0.0    0.0      0.0
  SNOW DEPTH       0

DEGREE DAYS
 HEATING
  TODAY            0                         7     -7        0
  MONTH TO DATE   58                       212   -154       78
  SINCE DEC 1    769                       853    -84      391
  SINCE JUL 1    903                      1014   -111      497

 COOLING
  TODAY            9                         1      8        6
  MONTH TO DATE  109                        21     88       33
  SINCE DEC 1    150                        55     95      155
  SINCE JAN 1    117                        33     84       79
..................................................................


WIND (MPH)
  HIGHEST WIND SPEED    16   HIGHEST WIND DIRECTION     S (200)
  HIGHEST GUST SPEED    21   HIGHEST GUST DIRECTION     S (200)
  AVERAGE WIND SPEED     5.6


SKY COVER
  POSSIBLE SUNSHINE  MM
  AVERAGE SKY COVER 0.6


WEATHER CONDITIONS
 THE FOLLOWING WEATHER WAS RECORDED TODAY.
  NO SIGNIFICANT WEATHER WAS OBSERVED.


RELATIVE HUMIDITY (PERCENT)
 HIGHEST    93           100 AM
 LOWEST     43           400 PM
 AVERAGE    68

..........................................................


THE GAINESVILLE CLIMATE NORMALS FOR TOMORROW
                         NORMAL    RECORD    YEAR
 MAXIMUM TEMPERATURE (F)   72        88      1971
                                             1929
 MINIMUM TEMPERATURE (F)   47        19      1967


SUNRISE AND SUNSET
FEBRUARY 25 2018......SUNRISE   659 AM EST   SUNSET   626 PM EST
FEBRUARY 26 2018......SUNRISE   658 AM EST   SUNSET   626 PM EST


-  INDICATES NEGATIVE NUMBERS.
R  INDICATES RECORD WAS SET OR TIED.
MM INDICATES DATA IS MISSING.
T  INDICATES TRACE AMOUNT.




$$
