000
CDUS42 KJAX 290533
CLIGNV


CLIMATE REPORT
NATIONAL WEATHER SERVICE JACKSONVILLE FL
1232 AM EST SAT NOV 29 2014


...................................

...THE GAINESVILLE CLIMATE SUMMARY FOR NOVEMBER 28 2014...

CLIMATE NORMAL PERIOD 1981 TO 2010
CLIMATE RECORD PERIOD 1890 TO 2014


WEATHER ITEM   OBSERVED TIME   RECORD YEAR NORMAL DEPARTURE LAST
                VALUE   (LST)  VALUE       VALUE  FROM      YEAR
                                                  NORMAL
..................................................................
TEMPERATURE (F)
 YESTERDAY
  MAXIMUM         57    327 PM  87    1948  72    -15       59
  MINIMUM         34   1159 PM  22    1903  48    -14       29
  AVERAGE         46                        60    -14       44

PRECIPITATION (IN)
  YESTERDAY        0.00          1.24 1911   0.07  -0.07     0.00
  MONTH TO DATE    2.47                      1.91   0.56     3.31
  SINCE SEP 1     11.30                      9.21   2.09     6.59
  SINCE JAN 1     48.36                     44.78   3.58    43.29

SNOWFALL (IN)
  YESTERDAY        0.0           0.0    MM   0.0    0.0      0.0
  MONTH TO DATE    0.0                       0.0    0.0      0.0
  SINCE SEP 1      0.0                       0.0    0.0      0.0
  SINCE JUL 1      0.0                       0.0    0.0      0.0
  SNOW DEPTH       0

DEGREE DAYS
 HEATING
  YESTERDAY       19                         7     12       21
  MONTH TO DATE  227                       120    107       64
  SINCE SEP 1    245                       147     98       79
  SINCE JUL 1    245                       147     98       79

 COOLING
  YESTERDAY        0                         1     -1        0
  MONTH TO DATE   32                        65    -33       84
  SINCE SEP 1    617                       671    -54      763
  SINCE JAN 1   2563                      2615    -52     2825
..................................................................


WIND (MPH)
  HIGHEST WIND SPEED    16   HIGHEST WIND DIRECTION     N (20)
  HIGHEST GUST SPEED    22   HIGHEST GUST DIRECTION    NE (30)
  AVERAGE WIND SPEED     5.3


SKY COVER
  POSSIBLE SUNSHINE  MM
  AVERAGE SKY COVER 0.0


WEATHER CONDITIONS
 THE FOLLOWING WEATHER WAS RECORDED YESTERDAY.
  NO SIGNIFICANT WEATHER WAS OBSERVED.


RELATIVE HUMIDITY (PERCENT)
 HIGHEST    92           800 PM
 LOWEST     35           200 PM
 AVERAGE    64

..........................................................


THE GAINESVILLE CLIMATE NORMALS FOR TODAY
                         NORMAL    RECORD    YEAR
 MAXIMUM TEMPERATURE (F)   71        88      1978
 MINIMUM TEMPERATURE (F)   48        28      1959


SUNRISE AND SUNSET
NOVEMBER 29 2014......SUNRISE   705 AM EST   SUNSET   530 PM EST
NOVEMBER 30 2014......SUNRISE   706 AM EST   SUNSET   530 PM EST


-  INDICATES NEGATIVE NUMBERS.
R  INDICATES RECORD WAS SET OR TIED.
MM INDICATES DATA IS MISSING.
T  INDICATES TRACE AMOUNT.




$$
