000
CDUS45 KMSO 270838
CLIGPI


CLIMATE REPORT
NATIONAL WEATHER SERVICE MISSOULA, MT
138 AM MST MON FEB 27 2017


...................................

...THE KALISPELL MT CLIMATE SUMMARY FOR FEBRUARY 26 2017...

CLIMATE NORMAL PERIOD 1981 TO 2010
CLIMATE RECORD PERIOD 1894 TO 2017


WEATHER ITEM   OBSERVED TIME   RECORD YEAR NORMAL DEPARTURE LAST
                VALUE   (LST)  VALUE       VALUE  FROM      YEAR
                                                  NORMAL
..................................................................
TEMPERATURE (F)
 YESTERDAY
  MAXIMUM         27   1030 AM  55    1926  39    -12       54
  MINIMUM         19   1159 PM -10    1922  20     -1       19
  AVERAGE         23                        29     -6       37

PRECIPITATION (IN)
  YESTERDAY        0.23          0.37 1919   0.04   0.19     0.00
  MONTH TO DATE    2.65                      0.90   1.75     0.82
  SINCE OCT 1     10.85                      6.23   4.62     6.35
  SINCE JAN 1      3.62                      2.23   1.39     2.30

SNOWFALL (IN)
  YESTERDAY        2.6
  MONTH TO DATE   27.8
  SINCE JAN 1     41.6
  SINCE JUL 1     76.9
  SNOW DEPTH      13

DEGREE DAYS
 HEATING
  YESTERDAY       42                        36      6       28
  MONTH TO DATE 1086                       989     97      823
  SINCE DEC 1   4156                      3576    580     3202
  SINCE JUL 1   6115                      5780    335     5221

 COOLING
  YESTERDAY        0                         0      0        0
  MONTH TO DATE    0                         0      0        0
  SINCE DEC 1      0                         0      0        0
  SINCE JAN 1      0                         0      0        0
..................................................................


WIND (MPH)
  HIGHEST WIND SPEED    25   HIGHEST WIND DIRECTION    NE (30)
  HIGHEST GUST SPEED    30   HIGHEST GUST DIRECTION    NE (30)
  AVERAGE WIND SPEED    14.4


SKY COVER
  POSSIBLE SUNSHINE  MM
  AVERAGE SKY COVER 1.0


WEATHER CONDITIONS
 THE FOLLOWING WEATHER WAS RECORDED YESTERDAY.
  HEAVY SNOW
  SNOW
  LIGHT SNOW
  FOG
  FOG W/VISIBILITY <= 1/4 MILE
  HAZE


RELATIVE HUMIDITY (PERCENT)
 HIGHEST    92           100 AM
 LOWEST     67          1100 PM
 AVERAGE    80

..........................................................


THE KALISPELL MT CLIMATE NORMALS FOR TODAY
                         NORMAL    RECORD    YEAR
 MAXIMUM TEMPERATURE (F)   39        62      1932
 MINIMUM TEMPERATURE (F)   20       -19      1960


SUNRISE AND SUNSET
FEBRUARY 27 2017......SUNRISE   721 AM MST   SUNSET   619 PM MST
FEBRUARY 28 2017......SUNRISE   720 AM MST   SUNSET   620 PM MST


-  INDICATES NEGATIVE NUMBERS.
R  INDICATES RECORD WAS SET OR TIED.
MM INDICATES DATA IS MISSING.
T  INDICATES TRACE AMOUNT.




$$
