000
CDUS45 KMSO 162332
CLIGPI


CLIMATE REPORT
NATIONAL WEATHER SERVICE MISSOULA, MT
432 PM MST SAT DEC 16 2017


...................................

...THE KALISPELL MT CLIMATE SUMMARY FOR DECEMBER 16 2017...
VALID TODAY AS OF 0400 PM LOCAL TIME.

CLIMATE NORMAL PERIOD 1981 TO 2010
CLIMATE RECORD PERIOD 1894 TO 2017


WEATHER ITEM   OBSERVED TIME   RECORD YEAR NORMAL DEPARTURE LAST
                VALUE   (LST)  VALUE       VALUE  FROM      YEAR
                                                  NORMAL
..................................................................
TEMPERATURE (F)
 TODAY
  MAXIMUM         32    216 PM  52    1942  29      3       10
  MINIMUM         24    832 AM -21    1964  15      9      -14
  AVERAGE         28                        22      6       -2

PRECIPITATION (IN)
  TODAY            T             0.43 1973   0.05  -0.05     0.00
  MONTH TO DATE    0.32                      0.77  -0.45     1.02
  SINCE OCT 1      3.10                      3.21  -0.11     6.50
  SINCE JAN 1     14.95                     16.20  -1.25    19.59

SNOWFALL (IN)
  TODAY            T
  MONTH TO DATE    2.5
  SINCE JAN 1     66.2
  SINCE JUL 1     11.7
  SNOW DEPTH       2

DEGREE DAYS
 HEATING
  TODAY           37                        43     -6       67
  MONTH TO DATE  584                       659    -75      790
  SINCE DEC 1    584                       659    -75      790
  SINCE JUL 1   2597                      2863   -266     2749

 COOLING
  TODAY            0                         0      0        0
  MONTH TO DATE    0                         0      0        0
  SINCE DEC 1      0                         0      0        0
  SINCE JAN 1    228                       147     81      157
..................................................................


WIND (MPH)
  HIGHEST WIND SPEED     7   HIGHEST WIND DIRECTION    SE (120)
  HIGHEST GUST SPEED     7   HIGHEST GUST DIRECTION    SE (120)
  AVERAGE WIND SPEED     1.3


SKY COVER
  POSSIBLE SUNSHINE  MM
  AVERAGE SKY COVER 1.0


WEATHER CONDITIONS
 THE FOLLOWING WEATHER WAS RECORDED TODAY.
  LIGHT SNOW
  FOG


RELATIVE HUMIDITY (PERCENT)
 HIGHEST   100           100 AM
 LOWEST     85           100 PM
 AVERAGE    93

..........................................................


THE KALISPELL MT CLIMATE NORMALS FOR TOMORROW
                         NORMAL    RECORD    YEAR
 MAXIMUM TEMPERATURE (F)   29        49      1942
 MINIMUM TEMPERATURE (F)   15       -24      1964


SUNRISE AND SUNSET
DECEMBER 16 2017......SUNRISE   822 AM MST   SUNSET   443 PM MST
DECEMBER 17 2017......SUNRISE   823 AM MST   SUNSET   444 PM MST


-  INDICATES NEGATIVE NUMBERS.
R  INDICATES RECORD WAS SET OR TIED.
MM INDICATES DATA IS MISSING.
T  INDICATES TRACE AMOUNT.




$$
