000
CDUS45 KMSO 022240
CLIGPI


CLIMATE REPORT
NATIONAL WEATHER SERVICE MISSOULA, MT
439 PM MDT SUN AUG 2 2015


...................................

...THE KALISPELL MT CLIMATE SUMMARY FOR AUGUST 2 2015...
VALID TODAY AS OF 0400 PM LOCAL TIME.

CLIMATE NORMAL PERIOD 1981 TO 2010
CLIMATE RECORD PERIOD 1894 TO 2015


WEATHER ITEM   OBSERVED TIME   RECORD YEAR NORMAL DEPARTURE LAST
                VALUE   (LST)  VALUE       VALUE  FROM      YEAR
                                                  NORMAL
..................................................................
TEMPERATURE (F)
 TODAY
  MAXIMUM         93    256 PM  99    1961  84      9       88
  MINIMUM         47    427 AM  36    1963  49     -2       59
  AVERAGE         70                        66      4       74

PRECIPITATION (IN)
  TODAY            0.00          0.85 2013   0.03  -0.03     0.21
  MONTH TO DATE    0.00                      0.06  -0.06     0.21
  SINCE OCT 1     12.80                     14.68  -1.88    17.54
  SINCE JAN 1      6.72                     10.68  -3.96    13.09

SNOWFALL (IN)
  TODAY            0.0
  MONTH TO DATE    0.0
  SINCE JAN 1     32.9
  SINCE JUL 1      0.0
  SNOW DEPTH       0

DEGREE DAYS
 HEATING
  TODAY            0                         2     -2        0
  MONTH TO DATE    0                         4     -4        0
  SINCE JUN 1    141                       297   -156      267
  SINCE JUL 1     60                        81    -21       14

 COOLING
  TODAY            5                         3      2        9
  MONTH TO DATE   12                         6      6       16
  SINCE JUN 1    177                        86     91      146
  SINCE JAN 1    177                        89     88      146
..................................................................


WIND (MPH)
  HIGHEST WIND SPEED    17   HIGHEST WIND DIRECTION    NE (30)
  HIGHEST GUST SPEED    22   HIGHEST GUST DIRECTION     N (20)
  AVERAGE WIND SPEED     5.6


SKY COVER
  POSSIBLE SUNSHINE  MM
  AVERAGE SKY COVER 0.0


WEATHER CONDITIONS
 THE FOLLOWING WEATHER WAS RECORDED TODAY.
  NO SIGNIFICANT WEATHER WAS OBSERVED.


RELATIVE HUMIDITY (PERCENT)
 HIGHEST    61           400 AM
 LOWEST     11           200 PM
 AVERAGE    36

..........................................................


THE KALISPELL MT CLIMATE NORMALS FOR TOMORROW
                         NORMAL    RECORD    YEAR
 MAXIMUM TEMPERATURE (F)   84       101      1961
 MINIMUM TEMPERATURE (F)   49        38      1900


SUNRISE AND SUNSET
AUGUST  2 2015........SUNRISE   613 AM MDT   SUNSET   912 PM MDT
AUGUST  3 2015........SUNRISE   615 AM MDT   SUNSET   911 PM MDT


-  INDICATES NEGATIVE NUMBERS.
R  INDICATES RECORD WAS SET OR TIED.
MM INDICATES DATA IS MISSING.
T  INDICATES TRACE AMOUNT.




$$
