745
CDUS45 KMSO 100838
CLIGPI


CLIMATE REPORT
NATIONAL WEATHER SERVICE MISSOULA, MT
138 AM MST WED FEB 10 2016


...................................

...THE KALISPELL MT CLIMATE SUMMARY FOR FEBRUARY 9 2016...

CLIMATE NORMAL PERIOD 1981 TO 2010
CLIMATE RECORD PERIOD 1894 TO 2016


WEATHER ITEM   OBSERVED TIME   RECORD YEAR NORMAL DEPARTURE LAST
                VALUE   (LST)  VALUE       VALUE  FROM      YEAR
                                                  NORMAL
..................................................................
TEMPERATURE (F)
 YESTERDAY
  MAXIMUM         45    414 PM  47    1996  35     10       40
  MINIMUM         16    818 AM -31    1933  18     -2       31
  AVERAGE         31                        26      5       36

PRECIPITATION (IN)
  YESTERDAY        0.00          0.62 1951   0.04  -0.04     0.46
  MONTH TO DATE    0.19                      0.31  -0.12     1.00
  SINCE OCT 1      5.72                      5.64   0.08     9.49
  SINCE JAN 1      1.67                      1.64   0.03     3.41

SNOWFALL (IN)
  YESTERDAY        0.0
  MONTH TO DATE    2.5
  SINCE JAN 1     14.1
  SINCE JUL 1     40.9
  SNOW DEPTH       5

DEGREE DAYS
 HEATING
  YESTERDAY       34                        39     -5       29
  MONTH TO DATE  343                       351     -8      276
  SINCE DEC 1   2722                      2938   -216     2807
  SINCE JUL 1   4741                      5142   -401     4805

 COOLING
  YESTERDAY        0                         0      0        0
  MONTH TO DATE    0                         0      0        0
  SINCE DEC 1      0                         0      0        0
  SINCE JAN 1      0                         0      0        0
..................................................................


WIND (MPH)
  HIGHEST WIND SPEED     5   HIGHEST WIND DIRECTION    NE (30)
  HIGHEST GUST SPEED     5   HIGHEST GUST DIRECTION    NE (40)
  AVERAGE WIND SPEED     0.0


SKY COVER
  POSSIBLE SUNSHINE  MM
  AVERAGE SKY COVER 0.0


WEATHER CONDITIONS
 THE FOLLOWING WEATHER WAS RECORDED YESTERDAY.
  FOG
  FOG W/VISIBILITY <= 1/4 MILE


RELATIVE HUMIDITY (PERCENT)
 HIGHEST   100           600 AM
 LOWEST     57           200 PM
 AVERAGE    79

..........................................................


THE KALISPELL MT CLIMATE NORMALS FOR TODAY
                         NORMAL    RECORD    YEAR
 MAXIMUM TEMPERATURE (F)   35        54      1918
 MINIMUM TEMPERATURE (F)   18       -21      1981


SUNRISE AND SUNSET
FEBRUARY 10 2016......SUNRISE   753 AM MST   SUNSET   550 PM MST
FEBRUARY 11 2016......SUNRISE   751 AM MST   SUNSET   552 PM MST


-  INDICATES NEGATIVE NUMBERS.
R  INDICATES RECORD WAS SET OR TIED.
MM INDICATES DATA IS MISSING.
T  INDICATES TRACE AMOUNT.




$$
