000
CDUS45 KMSO 282241
CLIGPI


CLIMATE REPORT
NATIONAL WEATHER SERVICE MISSOULA, MT
441 PM MDT SUN AUG 28 2016


...................................

...THE KALISPELL MT CLIMATE SUMMARY FOR AUGUST 28 2016...
VALID TODAY AS OF 0400 PM LOCAL TIME.

CLIMATE NORMAL PERIOD 1981 TO 2010
CLIMATE RECORD PERIOD 1894 TO 2016


WEATHER ITEM   OBSERVED TIME   RECORD YEAR NORMAL DEPARTURE LAST
                VALUE   (LST)  VALUE       VALUE  FROM      YEAR
                                                  NORMAL
..................................................................
TEMPERATURE (F)
 TODAY
  MAXIMUM         80    237 PM  93    1986  78      2       84
  MINIMUM         49    554 AM  30    2000  44      5       46
  AVERAGE         65                        61      4       65

PRECIPITATION (IN)
  TODAY            0.00          0.47 1975   0.03  -0.03     0.00
  MONTH TO DATE    1.08                      0.87   0.21     0.07
  SINCE OCT 1     16.27                     15.49   0.78    12.87
  SINCE JAN 1     12.22                     11.49   0.73     6.79

SNOWFALL (IN)
  TODAY            0.0
  MONTH TO DATE    0.0
  SINCE JAN 1     14.6
  SINCE JUL 1      0.0
  SNOW DEPTH       0

DEGREE DAYS
 HEATING
  TODAY            0                         5     -5        0
  MONTH TO DATE   68                        80    -12       60
  SINCE JUN 1    326                       373    -47      201
  SINCE JUL 1    147                       157    -10      120

 COOLING
  TODAY            0                         1     -1        0
  MONTH TO DATE   48                        59    -11       81
  SINCE JUN 1    149                       139     10      246
  SINCE JAN 1    149                       142      7      246
..................................................................


WIND (MPH)
  HIGHEST WIND SPEED    22   HIGHEST WIND DIRECTION    SE (140)
  HIGHEST GUST SPEED    28   HIGHEST GUST DIRECTION    SE (120)
  AVERAGE WIND SPEED     8.1


SKY COVER
  POSSIBLE SUNSHINE  MM
  AVERAGE SKY COVER 0.0


WEATHER CONDITIONS
 THE FOLLOWING WEATHER WAS RECORDED TODAY.
  NO SIGNIFICANT WEATHER WAS OBSERVED.


RELATIVE HUMIDITY (PERCENT)
 HIGHEST    74           600 AM
 LOWEST     23          1200 PM
 AVERAGE    49

..........................................................


THE KALISPELL MT CLIMATE NORMALS FOR TOMORROW
                         NORMAL    RECORD    YEAR
 MAXIMUM TEMPERATURE (F)   77        95      1972
 MINIMUM TEMPERATURE (F)   44        31      1969


SUNRISE AND SUNSET
AUGUST 28 2016........SUNRISE   650 AM MDT   SUNSET   825 PM MDT
AUGUST 29 2016........SUNRISE   651 AM MDT   SUNSET   823 PM MDT


-  INDICATES NEGATIVE NUMBERS.
R  INDICATES RECORD WAS SET OR TIED.
MM INDICATES DATA IS MISSING.
T  INDICATES TRACE AMOUNT.




$$
