000
CDUS45 KMSO 012332
CLIGPI


CLIMATE REPORT
NATIONAL WEATHER SERVICE MISSOULA, MT
432 PM MST SUN FEB 1 2015


...................................

...THE KALISPELL MT CLIMATE SUMMARY FOR FEBRUARY 1 2015...
VALID TODAY AS OF 0400 PM LOCAL TIME.

CLIMATE NORMAL PERIOD 1981 TO 2010
CLIMATE RECORD PERIOD 1894 TO 2015


WEATHER ITEM   OBSERVED TIME   RECORD YEAR NORMAL DEPARTURE LAST
                VALUE   (LST)  VALUE       VALUE  FROM      YEAR
                                                  NORMAL
..................................................................
TEMPERATURE (F)
 TODAY
  MAXIMUM         27    256 PM  54    1971  34     -7       23
  MINIMUM         15    450 AM -36    1950  18     -3       -4
  AVERAGE         21                        26     -5       10

PRECIPITATION (IN)
  TODAY            0.01          0.38 1947   0.03  -0.02     0.00
  MONTH TO DATE    0.01                      0.03  -0.02     0.00
  SINCE OCT 1      8.50                      5.36   3.14     5.80
  SINCE JAN 1      2.42                      1.36   1.06     1.35

SNOWFALL (IN)
  TODAY            0.5
  MONTH TO DATE    0.5
  SINCE JAN 1     30.9
  SINCE JUL 1     57.4
  SNOW DEPTH       5

DEGREE DAYS
 HEATING
  TODAY           44                        39      5       55
  MONTH TO DATE   44                        39      5       55
  SINCE DEC 1   2575                      2626    -51     2615
  SINCE JUL 1   4573                      4830   -257     4692

 COOLING
  TODAY            0                         0      0        0
  MONTH TO DATE    0                         0      0        0
  SINCE DEC 1      0                         0      0        0
  SINCE JAN 1      0                         0      0        0
..................................................................


WIND (MPH)
  HIGHEST WIND SPEED    15   HIGHEST WIND DIRECTION    NE (40)
  HIGHEST GUST SPEED    17   HIGHEST GUST DIRECTION    NE (40)
  AVERAGE WIND SPEED     5.7


SKY COVER
  POSSIBLE SUNSHINE  MM
  AVERAGE SKY COVER 0.8


WEATHER CONDITIONS
 THE FOLLOWING WEATHER WAS RECORDED TODAY.
  LIGHT SNOW
  FOG


RELATIVE HUMIDITY (PERCENT)
 HIGHEST    84           900 AM
 LOWEST     63          1200 AM
 AVERAGE    74

..........................................................


THE KALISPELL MT CLIMATE NORMALS FOR TOMORROW
                         NORMAL    RECORD    YEAR
 MAXIMUM TEMPERATURE (F)   34        56      1962
 MINIMUM TEMPERATURE (F)   18       -29      1950


SUNRISE AND SUNSET
FEBRUARY  1 2015......SUNRISE   806 AM MST   SUNSET   536 PM MST
FEBRUARY  2 2015......SUNRISE   804 AM MST   SUNSET   538 PM MST


-  INDICATES NEGATIVE NUMBERS.
R  INDICATES RECORD WAS SET OR TIED.
MM INDICATES DATA IS MISSING.
T  INDICATES TRACE AMOUNT.




$$
