000
CDUS45 KMSO 270740
CLIGPI


CLIMATE REPORT
NATIONAL WEATHER SERVICE MISSOULA, MT
1239 AM MST SAT DEC 27 2014


...................................

...THE KALISPELL MT CLIMATE SUMMARY FOR DECEMBER 26 2014...

CLIMATE NORMAL PERIOD 1981 TO 2010
CLIMATE RECORD PERIOD 1894 TO 2014


WEATHER ITEM   OBSERVED TIME   RECORD YEAR NORMAL DEPARTURE LAST
                VALUE   (LST)  VALUE       VALUE  FROM      YEAR
                                                  NORMAL
..................................................................
TEMPERATURE (F)
 YESTERDAY
  MAXIMUM         30    224 PM  51    1980  29      1       32
  MINIMUM         15    957 PM -22    1951  14      1       17
  AVERAGE         23                        21      2       25

PRECIPITATION (IN)
  YESTERDAY        0.01          0.29 1980   0.05  -0.04     0.00
  MONTH TO DATE    2.00                      1.30   0.70     1.54
  SINCE OCT 1      5.73                      3.74   1.99     4.41
  SINCE JAN 1     21.21                     16.73   4.48    17.44

SNOWFALL (IN)
  YESTERDAY        0.2
  MONTH TO DATE   10.0
  SINCE JAN 1     58.5
  SINCE JUL 1     20.3
  SNOW DEPTH       2

DEGREE DAYS
 HEATING
  YESTERDAY       42                        44     -2       40
  MONTH TO DATE  967                      1094   -127     1180
  SINCE DEC 1    967                      1094   -127     1180
  SINCE JUL 1   2965                      3298   -333     3257

 COOLING
  YESTERDAY        0                         0      0        0
  MONTH TO DATE    0                         0      0        0
  SINCE DEC 1      0                         0      0        0
  SINCE JAN 1    217                       147     70      264
..................................................................


WIND (MPH)
  HIGHEST WIND SPEED     7   HIGHEST WIND DIRECTION     N (350)
  HIGHEST GUST SPEED     8   HIGHEST GUST DIRECTION     N (350)
  AVERAGE WIND SPEED     1.3


SKY COVER
  POSSIBLE SUNSHINE  MM
  AVERAGE SKY COVER 0.8


WEATHER CONDITIONS
 THE FOLLOWING WEATHER WAS RECORDED YESTERDAY.
  LIGHT SNOW
  FOG


RELATIVE HUMIDITY (PERCENT)
 HIGHEST   100           700 PM
 LOWEST     69           300 PM
 AVERAGE    85

..........................................................


THE KALISPELL MT CLIMATE NORMALS FOR TODAY
                         NORMAL    RECORD    YEAR
 MAXIMUM TEMPERATURE (F)   29        55      1898
 MINIMUM TEMPERATURE (F)   14       -20      1983


SUNRISE AND SUNSET
DECEMBER 27 2014......SUNRISE   828 AM MST   SUNSET   449 PM MST
DECEMBER 28 2014......SUNRISE   828 AM MST   SUNSET   450 PM MST


-  INDICATES NEGATIVE NUMBERS.
R  INDICATES RECORD WAS SET OR TIED.
MM INDICATES DATA IS MISSING.
T  INDICATES TRACE AMOUNT.




$$
