000
CDUS45 KMSO 040738
CLIGPI


CLIMATE REPORT
NATIONAL WEATHER SERVICE MISSOULA, MT
138 AM MDT FRI SEP 4 2015


...................................

...THE KALISPELL MT CLIMATE SUMMARY FOR SEPTEMBER 3 2015...

CLIMATE NORMAL PERIOD 1981 TO 2010
CLIMATE RECORD PERIOD 1894 TO 2015


WEATHER ITEM   OBSERVED TIME   RECORD YEAR NORMAL DEPARTURE LAST
                VALUE   (LST)  VALUE       VALUE  FROM      YEAR
                                                  NORMAL
..................................................................
TEMPERATURE (F)
 YESTERDAY
  MAXIMUM         62    251 PM  97    1988  75    -13       56
  MINIMUM         48   1115 PM  31    1974  42      6       41
  AVERAGE         55                        59     -4       49

PRECIPITATION (IN)
  YESTERDAY        0.15          0.84 1916   0.05   0.10     0.44
  MONTH TO DATE    0.15                      0.14   0.01     0.45
  SINCE OCT 1     13.08                     15.75  -2.67    19.24
  SINCE JAN 1      7.00                     11.75  -4.75    14.79

SNOWFALL (IN)
  YESTERDAY       MM
  MONTH TO DATE    0.0
  SINCE JAN 1     32.9
  SINCE JUL 1      0.0
  SNOW DEPTH       0

DEGREE DAYS
 HEATING
  YESTERDAY       10                         7      3       16
  MONTH TO DATE   17                        19     -2       28
  SINCE SEP 1     17                        19     -2       28
  SINCE JUL 1    150                       189    -39      105

 COOLING
  YESTERDAY        0                         0      0        0
  MONTH TO DATE    0                         1     -1        0
  SINCE SEP 1      0                         1     -1        0
  SINCE JAN 1    246                       144    102      215
..................................................................


WIND (MPH)
  HIGHEST WIND SPEED    18   HIGHEST WIND DIRECTION     S (160)
  HIGHEST GUST SPEED    24   HIGHEST GUST DIRECTION    SE (140)
  AVERAGE WIND SPEED     8.2


SKY COVER
  POSSIBLE SUNSHINE  MM
  AVERAGE SKY COVER 0.9


WEATHER CONDITIONS
 THE FOLLOWING WEATHER WAS RECORDED YESTERDAY.
  HEAVY RAIN
  RAIN
  LIGHT RAIN
  FOG


RELATIVE HUMIDITY (PERCENT)
 HIGHEST    93          1000 PM
 LOWEST     47          1200 AM
 AVERAGE    70

..........................................................


THE KALISPELL MT CLIMATE NORMALS FOR TODAY
                         NORMAL    RECORD    YEAR
 MAXIMUM TEMPERATURE (F)   75        93      1998
 MINIMUM TEMPERATURE (F)   42        27      1962


SUNRISE AND SUNSET
SEPTEMBER  4 2015.....SUNRISE   659 AM MDT   SUNSET   813 PM MDT
SEPTEMBER  5 2015.....SUNRISE   700 AM MDT   SUNSET   811 PM MDT


-  INDICATES NEGATIVE NUMBERS.
R  INDICATES RECORD WAS SET OR TIED.
MM INDICATES DATA IS MISSING.
T  INDICATES TRACE AMOUNT.




$$
