000
CDUS45 KMSO 022231
CLIGPI


CLIMATE REPORT
NATIONAL WEATHER SERVICE MISSOULA, MT
431 PM MDT THU JUL 2 2015


...................................

...THE KALISPELL MT CLIMATE SUMMARY FOR JULY 2 2015...
VALID TODAY AS OF 0400 PM LOCAL TIME.

CLIMATE NORMAL PERIOD 1981 TO 2010
CLIMATE RECORD PERIOD 1894 TO 2015


WEATHER ITEM   OBSERVED TIME   RECORD YEAR NORMAL DEPARTURE LAST
                VALUE   (LST)  VALUE       VALUE  FROM      YEAR
                                                  NORMAL
..................................................................
TEMPERATURE (F)
 TODAY
  MAXIMUM         91    258 PM  95    1924  77     14       87
  MINIMUM         65    511 AM  32    1973  46     19       48
  AVERAGE         78                        62     16       68

PRECIPITATION (IN)
  TODAY            0.00          0.48 2008   0.07  -0.07     0.00
  MONTH TO DATE    0.00                      0.14  -0.14     0.00
  SINCE OCT 1     12.44                     13.31  -0.87    16.94
  SINCE JAN 1      6.36                      9.31  -2.95    12.49

SNOWFALL (IN)
  TODAY            0.0
  MONTH TO DATE    0.0
  SINCE JAN 1     32.9
  SINCE JUL 1      0.0
  SNOW DEPTH       0

DEGREE DAYS
 HEATING
  TODAY            0                         4     -4        0
  MONTH TO DATE    0                         9     -9        0
  SINCE JUN 1     81                       225   -144      253
  SINCE JUL 1      0                         9     -9        0

 COOLING
  TODAY           13                         1     12        3
  MONTH TO DATE   21                         2     19        3
  SINCE JUN 1    107                        15     92        3
  SINCE JAN 1    107                        18     89        3
..................................................................


WIND (MPH)
  HIGHEST WIND SPEED    16   HIGHEST WIND DIRECTION     N (20)
  HIGHEST GUST SPEED    20   HIGHEST GUST DIRECTION     N (10)
  AVERAGE WIND SPEED     6.6


SKY COVER
  POSSIBLE SUNSHINE  MM
  AVERAGE SKY COVER 0.0


WEATHER CONDITIONS
 THE FOLLOWING WEATHER WAS RECORDED TODAY.
  NO SIGNIFICANT WEATHER WAS OBSERVED.


RELATIVE HUMIDITY (PERCENT)
 HIGHEST    63           500 AM
 LOWEST     21           300 PM
 AVERAGE    42

..........................................................


THE KALISPELL MT CLIMATE NORMALS FOR TOMORROW
                         NORMAL    RECORD    YEAR
 MAXIMUM TEMPERATURE (F)   77        94      1922
 MINIMUM TEMPERATURE (F)   47        30      1999


SUNRISE AND SUNSET
JULY  2 2015..........SUNRISE   541 AM MDT   SUNSET   941 PM MDT
JULY  3 2015..........SUNRISE   541 AM MDT   SUNSET   941 PM MDT


-  INDICATES NEGATIVE NUMBERS.
R  INDICATES RECORD WAS SET OR TIED.
MM INDICATES DATA IS MISSING.
T  INDICATES TRACE AMOUNT.




$$
