000
CDUS43 KGRB 260656
CLIGRB


CLIMATE REPORT
NATIONAL WEATHER SERVICE GREEN BAY
156 AM CDT WED JUL 26 2017


...................................

...THE GREEN BAY WI CLIMATE SUMMARY FOR JULY 25 2017...

CLIMATE NORMAL PERIOD 1981 TO 2010
CLIMATE RECORD PERIOD 1886 TO 2017


WEATHER ITEM   OBSERVED TIME   RECORD YEAR NORMAL DEPARTURE LAST
                VALUE   (LST)  VALUE       VALUE  FROM      YEAR
                                                  NORMAL
..................................................................
TEMPERATURE (F)
 YESTERDAY
  MAXIMUM         79    334 PM  94    1930  80     -1       84
  MINIMUM         52    502 AM  45    2004  59     -7       64
  AVERAGE         66                        69     -3       74

PRECIPITATION (IN)
  YESTERDAY        0.01          2.50 1974   0.11  -0.10     0.00
  MONTH TO DATE    4.08                      2.86   1.22     2.58
  SINCE JUN 1      7.86                      6.74   1.12     7.02
  SINCE JAN 1     20.86                     16.39   4.47    18.20

SNOWFALL (IN)
  YESTERDAY        0.0           0.0    MM   0.0    0.0      0.0
  MONTH TO DATE    0.0                       0.0    0.0      0.0
  SINCE JUN 1      0.0                       0.0    0.0      0.0
  SINCE JUL 1      0.0                       0.0    0.0      0.0
  SNOW DEPTH       0

DEGREE DAYS
 HEATING
  YESTERDAY        0                         1     -1        0
  MONTH TO DATE    1                        25    -24        6
  SINCE JUN 1     28                       117    -89       31
  SINCE JUL 1      1                        25    -24        6

 COOLING
  YESTERDAY        1                         5     -4        9
  MONTH TO DATE  151                       125     26      172
  SINCE JUN 1    266                       208     58      272
  SINCE JAN 1    274                       226     48      305
..................................................................


WIND (MPH)
  HIGHEST WIND SPEED    18   HIGHEST WIND DIRECTION     S (160)
  HIGHEST GUST SPEED    24   HIGHEST GUST DIRECTION    SW (210)
  AVERAGE WIND SPEED     7.7


SKY COVER
  POSSIBLE SUNSHINE  MM
  AVERAGE SKY COVER 0.2


WEATHER CONDITIONS
 THE FOLLOWING WEATHER WAS RECORDED YESTERDAY.
  THUNDERSTORM
  LIGHT RAIN


RELATIVE HUMIDITY (PERCENT)
 HIGHEST   100          1200 AM
 LOWEST     60           300 PM
 AVERAGE    80

..........................................................


THE GREEN BAY WI CLIMATE NORMALS FOR TODAY
                         NORMAL    RECORD    YEAR
 MAXIMUM TEMPERATURE (F)   80        98      1955
 MINIMUM TEMPERATURE (F)   58        46      1977


SUNRISE AND SUNSET
JULY 26 2017..........SUNRISE   533 AM CDT   SUNSET   824 PM CDT
JULY 27 2017..........SUNRISE   534 AM CDT   SUNSET   823 PM CDT


-  INDICATES NEGATIVE NUMBERS.
R  INDICATES RECORD WAS SET OR TIED.
MM INDICATES DATA IS MISSING.
T  INDICATES TRACE AMOUNT.




$$
