000
CDUS43 KGRB 270642
CLIGRB


CLIMATE REPORT
NATIONAL WEATHER SERVICE GREEN BAY
1241 AM CST MON FEB 27 2017


...................................

...THE GREEN BAY WI CLIMATE SUMMARY FOR FEBRUARY 26 2017...

CLIMATE NORMAL PERIOD 1981 TO 2010
CLIMATE RECORD PERIOD 1886 TO 2017


WEATHER ITEM   OBSERVED TIME   RECORD YEAR NORMAL DEPARTURE LAST
                VALUE   (LST)  VALUE       VALUE  FROM      YEAR
                                                  NORMAL
..................................................................
TEMPERATURE (F)
 YESTERDAY
  MAXIMUM         41    423 PM  61    2000  32      9       33
  MINIMUM         18    152 AM -15    1963  16      2       20
  AVERAGE         30                        24      6       27

PRECIPITATION (IN)
  YESTERDAY        T             0.60 2009   0.05  -0.05     0.00
  MONTH TO DATE    0.70                      1.01  -0.31     1.04
  SINCE DEC 1      5.38                      3.65   1.73     8.08
  SINCE JAN 1      3.13                      2.14   0.99     2.37

SNOWFALL (IN)
  YESTERDAY        0.1           5.6  2009   0.3   -0.2      0.0
  MONTH TO DATE    5.6                       9.2   -3.6     11.9
  SINCE DEC 1     43.3                      35.3    8.0     33.3
  SINCE JUL 1     44.2                      39.5    4.7     33.5
  SNOW DEPTH       4

DEGREE DAYS
 HEATING
  YESTERDAY       35                        41     -6       38
  MONTH TO DATE  918                      1170   -252     1099
  SINCE DEC 1   3449                      4019   -570     3447
  SINCE JUL 1   4511                      5759  -1248     4719

 COOLING
  YESTERDAY        0                         0      0        0
  MONTH TO DATE    0                         0      0        0
  SINCE DEC 1      0                         0      0        0
  SINCE JAN 1      0                         0      0        0
..................................................................


WIND (MPH)
  HIGHEST WIND SPEED    24   HIGHEST WIND DIRECTION     W (260)
  HIGHEST GUST SPEED    30   HIGHEST GUST DIRECTION     W (260)
  AVERAGE WIND SPEED    10.5


SKY COVER
  POSSIBLE SUNSHINE  MM
  AVERAGE SKY COVER 0.6


WEATHER CONDITIONS
 THE FOLLOWING WEATHER WAS RECORDED YESTERDAY.
  LIGHT SNOW
  FOG


RELATIVE HUMIDITY (PERCENT)
 HIGHEST    84           300 AM
 LOWEST     45           400 PM
 AVERAGE    65

..........................................................


THE GREEN BAY WI CLIMATE NORMALS FOR TODAY
                         NORMAL    RECORD    YEAR
 MAXIMUM TEMPERATURE (F)   32        59      1896
 MINIMUM TEMPERATURE (F)   16       -15      2014


SUNRISE AND SUNSET
FEBRUARY 27 2017......SUNRISE   633 AM CST   SUNSET   538 PM CST
FEBRUARY 28 2017......SUNRISE   631 AM CST   SUNSET   539 PM CST


-  INDICATES NEGATIVE NUMBERS.
R  INDICATES RECORD WAS SET OR TIED.
MM INDICATES DATA IS MISSING.
T  INDICATES TRACE AMOUNT.




$$
