000
CDUS43 KGRB 250631
CLIGRB


CLIMATE REPORT
NATIONAL WEATHER SERVICE GREEN BAY
130 AM CDT MON SEP 25 2017


...................................

...THE GREEN BAY WI CLIMATE SUMMARY FOR SEPTEMBER 24 2017...

CLIMATE NORMAL PERIOD 1981 TO 2010
CLIMATE RECORD PERIOD 1886 TO 2017


WEATHER ITEM   OBSERVED TIME   RECORD YEAR NORMAL DEPARTURE LAST
                VALUE   (LST)  VALUE       VALUE  FROM      YEAR
                                                  NORMAL
..................................................................
TEMPERATURE (F)
 YESTERDAY
  MAXIMUM         90    330 PM  92    1891  66     24       70
  MINIMUM         64    555 AM  28    1989  45     19       53
                                      1976
  AVERAGE         77                        56     21       62

PRECIPITATION (IN)
  YESTERDAY        0.00          1.85 1910   0.11  -0.11     0.00
  MONTH TO DATE    0.98                      2.47  -1.49     3.95
  SINCE SEP 1      0.98                      2.47  -1.49     3.95
  SINCE JAN 1     26.37                     22.87   3.50    25.57

SNOWFALL (IN)
  YESTERDAY        0.0           0.0    MM   0.0    0.0      0.0
  MONTH TO DATE    0.0                       0.0    0.0      0.0
  SINCE SEP 1      0.0                       0.0    0.0      0.0
  SINCE JUL 1      0.0                       0.0    0.0      0.0
  SNOW DEPTH       0

DEGREE DAYS
 HEATING
  YESTERDAY        0                        10    -10        3
  MONTH TO DATE   83                       141    -58       29
  SINCE SEP 1     83                       141    -58       29
  SINCE JUL 1    124                       204    -80       42

 COOLING
  YESTERDAY       12                         0     12        0
  MONTH TO DATE   74                        32     42       50
  SINCE SEP 1     74                        32     42       50
  SINCE JAN 1    451                       394     57      572
..................................................................


WIND (MPH)
  HIGHEST WIND SPEED    15   HIGHEST WIND DIRECTION    SW (220)
  HIGHEST GUST SPEED    21   HIGHEST GUST DIRECTION    SW (220)
  AVERAGE WIND SPEED     6.3


SKY COVER
  POSSIBLE SUNSHINE  MM
  AVERAGE SKY COVER 0.0


WEATHER CONDITIONS
 THE FOLLOWING WEATHER WAS RECORDED YESTERDAY.
  FOG


RELATIVE HUMIDITY (PERCENT)
 HIGHEST   100           600 AM
 LOWEST     44           100 PM
 AVERAGE    72

..........................................................


THE GREEN BAY WI CLIMATE NORMALS FOR TODAY
                         NORMAL    RECORD    YEAR
 MAXIMUM TEMPERATURE (F)   66        87      1920
 MINIMUM TEMPERATURE (F)   45        30      1966
                                             1947
                                             1942


SUNRISE AND SUNSET
SEPTEMBER 25 2017.....SUNRISE   643 AM CDT   SUNSET   644 PM CDT
SEPTEMBER 26 2017.....SUNRISE   645 AM CDT   SUNSET   642 PM CDT


-  INDICATES NEGATIVE NUMBERS.
R  INDICATES RECORD WAS SET OR TIED.
MM INDICATES DATA IS MISSING.
T  INDICATES TRACE AMOUNT.




$$
