000
CDUS43 KGRB 240638
CLIGRB


CLIMATE REPORT
NATIONAL WEATHER SERVICE GREEN BAY
1238 AM CST FRI NOV 24 2017


...................................

...THE GREEN BAY WI CLIMATE SUMMARY FOR NOVEMBER 23 2017...

CLIMATE NORMAL PERIOD 1981 TO 2010
CLIMATE RECORD PERIOD 1886 TO 2017


WEATHER ITEM   OBSERVED TIME   RECORD YEAR NORMAL DEPARTURE LAST
                VALUE   (LST)  VALUE       VALUE  FROM      YEAR
                                                  NORMAL
..................................................................
TEMPERATURE (F)
 YESTERDAY
  MAXIMUM         42    333 PM  65    1931  38      4       43
  MINIMUM         27    733 AM  -6    1950  24      3       35
  AVERAGE         35                        31      4       39

PRECIPITATION (IN)
  YESTERDAY        0.00          1.54 2003   0.07  -0.07     0.32
  MONTH TO DATE    1.07                      1.66  -0.59     0.54
  SINCE SEP 1      5.20                      7.14  -1.94     7.49
  SINCE JAN 1     30.59                     27.54   3.05    29.11

SNOWFALL (IN)
  YESTERDAY        0.0           5.1  1978   0.2   -0.2       T
  MONTH TO DATE    0.6                       2.3   -1.7      0.9
  SINCE SEP 1      0.6                       2.5   -1.9      0.9
  SINCE JUL 1      0.6                       2.5   -1.9      0.9
  SNOW DEPTH       0

DEGREE DAYS
 HEATING
  YESTERDAY       30                        34     -4       26
  MONTH TO DATE  702                       663     39      430
  SINCE SEP 1   1198                      1426   -228      871
  SINCE JUL 1   1239                      1489   -250      884

 COOLING
  YESTERDAY        0                         0      0        0
  MONTH TO DATE    0                         0      0        0
  SINCE SEP 1    100                        36     64       55
  SINCE JAN 1    477                       398     79      577
..................................................................


WIND (MPH)
  HIGHEST WIND SPEED    14   HIGHEST WIND DIRECTION    SW (240)
  HIGHEST GUST SPEED    19   HIGHEST GUST DIRECTION    SW (230)
  AVERAGE WIND SPEED     6.1


SKY COVER
  POSSIBLE SUNSHINE  MM
  AVERAGE SKY COVER 0.3


WEATHER CONDITIONS
 THE FOLLOWING WEATHER WAS RECORDED YESTERDAY.
  NO SIGNIFICANT WEATHER WAS OBSERVED.


RELATIVE HUMIDITY (PERCENT)
 HIGHEST    85           100 AM
 LOWEST     43           200 PM
 AVERAGE    64

..........................................................


THE GREEN BAY WI CLIMATE NORMALS FOR TODAY
                         NORMAL    RECORD    YEAR
 MAXIMUM TEMPERATURE (F)   38        65      1931
 MINIMUM TEMPERATURE (F)   23        -7      1950


SUNRISE AND SUNSET
NOVEMBER 24 2017......SUNRISE   701 AM CST   SUNSET   418 PM CST
NOVEMBER 25 2017......SUNRISE   702 AM CST   SUNSET   417 PM CST


-  INDICATES NEGATIVE NUMBERS.
R  INDICATES RECORD WAS SET OR TIED.
MM INDICATES DATA IS MISSING.
T  INDICATES TRACE AMOUNT.




$$
