000
CDUS43 KGRB 210928
CLIGRB


CLIMATE REPORT
NATIONAL WEATHER SERVICE GREEN BAY
327 AM CST SAT JAN 21 2017


...................................

...THE GREEN BAY WI CLIMATE SUMMARY FOR JANUARY 20 2017...

CLIMATE NORMAL PERIOD 1981 TO 2010
CLIMATE RECORD PERIOD 1886 TO 2017


WEATHER ITEM   OBSERVED TIME   RECORD YEAR NORMAL DEPARTURE LAST
                VALUE   (LST)  VALUE       VALUE  FROM      YEAR
                                                  NORMAL
..................................................................
TEMPERATURE (F)
 YESTERDAY
  MAXIMUM         36   1116 PM  47    1906  24     12       20
  MINIMUM         34    919 AM -25    1985   9     25       10
  AVERAGE         35                        16     19       15

PRECIPITATION (IN)
  YESTERDAY        0.17          0.84 1974   0.04   0.13      T
                                      1894
  MONTH TO DATE    1.78                      0.76   1.02     0.81
  SINCE DEC 1      4.03                      2.27   1.76     6.52
  SINCE JAN 1      1.78                      0.76   1.02     0.81

SNOWFALL (IN)
  YESTERDAY        0.0           6.0  1982   0.5   -0.5       T
  MONTH TO DATE    6.2                       8.3   -2.1      3.3
  SINCE DEC 1     29.3                      21.4    7.9     17.0
  SINCE JUL 1     30.2                      25.6    4.6     17.2
  SNOW DEPTH       3

DEGREE DAYS
 HEATING
  YESTERDAY       30                        49    -19       50
  MONTH TO DATE  912                       970    -58      976
  SINCE DEC 1   2163                      2320   -157     1914
  SINCE JUL 1   3225                      4060   -835     3186

 COOLING
  YESTERDAY        0                         0      0        0
  MONTH TO DATE    0                         0      0        0
  SINCE DEC 1      0                         0      0        0
  SINCE JAN 1      0                         0      0        0
..................................................................


WIND (MPH)
  HIGHEST WIND SPEED    15   HIGHEST WIND DIRECTION    NE (40)
  HIGHEST GUST SPEED    19   HIGHEST GUST DIRECTION    NE (40)
  AVERAGE WIND SPEED     6.6


SKY COVER
  POSSIBLE SUNSHINE  MM
  AVERAGE SKY COVER 1.0


WEATHER CONDITIONS
 THE FOLLOWING WEATHER WAS RECORDED YESTERDAY.
  LIGHT RAIN
  LT FREEZING RAIN
  FOG
  FOG W/VISIBILITY <= 1/4 MILE


RELATIVE HUMIDITY (PERCENT)
 HIGHEST   100          1200 AM
 LOWEST     92           800 PM
 AVERAGE    96

..........................................................


THE GREEN BAY WI CLIMATE NORMALS FOR TODAY
                         NORMAL    RECORD    YEAR
 MAXIMUM TEMPERATURE (F)   24        49      1934
 MINIMUM TEMPERATURE (F)    9       -36      1888


SUNRISE AND SUNSET
JANUARY 21 2017.......SUNRISE   721 AM CST   SUNSET   447 PM CST
JANUARY 22 2017.......SUNRISE   721 AM CST   SUNSET   448 PM CST


-  INDICATES NEGATIVE NUMBERS.
R  INDICATES RECORD WAS SET OR TIED.
MM INDICATES DATA IS MISSING.
T  INDICATES TRACE AMOUNT.




$$
