000
CDUS43 KGRB 240718
CLIGRB


CLIMATE REPORT
NATIONAL WEATHER SERVICE GREEN BAY
116 AM CST SAT FEB 24 2018


...................................

...THE GREEN BAY WI CLIMATE SUMMARY FOR FEBRUARY 23 2018...

CLIMATE NORMAL PERIOD 1981 TO 2010
CLIMATE RECORD PERIOD 1886 TO 2018


WEATHER ITEM   OBSERVED TIME   RECORD YEAR NORMAL DEPARTURE LAST
                VALUE   (LST)  VALUE       VALUE  FROM      YEAR
                                                  NORMAL
..................................................................
TEMPERATURE (F)
 YESTERDAY
  MAXIMUM         38    127 PM  53    1930  31      7       43
  MINIMUM         30   1217 AM -24    1889  15     15       34
  AVERAGE         34                        23     11       39

PRECIPITATION (IN)
  YESTERDAY        0.14          1.06 1959   0.05   0.09      T
  MONTH TO DATE    0.92                      0.86   0.06     0.23
  SINCE DEC 1      3.25                      3.50  -0.25     4.91
  SINCE JAN 1      1.96                      1.99  -0.03     2.66

SNOWFALL (IN)
  YESTERDAY        T             9.0  1959   0.4   -0.4       T
  MONTH TO DATE    6.7                       8.2   -1.5       T
  SINCE DEC 1     23.8                      34.3  -10.5     37.7
  SINCE JUL 1     24.4                      38.5  -14.1     38.6
  SNOW DEPTH       0

DEGREE DAYS
 HEATING
  YESTERDAY       31                        42    -11       26
  MONTH TO DATE 1079                      1045     34      804
  SINCE DEC 1   3896                      3894      2     3335
  SINCE JUL 1   5312                      5634   -322     4397

 COOLING
  YESTERDAY        0                         0      0        0
  MONTH TO DATE    0                         0      0        0
  SINCE DEC 1      0                         0      0        0
  SINCE JAN 1      0                         0      0        0
..................................................................


WIND (MPH)
  HIGHEST WIND SPEED    22   HIGHEST WIND DIRECTION     W (280)
  HIGHEST GUST SPEED    26   HIGHEST GUST DIRECTION     W (270)
  AVERAGE WIND SPEED    12.0


SKY COVER
  POSSIBLE SUNSHINE  MM
  AVERAGE SKY COVER 1.0


WEATHER CONDITIONS
 THE FOLLOWING WEATHER WAS RECORDED YESTERDAY.
  RAIN
  LIGHT RAIN
  FREEZING RAIN
  LT FREEZING RAIN
  LIGHT SNOW
  FOG


RELATIVE HUMIDITY (PERCENT)
 HIGHEST    96           700 AM
 LOWEST     63          1000 PM
 AVERAGE    80

..........................................................


THE GREEN BAY WI CLIMATE NORMALS FOR TODAY
                         NORMAL    RECORD    YEAR
 MAXIMUM TEMPERATURE (F)   31        53      1930
 MINIMUM TEMPERATURE (F)   15       -21      1889


SUNRISE AND SUNSET
FEBRUARY 24 2018......SUNRISE   638 AM CST   SUNSET   534 PM CST
FEBRUARY 25 2018......SUNRISE   637 AM CST   SUNSET   535 PM CST


-  INDICATES NEGATIVE NUMBERS.
R  INDICATES RECORD WAS SET OR TIED.
MM INDICATES DATA IS MISSING.
T  INDICATES TRACE AMOUNT.




$$
