000
CDUS43 KGRB 230642
CLIGRB


CLIMATE REPORT
NATIONAL WEATHER SERVICE GREEN BAY
141 AM CDT TUE SEP 23 2014


...................................

...THE GREEN BAY WI CLIMATE SUMMARY FOR SEPTEMBER 22 2014...

CLIMATE NORMAL PERIOD 1981 TO 2010
CLIMATE RECORD PERIOD 1886 TO 2014


WEATHER ITEM   OBSERVED TIME   RECORD YEAR NORMAL DEPARTURE LAST
                VALUE   (LST)  VALUE       VALUE  FROM      YEAR
                                                  NORMAL
..................................................................
TEMPERATURE (F)
 YESTERDAY
  MAXIMUM         69    307 PM  93    1895  67      2       56
  MINIMUM         37    549 AM  27    1974  46     -9       37
  AVERAGE         53                        57     -4       47

PRECIPITATION (IN)
  YESTERDAY        0.00          2.04 1959   0.10  -0.10     0.00
  MONTH TO DATE    4.57                      2.25   2.32     2.67
  SINCE SEP 1      4.57                      2.25   2.32     2.67
  SINCE JAN 1     25.29                     22.65   2.64    26.66

SNOWFALL (IN)
  YESTERDAY        0.0           T    1995   0.0    0.0      0.0
  MONTH TO DATE    0.0                       0.0    0.0      0.0
  SINCE SEP 1      0.0                       0.0    0.0      0.0
  SINCE JUL 1      0.0                       0.0    0.0      0.0
  SNOW DEPTH       0

DEGREE DAYS
 HEATING
  YESTERDAY       12                         9      3       18
  MONTH TO DATE  153                       122     31      116
  SINCE SEP 1    153                       122     31      116
  SINCE JUL 1    182                       185     -3      156

 COOLING
  YESTERDAY        0                         1     -1        0
  MONTH TO DATE   18                        32    -14       54
  SINCE SEP 1     18                        32    -14       54
  SINCE JAN 1    361                       394    -33      532
..................................................................


WIND (MPH)
  HIGHEST WIND SPEED    16   HIGHEST WIND DIRECTION     W (280)
  HIGHEST GUST SPEED    20   HIGHEST GUST DIRECTION     W (270)
  AVERAGE WIND SPEED     4.7


SKY COVER
  POSSIBLE SUNSHINE  MM
  AVERAGE SKY COVER 0.1


WEATHER CONDITIONS
 THE FOLLOWING WEATHER WAS RECORDED YESTERDAY.
  NO SIGNIFICANT WEATHER WAS OBSERVED.


RELATIVE HUMIDITY (PERCENT)
 HIGHEST   100           500 AM
 LOWEST     45          1200 PM
 AVERAGE    73

..........................................................


THE GREEN BAY WI CLIMATE NORMALS FOR TODAY
                         NORMAL    RECORD    YEAR
 MAXIMUM TEMPERATURE (F)   67        90      1937
                                             1891
 MINIMUM TEMPERATURE (F)   45        27      1974


SUNRISE AND SUNSET
SEPTEMBER 23 2014.....SUNRISE   641 AM CDT   SUNSET   648 PM CDT
SEPTEMBER 24 2014.....SUNRISE   642 AM CDT   SUNSET   646 PM CDT


-  INDICATES NEGATIVE NUMBERS.
R  INDICATES RECORD WAS SET OR TIED.
MM INDICATES DATA IS MISSING.
T  INDICATES TRACE AMOUNT.




$$
