650
CDUS43 KGID 160629
CLIGRI


CLIMATE REPORT
NATIONAL WEATHER SERVICE HASTINGS NE
1228 AM CST TUE JAN 16 2018


...................................

...THE GRAND ISLAND NE CLIMATE SUMMARY FOR JANUARY 15 2018...

CLIMATE NORMAL PERIOD 1981 TO 2010
CLIMATE RECORD PERIOD 1895 TO 2018


WEATHER ITEM   OBSERVED TIME   RECORD YEAR NORMAL DEPARTURE LAST
                VALUE   (LST)  VALUE       VALUE  FROM      YEAR
                                                  NORMAL
..................................................................
TEMPERATURE (F)
 YESTERDAY
  MAXIMUM         24   1229 AM  70    2006  36    -12       30
  MINIMUM         -1   1159 PM -14    2005  14    -15       26
  AVERAGE         12                        25    -13       28

PRECIPITATION (IN)
  YESTERDAY        T             0.30 1906   0.02  -0.02     0.18
  MONTH TO DATE    0.19                      0.24  -0.05     0.32
  SINCE DEC 1      0.64                      0.87  -0.23     1.13
  SINCE JAN 1      0.19                      0.24  -0.05     0.32

SNOWFALL (IN)
  YESTERDAY        T             3.0  2003   0.2   -0.2      0.0
                                      1906
  MONTH TO DATE    2.8                       2.8    0.0      1.7
  SINCE DEC 1     10.0                       7.9    2.1      3.1
  SINCE JUL 1     11.1                      12.1   -1.0      3.5
  SNOW DEPTH       1

DEGREE DAYS
 HEATING
  YESTERDAY       53                        40     13       37
  MONTH TO DATE  702                       600    102      698
  SINCE DEC 1   1887                      1789     98     1899
  SINCE JUL 1   3036                      3119    -83     2819

 COOLING
  YESTERDAY        0                         0      0        0
  MONTH TO DATE    0                         0      0        0
  SINCE DEC 1      0                         0      0        0
  SINCE JAN 1      0                         0      0        0
..................................................................


WIND (MPH)
  HIGHEST WIND SPEED    30   HIGHEST WIND DIRECTION     N (340)
  HIGHEST GUST SPEED    37   HIGHEST GUST DIRECTION     N (340)
  AVERAGE WIND SPEED    21.4


SKY COVER
  AVERAGE SKY COVER 0.3


WEATHER CONDITIONS
 THE FOLLOWING WEATHER WAS RECORDED YESTERDAY.
  LIGHT SNOW
  HAZE


RELATIVE HUMIDITY (PERCENT)
 HIGHEST    84           100 AM
 LOWEST     63           400 PM
 AVERAGE    74

..........................................................


THE GRAND ISLAND NE CLIMATE NORMALS FOR TODAY
                         NORMAL    RECORD    YEAR
 MAXIMUM TEMPERATURE (F)   36        69      1938
 MINIMUM TEMPERATURE (F)   14       -18      1930


SUNRISE AND SUNSET
JANUARY 16 2018.......SUNRISE   755 AM CST   SUNSET   531 PM CST
JANUARY 17 2018.......SUNRISE   755 AM CST   SUNSET   532 PM CST


-  INDICATES NEGATIVE NUMBERS.
R  INDICATES RECORD WAS SET OR TIED.
MM INDICATES DATA IS MISSING.
T  INDICATES TRACE AMOUNT.




$$
