000
CDUS43 KGID 010629
CLIGRI


CLIMATE REPORT
NATIONAL WEATHER SERVICE HASTINGS NE
126 AM CDT SAT OCT 1 2016


...................................

...THE GRAND ISLAND NE CLIMATE SUMMARY FOR SEPTEMBER 30 2016...

CLIMATE NORMAL PERIOD 1981 TO 2010
CLIMATE RECORD PERIOD 1895 TO 2016


WEATHER ITEM   OBSERVED TIME   RECORD YEAR NORMAL DEPARTURE LAST
                VALUE   (LST)  VALUE       VALUE  FROM      YEAR
                                                  NORMAL
..................................................................
TEMPERATURE (F)
 YESTERDAY
  MAXIMUM         70    214 PM  94    1952  72     -2       72
  MINIMUM         39    454 AM  20    1920  46     -7       47
  AVERAGE         55                        59     -4       60

PRECIPITATION (IN)
  YESTERDAY        0.00          0.68 1907   0.06  -0.06     0.00
  MONTH TO DATE    2.53                      2.23   0.30     3.33
  SINCE SEP 1      2.53                      2.23   0.30     3.33
  SINCE JAN 1     21.93                     23.00  -1.07    19.98

SNOWFALL (IN)
  YESTERDAY        0.0           T    1961   0.0    0.0      0.0
  MONTH TO DATE    0.0                       0.1   -0.1      0.0
  SINCE SEP 1      0.0                       0.1   -0.1      0.0
  SINCE JUL 1      0.0                       0.1   -0.1      0.0
  SNOW DEPTH       0

DEGREE DAYS
 HEATING
  YESTERDAY       10                         7      3        5
  MONTH TO DATE   65                       105    -40       24
  SINCE SEP 1     65                       105    -40       24
  SINCE JUL 1     72                       115    -43       37

 COOLING
  YESTERDAY        0                         1     -1        0
  MONTH TO DATE  127                       109     18      201
  SINCE SEP 1    127                       109     18      201
  SINCE JAN 1   1141                      1023    118     1023
..................................................................


WIND (MPH)
  HIGHEST WIND SPEED    12   HIGHEST WIND DIRECTION     S (160)
  HIGHEST GUST SPEED    15   HIGHEST GUST DIRECTION     S (160)
  AVERAGE WIND SPEED     3.6


SKY COVER
  AVERAGE SKY COVER 0.0


WEATHER CONDITIONS
 THE FOLLOWING WEATHER WAS RECORDED YESTERDAY.
  FOG


RELATIVE HUMIDITY (PERCENT)
 HIGHEST   100           500 AM
 LOWEST     37           100 PM
 AVERAGE    69

..........................................................


THE GRAND ISLAND NE CLIMATE NORMALS FOR TODAY
                         NORMAL    RECORD    YEAR
 MAXIMUM TEMPERATURE (F)   71        92      1963
                                             1951
 MINIMUM TEMPERATURE (F)   45        28      1985


SUNRISE AND SUNSET
OCTOBER  1 2016.......SUNRISE   730 AM CDT   SUNSET   714 PM CDT
OCTOBER  2 2016.......SUNRISE   731 AM CDT   SUNSET   713 PM CDT


-  INDICATES NEGATIVE NUMBERS.
R  INDICATES RECORD WAS SET OR TIED.
MM INDICATES DATA IS MISSING.
T  INDICATES TRACE AMOUNT.




$$
