225
CDUS43 KGID 190623
CLIGRI


CLIMATE REPORT
NATIONAL WEATHER SERVICE HASTINGS NE
123 AM CDT TUE SEP 19 2017


...................................

...THE GRAND ISLAND NE CLIMATE SUMMARY FOR SEPTEMBER 18 2017...

CLIMATE NORMAL PERIOD 1981 TO 2010
CLIMATE RECORD PERIOD 1895 TO 2017


WEATHER ITEM   OBSERVED TIME   RECORD YEAR NORMAL DEPARTURE LAST
                VALUE   (LST)  VALUE       VALUE  FROM      YEAR
                                                  NORMAL
..................................................................
TEMPERATURE (F)
 YESTERDAY
  MAXIMUM         78    455 PM 102    1925  77      1       86
  MINIMUM         59    542 AM  29    1902  51      8       54
                                      1901
  AVERAGE         69                        64      5       70

PRECIPITATION (IN)
  YESTERDAY        0.52          3.36 1905   0.07   0.45     0.00
  MONTH TO DATE    0.81                      1.37  -0.56     2.32
  SINCE SEP 1      0.81                      1.37  -0.56     2.32
  SINCE JAN 1     22.20                     22.14   0.06    21.72

SNOWFALL (IN)
  YESTERDAY        0.0                       0.0    0.0      0.0
  MONTH TO DATE    0.0                       0.0    0.0      0.0
  SINCE SEP 1      0.0                       0.0    0.0      0.0
  SINCE JUL 1      0.0                       0.0    0.0      0.0
  SNOW DEPTH       0

DEGREE DAYS
 HEATING
  YESTERDAY        0                         4     -4        0
  MONTH TO DATE   28                        38    -10       23
  SINCE SEP 1     28                        38    -10       23
  SINCE JUL 1     32                        48    -16       30

 COOLING
  YESTERDAY        4                         3      1        5
  MONTH TO DATE   95                        86      9       79
  SINCE SEP 1     95                        86      9       79
  SINCE JAN 1   1006                      1000      6     1093
..................................................................


WIND (MPH)
  HIGHEST WIND SPEED    14   HIGHEST WIND DIRECTION    SE (150)
  HIGHEST GUST SPEED    17   HIGHEST GUST DIRECTION    SE (150)
  AVERAGE WIND SPEED     5.6


SKY COVER
  AVERAGE SKY COVER 0.6


WEATHER CONDITIONS
 THE FOLLOWING WEATHER WAS RECORDED YESTERDAY.
  THUNDERSTORM
  HEAVY RAIN
  RAIN
  LIGHT RAIN
  FOG
  FOG W/VISIBILITY <= 1/4 MILE


RELATIVE HUMIDITY (PERCENT)
 HIGHEST   100           100 AM
 LOWEST     62           500 PM
 AVERAGE    81

..........................................................


THE GRAND ISLAND NE CLIMATE NORMALS FOR TODAY
                         NORMAL    RECORD    YEAR
 MAXIMUM TEMPERATURE (F)   77        97      1998
                                             1980
                                             1948
 MINIMUM TEMPERATURE (F)   51        27      1991


SUNRISE AND SUNSET
SEPTEMBER 19 2017.....SUNRISE   718 AM CDT   SUNSET   735 PM CDT
SEPTEMBER 20 2017.....SUNRISE   719 AM CDT   SUNSET   733 PM CDT


-  INDICATES NEGATIVE NUMBERS.
R  INDICATES RECORD WAS SET OR TIED.
MM INDICATES DATA IS MISSING.
T  INDICATES TRACE AMOUNT.




$$
