000
CDUS43 KGID 210633
CLIGRI


CLIMATE REPORT
NATIONAL WEATHER SERVICE HASTINGS NE
132 AM CDT FRI JUL 21 2017


...................................

...THE GRAND ISLAND NE CLIMATE SUMMARY FOR JULY 20 2017...

CLIMATE NORMAL PERIOD 1981 TO 2010
CLIMATE RECORD PERIOD 1895 TO 2017


WEATHER ITEM   OBSERVED TIME   RECORD YEAR NORMAL DEPARTURE LAST
                VALUE   (LST)  VALUE       VALUE  FROM      YEAR
                                                  NORMAL
..................................................................
TEMPERATURE (F)
 YESTERDAY
  MAXIMUM         91    241 PM 111    1934  88      3       97
  MINIMUM         73    517 AM  49    1900  65      8       72
  AVERAGE         82                        76      6       85

PRECIPITATION (IN)
  YESTERDAY        0.00          1.32 2010   0.11  -0.11     0.00
  MONTH TO DATE    2.37                      2.25   0.12     2.20
  SINCE JUN 1      4.47                      6.55  -2.08     2.25
  SINCE JAN 1     14.52                     16.50  -1.98    16.93

SNOWFALL (IN)
  YESTERDAY        0.0                       0.0    0.0      0.0
  MONTH TO DATE    0.0                       0.0    0.0      0.0
  SINCE JUN 1      0.0                       0.0    0.0      0.0
  SINCE JUL 1      0.0                       0.0    0.0      0.0
  SNOW DEPTH       0

DEGREE DAYS
 HEATING
  YESTERDAY        0                         0      0        0
  MONTH TO DATE    0                         0      0        6
  SINCE JUN 1      3                        24    -21        6
  SINCE JUL 1      0                         0      0        6

 COOLING
  YESTERDAY       17                        12      5       20
  MONTH TO DATE  276                       229     47      213
  SINCE JUN 1    568                       442    126      562
  SINCE JAN 1    618                       507    111      596
..................................................................


WIND (MPH)
  HIGHEST WIND SPEED    15   HIGHEST WIND DIRECTION    SE (140)
  HIGHEST GUST SPEED    19   HIGHEST GUST DIRECTION    SW (210)
  AVERAGE WIND SPEED     8.1


SKY COVER
  AVERAGE SKY COVER 0.0


WEATHER CONDITIONS
 THE FOLLOWING WEATHER WAS RECORDED YESTERDAY.
  NO SIGNIFICANT WEATHER WAS OBSERVED.


RELATIVE HUMIDITY (PERCENT)
 HIGHEST    87           400 AM
 LOWEST     59          1200 PM
 AVERAGE    73

..........................................................


THE GRAND ISLAND NE CLIMATE NORMALS FOR TODAY
                         NORMAL    RECORD    YEAR
 MAXIMUM TEMPERATURE (F)   88       110      1934
 MINIMUM TEMPERATURE (F)   65        48      1970


SUNRISE AND SUNSET
JULY 21 2017..........SUNRISE   619 AM CDT   SUNSET   859 PM CDT
JULY 22 2017..........SUNRISE   620 AM CDT   SUNSET   859 PM CDT


-  INDICATES NEGATIVE NUMBERS.
R  INDICATES RECORD WAS SET OR TIED.
MM INDICATES DATA IS MISSING.
T  INDICATES TRACE AMOUNT.

$$

KELLEY
