000
CDUS43 KGID 280626
CLIGRI


CLIMATE REPORT
NATIONAL WEATHER SERVICE HASTINGS NE
125 AM CDT SAT MAR 28 2015


...................................

...THE GRAND ISLAND NE CLIMATE SUMMARY FOR MARCH 27 2015...

CLIMATE NORMAL PERIOD 1981 TO 2010
CLIMATE RECORD PERIOD 1895 TO 2015


WEATHER ITEM   OBSERVED TIME   RECORD YEAR NORMAL DEPARTURE LAST
                VALUE   (LST)  VALUE       VALUE  FROM      YEAR
                                                  NORMAL
..................................................................
TEMPERATURE (F)
 YESTERDAY
  MAXIMUM         43    551 PM  90    1907  56    -13       45
  MINIMUM         20    655 AM   7    1913  31    -11       29
  AVERAGE         32                        44    -12       37

PRECIPITATION (IN)
  YESTERDAY        0.01          1.57 1998   0.07  -0.06     0.06
  MONTH TO DATE    0.16                      1.49  -1.33     0.19
  SINCE MAR 1      0.16                      1.49  -1.33     0.19
  SINCE JAN 1      1.33                      2.70  -1.37     0.84

SNOWFALL (IN)
  YESTERDAY        T             6.0  1931   0.2   -0.2       T
  MONTH TO DATE    0.6                       4.8   -4.2      1.2
  SINCE MAR 1      0.6                       4.8   -4.2      1.2
  SINCE JUL 1     23.5                      26.9   -3.4     14.7
  SNOW DEPTH       0

DEGREE DAYS
 HEATING
  YESTERDAY       33                        22     11       28
  MONTH TO DATE  596                       713   -117      781
  SINCE MAR 1    596                       713   -117      781
  SINCE JUL 1   5333                      5474   -141     5616

 COOLING
  YESTERDAY        0                         0      0        0
  MONTH TO DATE    0                         0      0        0
  SINCE MAR 1      0                         0      0        0
  SINCE JAN 1      0                         0      0        0
..................................................................


WIND (MPH)
  HIGHEST WIND SPEED    18   HIGHEST WIND DIRECTION     S (170)
  HIGHEST GUST SPEED    23   HIGHEST GUST DIRECTION     S (180)
  AVERAGE WIND SPEED     8.4


SKY COVER
  AVERAGE SKY COVER 0.3


WEATHER CONDITIONS
 THE FOLLOWING WEATHER WAS RECORDED YESTERDAY.
  LIGHT SNOW
  HAZE


RELATIVE HUMIDITY (PERCENT)
 HIGHEST    92           600 AM
 LOWEST     49           500 PM
 AVERAGE    71

..........................................................


THE GRAND ISLAND NE CLIMATE NORMALS FOR TODAY
                         NORMAL    RECORD    YEAR
 MAXIMUM TEMPERATURE (F)   56        89      1986
 MINIMUM TEMPERATURE (F)   31         6      1926


SUNRISE AND SUNSET
MARCH 28 2015.........SUNRISE   724 AM CDT   SUNSET   754 PM CDT
MARCH 29 2015.........SUNRISE   722 AM CDT   SUNSET   755 PM CDT


-  INDICATES NEGATIVE NUMBERS.
R  INDICATES RECORD WAS SET OR TIED.
MM INDICATES DATA IS MISSING.
T  INDICATES TRACE AMOUNT.




$$
