000
CDUS43 KGID 262222
CLIGRI


CLIMATE REPORT
NATIONAL WEATHER SERVICE HASTINGS NE
522 PM CDT SUN MAR 26 2017


...................................

...THE GRAND ISLAND NE CLIMATE SUMMARY FOR MARCH 26 2017...
VALID TODAY AS OF 0500 PM LOCAL TIME.

CLIMATE NORMAL PERIOD 1981 TO 2010
CLIMATE RECORD PERIOD 1895 TO 2017


WEATHER ITEM   OBSERVED TIME   RECORD YEAR NORMAL DEPARTURE LAST
                VALUE   (LST)  VALUE       VALUE  FROM      YEAR
                                                  NORMAL
..................................................................
TEMPERATURE (F)
 TODAY
  MAXIMUM         51    326 PM  90    1907  56     -5       46
  MINIMUM         38    749 AM  -3    1965  31      7       25
  AVERAGE         45                        43      2       36

PRECIPITATION (IN)
  TODAY            0.00          1.05 1983   0.07  -0.07     0.07
  MONTH TO DATE    0.39                      1.42  -1.03     0.46
  SINCE MAR 1      0.39                      1.42  -1.03     0.46
  SINCE JAN 1      1.71                      2.63  -0.92     2.64

SNOWFALL (IN)
  TODAY            0.0           8.6  1983   0.1   -0.1       T
  MONTH TO DATE    1.2                       4.6   -3.4      2.6
  SINCE MAR 1      1.2                       4.6   -3.4      2.6
  SINCE JUL 1      8.9                      26.7  -17.8     33.8
  SNOW DEPTH       0

DEGREE DAYS
 HEATING
  TODAY           20                        22     -2       29
  MONTH TO DATE  586                       691   -105      505
  SINCE MAR 1    586                       691   -105      505
  SINCE JUL 1   4652                      5452   -800     4503

 COOLING
  TODAY            0                         0      0        0
  MONTH TO DATE    0                         0      0        0
  SINCE MAR 1      0                         0      0        0
  SINCE JAN 1      0                         0      0        0
..................................................................


WIND (MPH)
  HIGHEST WIND SPEED     9   HIGHEST WIND DIRECTION    NE (50)
  HIGHEST GUST SPEED    12   HIGHEST GUST DIRECTION    NE (50)
  AVERAGE WIND SPEED     3.7


SKY COVER
  POSSIBLE SUNSHINE  MM
  AVERAGE SKY COVER 1.0


WEATHER CONDITIONS
 THE FOLLOWING WEATHER WAS RECORDED TODAY.
  FOG


RELATIVE HUMIDITY (PERCENT)
 HIGHEST   100          1200 AM
 LOWEST     80           100 PM
 AVERAGE    90

..........................................................


THE GRAND ISLAND NE CLIMATE NORMALS FOR TOMORROW
                         NORMAL    RECORD    YEAR
 MAXIMUM TEMPERATURE (F)   56        90      1907
 MINIMUM TEMPERATURE (F)   31         7      1913


SUNRISE AND SUNSET
MARCH 26 2017.........SUNRISE   726 AM CDT   SUNSET   752 PM CDT
MARCH 27 2017.........SUNRISE   724 AM CDT   SUNSET   753 PM CDT


-  INDICATES NEGATIVE NUMBERS.
R  INDICATES RECORD WAS SET OR TIED.
MM INDICATES DATA IS MISSING.
T  INDICATES TRACE AMOUNT.




$$
