000
CDUS43 KGID 290631
CLIGRI


CLIMATE REPORT
NATIONAL WEATHER SERVICE HASTINGS NE
131 AM CDT MON AUG 29 2016


...................................

...THE GRAND ISLAND NE CLIMATE SUMMARY FOR AUGUST 28 2016...

CLIMATE NORMAL PERIOD 1981 TO 2010
CLIMATE RECORD PERIOD 1895 TO 2016


WEATHER ITEM   OBSERVED TIME   RECORD YEAR NORMAL DEPARTURE LAST
                VALUE   (LST)  VALUE       VALUE  FROM      YEAR
                                                  NORMAL
..................................................................
TEMPERATURE (F)
 YESTERDAY
  MAXIMUM         90    402 PM 106    1913  84      6       78
  MINIMUM         68   1159 PM  42    1917  60      8       61
                                      1911
  AVERAGE         79                        72      7       70

PRECIPITATION (IN)
  YESTERDAY        0.01          1.20 1907   0.09  -0.08     0.00
  MONTH TO DATE    0.45                      2.86  -2.41     1.24
  SINCE JUN 1      4.60                     10.56  -5.96     9.49
  SINCE JAN 1     19.28                     20.51  -1.23    16.65

SNOWFALL (IN)
  YESTERDAY        0.0                       0.0    0.0      0.0
  MONTH TO DATE    0.0                       0.0    0.0      0.0
  SINCE JUN 1      0.0                       0.0    0.0      0.0
  SINCE JUL 1      0.0                       0.0    0.0      0.0
  SNOW DEPTH       0

DEGREE DAYS
 HEATING
  YESTERDAY        0                         1     -1        0
  MONTH TO DATE    1                         1      0        8
  SINCE JUN 1      7                        27    -20       18
  SINCE JUL 1      7                         3      4       13

 COOLING
  YESTERDAY       14                         8      6        5
  MONTH TO DATE  252                       266    -14      221
  SINCE JUN 1    958                       828    130      774
  SINCE JAN 1    992                       893     99      801
..................................................................


WIND (MPH)
  HIGHEST WIND SPEED    18   HIGHEST WIND DIRECTION     S (170)
  HIGHEST GUST SPEED    23   HIGHEST GUST DIRECTION    SE (140)
  AVERAGE WIND SPEED     9.6


SKY COVER
  AVERAGE SKY COVER 0.1


WEATHER CONDITIONS
 THE FOLLOWING WEATHER WAS RECORDED YESTERDAY.
  LIGHT RAIN


RELATIVE HUMIDITY (PERCENT)
 HIGHEST    93           400 AM
 LOWEST     41           100 PM
 AVERAGE    67

..........................................................


THE GRAND ISLAND NE CLIMATE NORMALS FOR TODAY
                         NORMAL    RECORD    YEAR
 MAXIMUM TEMPERATURE (F)   84       102      1945
 MINIMUM TEMPERATURE (F)   60        40      1946


SUNRISE AND SUNSET
AUGUST 29 2016........SUNRISE   658 AM CDT   SUNSET   810 PM CDT
AUGUST 30 2016........SUNRISE   659 AM CDT   SUNSET   808 PM CDT


-  INDICATES NEGATIVE NUMBERS.
R  INDICATES RECORD WAS SET OR TIED.
MM INDICATES DATA IS MISSING.
T  INDICATES TRACE AMOUNT.




$$
