000
CDUS43 KGID 210704
CLIGRI


CLIMATE REPORT
NATIONAL WEATHER SERVICE HASTINGS NE
203 AM CDT TUE OCT 21 2014


...................................

...THE GRAND ISLAND NE CLIMATE SUMMARY FOR OCTOBER 20 2014...

CLIMATE NORMAL PERIOD 1981 TO 2010
CLIMATE RECORD PERIOD 1895 TO 2014


WEATHER ITEM   OBSERVED TIME   RECORD YEAR NORMAL DEPARTURE LAST
                VALUE   (LST)  VALUE       VALUE  FROM      YEAR
                                                  NORMAL
..................................................................
TEMPERATURE (F)
 YESTERDAY
  MAXIMUM         76    400 PM  93    1947  63     13       65
  MINIMUM         40    705 AM  12    1916  38      2       34
  AVERAGE         58                        51      7       50

PRECIPITATION (IN)
  YESTERDAY        0.00          2.18 1904   0.06  -0.06     0.00
  MONTH TO DATE    0.52                      1.31  -0.79     3.64
  SINCE SEP 1      3.55                      3.54   0.01     6.02
  SINCE JAN 1     25.75                     24.31   1.44    25.43

SNOWFALL (IN)
  YESTERDAY        0.0           1.0  1916   0.0    0.0      0.0
  MONTH TO DATE    0.0                       0.4   -0.4      0.0
  SINCE SEP 1      0.0                       0.5   -0.5      0.0
  SINCE JUL 1      0.0                       0.5   -0.5      0.0
  SNOW DEPTH       0

DEGREE DAYS
 HEATING
  YESTERDAY        7                        14     -7       15
  MONTH TO DATE  192                       222    -30      196
  SINCE SEP 1    294                       327    -33      217
  SINCE JUL 1    298                       337    -39      220

 COOLING
  YESTERDAY        0                         0      0        0
  MONTH TO DATE    4                        10     -6       15
  SINCE SEP 1    101                       119    -18      202
  SINCE JAN 1   1031                      1033     -2     1265
..................................................................


WIND (MPH)
  HIGHEST WIND SPEED     9   HIGHEST WIND DIRECTION     S (170)
  HIGHEST GUST SPEED    12   HIGHEST GUST DIRECTION     E (100)
  AVERAGE WIND SPEED     4.7


SKY COVER
  AVERAGE SKY COVER 0.0


WEATHER CONDITIONS
 THE FOLLOWING WEATHER WAS RECORDED YESTERDAY.
  NO SIGNIFICANT WEATHER WAS OBSERVED.


RELATIVE HUMIDITY (PERCENT)
 HIGHEST    93           100 AM
 LOWEST     27           300 PM
 AVERAGE    60

..........................................................


THE GRAND ISLAND NE CLIMATE NORMALS FOR TODAY
                         NORMAL    RECORD    YEAR
 MAXIMUM TEMPERATURE (F)   63        90      1947
 MINIMUM TEMPERATURE (F)   38        14      1936


SUNRISE AND SUNSET
OCTOBER 21 2014.......SUNRISE   751 AM CDT   SUNSET   644 PM CDT
OCTOBER 22 2014.......SUNRISE   752 AM CDT   SUNSET   642 PM CDT


-  INDICATES NEGATIVE NUMBERS.
R  INDICATES RECORD WAS SET OR TIED.
MM INDICATES DATA IS MISSING.
T  INDICATES TRACE AMOUNT.




$$
