955
CDUS43 KGID 192334
CLIGRI


CLIMATE REPORT
NATIONAL WEATHER SERVICE HASTINGS NE
531 PM CST SUN NOV 19 2017


...................................

...THE GRAND ISLAND NE CLIMATE SUMMARY FOR NOVEMBER 19 2017...
VALID TODAY AS OF 0500 PM LOCAL TIME.

CLIMATE NORMAL PERIOD 1981 TO 2010
CLIMATE RECORD PERIOD 1895 TO 2017


WEATHER ITEM   OBSERVED TIME   RECORD YEAR NORMAL DEPARTURE LAST
                VALUE   (LST)  VALUE       VALUE  FROM      YEAR
                                                  NORMAL
..................................................................
TEMPERATURE (F)
 TODAY
  MAXIMUM         56    413 PM  79    2007  47      9       42
  MINIMUM         25    652 AM   4    1914  25      0       20
  AVERAGE         41                        36      5       31

PRECIPITATION (IN)
  TODAY            0.00          1.51 1975   0.04  -0.04     0.00
  MONTH TO DATE    0.51                      0.78  -0.27     0.84
  SINCE SEP 1      8.55                      4.87   3.68     3.49
  SINCE JAN 1     29.94                     25.64   4.30    22.89

SNOWFALL (IN)
  TODAY            0.0           4.4  1948   0.1   -0.1      0.0
  MONTH TO DATE    0.2                       1.6   -1.4      0.4
  SINCE SEP 1      1.1                       2.7   -1.6      0.4
  SINCE JUL 1      1.1                       2.7   -1.6      0.4
  SNOW DEPTH       0

DEGREE DAYS
 HEATING
  TODAY           24                        29     -5       34
  MONTH TO DATE  491                       457     34      290
  SINCE SEP 1    925                       970    -45      611
  SINCE JUL 1    929                       980    -51      618

 COOLING
  TODAY            0                         0      0        0
  MONTH TO DATE    0                         0      0        0
  SINCE SEP 1    151                       120     31      132
  SINCE JAN 1   1062                      1034     28     1146
..................................................................


WIND (MPH)
  HIGHEST WIND SPEED    22   HIGHEST WIND DIRECTION    SW (240)
  HIGHEST GUST SPEED    27   HIGHEST GUST DIRECTION    SW (240)
  AVERAGE WIND SPEED     9.7


SKY COVER
  POSSIBLE SUNSHINE  MM
  AVERAGE SKY COVER 0.0


WEATHER CONDITIONS
 THE FOLLOWING WEATHER WAS RECORDED TODAY.
  NO SIGNIFICANT WEATHER WAS OBSERVED.


RELATIVE HUMIDITY (PERCENT)
 HIGHEST    92           400 AM
 LOWEST     30           300 PM
 AVERAGE    61

..........................................................


THE GRAND ISLAND NE CLIMATE NORMALS FOR TOMORROW
                         NORMAL    RECORD    YEAR
 MAXIMUM TEMPERATURE (F)   47        74      2003
 MINIMUM TEMPERATURE (F)   25         0      1964


SUNRISE AND SUNSET
NOVEMBER 19 2017......SUNRISE   726 AM CST   SUNSET   511 PM CST
NOVEMBER 20 2017......SUNRISE   727 AM CST   SUNSET   511 PM CST


-  INDICATES NEGATIVE NUMBERS.
R  INDICATES RECORD WAS SET OR TIED.
MM INDICATES DATA IS MISSING.
T  INDICATES TRACE AMOUNT.




$$

Thies
