000
CDUS43 KGRR 010518
CLIGRR


CLIMATE REPORT
NATIONAL WEATHER SERVICE GRAND RAPIDS, MI
118 AM EDT MON SEP 1 2014


...................................

...THE GRAND RAPIDS MI CLIMATE SUMMARY FOR AUGUST 31 2014...

CLIMATE NORMAL PERIOD 1981 TO 2010
CLIMATE RECORD PERIOD 1892 TO 2014


WEATHER ITEM   OBSERVED TIME   RECORD YEAR NORMAL DEPARTURE LAST
                VALUE   (LST)  VALUE       VALUE  FROM      YEAR
                                                  NORMAL
..................................................................
TEMPERATURE (F)
 YESTERDAY
  MAXIMUM         84    357 PM  97    1953  79      5       80
  MINIMUM         67   1159 PM  43    1967  58      9       66
                                      1915
  AVERAGE         76                        68      8       73

PRECIPITATION (IN)
  YESTERDAY        0.00          1.02 1975   0.13  -0.13     0.00
  MONTH TO DATE    3.68                      3.59   0.09     1.90
  SINCE JUN 1     13.25                     11.14   2.11     9.63
  SINCE JAN 1     26.52                     24.72   1.80    32.32

SNOWFALL (IN)
  YESTERDAY        0.0           0.0    MM   0.0    0.0      0.0
  MONTH TO DATE    0.0                       0.0    0.0      0.0
  SINCE JUN 1      0.0                       0.0    0.0      0.0
  SINCE JUL 1      0.0                       0.0    0.0      0.0
  SNOW DEPTH       0

DEGREE DAYS
 HEATING
  YESTERDAY        0                         1     -1        0
  MONTH TO DATE   10                         9      1       15
  SINCE JUN 1     32                        65    -33       66
  SINCE JUL 1     19                        20     -1       26

 COOLING
  YESTERDAY       11                         5      6        8
  MONTH TO DATE  204                       194     10      181
  SINCE JUN 1    507                       578    -71      588
  SINCE JAN 1    560                       625    -65      670
..................................................................


WIND (MPH)
  RESULTANT WIND SPEED   5   RESULTANT WIND DIRECTION  SW (230)
  HIGHEST WIND SPEED    14   HIGHEST WIND DIRECTION    SW (240)
  HIGHEST GUST SPEED    17   HIGHEST GUST DIRECTION     W (250)
  AVERAGE WIND SPEED     6.9


SKY COVER
  POSSIBLE SUNSHINE  67 PERCENT
  AVERAGE SKY COVER 0.6


WEATHER CONDITIONS
 THE FOLLOWING WEATHER WAS RECORDED YESTERDAY.
  FOG


RELATIVE HUMIDITY (PERCENT)
 HIGHEST   100           100 AM
 LOWEST     58           500 PM
 AVERAGE    79

..........................................................


THE GRAND RAPIDS MI CLIMATE NORMALS FOR TODAY
                         NORMAL    RECORD    YEAR
 MAXIMUM TEMPERATURE (F)   78        97      1953
 MINIMUM TEMPERATURE (F)   58        40      1896


SUNRISE AND SUNSET
SEPTEMBER  1 2014.....SUNRISE   707 AM EDT   SUNSET   817 PM EDT
SEPTEMBER  2 2014.....SUNRISE   708 AM EDT   SUNSET   815 PM EDT


-  INDICATES NEGATIVE NUMBERS.
R  INDICATES RECORD WAS SET OR TIED.
MM INDICATES DATA IS MISSING.
T  INDICATES TRACE AMOUNT.




$$
