000
CDUS42 KRAH 200812
CLIGSO


CLIMATE REPORT
NATIONAL WEATHER SERVICE RALEIGH NC
410 AM EDT MON OCT 20 2014


...................................

...THE PIEDMONT TRIAD INTL AIRPORT NC CLIMATE SUMMARY FOR OCTOBER 19 2014...

CLIMATE NORMAL PERIOD 1981 TO 2010
CLIMATE RECORD PERIOD 1903 TO 2014


WEATHER ITEM   OBSERVED TIME   RECORD YEAR NORMAL DEPARTURE LAST
                VALUE   (LST)  VALUE       VALUE  FROM      YEAR
                                                  NORMAL
..................................................................
TEMPERATURE (F)
 YESTERDAY
  MAXIMUM         67    332 PM  86    1938  70     -3       61
                                      1926
  MINIMUM         42    622 AM  28    1948  48     -6       53
  AVERAGE         55                        58     -3       57

PRECIPITATION (IN)
  YESTERDAY        0.00          1.35 1950   0.10  -0.10     0.03
  MONTH TO DATE    1.58                      1.91  -0.33     1.11
  SINCE SEP 1      4.51                      6.10  -1.59     3.24
  SINCE JAN 1     30.39                     34.89  -4.50    41.63

DEGREE DAYS
 HEATING
  YESTERDAY       10                         7      3        8
  MONTH TO DATE   64                        96    -32       35
  SINCE SEP 1     81                       126    -45       49
  SINCE JUL 1     81                       127    -46       51

 COOLING
  YESTERDAY        0                         1     -1        0
  MONTH TO DATE   45                        28     17       49
  SINCE SEP 1    244                       213     31      221
  SINCE JAN 1   1497                      1475     22     1380
..................................................................


WIND (MPH)
  HIGHEST WIND SPEED    14   HIGHEST WIND DIRECTION    NW (320)
  HIGHEST GUST SPEED    21   HIGHEST GUST DIRECTION     N (340)
  AVERAGE WIND SPEED     3.5


SKY COVER
  POSSIBLE SUNSHINE  MM
  AVERAGE SKY COVER 0.2


WEATHER CONDITIONS
 THE FOLLOWING WEATHER WAS RECORDED YESTERDAY.
  NO SIGNIFICANT WEATHER WAS OBSERVED.


RELATIVE HUMIDITY (PERCENT)
 HIGHEST    89           700 AM
 LOWEST     34           300 PM
 AVERAGE    62

..........................................................


THE PIEDMONT TRIAD INTL AIRPORT NC CLIMATE NORMALS FOR TODAY
                         NORMAL    RECORD    YEAR
 MAXIMUM TEMPERATURE (F)   69        86      1924
 MINIMUM TEMPERATURE (F)   47        25      1972


SUNRISE AND SUNSET
OCTOBER 20 2014.......SUNRISE   731 AM EDT   SUNSET   638 PM EDT
OCTOBER 21 2014.......SUNRISE   732 AM EDT   SUNSET   636 PM EDT


-  INDICATES NEGATIVE NUMBERS.
R  INDICATES RECORD WAS SET OR TIED.
MM INDICATES DATA IS MISSING.
T  INDICATES TRACE AMOUNT.




$$
