000
CDUS42 KRAH 110558
CLIGSO


CLIMATE REPORT
NATIONAL WEATHER SERVICE RALEIGH NC
156 AM EDT FRI JUL 11 2014


...................................

...THE PIEDMONT TRIAD INTL AIRPORT NC CLIMATE SUMMARY FOR JULY 10 2014...

CLIMATE NORMAL PERIOD 1981 TO 2010
CLIMATE RECORD PERIOD 1903 TO 2014


WEATHER ITEM   OBSERVED TIME   RECORD YEAR NORMAL DEPARTURE LAST
                VALUE   (LST)  VALUE       VALUE  FROM      YEAR
                                                  NORMAL
..................................................................
TEMPERATURE (F)
 YESTERDAY
  MAXIMUM         85    427 PM 101    1926  88     -3       88
  MINIMUM         70    526 AM  54    1963  69      1       71
  AVERAGE         78                        79     -1       80

PRECIPITATION (IN)
  YESTERDAY        0.01          2.39 1921   0.14  -0.13     1.40
  MONTH TO DATE    0.14                      1.29  -1.15     4.21
  SINCE JUN 1      3.14                      5.02  -1.88    12.58
  SINCE JAN 1     20.63                     21.72  -1.09    30.93

DEGREE DAYS
 HEATING
  YESTERDAY        0                         0      0        0
  MONTH TO DATE    0                         0      0        0
  SINCE JUN 1      0                         6     -6        0
  SINCE JUL 1      0                         0      0        0

 COOLING
  YESTERDAY       13                        14     -1       15
  MONTH TO DATE  142                       134      8      131
  SINCE JUN 1    499                       441     58      430
  SINCE JAN 1    696                       600     96      580
..................................................................


WIND (MPH)
  HIGHEST WIND SPEED    14   HIGHEST WIND DIRECTION    SE (140)
  HIGHEST GUST SPEED    17   HIGHEST GUST DIRECTION     E (110)
  AVERAGE WIND SPEED     4.7


SKY COVER
  POSSIBLE SUNSHINE  MM
  AVERAGE SKY COVER 0.9


WEATHER CONDITIONS
 THE FOLLOWING WEATHER WAS RECORDED YESTERDAY.
  LIGHT RAIN
  FOG


RELATIVE HUMIDITY (PERCENT)
 HIGHEST    93          1200 AM
 LOWEST     55           400 PM
 AVERAGE    74

..........................................................


THE PIEDMONT TRIAD INTL AIRPORT NC CLIMATE NORMALS FOR TODAY
                         NORMAL    RECORD    YEAR
 MAXIMUM TEMPERATURE (F)   88        98      1990
                                             1925
                                             1911
 MINIMUM TEMPERATURE (F)   69        50      1963


SUNRISE AND SUNSET
JULY 11 2014..........SUNRISE   612 AM EDT   SUNSET   839 PM EDT
JULY 12 2014..........SUNRISE   612 AM EDT   SUNSET   838 PM EDT


-  INDICATES NEGATIVE NUMBERS.
R  INDICATES RECORD WAS SET OR TIED.
MM INDICATES DATA IS MISSING.
T  INDICATES TRACE AMOUNT.

$$
