000
CDUS42 KRAH 220650
CLIGSO


CLIMATE REPORT
NATIONAL WEATHER SERVICE RALEIGH NC
149 AM EST MON DEC 22 2014


...................................

...THE PIEDMONT TRIAD INTL AIRPORT NC CLIMATE SUMMARY FOR DECEMBER 21 2014...

CLIMATE NORMAL PERIOD 1981 TO 2010
CLIMATE RECORD PERIOD 1903 TO 2014


WEATHER ITEM   OBSERVED TIME   RECORD YEAR NORMAL DEPARTURE LAST
                VALUE   (LST)  VALUE       VALUE  FROM      YEAR
                                                  NORMAL
..................................................................
TEMPERATURE (F)
 YESTERDAY
  MAXIMUM         47    428 PM  71    2013  49     -2       71
  MINIMUM         38    517 AM   6    1930  31      7       49
  AVERAGE         43                        40      3       60

PRECIPITATION (IN)
  YESTERDAY        T             1.19 1951   0.10  -0.10      T
  MONTH TO DATE    0.53                      2.04  -1.51     2.30
  SINCE DEC 1      0.53                      2.04  -1.51     2.30
  SINCE JAN 1     34.68                     41.26  -6.58    47.54

SNOWFALL (IN)
  YESTERDAY        0.0           0.1  1981   0.0    0.0      0.0
  MONTH TO DATE    T                         0.3   -0.3      0.0
  SINCE DEC 1      T                         0.3   -0.3      0.0
  SINCE JUL 1      T                         0.4   -0.4       T
  SNOW DEPTH       0

DEGREE DAYS
 HEATING
  YESTERDAY       22                        25     -3        5
  MONTH TO DATE  435                       478    -43      414
  SINCE DEC 1    435                       478    -43      414
  SINCE JUL 1   1185                      1158     27     1148

 COOLING
  YESTERDAY        0                         0      0        0
  MONTH TO DATE    0                         0      0        6
  SINCE DEC 1      0                         0      0        6
  SINCE JAN 1   1499                      1483     16     1387
..................................................................


WIND (MPH)
  HIGHEST WIND SPEED    10   HIGHEST WIND DIRECTION     E (70)
  HIGHEST GUST SPEED    13   HIGHEST GUST DIRECTION     E (70)
  AVERAGE WIND SPEED     3.0


SKY COVER
  POSSIBLE SUNSHINE  MM
  AVERAGE SKY COVER 0.9


WEATHER CONDITIONS
 THE FOLLOWING WEATHER WAS RECORDED YESTERDAY.
  LIGHT RAIN
  FOG
  HAZE


RELATIVE HUMIDITY (PERCENT)
 HIGHEST    92           200 AM
 LOWEST     60           200 PM
 AVERAGE    76

..........................................................


THE PIEDMONT TRIAD INTL AIRPORT NC CLIMATE NORMALS FOR TODAY
                         NORMAL    RECORD    YEAR
 MAXIMUM TEMPERATURE (F)   49        73      2013
 MINIMUM TEMPERATURE (F)   31         7      1989


SUNRISE AND SUNSET
DECEMBER 22 2014......SUNRISE   727 AM EST   SUNSET   510 PM EST
DECEMBER 23 2014......SUNRISE   728 AM EST   SUNSET   510 PM EST


-  INDICATES NEGATIVE NUMBERS.
R  INDICATES RECORD WAS SET OR TIED.
MM INDICATES DATA IS MISSING.
T  INDICATES TRACE AMOUNT.




$$
