000
CDUS42 KRAH 210754
CLIGSO


CLIMATE REPORT
NATIONAL WEATHER SERVICE RALEIGH NC
351 AM EDT THU AUG 21 2014


...................................

...THE PIEDMONT TRIAD INTL AIRPORT NC CLIMATE SUMMARY FOR AUGUST 20 2014...

CLIMATE NORMAL PERIOD 1981 TO 2010
CLIMATE RECORD PERIOD 1903 TO 2014


WEATHER ITEM   OBSERVED TIME   RECORD YEAR NORMAL DEPARTURE LAST
                VALUE   (LST)  VALUE       VALUE  FROM      YEAR
                                                  NORMAL
..................................................................
TEMPERATURE (F)
 YESTERDAY
  MAXIMUM         89    300 PM 101    1914  86      3       81
  MINIMUM         71    814 AM  52    1943  68      3       64
  AVERAGE         80                        77      3       73

PRECIPITATION (IN)
  YESTERDAY        0.00          1.64 1961   0.13  -0.13     0.00
  MONTH TO DATE    2.66                      2.45   0.21     5.00
  SINCE JUN 1      8.39                     10.66  -2.27    19.39
  SINCE JAN 1     25.88                     27.36  -1.48    37.74

DEGREE DAYS
 HEATING
  YESTERDAY        0                         0      0        0
  MONTH TO DATE    0                         0      0        2
  SINCE JUN 1      0                         6     -6        2
  SINCE JUL 1      0                         0      0        2

 COOLING
  YESTERDAY       15                        12      3        8
  MONTH TO DATE  181                       255    -74      196
  SINCE JUN 1    922                       981    -59      895
  SINCE JAN 1   1119                      1140    -21     1045
..................................................................


WIND (MPH)
  HIGHEST WIND SPEED    12   HIGHEST WIND DIRECTION     W (280)
  HIGHEST GUST SPEED    21   HIGHEST GUST DIRECTION     W (260)
  AVERAGE WIND SPEED     4.6


SKY COVER
  POSSIBLE SUNSHINE  MM
  AVERAGE SKY COVER 0.7


WEATHER CONDITIONS
 THE FOLLOWING WEATHER WAS RECORDED YESTERDAY.
  FOG
  FOG W/VISIBILITY <= 1/4 MILE
  HAZE


RELATIVE HUMIDITY (PERCENT)
 HIGHEST   100           300 AM
 LOWEST     55           300 PM
 AVERAGE    78

..........................................................


THE PIEDMONT TRIAD INTL AIRPORT NC CLIMATE NORMALS FOR TODAY
                         NORMAL    RECORD    YEAR
 MAXIMUM TEMPERATURE (F)   86       100      2007
                                             1983
 MINIMUM TEMPERATURE (F)   68        52      1918


SUNRISE AND SUNSET
AUGUST 21 2014........SUNRISE   643 AM EDT   SUNSET   802 PM EDT
AUGUST 22 2014........SUNRISE   644 AM EDT   SUNSET   801 PM EDT


-  INDICATES NEGATIVE NUMBERS.
R  INDICATES RECORD WAS SET OR TIED.
MM INDICATES DATA IS MISSING.
T  INDICATES TRACE AMOUNT.




$$
