000
CDUS42 KRAH 232151
CLIGSO


CLIMATE REPORT
NATIONAL WEATHER SERVICE RALEIGH NC
444 PM EST THU NOV 23 2017


...................................

...THE PIEDMONT TRIAD INTL AIRPORT NC CLIMATE SUMMARY FOR NOVEMBER 23 2017...
VALID TODAY AS OF 0440 PM LOCAL TIME.

CLIMATE NORMAL PERIOD 1981 TO 2010
CLIMATE RECORD PERIOD 1903 TO 2017


WEATHER ITEM   OBSERVED TIME   RECORD YEAR NORMAL DEPARTURE LAST
                VALUE   (LST)  VALUE       VALUE  FROM      YEAR
                                                  NORMAL
..................................................................
TEMPERATURE (F)
 TODAY
  MAXIMUM         51    437 PM  80    1921  58     -7       59
  MINIMUM         33    808 AM  15    1937  37     -4       29
  AVERAGE         42                        48     -6       44

PRECIPITATION (IN)
  TODAY            0.00          0.99 1957   0.10  -0.10     0.00
  MONTH TO DATE    0.95                      2.39  -1.44     0.01
  SINCE SEP 1      6.78                      9.71  -2.93     6.14
  SINCE JAN 1     41.23                     38.50   2.73    36.94

DEGREE DAYS
 HEATING
  TODAY           23                        17      6       21
  MONTH TO DATE  346                       316     30      284
  SINCE SEP 1    508                       548    -40      373
  SINCE JUL 1    508                       549    -41      373

 COOLING
  TODAY            0                         0      0        0
  MONTH TO DATE    1                         0      1        9
  SINCE SEP 1    258                       218     40      404
  SINCE JAN 1   1612                      1480    132     1971
..................................................................


WIND (MPH)
  HIGHEST WIND SPEED     9   HIGHEST WIND DIRECTION     E (80)
  HIGHEST GUST SPEED    12   HIGHEST GUST DIRECTION     E (70)
  AVERAGE WIND SPEED     3.7


SKY COVER
  POSSIBLE SUNSHINE  MM
  AVERAGE SKY COVER 0.6


WEATHER CONDITIONS
 THE FOLLOWING WEATHER WAS RECORDED TODAY.
  NO SIGNIFICANT WEATHER WAS OBSERVED.


RELATIVE HUMIDITY (PERCENT)
 HIGHEST    75           800 AM
 LOWEST     35           400 PM
 AVERAGE    55

..........................................................


THE PIEDMONT TRIAD INTL AIRPORT NC CLIMATE NORMALS FOR TOMORROW
                         NORMAL    RECORD    YEAR
 MAXIMUM TEMPERATURE (F)   58        77      1913
 MINIMUM TEMPERATURE (F)   37        12      1970


SUNRISE AND SUNSET
NOVEMBER 23 2017......SUNRISE   705 AM EST   SUNSET   508 PM EST
NOVEMBER 24 2017......SUNRISE   706 AM EST   SUNSET   507 PM EST


-  INDICATES NEGATIVE NUMBERS.
R  INDICATES RECORD WAS SET OR TIED.
MM INDICATES DATA IS MISSING.
T  INDICATES TRACE AMOUNT.

$$
