000
CDUS42 KRAH 050053
CLIGSO


CLIMATE REPORT
NATIONAL WEATHER SERVICE RALEIGH NC
852 PM EDT FRI SEP 4 2015


...................................

...THE PIEDMONT TRIAD INTL AIRPORT NC CLIMATE SUMMARY FOR SEPTEMBER 4 2015...
VALID AS OF 0852 PM LOCAL TIME.

CLIMATE NORMAL PERIOD 1981 TO 2010
CLIMATE RECORD PERIOD 1903 TO 2015


WEATHER ITEM   OBSERVED TIME   RECORD YEAR NORMAL DEPARTURE LAST
                VALUE   (LST)  VALUE       VALUE  FROM      YEAR
                                                  NORMAL
..................................................................
TEMPERATURE (F)
 TODAY
  MAXIMUM         92    242 PM 100    1925  83      9       85
                                      1921
  MINIMUM         70    340 AM  51    1908  65      5       70
  AVERAGE         81                        74      7       78

PRECIPITATION (IN)
  TODAY            T             2.32 1935   0.15  -0.15     0.03
  MONTH TO DATE    T                         0.60  -0.60     0.61
  SINCE SEP 1      T                         0.60  -0.60     0.61
  SINCE JAN 1     25.21                     29.39  -4.18    26.49

DEGREE DAYS
 HEATING
  TODAY            0                         0      0        0
  MONTH TO DATE    0                         0      0        0
  SINCE SEP 1      0                         0      0        0
  SINCE JUL 1      0                         1     -1        0

 COOLING
  TODAY           16                         9      7       13
  MONTH TO DATE   61                        38     23       64
  SINCE SEP 1     61                        38     23       64
  SINCE JAN 1   1575                      1300    275     1317
..................................................................


WIND (MPH)
  RESULTANT WIND SPEED   4   RESULTANT WIND DIRECTION  NE (40)
  HIGHEST WIND SPEED    18   HIGHEST WIND DIRECTION     E (110)
  HIGHEST GUST SPEED    24   HIGHEST GUST DIRECTION    SE (120)
  AVERAGE WIND SPEED     4.3


SKY COVER
  POSSIBLE SUNSHINE  MM
  AVERAGE SKY COVER 0.4


WEATHER CONDITIONS
 THE FOLLOWING WEATHER WAS RECORDED TODAY.
  THUNDERSTORM
  LIGHT RAIN
  FOG


RELATIVE HUMIDITY (PERCENT)
 HIGHEST    84           300 AM
 LOWEST     38           200 PM
 AVERAGE    61

..........................................................


THE PIEDMONT TRIAD INTL AIRPORT NC CLIMATE NORMALS FOR TOMORROW
                         NORMAL    RECORD    YEAR
 MAXIMUM TEMPERATURE (F)   83        97      1954
                                             1925
 MINIMUM TEMPERATURE (F)   65        47      1997


SUNRISE AND SUNSET
SEPTEMBER  4 2015.....SUNRISE   654 AM EDT   SUNSET   743 PM EDT
SEPTEMBER  5 2015.....SUNRISE   654 AM EDT   SUNSET   742 PM EDT


-  INDICATES NEGATIVE NUMBERS.
R  INDICATES RECORD WAS SET OR TIED.
MM INDICATES DATA IS MISSING.
T  INDICATES TRACE AMOUNT.




$$
