720
CDUS42 KGSP 112129
CLIGSP

CLIMATE REPORT
NATIONAL WEATHER SERVICE GREENVILLE-SPARTANBURG SC
428 PM EST THU FEB 11 2016


...................................

...THE GREENVILLE-SPARTANBURG SC CLIMATE SUMMARY FOR FEBRUARY 11 2016...
VALID TODAY AS OF 400 PM LOCAL TIME.

CLIMATE NORMAL PERIOD 1981 TO 2010
CLIMATE RECORD PERIOD 1884 TO 2016


WEATHER ITEM   OBSERVED TIME   RECORD YEAR NORMAL DEPARTURE LAST
                VALUE   (LST)  VALUE       VALUE  FROM      YEAR
                                                  NORMAL
..................................................................
TEMPERATURE (F)
 TODAY
  MAXIMUM         50    312 PM  75    1965  56     -6       58
  MINIMUM         20    617 AM  11    1899  34    -14       29
  AVERAGE         35                        45    -10       44

PRECIPITATION (IN)
  TODAY            0.00          1.70 1908   0.14  -0.14     0.00
  MONTH TO DATE    1.62                      1.46   0.16     1.34
  SINCE DEC 1     15.24                      9.39   5.85     8.83
  SINCE JAN 1      5.16                      5.28  -0.12     5.20

SNOWFALL (IN)
  TODAY            0.0           4.0  1908   0.0    0.0      0.0
  MONTH TO DATE    T                         0.4   -0.4      0.0
  SINCE DEC 1      2.2                       3.1   -0.9      0.0
  SINCE JUL 1      2.2                       3.2   -1.0       T
  SNOW DEPTH       0

DEGREE DAYS
 HEATING
  TODAY           30                        20     10       21
  MONTH TO DATE  229                       229      0      227
  SINCE DEC 1   1297                      1586   -289     1468
  SINCE JUL 1   1742                      2139   -397     2105

 COOLING
  TODAY            0                         0      0        0
  MONTH TO DATE    0                         0      0        0
  SINCE DEC 1     11                         1     10        0
  SINCE JAN 1      0                         0      0        0
..................................................................


WIND (MPH)
  HIGHEST WIND SPEED    13   HIGHEST WIND DIRECTION    SW (230)
  HIGHEST GUST SPEED    19   HIGHEST GUST DIRECTION     W (250)
  AVERAGE WIND SPEED     3.7


SKY COVER
  POSSIBLE SUNSHINE  MM
  AVERAGE SKY COVER 0.1


WEATHER CONDITIONS
 THE FOLLOWING WEATHER WAS RECORDED TODAY.
  NO SIGNIFICANT WEATHER WAS OBSERVED.


RELATIVE HUMIDITY (PERCENT)
 HIGHEST    77           700 AM
 LOWEST     34           200 PM
 AVERAGE    56

..........................................................


THE GREENVILLE-SPARTANBURG SC CLIMATE NORMALS FOR TOMORROW
                         NORMAL    RECORD    YEAR
 MAXIMUM TEMPERATURE (F)   56        75      1987
                                             1961
 MINIMUM TEMPERATURE (F)   34        13      1981
                                             1968
                                             1955


SUNRISE AND SUNSET
FEBRUARY 11 2016......SUNRISE   719 AM EST   SUNSET   607 PM EST
FEBRUARY 12 2016......SUNRISE   718 AM EST   SUNSET   608 PM EST


-  INDICATES NEGATIVE NUMBERS.
R  INDICATES RECORD WAS SET OR TIED.
MM INDICATES DATA IS MISSING.
T  INDICATES TRACE AMOUNT.




$$
JPT
