000
CDUS42 KGSP 260633
CLIGSP

CLIMATE REPORT
NATIONAL WEATHER SERVICE GREENVILLE-SPARTANBURG SC
133 AM EST SUN FEB 26 2017


...................................

...THE GREENVILLE-SPARTANBURG SC CLIMATE SUMMARY FOR FEBRUARY 25 2017...

CLIMATE NORMAL PERIOD 1981 TO 2010
CLIMATE RECORD PERIOD 1884 TO 2017


WEATHER ITEM   OBSERVED TIME   RECORD YEAR NORMAL DEPARTURE LAST
                VALUE   (LST)  VALUE       VALUE  FROM      YEAR
                                                  NORMAL
..................................................................
TEMPERATURE (F)
 YESTERDAY
  MAXIMUM         74    140 PM  79    1930  59     15       53
  MINIMUM         44   1159 PM   8    1967  37      7       34
  AVERAGE         59                        48     11       44

PRECIPITATION (IN)
  YESTERDAY        0.00          2.19 1992   0.15  -0.15     0.00
  MONTH TO DATE    1.20                      3.53  -2.33     4.72
  SINCE DEC 1      8.41                     11.46  -3.05    18.34
  SINCE JAN 1      5.72                      7.35  -1.63     8.26

SNOWFALL (IN)
  YESTERDAY        0.0           1.6  2015   0.0    0.0      0.0
  MONTH TO DATE    0.0                       0.9   -0.9      0.4
  SINCE DEC 1      3.1                       3.6   -0.5      2.6
  SINCE JUL 1      3.1                       3.7   -0.6      2.6
  SNOW DEPTH       0

DEGREE DAYS
 HEATING
  YESTERDAY        6                        17    -11       21
  MONTH TO DATE  269                       489   -220      518
  SINCE DEC 1   1361                      1846   -485     1586
  SINCE JUL 1   1687                      2399   -712     2031

 COOLING
  YESTERDAY        0                         0      0        0
  MONTH TO DATE    6                         0      6        0
  SINCE DEC 1      6                         1      5       11
  SINCE JAN 1      6                         0      6        0
..................................................................


WIND (MPH)
  HIGHEST WIND SPEED    31   HIGHEST WIND DIRECTION    SW (240)
  HIGHEST GUST SPEED    39   HIGHEST GUST DIRECTION     W (270)
  AVERAGE WIND SPEED    12.7


SKY COVER
  POSSIBLE SUNSHINE  MM
  AVERAGE SKY COVER 0.2


WEATHER CONDITIONS
 THE FOLLOWING WEATHER WAS RECORDED YESTERDAY.
  NO SIGNIFICANT WEATHER WAS OBSERVED.


RELATIVE HUMIDITY (PERCENT)
 HIGHEST    93           700 AM
 LOWEST     15           400 PM
 AVERAGE    54

..........................................................


THE GREENVILLE-SPARTANBURG SC CLIMATE NORMALS FOR TODAY
                         NORMAL    RECORD    YEAR
 MAXIMUM TEMPERATURE (F)   59        80      1996
 MINIMUM TEMPERATURE (F)   37        12      1974


SUNRISE AND SUNSET
FEBRUARY 26 2017......SUNRISE   702 AM EST   SUNSET   622 PM EST
FEBRUARY 27 2017......SUNRISE   700 AM EST   SUNSET   623 PM EST


-  INDICATES NEGATIVE NUMBERS.
R  INDICATES RECORD WAS SET OR TIED.
MM INDICATES DATA IS MISSING.
T  INDICATES TRACE AMOUNT.

$$

OUTLAW
