000
CDUS45 KTFX 241052
CLIGTF


CLIMATE REPORT
NATIONAL WEATHER SERVICE GREAT FALLS MT
352 AM MST MON NOV 24 2014


...................................

...THE GREAT FALLS MT CLIMATE SUMMARY FOR NOVEMBER 23 2014...

CLIMATE NORMAL PERIOD 1981 TO 2010
CLIMATE RECORD PERIOD 1886 TO 2014


WEATHER ITEM   OBSERVED TIME   RECORD YEAR NORMAL DEPARTURE LAST
                VALUE   (LST)  VALUE       VALUE  FROM      YEAR
                                                  NORMAL
..................................................................
TEMPERATURE (F)
 YESTERDAY
  MAXIMUM         43    145 PM  63    1942  40      3       48
                                      1917
  MINIMUM         24    715 AM -25    1985  21      3       19
  AVERAGE         34                        30      4       34

PRECIPITATION (IN)
  YESTERDAY        0.00          1.14 1892   0.02  -0.02     0.00
  MONTH TO DATE    0.63                      0.46   0.17     0.18
  SINCE OCT 1      1.10                      1.32  -0.22     1.11
  SINCE JAN 1     18.28                     14.07   4.21    10.84

SNOWFALL (IN)
  YESTERDAY        0.0          11.1  1892   0.3   -0.3      0.0
  MONTH TO DATE    6.3                       6.0    0.3      2.8
  SINCE SEP 1      7.4                      11.3   -3.9      9.7
  SINCE JUL 1      7.4                      11.6   -4.2      9.7
  SNOW DEPTH       0

DEGREE DAYS
 HEATING
  YESTERDAY       31                        35     -4       31
  MONTH TO DATE  835                       696    139      734
  SINCE SEP 1   1497                      1595    -98     1581
  SINCE JUL 1   1567                      1716   -149     1605

 COOLING
  YESTERDAY        0                         0      0        0
  MONTH TO DATE    0                         0      0        0
  SINCE SEP 1     26                        22      4       80
  SINCE JAN 1    350                       298     52      449
..................................................................


WIND (MPH)
  HIGHEST WIND SPEED    30   HIGHEST WIND DIRECTION     W (260)
  HIGHEST GUST SPEED    37   HIGHEST GUST DIRECTION     W (260)
  AVERAGE WIND SPEED    15.1


SKY COVER
  AVERAGE SKY COVER 0.6


WEATHER CONDITIONS
 THE FOLLOWING WEATHER WAS RECORDED YESTERDAY.
  NO SIGNIFICANT WEATHER WAS OBSERVED.


RELATIVE HUMIDITY (PERCENT)
 HIGHEST    81           700 AM
 LOWEST     33          1200 PM
 AVERAGE    57

..........................................................


THE GREAT FALLS MT CLIMATE NORMALS FOR TODAY
                         NORMAL    RECORD    YEAR
 MAXIMUM TEMPERATURE (F)   39        65      1933
 MINIMUM TEMPERATURE (F)   21       -21      2010


SUNRISE AND SUNSET
NOVEMBER 24 2014......SUNRISE   743 AM MST   SUNSET   441 PM MST
NOVEMBER 25 2014......SUNRISE   745 AM MST   SUNSET   440 PM MST


-  INDICATES NEGATIVE NUMBERS.
R  INDICATES RECORD WAS SET OR TIED.
MM INDICATES DATA IS MISSING.
T  INDICATES TRACE AMOUNT.




$$
