000
CDUS45 KTFX 280951
CLIGTF


CLIMATE REPORT
NATIONAL WEATHER SERVICE GREAT FALLS MT
250 AM MST FRI NOV 28 2014


...................................

...THE GREAT FALLS MT CLIMATE SUMMARY FOR NOVEMBER 27 2014...

CLIMATE NORMAL PERIOD 1981 TO 2010
CLIMATE RECORD PERIOD 1886 TO 2014


WEATHER ITEM   OBSERVED TIME   RECORD YEAR NORMAL DEPARTURE LAST
                VALUE   (LST)  VALUE       VALUE  FROM      YEAR
                                                  NORMAL
..................................................................
TEMPERATURE (F)
 YESTERDAY
  MAXIMUM         57    310 PM  64    1914  38     19       50
  MINIMUM         31   1207 AM -24    1985  19     12       19
  AVERAGE         44                        29     15       35

PRECIPITATION (IN)
  YESTERDAY        0.00          0.89 2005   0.02  -0.02     0.00
  MONTH TO DATE    0.87                      0.53   0.34     0.18
  SINCE OCT 1      1.34                      1.39  -0.05     1.11
  SINCE JAN 1     18.52                     14.14   4.38    10.84

SNOWFALL (IN)
  YESTERDAY        0.0          10.8  2005   0.3   -0.3      0.0
  MONTH TO DATE   10.2                       7.2    3.0      2.8
  SINCE SEP 1     11.3                      12.5   -1.2      9.7
  SINCE JUL 1     11.3                      12.8   -1.5      9.7
  SNOW DEPTH       2

DEGREE DAYS
 HEATING
  YESTERDAY       21                        36    -15       30
  MONTH TO DATE  972                       839    133      855
  SINCE SEP 1   1634                      1738   -104     1702
  SINCE JUL 1   1704                      1859   -155     1726

 COOLING
  YESTERDAY        0                         0      0        0
  MONTH TO DATE    0                         0      0        0
  SINCE SEP 1     26                        22      4       80
  SINCE JAN 1    350                       298     52      449
..................................................................


WIND (MPH)
  HIGHEST WIND SPEED    40   HIGHEST WIND DIRECTION    SW (240)
  HIGHEST GUST SPEED    51   HIGHEST GUST DIRECTION     W (250)
  AVERAGE WIND SPEED    18.8


SKY COVER
  AVERAGE SKY COVER 0.0


WEATHER CONDITIONS
 THE FOLLOWING WEATHER WAS RECORDED YESTERDAY.
  NO SIGNIFICANT WEATHER WAS OBSERVED.


RELATIVE HUMIDITY (PERCENT)
 HIGHEST   100          1200 AM
 LOWEST     40           200 PM
 AVERAGE    70

..........................................................


THE GREAT FALLS MT CLIMATE NORMALS FOR TODAY
                         NORMAL    RECORD    YEAR
 MAXIMUM TEMPERATURE (F)   38        64      1901
 MINIMUM TEMPERATURE (F)   19       -25      1985


SUNRISE AND SUNSET
NOVEMBER 28 2014......SUNRISE   749 AM MST   SUNSET   438 PM MST
NOVEMBER 29 2014......SUNRISE   750 AM MST   SUNSET   438 PM MST


-  INDICATES NEGATIVE NUMBERS.
R  INDICATES RECORD WAS SET OR TIED.
MM INDICATES DATA IS MISSING.
T  INDICATES TRACE AMOUNT.




$$
