000
CDUS45 KTFX 240931
CLIGTF


CLIMATE REPORT
NATIONAL WEATHER SERVICE GREAT FALLS MT
330 AM MDT MON APR 24 2017


...................................

...THE GREAT FALLS MT CLIMATE SUMMARY FOR APRIL 23 2017...

CLIMATE NORMAL PERIOD 1981 TO 2010
CLIMATE RECORD PERIOD 1886 TO 2017


WEATHER ITEM   OBSERVED TIME   RECORD YEAR NORMAL DEPARTURE LAST
                VALUE   (LST)  VALUE       VALUE  FROM      YEAR
                                                  NORMAL
..................................................................
TEMPERATURE (F)
 YESTERDAY
  MAXIMUM         52    538 PM  84    2012  58     -6       52
  MINIMUM         38    533 AM  16    1931  32      6       39
                                      1893
  AVERAGE         45                        45      0       46

PRECIPITATION (IN)
  YESTERDAY        0.16          1.24 1892   0.05   0.11     0.65
  MONTH TO DATE    3.01                      1.05   1.96     2.44
  SINCE OCT 1      7.77                      4.94   2.83     8.69
  SINCE JAN 1      4.84                      2.94   1.90     3.59

SNOWFALL (IN)
  YESTERDAY        0.0           9.2  1960   0.3   -0.3      0.0
  MONTH TO DATE    5.0                       7.0   -2.0      7.1
  SINCE MAR 1     10.6                      18.9   -8.3      8.9
  SINCE JUL 1     48.4                      58.9  -10.5     46.8
  SNOW DEPTH       0

DEGREE DAYS
 HEATING
  YESTERDAY       20                        20      0       19
  MONTH TO DATE  482                       527    -45      379
  SINCE MAR 1   1321                      1480   -159     1161
  SINCE JUL 1   7019                      6985     34     6099

 COOLING
  YESTERDAY        0                         0      0        0
  MONTH TO DATE    0                         0      0        0
  SINCE MAR 1      0                         0      0        0
  SINCE JAN 1      0                         0      0        0
..................................................................


WIND (MPH)
  HIGHEST WIND SPEED    21   HIGHEST WIND DIRECTION     N (20)
  HIGHEST GUST SPEED    24   HIGHEST GUST DIRECTION     N (20)
  AVERAGE WIND SPEED     5.2


SKY COVER
  AVERAGE SKY COVER 0.6


WEATHER CONDITIONS
 THE FOLLOWING WEATHER WAS RECORDED YESTERDAY.
  THUNDERSTORM
  LIGHT RAIN
  FOG


RELATIVE HUMIDITY (PERCENT)
 HIGHEST    96          1000 AM
 LOWEST     63           600 PM
 AVERAGE    80

..........................................................


THE GREAT FALLS MT CLIMATE NORMALS FOR TODAY
                         NORMAL    RECORD    YEAR
 MAXIMUM TEMPERATURE (F)   58        83      1910
 MINIMUM TEMPERATURE (F)   32        11      2009


SUNRISE AND SUNSET
APRIL 24 2017.........SUNRISE   620 AM MDT   SUNSET   828 PM MDT
APRIL 25 2017.........SUNRISE   618 AM MDT   SUNSET   829 PM MDT


-  INDICATES NEGATIVE NUMBERS.
R  INDICATES RECORD WAS SET OR TIED.
MM INDICATES DATA IS MISSING.
T  INDICATES TRACE AMOUNT.




$$
