000
CDUS45 KTFX 230857
CLIGTF


CLIMATE REPORT
NATIONAL WEATHER SERVICE GREAT FALLS MT
256 AM MDT SAT JUL 23 2016


...................................

...THE GREAT FALLS MT CLIMATE SUMMARY FOR JULY 22 2016...

CLIMATE NORMAL PERIOD 1981 TO 2010
CLIMATE RECORD PERIOD 1886 TO 2016


WEATHER ITEM   OBSERVED TIME   RECORD YEAR NORMAL DEPARTURE LAST
                VALUE   (LST)  VALUE       VALUE  FROM      YEAR
                                                  NORMAL
..................................................................
TEMPERATURE (F)
 YESTERDAY
  MAXIMUM         95    337 PM 102    1960  85     10       86
                                      1936
  MINIMUM         54    540 AM  43    1990  52      2       52
                                      1914
  AVERAGE         75                        69      6       69

PRECIPITATION (IN)
  YESTERDAY        0.00          0.99 1955   0.04  -0.04     0.01
  MONTH TO DATE    1.20                      1.16   0.04     0.46
  SINCE OCT 1     13.28                     11.42   1.86     9.65
  SINCE JAN 1      8.18                      9.42  -1.24     6.70

SNOWFALL (IN)
  YESTERDAY        0.0           0.0  2002   0.0    0.0      0.0
  MONTH TO DATE    T                         0.0    0.0      0.0
  SINCE JUN 1      T                         0.3   -0.3      0.0
  SINCE JUL 1      T                         0.0    0.0      0.0
  SNOW DEPTH       0

DEGREE DAYS
 HEATING
  YESTERDAY        0                         1     -1        0
  MONTH TO DATE   44                        41      3       34
  SINCE JUN 1    152                       232    -80      116
  SINCE JUL 1     44                        41      3       34

 COOLING
  YESTERDAY       10                         5      5        4
  MONTH TO DATE   70                        80    -10       95
  SINCE JUN 1    113                       112      1      189
  SINCE JAN 1    113                       119     -6      189
..................................................................


WIND (MPH)
  HIGHEST WIND SPEED    37   HIGHEST WIND DIRECTION     W (280)
  HIGHEST GUST SPEED    46   HIGHEST GUST DIRECTION     W (270)
  AVERAGE WIND SPEED    10.1


SKY COVER
  AVERAGE SKY COVER 0.1


WEATHER CONDITIONS
 THE FOLLOWING WEATHER WAS RECORDED YESTERDAY.
  NO SIGNIFICANT WEATHER WAS OBSERVED.


RELATIVE HUMIDITY (PERCENT)
 HIGHEST    66           300 AM
 LOWEST      7           400 PM
 AVERAGE    37

..........................................................


THE GREAT FALLS MT CLIMATE NORMALS FOR TODAY
                         NORMAL    RECORD    YEAR
 MAXIMUM TEMPERATURE (F)   85       103      2003
                                             1931
 MINIMUM TEMPERATURE (F)   53        40      1914


SUNRISE AND SUNSET
JULY 23 2016..........SUNRISE   553 AM MDT   SUNSET   910 PM MDT
JULY 24 2016..........SUNRISE   554 AM MDT   SUNSET   909 PM MDT


-  INDICATES NEGATIVE NUMBERS.
R  INDICATES RECORD WAS SET OR TIED.
MM INDICATES DATA IS MISSING.
T  INDICATES TRACE AMOUNT.




$$
