000
CDUS45 KTFX 270739
CLIGTF


CLIMATE REPORT
NATIONAL WEATHER SERVICE GREAT FALLS MT
1234 AM MST TUE JAN 27 2015


...................................

...THE GREAT FALLS MT CLIMATE SUMMARY FOR JANUARY 26 2015...

CLIMATE NORMAL PERIOD 1981 TO 2010
CLIMATE RECORD PERIOD 1886 TO 2015


WEATHER ITEM   OBSERVED TIME   RECORD YEAR NORMAL DEPARTURE LAST
                VALUE   (LST)  VALUE       VALUE  FROM      YEAR
                                                  NORMAL
..................................................................
TEMPERATURE (F)
 YESTERDAY
  MAXIMUM         67R   222 PM  56    2013  36     31       38
  MINIMUM         48   1044 PM -37    1916  16     32       11
  AVERAGE         58                        26     32       25

PRECIPITATION (IN)
  YESTERDAY        0.00          0.39 1893   0.02  -0.02     0.01
  MONTH TO DATE    0.90                      0.43   0.47     0.70
  SINCE OCT 1      3.85                      2.43   1.42     2.75
  SINCE JAN 1      0.90                      0.43   0.47     0.70

SNOWFALL (IN)
  YESTERDAY        0.0           6.0  1893   0.2   -0.2      0.1
  MONTH TO DATE   14.0                       7.2    6.8     12.2
  SINCE DEC 1     30.2                      16.7   13.5     25.4
  SINCE JUL 1     47.6                      30.4   17.2     35.1
  SNOW DEPTH       0

DEGREE DAYS
 HEATING
  YESTERDAY        7                        39    -32       40
  MONTH TO DATE 1033                      1038     -5      851
  SINCE DEC 1   2161                      2286   -125     2205
  SINCE JUL 1   4050                      4255   -205     4005

 COOLING
  YESTERDAY        0                         0      0        0
  MONTH TO DATE    0                         0      0        0
  SINCE DEC 1      0                         0      0        0
  SINCE JAN 1      0                         0      0        0
..................................................................


WIND (MPH)
  HIGHEST WIND SPEED    29   HIGHEST WIND DIRECTION    SW (220)
  HIGHEST GUST SPEED    35   HIGHEST GUST DIRECTION    SW (210)
  AVERAGE WIND SPEED    18.8


SKY COVER
  AVERAGE SKY COVER 0.0


WEATHER CONDITIONS
 THE FOLLOWING WEATHER WAS RECORDED YESTERDAY.
  NO SIGNIFICANT WEATHER WAS OBSERVED.


RELATIVE HUMIDITY (PERCENT)
 HIGHEST    46           700 PM
 LOWEST     24           100 PM
 AVERAGE    35

..........................................................


THE GREAT FALLS MT CLIMATE NORMALS FOR TODAY
                         NORMAL    RECORD    YEAR
 MAXIMUM TEMPERATURE (F)   36        59      1934
 MINIMUM TEMPERATURE (F)   16       -40      1916


SUNRISE AND SUNSET
JANUARY 27 2015.......SUNRISE   758 AM MST   SUNSET   519 PM MST
JANUARY 28 2015.......SUNRISE   757 AM MST   SUNSET   521 PM MST


-  INDICATES NEGATIVE NUMBERS.
R  INDICATES RECORD WAS SET OR TIED.
MM INDICATES DATA IS MISSING.
T  INDICATES TRACE AMOUNT.




$$
