000
CDUS45 KTFX 260751
CLIGTF


CLIMATE REPORT
NATIONAL WEATHER SERVICE GREAT FALLS MT
151 AM MDT THU MAY 26 2016


...................................

...THE GREAT FALLS MT CLIMATE SUMMARY FOR MAY 25 2016...

CLIMATE NORMAL PERIOD 1981 TO 2010
CLIMATE RECORD PERIOD 1886 TO 2016


WEATHER ITEM   OBSERVED TIME   RECORD YEAR NORMAL DEPARTURE LAST
                VALUE   (LST)  VALUE       VALUE  FROM      YEAR
                                                  NORMAL
..................................................................
TEMPERATURE (F)
 YESTERDAY
  MAXIMUM         68   1254 PM  94    1928  67      1       72
  MINIMUM         36    243 AM  31    2012  41     -5       40
                                      1918
  AVERAGE         52                        54     -2       56

PRECIPITATION (IN)
  YESTERDAY        T             2.50 1980   0.09  -0.09     0.25
  MONTH TO DATE    1.89                      1.78   0.11     2.45
  SINCE OCT 1     10.97                      7.09   3.88     7.78
  SINCE JAN 1      5.87                      5.09   0.78     4.83

SNOWFALL (IN)
  YESTERDAY        0.0           0.8  1995   0.0    0.0      0.0
  MONTH TO DATE    T                         2.4   -2.4       T
  SINCE MAR 1      9.0                      22.9  -13.9      1.6
  SINCE JUL 1     46.9                      62.9  -16.0     57.9
  SNOW DEPTH       0

DEGREE DAYS
 HEATING
  YESTERDAY       13                        11      2        9
  MONTH TO DATE  348                       357     -9      392
  SINCE MAR 1   1679                      1969   -290     1665
  SINCE JUL 1   6617                      7474   -857     6803

 COOLING
  YESTERDAY        0                         0      0        0
  MONTH TO DATE    0                         0      0        0
  SINCE MAR 1      0                         1     -1        0
  SINCE JAN 1      0                         1     -1        0
..................................................................


WIND (MPH)
  HIGHEST WIND SPEED    23   HIGHEST WIND DIRECTION    NW (310)
  HIGHEST GUST SPEED    31   HIGHEST GUST DIRECTION    NW (320)
  AVERAGE WIND SPEED    10.2


SKY COVER
  AVERAGE SKY COVER 0.2


WEATHER CONDITIONS
 THE FOLLOWING WEATHER WAS RECORDED YESTERDAY.
  THUNDERSTORM
  LIGHT RAIN


RELATIVE HUMIDITY (PERCENT)
 HIGHEST    92           100 AM
 LOWEST     35           100 PM
 AVERAGE    64

..........................................................


THE GREAT FALLS MT CLIMATE NORMALS FOR TODAY
                         NORMAL    RECORD    YEAR
 MAXIMUM TEMPERATURE (F)   67        94      1936
 MINIMUM TEMPERATURE (F)   42        30      1975
                                             1932
                                             1920


SUNRISE AND SUNSET
MAY 26 2016...........SUNRISE   536 AM MDT   SUNSET   909 PM MDT
MAY 27 2016...........SUNRISE   536 AM MDT   SUNSET   910 PM MDT


-  INDICATES NEGATIVE NUMBERS.
R  INDICATES RECORD WAS SET OR TIED.
MM INDICATES DATA IS MISSING.
T  INDICATES TRACE AMOUNT.




$$
