000
CDUS45 KTFX 301009
CLIGTF


CLIMATE REPORT
NATIONAL WEATHER SERVICE GREAT FALLS MT
407 AM MDT THU OCT 30 2014


...................................

...THE GREAT FALLS MT CLIMATE SUMMARY FOR OCTOBER 29 2014...

CLIMATE NORMAL PERIOD 1981 TO 2010
CLIMATE RECORD PERIOD 1886 TO 2014


WEATHER ITEM   OBSERVED TIME   RECORD YEAR NORMAL DEPARTURE LAST
                VALUE   (LST)  VALUE       VALUE  FROM      YEAR
                                                  NORMAL
..................................................................
TEMPERATURE (F)
 YESTERDAY
  MAXIMUM         61   1206 PM  77    1968  52      9       28
  MINIMUM         39   1159 PM  -5    1991  29     10       10
  AVERAGE         50                        40     10       19

PRECIPITATION (IN)
  YESTERDAY        0.00          0.31 1959   0.02  -0.02     0.00
  MONTH TO DATE    0.47                      0.82  -0.35     0.93
  SINCE OCT 1      0.47                      0.82  -0.35     0.93
  SINCE JAN 1     17.65                     13.57   4.08    10.66

SNOWFALL (IN)
  YESTERDAY        0.0           3.3  1951   0.1   -0.1      0.0
  MONTH TO DATE    1.1                       3.7   -2.6      6.9
  SINCE SEP 1      1.1                       4.9   -3.8      6.9
  SINCE JUL 1      1.1                       5.2   -4.1      6.9
  SNOW DEPTH       0

DEGREE DAYS
 HEATING
  YESTERDAY       15                        24     -9       46
  MONTH TO DATE  377                       563   -186      627
  SINCE SEP 1    632                       849   -217      793
  SINCE JUL 1    702                       970   -268      817

 COOLING
  YESTERDAY        0                         0      0        0
  MONTH TO DATE    1                         0      1        0
  SINCE SEP 1     26                        21      5       80
  SINCE JAN 1    350                       297     53      449
..................................................................


WIND (MPH)
  HIGHEST WIND SPEED    29   HIGHEST WIND DIRECTION     W (250)
  HIGHEST GUST SPEED    36   HIGHEST GUST DIRECTION    SW (240)
  AVERAGE WIND SPEED    16.8


SKY COVER
  AVERAGE SKY COVER 0.3


WEATHER CONDITIONS
 THE FOLLOWING WEATHER WAS RECORDED YESTERDAY.
  NO SIGNIFICANT WEATHER WAS OBSERVED.


RELATIVE HUMIDITY (PERCENT)
 HIGHEST    76           900 PM
 LOWEST     32          1200 PM
 AVERAGE    54

..........................................................


THE GREAT FALLS MT CLIMATE NORMALS FOR TODAY
                         NORMAL    RECORD    YEAR
 MAXIMUM TEMPERATURE (F)   52        72      1983
 MINIMUM TEMPERATURE (F)   29       -11      1991


SUNRISE AND SUNSET
OCTOBER 30 2014.......SUNRISE   806 AM MDT   SUNSET   611 PM MDT
OCTOBER 31 2014.......SUNRISE   808 AM MDT   SUNSET   610 PM MDT


-  INDICATES NEGATIVE NUMBERS.
R  INDICATES RECORD WAS SET OR TIED.
MM INDICATES DATA IS MISSING.
T  INDICATES TRACE AMOUNT.




$$
