000
CDUS45 KTFX 272323
CLIGTF


CLIMATE REPORT
NATIONAL WEATHER SERVICE GREAT FALLS MT
422 PM MST FRI FEB 27 2015


...................................

...THE GREAT FALLS MT CLIMATE SUMMARY FOR FEBRUARY 27 2015...
VALID TODAY AS OF 0400 PM LOCAL TIME.

CLIMATE NORMAL PERIOD 1981 TO 2010
CLIMATE RECORD PERIOD 1886 TO 2015


WEATHER ITEM   OBSERVED TIME   RECORD YEAR NORMAL DEPARTURE LAST
                VALUE   (LST)  VALUE       VALUE  FROM      YEAR
                                                  NORMAL
..................................................................
TEMPERATURE (F)
 TODAY
  MAXIMUM         19    259 PM  70    1992  41    -22       33
                                      1932
  MINIMUM          2    633 AM -22    1917  18    -16        8
  AVERAGE         11                        29    -18       21

PRECIPITATION (IN)
  TODAY            T             0.34 1952   0.02  -0.02     0.02
  MONTH TO DATE    0.37                      0.45  -0.08     1.04
  SINCE OCT 1      4.33                      2.96   1.37     4.39
  SINCE JAN 1      1.38                      0.96   0.42     2.34

SNOWFALL (IN)
  TODAY            0.1           5.1  1952   0.3   -0.2      0.6
  MONTH TO DATE    5.0                       7.9   -2.9     13.0
  SINCE DEC 1     38.1                      26.0   12.1     45.3
  SINCE JUL 1     55.5                      39.7   15.8     55.0
  SNOW DEPTH       T

DEGREE DAYS
 HEATING
  TODAY           54                        36     18       44
  MONTH TO DATE  898                      1020   -122     1342
  SINCE DEC 1   3201                      3502   -301     3793
  SINCE JUL 1   5090                      5471   -381     5593

 COOLING
  TODAY            0                         0      0        0
  MONTH TO DATE    0                         0      0        0
  SINCE DEC 1      0                         0      0        0
  SINCE JAN 1      0                         0      0        0
..................................................................


WIND (MPH)
  HIGHEST WIND SPEED    13   HIGHEST WIND DIRECTION     S (180)
  HIGHEST GUST SPEED    15   HIGHEST GUST DIRECTION     W (290)
  AVERAGE WIND SPEED     6.2


SKY COVER
  AVERAGE SKY COVER 0.6


WEATHER CONDITIONS
 THE FOLLOWING WEATHER WAS RECORDED TODAY.
  LIGHT SNOW
  FOG
  HAZE


RELATIVE HUMIDITY (PERCENT)
 HIGHEST    91           700 AM
 LOWEST     70           100 AM
 AVERAGE    81

..........................................................


THE GREAT FALLS MT CLIMATE NORMALS FOR TOMORROW
                         NORMAL    RECORD    YEAR
 MAXIMUM TEMPERATURE (F)   41        68      1992
 MINIMUM TEMPERATURE (F)   18       -18      1996


SUNRISE AND SUNSET
FEBRUARY 27 2015......SUNRISE   710 AM MST   SUNSET   607 PM MST
FEBRUARY 28 2015......SUNRISE   708 AM MST   SUNSET   609 PM MST


-  INDICATES NEGATIVE NUMBERS.
R  INDICATES RECORD WAS SET OR TIED.
MM INDICATES DATA IS MISSING.
T  INDICATES TRACE AMOUNT.




$$
