000
CDGM40 PGUM 290645
CLIGUM


CLIMATE REPORT
NATIONAL WEATHER SERVICE TIYAN, GUAM
445 PM CHST THU SEP 29 2016


...................................

...THE GUAM INTERNATIONAL AIRPORT GU CLIMATE SUMMARY FOR SEPTEMBER 29 2016...
VALID TODAY AS OF 0400 PM LOCAL TIME.

CLIMATE NORMAL PERIOD 1981 TO 2010
CLIMATE RECORD PERIOD 1945 TO 2016


WEATHER ITEM   OBSERVED TIME   RECORD YEAR NORMAL DEPARTURE LAST
                VALUE   (LST)  VALUE       VALUE  FROM      YEAR
                                                  NORMAL
..................................................................
TEMPERATURE (F)
 TODAY
  MAXIMUM         85   1106 AM  91    1992  87     -2       87
                                      1988
                                      1971
  MINIMUM         77    728 AM  71    1985  76      1       79
  AVERAGE         81                        82     -1       83

PRECIPITATION (IN)
  TODAY            0.13          2.92 1962   0.39  -0.26     0.01
  MONTH TO DATE   13.81                     13.78   0.03    13.49
  SINCE SEP 1     13.81                     13.78   0.03    13.49
  SINCE JAN 1     60.15                     70.30 -10.15    91.54

SNOWFALL (IN)
  TODAY            0.0
  MONTH TO DATE    0.0
  SINCE SEP 1      0.0
  SINCE JUL 1      0.0
  SNOW DEPTH       0

DEGREE DAYS
 HEATING
  TODAY            0
  MONTH TO DATE    0
  SINCE SEP 1      0
  SINCE JUL 1      0

 COOLING
  TODAY           16                        17     -1       18
  MONTH TO DATE  557                       467     90      500
  SINCE SEP 1    557                       467     90      500
  SINCE JAN 1   5021                      4454    567     4588
..................................................................


WIND (MPH)
  RESULTANT WIND SPEED   8   RESULTANT WIND DIRECTION   S (200)
  HIGHEST WIND SPEED    20   HIGHEST WIND DIRECTION     S (170)
  HIGHEST GUST SPEED    26   HIGHEST GUST DIRECTION     S (160)
  AVERAGE WIND SPEED     9.8


SKY COVER
  POSSIBLE SUNSHINE  MM
  AVERAGE SKY COVER 0.4


WEATHER CONDITIONS
 THE FOLLOWING WEATHER WAS RECORDED TODAY.
  THUNDERSTORM
  RAIN
  LIGHT RAIN
  FOG


RELATIVE HUMIDITY (PERCENT)
 HIGHEST    97           400 AM
 LOWEST     80          1100 AM
 AVERAGE    89

..........................................................


THE GUAM INTERNATIONAL AIRPORT GU CLIMATE NORMALS FOR TOMORROW
                         NORMAL    RECORD    YEAR
 MAXIMUM TEMPERATURE (F)   87        93      1981
 MINIMUM TEMPERATURE (F)   76        72      1949


SUNRISE AND SUNSET
SEPTEMBER 29 2016.....SUNRISE   610 AM CHST  SUNSET   612 PM CHST
SEPTEMBER 30 2016.....SUNRISE   610 AM CHST  SUNSET   611 PM CHST


-  INDICATES NEGATIVE NUMBERS.
R  INDICATES RECORD WAS SET OR TIED.
MM INDICATES DATA IS MISSING.
T  INDICATES TRACE AMOUNT.




$$
