000
CDGM40 PGUM 170645
CLIGUM


CLIMATE REPORT
NATIONAL WEATHER SERVICE TIYAN, GUAM
445 PM CHST THU AUG 17 2017


...................................

...THE GUAM INTERNATIONAL AIRPORT GU CLIMATE SUMMARY FOR AUGUST 17 2017...
VALID TODAY AS OF 0400 PM LOCAL TIME.

CLIMATE NORMAL PERIOD 1981 TO 2010
CLIMATE RECORD PERIOD 1945 TO 2017


WEATHER ITEM   OBSERVED TIME   RECORD YEAR NORMAL DEPARTURE LAST
                VALUE   (LST)  VALUE       VALUE  FROM      YEAR
                                                  NORMAL
..................................................................
TEMPERATURE (F)
 TODAY
  MAXIMUM         90   1252 PM  91    1969  87      3       86
                                      1966
                                      1964
  MINIMUM         78    619 AM  73    1990  76      2       80
                                      1979
  AVERAGE         84                        81      3       83

PRECIPITATION (IN)
  TODAY            0.01          3.09 2003   0.57  -0.56     0.21
  MONTH TO DATE    3.26                      8.96  -5.70    15.20
  SINCE JUN 1     21.52                     28.19  -6.67    29.70
  SINCE JAN 1     48.59                     48.33   0.26    40.69

SNOWFALL (IN)
  TODAY            0.0
  MONTH TO DATE    0.0
  SINCE JUN 1      0.0
  SINCE JUL 1      0.0
  SNOW DEPTH       0

DEGREE DAYS
 HEATING
  TODAY            0
  MONTH TO DATE    0
  SINCE JUN 1      0
  SINCE JUL 1      0

 COOLING
  TODAY           19                        16      3       18
  MONTH TO DATE  320                       272     48      286
  SINCE JUN 1   1474                      1323    151     1508
  SINCE JAN 1   4147                      3751    396     4194
..................................................................


WIND (MPH)
  RESULTANT WIND SPEED   1   RESULTANT WIND DIRECTION  SE (130)
  HIGHEST WIND SPEED    20   HIGHEST WIND DIRECTION     E (110)
  HIGHEST GUST SPEED    27   HIGHEST GUST DIRECTION     E (110)
  AVERAGE WIND SPEED     2.7


SKY COVER
  POSSIBLE SUNSHINE  MM
  AVERAGE SKY COVER 0.3


WEATHER CONDITIONS
 THE FOLLOWING WEATHER WAS RECORDED TODAY.
  RAIN
  LIGHT RAIN
  FOG


RELATIVE HUMIDITY (PERCENT)
 HIGHEST    94          1200 AM
 LOWEST     68           100 PM
 AVERAGE    81

..........................................................


THE GUAM INTERNATIONAL AIRPORT GU CLIMATE NORMALS FOR TOMORROW
                         NORMAL    RECORD    YEAR
 MAXIMUM TEMPERATURE (F)   87        92      1992
 MINIMUM TEMPERATURE (F)   76        71      1990


SUNRISE AND SUNSET
AUGUST 17 2017........SUNRISE   608 AM CHST  SUNSET   641 PM CHST
AUGUST 18 2017........SUNRISE   608 AM CHST  SUNSET   641 PM CHST


-  INDICATES NEGATIVE NUMBERS.
R  INDICATES RECORD WAS SET OR TIED.
MM INDICATES DATA IS MISSING.
T  INDICATES TRACE AMOUNT.




$$
