000
CDUS44 KAMA 300626
CLIGUY


CLIMATE REPORT
NATIONAL WEATHER SERVICE AMARILLO TX
126 AM CDT TUE MAY 30 2017


...................................

...THE GUYMON CLIMATE SUMMARY FOR MAY 29 2017...

CLIMATE NORMAL PERIOD 1981 TO 2010
CLIMATE RECORD PERIOD 1998 TO 2017


WEATHER ITEM   OBSERVED TIME   RECORD YEAR NORMAL DEPARTURE LAST
                VALUE   (LST)  VALUE       VALUE  FROM      YEAR
                                                  NORMAL
..................................................................
TEMPERATURE (F)
 YESTERDAY
  MAXIMUM         82    400 PM  MM      MM  82      0       79
  MINIMUM         47    456 AM  MM      MM  55     -8       52
  AVERAGE         65                        69     -4       66

PRECIPITATION (IN)
  YESTERDAY        T            MM      MM   0.11  -0.11     0.15
  MONTH TO DATE    2.13                      2.19  -0.06     0.96
  SINCE MAR 1      8.12                      5.13   2.99     6.48
  SINCE JAN 1     10.14                      6.00   4.14     6.91

SNOWFALL (IN)
  YESTERDAY        0.0          MM      MM  MM     MM        0.0
  MONTH TO DATE    0.0                      MM     MM        0.0
  SINCE MAR 1      3.0                      MM     MM        0.0
  SINCE JUL 1      3.8                      MM     MM        0.0
  SNOW DEPTH       0

DEGREE DAYS
 HEATING
  YESTERDAY        0                         1     -1        0
  MONTH TO DATE  102                        93      9      134
  SINCE MAR 1    766                       979   -213      817
  SINCE JUL 1   3669                      4446   -777     3784

 COOLING
  YESTERDAY        0                         5     -5        1
  MONTH TO DATE   50                        83    -33       67
  SINCE MAR 1    107                        98      9       84
  SINCE JAN 1    115                        98     17       87
..................................................................


WIND (MPH)
  RESULTANT WIND SPEED   1   RESULTANT WIND DIRECTION  NE (40)
  HIGHEST WIND SPEED    33   HIGHEST WIND DIRECTION     W (270)
  HIGHEST GUST SPEED    45   HIGHEST GUST DIRECTION     W (270)
  AVERAGE WIND SPEED     6.9


SKY COVER
  AVERAGE SKY COVER 0.2


WEATHER CONDITIONS
 THE FOLLOWING WEATHER WAS RECORDED YESTERDAY.
  LIGHT RAIN


RELATIVE HUMIDITY (PERCENT)
 HIGHEST    87          1100 PM
 LOWEST     26           200 PM
 AVERAGE    57

..........................................................


THE GUYMON CLIMATE NORMALS FOR TODAY
                         NORMAL    RECORD    YEAR
 MAXIMUM TEMPERATURE (F)   83        MM        MM
 MINIMUM TEMPERATURE (F)   56        MM        MM


SUNRISE AND SUNSET
MAY 30 2017...........SUNRISE   629 AM CDT   SUNSET   858 PM CDT
MAY 31 2017...........SUNRISE   629 AM CDT   SUNSET   859 PM CDT


-  INDICATES NEGATIVE NUMBERS.
R  INDICATES RECORD WAS SET OR TIED.
MM INDICATES DATA IS MISSING.
T  INDICATES TRACE AMOUNT.




$$
