979
CDUS44 KAMA 250629
CLIGUY


CLIMATE REPORT
NATIONAL WEATHER SERVICE AMARILLO TX
129 AM CDT MON SEP 25 2017


...................................

...THE GUYMON CLIMATE SUMMARY FOR SEPTEMBER 24 2017...

CLIMATE NORMAL PERIOD 1981 TO 2010
CLIMATE RECORD PERIOD 1998 TO 2017


WEATHER ITEM   OBSERVED TIME   RECORD YEAR NORMAL DEPARTURE LAST
                VALUE   (LST)  VALUE       VALUE  FROM      YEAR
                                                  NORMAL
..................................................................
TEMPERATURE (F)
 YESTERDAY
  MAXIMUM         79    418 PM  MM      MM  82     -3       85
  MINIMUM         60    300 AM  MM      MM  52      8       60
  AVERAGE         70                        67      3       73

PRECIPITATION (IN)
  YESTERDAY        0.72         MM      MM   0.05   0.67     0.00
  MONTH TO DATE    2.90                      1.44   1.46     0.01
  SINCE SEP 1      2.90                      1.44   1.46     0.01
  SINCE JAN 1     18.46                     16.21   2.25    14.45

SNOWFALL (IN)
  YESTERDAY        0.0          MM      MM  MM     MM        0.0
  MONTH TO DATE    0.0                      MM     MM        0.0
  SINCE SEP 1      0.0                      MM     MM        0.0
  SINCE JUL 1      0.0                      MM     MM        0.0
  SNOW DEPTH       0

DEGREE DAYS
 HEATING
  YESTERDAY        0                         2     -2        0
  MONTH TO DATE    0                        20    -20        2
  SINCE SEP 1      0                        20    -20        2
  SINCE JUL 1      0                        21    -21        2

 COOLING
  YESTERDAY        5                         4      1        8
  MONTH TO DATE  223                       184     39      255
  SINCE SEP 1    223                       184     39      255
  SINCE JAN 1   1544                      1433    111     1692
..................................................................


WIND (MPH)
  RESULTANT WIND SPEED  11   RESULTANT WIND DIRECTION   S (160)
  HIGHEST WIND SPEED    24   HIGHEST WIND DIRECTION     W (250)
  HIGHEST GUST SPEED    29   HIGHEST GUST DIRECTION     W (250)
  AVERAGE WIND SPEED    11.1


SKY COVER
  AVERAGE SKY COVER 0.8


WEATHER CONDITIONS
 THE FOLLOWING WEATHER WAS RECORDED YESTERDAY.
  HEAVY RAIN
  RAIN
  LIGHT RAIN
  FOG


RELATIVE HUMIDITY (PERCENT)
 HIGHEST   100          1200 AM
 LOWEST     67           400 PM
 AVERAGE    84

..........................................................


THE GUYMON CLIMATE NORMALS FOR TODAY
                         NORMAL    RECORD    YEAR
 MAXIMUM TEMPERATURE (F)   81        MM        MM
 MINIMUM TEMPERATURE (F)   52        MM        MM


SUNRISE AND SUNSET
SEPTEMBER 25 2017.....SUNRISE   737 AM CDT   SUNSET   738 PM CDT
SEPTEMBER 26 2017.....SUNRISE   737 AM CDT   SUNSET   736 PM CDT


-  INDICATES NEGATIVE NUMBERS.
R  INDICATES RECORD WAS SET OR TIED.
MM INDICATES DATA IS MISSING.
T  INDICATES TRACE AMOUNT.




$$
