000
CDUS44 KAMA 290737
CLIGUY


CLIMATE REPORT
NATIONAL WEATHER SERVICE AMARILLO TX
137 AM CST MON DEC 29 2014


...................................

...THE GUYMON CLIMATE SUMMARY FOR DECEMBER 28 2014...

CLIMATE NORMAL PERIOD 1981 TO 2010
CLIMATE RECORD PERIOD 1998 TO 2014


WEATHER ITEM   OBSERVED TIME   RECORD YEAR NORMAL DEPARTURE LAST
                VALUE   (LST)  VALUE       VALUE  FROM      YEAR
                                                  NORMAL
..................................................................
TEMPERATURE (F)
 YESTERDAY
  MAXIMUM         45    457 PM  72    1999  47     -2       57
  MINIMUM         15    750 AM  10    2007  21     -6       22
  AVERAGE         30                        34     -4       40

PRECIPITATION (IN)
  YESTERDAY        0.00         MM      MM   0.02  -0.02     0.00
  MONTH TO DATE    0.81                      0.59   0.22     0.31
  SINCE DEC 1      0.81                      0.59   0.22     0.31
  SINCE JAN 1     13.12                     19.25  -6.13    15.31

SNOWFALL (IN)
  YESTERDAY        0.0          MM      MM  MM     MM        0.0
  MONTH TO DATE    0.8                      MM     MM        3.5
  SINCE DEC 1      0.8                      MM     MM        3.5
  SINCE JUL 1      3.8                      MM     MM        7.2
  SNOW DEPTH       0

DEGREE DAYS
 HEATING
  YESTERDAY       35                        31      4       25
  MONTH TO DATE  679                       832   -153      866
  SINCE DEC 1    679                       832   -153      866
  SINCE JUL 1   1486                      1723   -237     1752

 COOLING
  YESTERDAY        0                         0      0        0
  MONTH TO DATE    0                         0      0        0
  SINCE DEC 1      0                         0      0        0
  SINCE JAN 1   1706                      1482    224     1846
..................................................................


WIND (MPH)
  RESULTANT WIND SPEED   4   RESULTANT WIND DIRECTION   S (180)
  HIGHEST WIND SPEED    12   HIGHEST WIND DIRECTION     S (160)
  HIGHEST GUST SPEED    20   HIGHEST GUST DIRECTION    SE (150)
  AVERAGE WIND SPEED     4.3


SKY COVER
  AVERAGE SKY COVER 0.0


WEATHER CONDITIONS
 THE FOLLOWING WEATHER WAS RECORDED YESTERDAY.
  NO SIGNIFICANT WEATHER WAS OBSERVED.


RELATIVE HUMIDITY (PERCENT)
 HIGHEST    80           300 AM
 LOWEST     37           500 PM
 AVERAGE    59

..........................................................


THE GUYMON CLIMATE NORMALS FOR TODAY
                         NORMAL    RECORD    YEAR
 MAXIMUM TEMPERATURE (F)   47        74      2005
 MINIMUM TEMPERATURE (F)   21         1      2007


SUNRISE AND SUNSET
DECEMBER 29 2014......SUNRISE   758 AM CST   SUNSET   539 PM CST
DECEMBER 30 2014......SUNRISE   758 AM CST   SUNSET   539 PM CST


-  INDICATES NEGATIVE NUMBERS.
R  INDICATES RECORD WAS SET OR TIED.
MM INDICATES DATA IS MISSING.
T  INDICATES TRACE AMOUNT.




$$
