431
CDUS44 KAMA 302127
CLIGUY


CLIMATE REPORT
NATIONAL WEATHER SERVICE AMARILLO TX
425 PM CDT FRI SEP 30 2016


...................................

...THE GUYMON CLIMATE SUMMARY FOR SEPTEMBER 30 2016...
VALID TODAY AS OF 0400 PM LOCAL TIME.

CLIMATE NORMAL PERIOD 1981 TO 2010
CLIMATE RECORD PERIOD 1998 TO 2016


WEATHER ITEM   OBSERVED TIME   RECORD YEAR NORMAL DEPARTURE LAST
                VALUE   (LST)  VALUE       VALUE  FROM      YEAR
                                                  NORMAL
..................................................................
TEMPERATURE (F)
 TODAY
  MAXIMUM         83    252 PM  MM      MM  79      4       85
  MINIMUM         46    700 AM  MM      MM  49     -3       60
  AVERAGE         65                        64      1       73

PRECIPITATION (IN)
  TODAY            0.00         MM      MM   0.07  -0.07      T
  MONTH TO DATE    0.01                      1.79  -1.78     1.00
  SINCE SEP 1      0.01                      1.79  -1.78     1.00
  SINCE JAN 1     14.45                     16.56  -2.11    23.61

SNOWFALL (IN)
  TODAY            0.0          MM      MM  MM     MM        0.0
  MONTH TO DATE    0.0                      MM     MM        0.0
  SINCE SEP 1      0.0                      MM     MM        0.0
  SINCE JUL 1      0.0                      MM     MM        0.0
  SNOW DEPTH       0

DEGREE DAYS
 HEATING
  TODAY            0                         4     -4        0
  MONTH TO DATE   11                        40    -29        3
  SINCE SEP 1     11                        42    -31        3
  SINCE JUL 1     11                        43    -32        3

 COOLING
  TODAY            0                         3     -3        8
  MONTH TO DATE  265                       205     60      320
  SINCE SEP 1    265                       205     60      320
  SINCE JAN 1   1702                      1454    248     1620
..................................................................


WIND (MPH)
  RESULTANT WIND SPEED  10   RESULTANT WIND DIRECTION   S (170)
  HIGHEST WIND SPEED    21   HIGHEST WIND DIRECTION     S (160)
  HIGHEST GUST SPEED    27   HIGHEST GUST DIRECTION     S (160)
  AVERAGE WIND SPEED     9.9


SKY COVER
  AVERAGE SKY COVER 0.0


WEATHER CONDITIONS
 THE FOLLOWING WEATHER WAS RECORDED TODAY.
  NO SIGNIFICANT WEATHER WAS OBSERVED.


RELATIVE HUMIDITY (PERCENT)
 HIGHEST    86           600 AM
 LOWEST     28           300 PM
 AVERAGE    57

..........................................................


THE GUYMON CLIMATE NORMALS FOR TOMORROW
                         NORMAL    RECORD    YEAR
 MAXIMUM TEMPERATURE (F)   78        97      2000
 MINIMUM TEMPERATURE (F)   49        36      1999


SUNRISE AND SUNSET
SEPTEMBER 30 2016.....SUNRISE   741 AM CDT   SUNSET   730 PM CDT
OCTOBER  1 2016.......SUNRISE   742 AM CDT   SUNSET   729 PM CDT


-  INDICATES NEGATIVE NUMBERS.
R  INDICATES RECORD WAS SET OR TIED.
MM INDICATES DATA IS MISSING.
T  INDICATES TRACE AMOUNT.




$$
