000
CDUS44 KAMA 290633
CLIGUY


CLIMATE REPORT
NATIONAL WEATHER SERVICE AMARILLO TX
131 AM CDT WED MAR 29 2017


...................................

...THE GUYMON CLIMATE SUMMARY FOR MARCH 28 2017...

CLIMATE NORMAL PERIOD 1981 TO 2010
CLIMATE RECORD PERIOD 1998 TO 2017


WEATHER ITEM   OBSERVED TIME   RECORD YEAR NORMAL DEPARTURE LAST
                VALUE   (LST)  VALUE       VALUE  FROM      YEAR
                                                  NORMAL
..................................................................
TEMPERATURE (F)
 YESTERDAY
  MAXIMUM         52   1214 AM  MM      MM  65    -13       77
  MINIMUM         45   1159 PM  MM      MM  35     10       32
  AVERAGE         49                        50     -1       55

PRECIPITATION (IN)
  YESTERDAY        1.13         MM      MM   0.05   1.08     0.00
  MONTH TO DATE    1.41                      1.28   0.13     0.26
  SINCE MAR 1      1.41                      1.28   0.13     0.26
  SINCE JAN 1      3.43                      2.15   1.28     0.69

SNOWFALL (IN)
  YESTERDAY        0.0          MM      MM  MM     MM        0.0
  MONTH TO DATE    0.0                      MM     MM        0.0
  SINCE MAR 1      0.0                      MM     MM        0.0
  SINCE JUL 1      0.8                      MM     MM        0.0
  SNOW DEPTH       0

DEGREE DAYS
 HEATING
  YESTERDAY       16                        15      1       10
  MONTH TO DATE  359                       537   -178      417
  SINCE MAR 1    359                       537   -178      417
  SINCE JUL 1   3262                      4004   -742     3384

 COOLING
  YESTERDAY        0                         0      0        0
  MONTH TO DATE   15                         0     15        6
  SINCE MAR 1     15                         0     15        6
  SINCE JAN 1     23                         0     23        9
..................................................................


WIND (MPH)
  RESULTANT WIND SPEED  10   RESULTANT WIND DIRECTION   E (80)
  HIGHEST WIND SPEED    24   HIGHEST WIND DIRECTION     E (70)
  HIGHEST GUST SPEED    33   HIGHEST GUST DIRECTION     E (70)
  AVERAGE WIND SPEED    12.7


SKY COVER
  AVERAGE SKY COVER 0.8


WEATHER CONDITIONS
 THE FOLLOWING WEATHER WAS RECORDED YESTERDAY.
  THUNDERSTORM
  HEAVY RAIN
  RAIN
  LIGHT RAIN
  FOG


RELATIVE HUMIDITY (PERCENT)
 HIGHEST   100           300 PM
 LOWEST     71          1200 AM
 AVERAGE    86

..........................................................


THE GUYMON CLIMATE NORMALS FOR TODAY
                         NORMAL    RECORD    YEAR
 MAXIMUM TEMPERATURE (F)   65        MM        MM
 MINIMUM TEMPERATURE (F)   35        MM        MM


SUNRISE AND SUNSET
MARCH 29 2017.........SUNRISE   736 AM CDT   SUNSET   806 PM CDT
MARCH 30 2017.........SUNRISE   734 AM CDT   SUNSET   807 PM CDT


-  INDICATES NEGATIVE NUMBERS.
R  INDICATES RECORD WAS SET OR TIED.
MM INDICATES DATA IS MISSING.
T  INDICATES TRACE AMOUNT.




$$
