000
CDUS44 KAMA 292126
CLIGUY


CLIMATE REPORT
NATIONAL WEATHER SERVICE AMARILLO TX
426 PM CDT SUN MAY 29 2016


...................................

...THE GUYMON CLIMATE SUMMARY FOR MAY 29 2016...
VALID TODAY AS OF 0400 PM LOCAL TIME.

CLIMATE NORMAL PERIOD 1981 TO 2010
CLIMATE RECORD PERIOD 1998 TO 2016


WEATHER ITEM   OBSERVED TIME   RECORD YEAR NORMAL DEPARTURE LAST
                VALUE   (LST)  VALUE       VALUE  FROM      YEAR
                                                  NORMAL
..................................................................
TEMPERATURE (F)
 TODAY
  MAXIMUM         79    142 PM  MM      MM  82     -3       79
  MINIMUM         52    445 AM  MM      MM  55     -3       55
  AVERAGE         66                        69     -3       67

PRECIPITATION (IN)
  TODAY            0.15         MM      MM   0.11   0.04     0.00
  MONTH TO DATE    0.96                      2.19  -1.23     6.52
  SINCE MAR 1      6.48                      5.13   1.35     8.99
  SINCE JAN 1      6.91                      6.00   0.91    10.94

SNOWFALL (IN)
  TODAY            0.0          MM      MM  MM     MM        0.0
  MONTH TO DATE    0.0                      MM     MM        0.0
  SINCE MAR 1      T                        MM     MM        2.0
  SINCE JUL 1      T                        MM     MM       23.3
  SNOW DEPTH       0

DEGREE DAYS
 HEATING
  TODAY            0                         1     -1        0
  MONTH TO DATE  134                        93     41      113
  SINCE MAR 1    817                       979   -162      779
  SINCE JUL 1   3784                      4446   -662     3996

 COOLING
  TODAY            1                         5     -4        2
  MONTH TO DATE   67                        83    -16       47
  SINCE MAR 1     84                        98    -14       64
  SINCE JAN 1     87                        98    -11       64
..................................................................


WIND (MPH)
  RESULTANT WIND SPEED   4   RESULTANT WIND DIRECTION   S (190)
  HIGHEST WIND SPEED    30   HIGHEST WIND DIRECTION     S (180)
  HIGHEST GUST SPEED    43   HIGHEST GUST DIRECTION     S (160)
  AVERAGE WIND SPEED     5.0


SKY COVER
  AVERAGE SKY COVER 0.3


WEATHER CONDITIONS
 THE FOLLOWING WEATHER WAS RECORDED TODAY.
  THUNDERSTORM
  LIGHT RAIN
  FOG


RELATIVE HUMIDITY (PERCENT)
 HIGHEST    87           900 AM
 LOWEST     38           200 PM
 AVERAGE    63

..........................................................


THE GUYMON CLIMATE NORMALS FOR TOMORROW
                         NORMAL    RECORD    YEAR
 MAXIMUM TEMPERATURE (F)   83        MM        MM
 MINIMUM TEMPERATURE (F)   56        MM        MM


SUNRISE AND SUNSET
MAY 29 2016...........SUNRISE   630 AM CDT   SUNSET   858 PM CDT
MAY 30 2016...........SUNRISE   629 AM CDT   SUNSET   858 PM CDT


-  INDICATES NEGATIVE NUMBERS.
R  INDICATES RECORD WAS SET OR TIED.
MM INDICATES DATA IS MISSING.
T  INDICATES TRACE AMOUNT.




$$
