000
CDUS44 KAMA 290638
CLIGUY


CLIMATE REPORT
NATIONAL WEATHER SERVICE AMARILLO TX
137 AM CDT FRI MAY 29 2015


...................................

...THE GUYMON CLIMATE SUMMARY FOR MAY 28 2015...

CLIMATE NORMAL PERIOD 1981 TO 2010
CLIMATE RECORD PERIOD 1998 TO 2015


WEATHER ITEM   OBSERVED TIME   RECORD YEAR NORMAL DEPARTURE LAST
                VALUE   (LST)  VALUE       VALUE  FROM      YEAR
                                                  NORMAL
..................................................................
TEMPERATURE (F)
 YESTERDAY
  MAXIMUM         79   1255 PM  MM      MM  82     -3       90
  MINIMUM         60   1159 PM  MM      MM  55      5       57
  AVERAGE         70                        68      2       74

PRECIPITATION (IN)
  YESTERDAY        0.19         MM      MM   0.10   0.09     0.00
  MONTH TO DATE    6.52                      2.08   4.44     1.79
  SINCE MAR 1      8.99                      5.02   3.97     2.55
  SINCE JAN 1     10.94                      5.89   5.05     2.89

SNOWFALL (IN)
  YESTERDAY        0.0          MM      MM  MM     MM        0.0
  MONTH TO DATE    0.0                      MM     MM        0.0
  SINCE MAR 1      2.0                      MM     MM        3.5
  SINCE JUL 1     23.3                      MM     MM       16.2
  SNOW DEPTH       0

DEGREE DAYS
 HEATING
  YESTERDAY        0                         1     -1        0
  MONTH TO DATE  113                        92     21       77
  SINCE MAR 1    779                       978   -199      966
  SINCE JUL 1   3996                      4445   -449     4532

 COOLING
  YESTERDAY        5                         5      0        9
  MONTH TO DATE   45                        78    -33      120
  SINCE MAR 1     62                        93    -31      148
  SINCE JAN 1     62                        93    -31      148
..................................................................


WIND (MPH)
  RESULTANT WIND SPEED   9   RESULTANT WIND DIRECTION   S (160)
  HIGHEST WIND SPEED    30   HIGHEST WIND DIRECTION     S (200)
  HIGHEST GUST SPEED    39   HIGHEST GUST DIRECTION     S (180)
  AVERAGE WIND SPEED    13.4


SKY COVER
  AVERAGE SKY COVER 0.3


WEATHER CONDITIONS
 THE FOLLOWING WEATHER WAS RECORDED YESTERDAY.
  THUNDERSTORM
  HEAVY RAIN
  RAIN
  LIGHT RAIN


RELATIVE HUMIDITY (PERCENT)
 HIGHEST    97           600 AM
 LOWEST     57          1000 AM
 AVERAGE    77

..........................................................


THE GUYMON CLIMATE NORMALS FOR TODAY
                         NORMAL    RECORD    YEAR
 MAXIMUM TEMPERATURE (F)   82        MM        MM
 MINIMUM TEMPERATURE (F)   55        MM        MM


SUNRISE AND SUNSET
MAY 29 2015...........SUNRISE   630 AM CDT   SUNSET   857 PM CDT
MAY 30 2015...........SUNRISE   630 AM CDT   SUNSET   858 PM CDT


-  INDICATES NEGATIVE NUMBERS.
R  INDICATES RECORD WAS SET OR TIED.
MM INDICATES DATA IS MISSING.
T  INDICATES TRACE AMOUNT.




$$
