000
CDUS44 KAMA 252128
CLIGUY


CLIMATE REPORT
NATIONAL WEATHER SERVICE AMARILLO TX
427 PM CDT THU AUG 25 2016


...................................

...THE GUYMON CLIMATE SUMMARY FOR AUGUST 25 2016...
VALID TODAY AS OF 0427 PM LOCAL TIME.

CLIMATE NORMAL PERIOD 1981 TO 2010
CLIMATE RECORD PERIOD 1998 TO 2016


WEATHER ITEM   OBSERVED TIME   RECORD YEAR NORMAL DEPARTURE LAST
                VALUE   (LST)  VALUE       VALUE  FROM      YEAR
                                                  NORMAL
..................................................................
TEMPERATURE (F)
 TODAY
  MAXIMUM         71   1258 PM  MM      MM  91    -20       95
  MINIMUM         63    959 AM  MM      MM  64     -1       63
  AVERAGE         67                        77    -10       79

PRECIPITATION (IN)
  TODAY            0.02         MM      MM   0.08  -0.06     0.00
  MONTH TO DATE    1.99                      2.34  -0.35     4.79
  SINCE JUN 1      6.40                      7.94  -1.54    11.58
  SINCE JAN 1     13.36                     14.19  -0.83    22.53

SNOWFALL (IN)
  TODAY            0.0          MM      MM  MM     MM        0.0
  MONTH TO DATE    0.0                      MM     MM        0.0
  SINCE JUN 1      0.0                      MM     MM        0.0
  SINCE JUL 1      0.0                      MM     MM        0.0
  SNOW DEPTH       0

DEGREE DAYS
 HEATING
  TODAY            0                         0      0        0
  MONTH TO DATE    0                         0      0        0
  SINCE JUN 1      0                         8     -8        0
  SINCE JUL 1      0                         0      0        0

 COOLING
  TODAY            2                        12    -10       14
  MONTH TO DATE  337                       336      1      306
  SINCE JUN 1   1301                      1070    231     1161
  SINCE JAN 1   1391                      1178    213     1225
..................................................................


WIND (MPH)
  RESULTANT WIND SPEED   7   RESULTANT WIND DIRECTION   N (10)
  HIGHEST WIND SPEED    14   HIGHEST WIND DIRECTION     N (340)
  HIGHEST GUST SPEED    16   HIGHEST GUST DIRECTION     N (340)
  AVERAGE WIND SPEED     7.8


SKY COVER
  AVERAGE SKY COVER 1.0


WEATHER CONDITIONS
 THE FOLLOWING WEATHER WAS RECORDED TODAY.
  LIGHT RAIN
  FOG


RELATIVE HUMIDITY (PERCENT)
 HIGHEST    93          1200 AM
 LOWEST     70          1200 PM
 AVERAGE    82

..........................................................


THE GUYMON CLIMATE NORMALS FOR TOMORROW
                         NORMAL    RECORD    YEAR
 MAXIMUM TEMPERATURE (F)   91        MM        MM
 MINIMUM TEMPERATURE (F)   63        MM        MM


SUNRISE AND SUNSET
AUGUST 25 2016........SUNRISE   712 AM CDT   SUNSET   823 PM CDT
AUGUST 26 2016........SUNRISE   713 AM CDT   SUNSET   822 PM CDT


-  INDICATES NEGATIVE NUMBERS.
R  INDICATES RECORD WAS SET OR TIED.
MM INDICATES DATA IS MISSING.
T  INDICATES TRACE AMOUNT.




$$
