000
CDUS44 KAMA 112238
CLIGUY


CLIMATE REPORT
NATIONAL WEATHER SERVICE AMARILLO TX
436 PM CST THU FEB 11 2016


...................................

...THE GUYMON CLIMATE SUMMARY FOR FEBRUARY 11 2016...
VALID TODAY AS OF 0400 PM LOCAL TIME.

CLIMATE NORMAL PERIOD 1981 TO 2010
CLIMATE RECORD PERIOD 1998 TO 2016


WEATHER ITEM   OBSERVED TIME   RECORD YEAR NORMAL DEPARTURE LAST
                VALUE   (LST)  VALUE       VALUE  FROM      YEAR
                                                  NORMAL
..................................................................
TEMPERATURE (F)
 TODAY
  MAXIMUM         68R   353 PM  68    2002  53     15       46
  MINIMUM         30    750 AM  MM      MM  23      7       26
  AVERAGE         49                        38     11       36

PRECIPITATION (IN)
  TODAY            0.00         MM      MM   0.01  -0.01      T
  MONTH TO DATE    0.22                      0.17   0.05      T
  SINCE DEC 1      1.20                      1.21  -0.01     2.04
  SINCE JAN 1      0.36                      0.57  -0.21     1.21

SNOWFALL (IN)
  TODAY            0.0          MM      MM  MM     MM        0.0
  MONTH TO DATE    0.0                      MM     MM         T
  SINCE DEC 1      T                        MM     MM        8.8
  SINCE JUL 1      T                        MM     MM       11.8
  SNOW DEPTH       0

DEGREE DAYS
 HEATING
  TODAY           16                        27    -11       29
  MONTH TO DATE  275                       305    -30      221
  SINCE DEC 1   1962                      2142   -180     1898
  SINCE JUL 1   2676                      3033   -357     2705

 COOLING
  TODAY            0                         0      0        0
  MONTH TO DATE    0                         0      0        0
  SINCE DEC 1      0                         0      0        0
  SINCE JAN 1      0                         0      0        0
..................................................................


WIND (MPH)
  RESULTANT WIND SPEED   3   RESULTANT WIND DIRECTION  NW (310)
  HIGHEST WIND SPEED    15   HIGHEST WIND DIRECTION     N (340)
  HIGHEST GUST SPEED    18   HIGHEST GUST DIRECTION    SW (210)
  AVERAGE WIND SPEED     8.0


SKY COVER
  AVERAGE SKY COVER 0.0


WEATHER CONDITIONS
 THE FOLLOWING WEATHER WAS RECORDED TODAY.
  NO SIGNIFICANT WEATHER WAS OBSERVED.


RELATIVE HUMIDITY (PERCENT)
 HIGHEST    69           700 AM
 LOWEST     17           400 PM
 AVERAGE    43

..........................................................


THE GUYMON CLIMATE NORMALS FOR TOMORROW
                         NORMAL    RECORD    YEAR
 MAXIMUM TEMPERATURE (F)   53        66      2011
                                             2000
 MINIMUM TEMPERATURE (F)   23        MM        MM


SUNRISE AND SUNSET
FEBRUARY 11 2016......SUNRISE   739 AM CST   SUNSET   622 PM CST
FEBRUARY 12 2016......SUNRISE   738 AM CST   SUNSET   623 PM CST


-  INDICATES NEGATIVE NUMBERS.
R  INDICATES RECORD WAS SET OR TIED.
MM INDICATES DATA IS MISSING.
T  INDICATES TRACE AMOUNT.




$$
