000
CDUS44 KAMA 200629
CLIGUY


CLIMATE REPORT
NATIONAL WEATHER SERVICE AMARILLO TX
129 AM CDT SAT SEP 20 2014


...................................

...THE GUYMON CLIMATE SUMMARY FOR SEPTEMBER 19 2014...

CLIMATE NORMAL PERIOD 1981 TO 2010
CLIMATE RECORD PERIOD 1998 TO 2014


WEATHER ITEM   OBSERVED TIME   NORMAL DEPARTURE LAST
                VALUE   (LST)  VALUE  FROM      YEAR
                                      NORMAL
......................................................
TEMPERATURE (F)
 YESTERDAY
  MAXIMUM         86    329 PM  84      2       86
  MINIMUM         59    648 AM  55      4       63
  AVERAGE         73            69      4       75

PRECIPITATION (IN)
  YESTERDAY        0.00          0.05  -0.05     0.19
  MONTH TO DATE    1.70          1.16   0.54     2.29
  SINCE SEP 1      1.70          1.16   0.54     2.29
  SINCE JAN 1     10.14         15.93  -5.79    12.84

SNOWFALL (IN)
  YESTERDAY        0.0                           0.0
  MONTH TO DATE    0.0                           0.0
  SINCE SEP 1      0.0                           0.0
  SINCE JUL 1      0.0                           0.0
  SNOW DEPTH       0

DEGREE DAYS
 HEATING
  YESTERDAY        0             2     -2        0
  MONTH TO DATE   26            10     16        0
  SINCE SEP 1     26            10     16        0
  SINCE JUL 1     30            11     19        0

 COOLING
  YESTERDAY        8             6      2       10
  MONTH TO DATE  149           160    -11      227
  SINCE SEP 1    149           160    -11      227
  SINCE JAN 1   1595          1409    186     1778
......................................................


WIND (MPH)
  RESULTANT WIND SPEED  12   RESULTANT WIND DIRECTION   S (190)
  HIGHEST WIND SPEED    22   HIGHEST WIND DIRECTION     S (200)
  HIGHEST GUST SPEED    29   HIGHEST GUST DIRECTION     S (180)
  AVERAGE WIND SPEED    11.9


SKY COVER
  AVERAGE SKY COVER 0.1


WEATHER CONDITIONS
 THE FOLLOWING WEATHER WAS RECORDED YESTERDAY.
  NO SIGNIFICANT WEATHER WAS OBSERVED.


RELATIVE HUMIDITY (PERCENT)
 HIGHEST    97           400 AM
 LOWEST     44           400 PM
 AVERAGE    71

..........................................................


THE GUYMON CLIMATE NORMALS FOR TODAY
                         NORMAL
 MAXIMUM TEMPERATURE (F)   84
 MINIMUM TEMPERATURE (F)   54


SUNRISE AND SUNSET
SEPTEMBER 20 2014.....SUNRISE   732 AM CDT   SUNSET   746 PM CDT
SEPTEMBER 21 2014.....SUNRISE   733 AM CDT   SUNSET   744 PM CDT


-  INDICATES NEGATIVE NUMBERS.
R  INDICATES RECORD WAS SET OR TIED.
MM INDICATES DATA IS MISSING.
T  INDICATES TRACE AMOUNT.




$$
