000
CDUS42 KFFC 300819
CLIGVL


CLIMATE REPORT
NATIONAL WEATHER SERVICE PEACHTREE CITY GA
419 AM EDT TUE JUN 30 2015


...................................

...THE GAINESVILLE   CLIMATE SUMMARY FOR JUNE 29 2015...

CLIMATE NORMAL PERIOD 1981 TO 2010
CLIMATE RECORD PERIOD 9999 TO 9999


WEATHER ITEM   OBSERVED TIME   RECORD YEAR NORMAL DEPARTURE LAST
                VALUE   (LST)  VALUE       VALUE  FROM      YEAR
                                                  NORMAL
..................................................................
TEMPERATURE (F)
 YESTERDAY
  MAXIMUM         84    509 PM  MM      MM  87     -3       86
  MINIMUM         60    446 AM  MM      MM  69     -9       69
  AVERAGE         72                        78     -6       78

PRECIPITATION (IN)
  YESTERDAY        0.00         MM      MM   0.16  -0.16     0.01
  MONTH TO DATE    3.20                      4.24  -1.04     1.34
  SINCE JUN 1      3.20                      4.24  -1.04     1.34
  SINCE JAN 1     20.52                     27.16  -6.64    20.51

DEGREE DAYS
 COOLING
  YESTERDAY        7                        13     -6       13
  MONTH TO DATE  383                       308     75      346
  SINCE JUN 1    383                       308     75      346
  SINCE JAN 1    636                       483    153      575
..................................................................


WIND (MPH)
  RESULTANT WIND SPEED   5   RESULTANT WIND DIRECTION   W (260)
  HIGHEST WIND SPEED    17   HIGHEST WIND DIRECTION    SW (240)
  HIGHEST GUST SPEED    21   HIGHEST GUST DIRECTION     W (250)
  AVERAGE WIND SPEED     6.4


SKY COVER
  AVERAGE SKY COVER 0.2


WEATHER CONDITIONS
 THE FOLLOWING WEATHER WAS RECORDED YESTERDAY.
  NO SIGNIFICANT WEATHER WAS OBSERVED.


RELATIVE HUMIDITY (PERCENT)
 HIGHEST    90           600 AM
 LOWEST     43           200 PM
 AVERAGE    67

..........................................................


THE GAINESVILLE   CLIMATE NORMALS FOR TODAY
                         NORMAL    RECORD    YEAR
 MAXIMUM TEMPERATURE (F)   87        MM        MM
 MINIMUM TEMPERATURE (F)   69        MM        MM


SUNRISE AND SUNSET
JUNE 30 2015..........SUNRISE   627 AM EDT   SUNSET   851 PM EDT
JULY  1 2015..........SUNRISE   627 AM EDT   SUNSET   851 PM EDT


-  INDICATES NEGATIVE NUMBERS.
R  INDICATES RECORD WAS SET OR TIED.
MM INDICATES DATA IS MISSING.
T  INDICATES TRACE AMOUNT.




$$
