719
CDUS42 KFFC 100920
CLIGVL


CLIMATE REPORT
NATIONAL WEATHER SERVICE PEACHTREE CITY GA
419 AM EST WED FEB 10 2016


...................................

...THE GAINESVILLE   CLIMATE SUMMARY FOR FEBRUARY 9 2016...

CLIMATE NORMAL PERIOD 1981 TO 2010
CLIMATE RECORD PERIOD 9999 TO 9999


WEATHER ITEM   OBSERVED TIME   RECORD YEAR NORMAL DEPARTURE LAST
                VALUE   (LST)  VALUE       VALUE  FROM      YEAR
                                                  NORMAL
..................................................................
TEMPERATURE (F)
 YESTERDAY
  MAXIMUM         34    100 PM  MM      MM  54    -20       61
  MINIMUM         23   1159 PM  MM      MM  35    -12       46
  AVERAGE         29                        44    -15       54

PRECIPITATION (IN)
  YESTERDAY        T            MM      MM   0.16  -0.16     0.51
  MONTH TO DATE    1.48                      1.42   0.06     1.96
  SINCE DEC 1     16.52                     10.95   5.57     9.71
  SINCE JAN 1      6.15                      6.45  -0.30     5.62

SNOWFALL (IN)
  YESTERDAY        T            MM      MM  MM     MM       MM
  MONTH TO DATE    T                        MM     MM        0.0
  SINCE DEC 1      T                        MM     MM        0.0
  SINCE JUL 1      T                        MM     MM        0.0
  SNOW DEPTH      MM

DEGREE DAYS
 HEATING
  YESTERDAY       36                        21     15       11
  MONTH TO DATE  170                       193    -23      195
  SINCE DEC 1   1242                      1576   -334     1458
  SINCE JUL 1   1651                      2111   -460     2101
..................................................................


WIND (MPH)
  RESULTANT WIND SPEED  13   RESULTANT WIND DIRECTION   W (290)
  HIGHEST WIND SPEED    23   HIGHEST WIND DIRECTION    NW (300)
  HIGHEST GUST SPEED    33   HIGHEST GUST DIRECTION    NW (300)
  AVERAGE WIND SPEED    13.1


SKY COVER
  AVERAGE SKY COVER 0.9


WEATHER CONDITIONS
 THE FOLLOWING WEATHER WAS RECORDED YESTERDAY.
  LIGHT SNOW
  FOG


RELATIVE HUMIDITY (PERCENT)
 HIGHEST    69           600 AM
 LOWEST     56           100 AM
 AVERAGE    63

..........................................................


THE GAINESVILLE   CLIMATE NORMALS FOR TODAY
                         NORMAL    RECORD    YEAR
 MAXIMUM TEMPERATURE (F)   54        MM        MM
 MINIMUM TEMPERATURE (F)   35        MM        MM


SUNRISE AND SUNSET
FEBRUARY 10 2016......SUNRISE   726 AM EST   SUNSET   614 PM EST
FEBRUARY 11 2016......SUNRISE   725 AM EST   SUNSET   615 PM EST


-  INDICATES NEGATIVE NUMBERS.
R  INDICATES RECORD WAS SET OR TIED.
MM INDICATES DATA IS MISSING.
T  INDICATES TRACE AMOUNT.




$$
