000
CDUS42 KFFC 300848
CLIGVL


CLIMATE REPORT
NATIONAL WEATHER SERVICE PEACHTREE CITY GA
448 AM EDT SAT MAY 30 2015


...................................

...THE GAINESVILLE   CLIMATE SUMMARY FOR MAY 29 2015...

CLIMATE NORMAL PERIOD 1981 TO 2010
CLIMATE RECORD PERIOD 9999 TO 9999


WEATHER ITEM   OBSERVED TIME   RECORD YEAR NORMAL DEPARTURE LAST
                VALUE   (LST)  VALUE       VALUE  FROM      YEAR
                                                  NORMAL
..................................................................
TEMPERATURE (F)
 YESTERDAY
  MAXIMUM         82    538 PM  MM      MM  81      1       84
  MINIMUM         65    703 AM  MM      MM  62      3       66
  AVERAGE         74                        72      2       75

PRECIPITATION (IN)
  YESTERDAY        0.00         MM      MM   0.15  -0.15     0.04
  MONTH TO DATE    2.11                      3.76  -1.65     3.42
  SINCE MAR 1      9.09                     12.74  -3.65    12.43
  SINCE JAN 1     17.27                     22.64  -5.37    18.42

DEGREE DAYS
 COOLING
  YESTERDAY        9                         7      2       10
  MONTH TO DATE  190                       121     69      175
  SINCE MAR 1    236                       160     76      209
  SINCE JAN 1    236                       160     76      209
..................................................................


WIND (MPH)
  RESULTANT WIND SPEED   5   RESULTANT WIND DIRECTION   E (100)
  HIGHEST WIND SPEED    13   HIGHEST WIND DIRECTION     E (110)
  HIGHEST GUST SPEED    19   HIGHEST GUST DIRECTION     E (110)
  AVERAGE WIND SPEED     5.3


SKY COVER
  AVERAGE SKY COVER 0.5


WEATHER CONDITIONS
 THE FOLLOWING WEATHER WAS RECORDED YESTERDAY.
  FOG
  FOG W/VISIBILITY <= 1/4 MILE


RELATIVE HUMIDITY (PERCENT)
 HIGHEST   100           300 AM
 LOWEST     54           400 PM
 AVERAGE    77

..........................................................


THE GAINESVILLE   CLIMATE NORMALS FOR TODAY
                         NORMAL    RECORD    YEAR
 MAXIMUM TEMPERATURE (F)   81        MM        MM
 MINIMUM TEMPERATURE (F)   62        MM        MM


SUNRISE AND SUNSET
MAY 30 2015...........SUNRISE   625 AM EDT   SUNSET   841 PM EDT
MAY 31 2015...........SUNRISE   625 AM EDT   SUNSET   841 PM EDT


-  INDICATES NEGATIVE NUMBERS.
R  INDICATES RECORD WAS SET OR TIED.
MM INDICATES DATA IS MISSING.
T  INDICATES TRACE AMOUNT.




$$
