000
CDUS44 KJAN 180732
CLIGWO


CLIMATE REPORT
NATIONAL WEATHER SERVICE JACKSON MS
231 AM CDT FRI APR 18 2014


...................................

...THE GREENWOOD CLIMATE SUMMARY FOR APRIL 17 2014...

CLIMATE NORMAL PERIOD 1981 TO 2010
CLIMATE RECORD PERIOD 1948 TO 2014


WEATHER ITEM   OBSERVED TIME   RECORD YEAR NORMAL DEPARTURE LAST
                VALUE   (LST)  VALUE       VALUE  FROM      YEAR
                                                  NORMAL
..................................................................
TEMPERATURE (F)
 YESTERDAY
  MAXIMUM         70    226 PM  89    2006  76     -6       85
  MINIMUM         40    335 AM  37    1986  52    -12       68
  AVERAGE         55                        64     -9       77

PRECIPITATION (IN)
  YESTERDAY        0.00          1.85 2012   0.17  -0.17     0.00
  MONTH TO DATE    6.59                      2.93   3.66     3.61
  SINCE MAR 1     10.67                      7.24   3.43     9.43
  SINCE JAN 1     16.95                     16.18   0.77    21.89

SNOWFALL (IN)
  YESTERDAY        0.0

DEGREE DAYS
 HEATING
  YESTERDAY       10                         4      6        0
  MONTH TO DATE  131                        90     41       87
  SINCE MAR 1    569                       406    163      575
  SINCE JUL 1   3223                      2637    586     2655

 COOLING
  YESTERDAY        0                         3     -3       12
  MONTH TO DATE   30                        33     -3       57
  SINCE MAR 1     34                        54    -20       57
  SINCE JAN 1     34                        59    -25       69
..................................................................


WIND (MPH)
  HIGHEST WIND SPEED    14   HIGHEST WIND DIRECTION    SE (140)
  HIGHEST GUST SPEED    23   HIGHEST GUST DIRECTION    SE (140)
  AVERAGE WIND SPEED     4.8


SKY COVER
  POSSIBLE SUNSHINE  MM
  AVERAGE SKY COVER 0.1


WEATHER CONDITIONS
 THE FOLLOWING WEATHER WAS RECORDED YESTERDAY.
  NO SIGNIFICANT WEATHER WAS OBSERVED.


RELATIVE HUMIDITY (PERCENT)
 HIGHEST    83          1200 AM
 LOWEST     40           200 PM
 AVERAGE    62

..........................................................


THE GREENWOOD CLIMATE NORMALS FOR TODAY
                         NORMAL    RECORD    YEAR
 MAXIMUM TEMPERATURE (F)   76        91      2006
 MINIMUM TEMPERATURE (F)   52        34      2001


SUNRISE AND SUNSET
APRIL 18 2014.........SUNRISE   626 AM CDT   SUNSET   733 PM CDT
APRIL 19 2014.........SUNRISE   625 AM CDT   SUNSET   734 PM CDT


-  INDICATES NEGATIVE NUMBERS.
R  INDICATES RECORD WAS SET OR TIED.
MM INDICATES DATA IS MISSING.
T  INDICATES TRACE AMOUNT.




$$
