962
CDUS44 KJAN 200654
CLIGWO


CLIMATE REPORT
NATIONAL WEATHER SERVICE JACKSON MS
1252 AM CST TUE FEB 20 2018


...................................

...THE GREENWOOD CLIMATE SUMMARY FOR FEBRUARY 19 2018...

CLIMATE NORMAL PERIOD 1981 TO 2010
CLIMATE RECORD PERIOD 1948 TO 2018


WEATHER ITEM   OBSERVED TIME   RECORD YEAR NORMAL DEPARTURE LAST
                VALUE   (LST)  VALUE       VALUE  FROM      YEAR
                                                  NORMAL
..................................................................
TEMPERATURE (F)
 YESTERDAY
  MAXIMUM         80    411 PM  82    2017  59     21       82
  MINIMUM         59    220 AM  17    2015  38     21       44
  AVERAGE         70                        49     21       63

PRECIPITATION (IN)
  YESTERDAY        0.00          2.65 1954   0.16  -0.16     0.00
  MONTH TO DATE    6.20                      3.01   3.19     2.15
  SINCE DEC 1     14.29                     13.18   1.11    11.07
  SINCE JAN 1      9.01                      7.53   1.48     6.38

SNOWFALL (IN)
  YESTERDAY        0.0

DEGREE DAYS
 HEATING
  YESTERDAY        0                        16    -16        2
  MONTH TO DATE  263                       356    -93      200
  SINCE DEC 1   1614                      1627    -13     1140
  SINCE JUL 1   2028                      2095    -67     1432

 COOLING
  YESTERDAY        5                         0      5        0
  MONTH TO DATE   13                         0     13        9
  SINCE DEC 1     18                         7     11       32
  SINCE JAN 1     13                         2     11       19
..................................................................


WIND (MPH)
  HIGHEST WIND SPEED    24   HIGHEST WIND DIRECTION     S (200)
  HIGHEST GUST SPEED    30   HIGHEST GUST DIRECTION    SE (150)
  AVERAGE WIND SPEED    13.6


SKY COVER
  POSSIBLE SUNSHINE  MM
  AVERAGE SKY COVER 0.2


WEATHER CONDITIONS
 THE FOLLOWING WEATHER WAS RECORDED YESTERDAY.
  NO SIGNIFICANT WEATHER WAS OBSERVED.


RELATIVE HUMIDITY (PERCENT)
 HIGHEST   100           300 AM
 LOWEST     45           400 PM
 AVERAGE    73

..........................................................


THE GREENWOOD CLIMATE NORMALS FOR TODAY
                         NORMAL    RECORD    YEAR
 MAXIMUM TEMPERATURE (F)   60        82      2017
                                             1997
 MINIMUM TEMPERATURE (F)   38        23      2009


SUNRISE AND SUNSET
FEBRUARY 20 2018......SUNRISE   639 AM CST   SUNSET   549 PM CST
FEBRUARY 21 2018......SUNRISE   638 AM CST   SUNSET   550 PM CST


-  INDICATES NEGATIVE NUMBERS.
R  INDICATES RECORD WAS SET OR TIED.
MM INDICATES DATA IS MISSING.
T  INDICATES TRACE AMOUNT.




$$
