992
CDUS44 KJAN 220626
CLIGWO


CLIMATE REPORT
NATIONAL WEATHER SERVICE JACKSON MS
122 AM CDT FRI SEP 22 2017


...................................

...THE GREENWOOD CLIMATE SUMMARY FOR SEPTEMBER 21 2017...

CLIMATE NORMAL PERIOD 1981 TO 2010
CLIMATE RECORD PERIOD 1948 TO 2017


WEATHER ITEM   OBSERVED TIME   RECORD YEAR NORMAL DEPARTURE LAST
                VALUE   (LST)  VALUE       VALUE  FROM      YEAR
                                                  NORMAL
..................................................................
TEMPERATURE (F)
 YESTERDAY
  MAXIMUM         93    229 PM  98    1955  85      8       94
  MINIMUM         67    607 AM  44    1983  61      6       63
  AVERAGE         80                        73      7       79

PRECIPITATION (IN)
  YESTERDAY        0.00          2.48 1958   0.12  -0.12     0.00
  MONTH TO DATE    2.31                      2.48  -0.17     1.88
  SINCE SEP 1      2.31                      2.48  -0.17     1.88
  SINCE JAN 1     38.17                     36.55   1.62    38.38

SNOWFALL (IN)
  YESTERDAY        0.0

DEGREE DAYS
 HEATING
  YESTERDAY        0                         1     -1        0
  MONTH TO DATE    2                         2      0        0
  SINCE SEP 1      2                         2      0        0
  SINCE JUL 1      2                         2      0        0

 COOLING
  YESTERDAY       15                         9      6       14
  MONTH TO DATE  192                       241    -49      337
  SINCE SEP 1    192                       241    -49      337
  SINCE JAN 1   2027                      1983     44     2284
..................................................................


WIND (MPH)
  HIGHEST WIND SPEED     7   HIGHEST WIND DIRECTION    SE (120)
  HIGHEST GUST SPEED     9   HIGHEST GUST DIRECTION    SE (120)
  AVERAGE WIND SPEED     1.0


SKY COVER
  POSSIBLE SUNSHINE  MM
  AVERAGE SKY COVER 0.1


WEATHER CONDITIONS
 THE FOLLOWING WEATHER WAS RECORDED YESTERDAY.
  FOG
  HAZE


RELATIVE HUMIDITY (PERCENT)
 HIGHEST   100           900 PM
 LOWEST     49           400 PM
 AVERAGE    75

..........................................................


THE GREENWOOD CLIMATE NORMALS FOR TODAY
                         NORMAL    RECORD    YEAR
 MAXIMUM TEMPERATURE (F)   85        98      1970
 MINIMUM TEMPERATURE (F)   60        40      1983


SUNRISE AND SUNSET
SEPTEMBER 22 2017.....SUNRISE   649 AM CDT   SUNSET   657 PM CDT
SEPTEMBER 23 2017.....SUNRISE   649 AM CDT   SUNSET   655 PM CDT


-  INDICATES NEGATIVE NUMBERS.
R  INDICATES RECORD WAS SET OR TIED.
MM INDICATES DATA IS MISSING.
T  INDICATES TRACE AMOUNT.




$$
