000
CDUS44 KJAN 270633
CLIGWO


CLIMATE REPORT
NATIONAL WEATHER SERVICE JACKSON MS
128 AM CDT THU AUG 27 2015


...................................

...THE GREENWOOD CLIMATE SUMMARY FOR AUGUST 26 2015...

CLIMATE NORMAL PERIOD 1981 TO 2010
CLIMATE RECORD PERIOD 1948 TO 2015


WEATHER ITEM   OBSERVED TIME   RECORD YEAR NORMAL DEPARTURE LAST
                VALUE   (LST)  VALUE       VALUE  FROM      YEAR
                                                  NORMAL
..................................................................
TEMPERATURE (F)
 YESTERDAY
  MAXIMUM         86    210 PM 100    2000  92     -6       92
  MINIMUM         54R   515 AM  57    1966  69    -15       70
  AVERAGE         70                        80    -10       81

PRECIPITATION (IN)
  YESTERDAY        0.00          2.27 1992   0.09  -0.09     0.00
  MONTH TO DATE    1.76                      2.33  -0.57     2.26
  SINCE JUN 1      6.13                     10.24  -4.11    16.88
  SINCE JAN 1     34.06                     33.57   0.49    40.00

SNOWFALL (IN)
  YESTERDAY        0.0

DEGREE DAYS
 HEATING
  YESTERDAY        0                         0      0        0
  MONTH TO DATE    0                         0      0        0
  SINCE JUN 1      0                         0      0        0
  SINCE JUL 1      0                         0      0        0

 COOLING
  YESTERDAY        5                        15    -10       16
  MONTH TO DATE  419                       414      5      389
  SINCE JUN 1   1421                      1332     89     1185
  SINCE JAN 1   1785                      1662    123     1479
..................................................................


WIND (MPH)
  HIGHEST WIND SPEED    16   HIGHEST WIND DIRECTION     N (360)
  HIGHEST GUST SPEED    25   HIGHEST GUST DIRECTION    NE (30)
  AVERAGE WIND SPEED     4.2


SKY COVER
  POSSIBLE SUNSHINE  MM
  AVERAGE SKY COVER 0.0


WEATHER CONDITIONS
 THE FOLLOWING WEATHER WAS RECORDED YESTERDAY.
  FOG


RELATIVE HUMIDITY (PERCENT)
 HIGHEST    93           200 AM
 LOWEST     31           100 PM
 AVERAGE    62

..........................................................


THE GREENWOOD CLIMATE NORMALS FOR TODAY
                         NORMAL    RECORD    YEAR
 MAXIMUM TEMPERATURE (F)   92       101      1990
 MINIMUM TEMPERATURE (F)   69        59      1958


SUNRISE AND SUNSET
AUGUST 27 2015........SUNRISE   631 AM CDT   SUNSET   732 PM CDT
AUGUST 28 2015........SUNRISE   632 AM CDT   SUNSET   731 PM CDT


-  INDICATES NEGATIVE NUMBERS.
R  INDICATES RECORD WAS SET OR TIED.
MM INDICATES DATA IS MISSING.
T  INDICATES TRACE AMOUNT.




$$
