000
CDUS44 KJAN 300634
CLIGWO


CLIMATE REPORT
NATIONAL WEATHER SERVICE JACKSON MS
127 AM CDT TUE SEP 30 2014


...................................

...THE GREENWOOD CLIMATE SUMMARY FOR SEPTEMBER 29 2014...

CLIMATE NORMAL PERIOD 1981 TO 2010
CLIMATE RECORD PERIOD 1948 TO 2014


WEATHER ITEM   OBSERVED TIME   RECORD YEAR NORMAL DEPARTURE LAST
                VALUE   (LST)  VALUE       VALUE  FROM      YEAR
                                                  NORMAL
..................................................................
TEMPERATURE (F)
 YESTERDAY
  MAXIMUM         89        MM  97    1953  83      6       71
  MINIMUM         62        MM  35    1967  57      5       67
  AVERAGE         76                        70      6       69

PRECIPITATION (IN)
  YESTERDAY        0.00          1.67 1980   0.13  -0.13     1.37
  MONTH TO DATE    0.38                      3.53  -3.15     8.01
  SINCE SEP 1      0.38                      3.53  -3.15     8.01
  SINCE JAN 1     41.14                     37.60   3.54    46.26

SNOWFALL (IN)
  YESTERDAY        0.0

DEGREE DAYS
 HEATING
  YESTERDAY        0                         1     -1        0
  MONTH TO DATE    0                        10    -10        0
  SINCE SEP 1      0                        10    -10        0
  SINCE JUL 1      0                        10    -10        0

 COOLING
  YESTERDAY       11                         6      5        4
  MONTH TO DATE  354                       299     55      348
  SINCE SEP 1    354                       299     55      348
  SINCE JAN 1   1910                      2041   -131     1970
..................................................................


WIND (MPH)
  HIGHEST WIND SPEED    13   HIGHEST WIND DIRECTION    NE (30)
  HIGHEST GUST SPEED    17   HIGHEST GUST DIRECTION    MM
  AVERAGE WIND SPEED     4.3


SKY COVER
  POSSIBLE SUNSHINE  MM
  AVERAGE SKY COVER 0.3


WEATHER CONDITIONS
 THE FOLLOWING WEATHER WAS RECORDED YESTERDAY.
  FOG


RELATIVE HUMIDITY (PERCENT)
 HIGHEST    93           900 PM
 LOWEST     43           400 PM
 AVERAGE    68

..........................................................


THE GREENWOOD CLIMATE NORMALS FOR TODAY
                         NORMAL    RECORD    YEAR
 MAXIMUM TEMPERATURE (F)   82        95      1953
 MINIMUM TEMPERATURE (F)   57        39      1967


SUNRISE AND SUNSET
SEPTEMBER 30 2014.....SUNRISE   654 AM CDT   SUNSET   646 PM CDT
OCTOBER  1 2014.......SUNRISE   655 AM CDT   SUNSET   645 PM CDT


-  INDICATES NEGATIVE NUMBERS.
R  INDICATES RECORD WAS SET OR TIED.
MM INDICATES DATA IS MISSING.
T  INDICATES TRACE AMOUNT.




$$
