000
CDUS44 KJAN 292204
CLIGWO


CLIMATE REPORT
NATIONAL WEATHER SERVICE JACKSON MS
503 PM CDT MON MAY 29 2017


...................................

...THE GREENWOOD CLIMATE SUMMARY FOR MAY 29 2017...
VALID AS OF 0500 PM LOCAL TIME.

CLIMATE NORMAL PERIOD 1981 TO 2010
CLIMATE RECORD PERIOD 1948 TO 2017


WEATHER ITEM   OBSERVED TIME   RECORD YEAR NORMAL DEPARTURE LAST
                VALUE   (LST)  VALUE       VALUE  FROM      YEAR
                                                  NORMAL
..................................................................
TEMPERATURE (F)
 TODAY
  MAXIMUM         83    340 PM  96    1953  86     -3       91
  MINIMUM         65    538 AM  50    1984  64      1       65
  AVERAGE         74                        75     -1       78

PRECIPITATION (IN)
  TODAY            0.01          3.78 1949   0.14  -0.13     0.00
  MONTH TO DATE    3.23                      4.66  -1.43     1.35
  SINCE MAR 1     13.16                     14.10  -0.94    18.20
  SINCE JAN 1     21.44                     23.04  -1.60    25.65

SNOWFALL (IN)
  TODAY            0.0

DEGREE DAYS
 HEATING
  TODAY            0                         0      0        0
  MONTH TO DATE   22                        15      7       16
  SINCE MAR 1    297                       455   -158      268
  SINCE JUL 1   1780                      2686   -906     1929

 COOLING
  TODAY            9                        10     -1       13
  MONTH TO DATE  189                       206    -17      169
  SINCE MAR 1    389                       303     86      292
  SINCE JAN 1    423                       308    115      300
..................................................................


WIND (MPH)
  HIGHEST WIND SPEED    13   HIGHEST WIND DIRECTION    SW (230)
  HIGHEST GUST SPEED    17   HIGHEST GUST DIRECTION     S (200)
  AVERAGE WIND SPEED     6.6


SKY COVER
  POSSIBLE SUNSHINE  MM
  AVERAGE SKY COVER 0.4


WEATHER CONDITIONS
 THE FOLLOWING WEATHER WAS RECORDED TODAY.
  LIGHT RAIN


RELATIVE HUMIDITY (PERCENT)
 HIGHEST    93           400 AM
 LOWEST     62           200 PM
 AVERAGE    78

..........................................................


THE GREENWOOD CLIMATE NORMALS FOR TOMORROW
                         NORMAL    RECORD    YEAR
 MAXIMUM TEMPERATURE (F)   86        97      1951
 MINIMUM TEMPERATURE (F)   65        44      1984


SUNRISE AND SUNSET
MAY 29 2017...........SUNRISE   552 AM CDT   SUNSET   804 PM CDT
MAY 30 2017...........SUNRISE   552 AM CDT   SUNSET   804 PM CDT


-  INDICATES NEGATIVE NUMBERS.
R  INDICATES RECORD WAS SET OR TIED.
MM INDICATES DATA IS MISSING.
T  INDICATES TRACE AMOUNT.




$$
