000
CDUS44 KJAN 202223
CLIGWO


CLIMATE REPORT
NATIONAL WEATHER SERVICE JACKSON MS
418 PM CST THU NOV 20 2014


...................................

...THE GREENWOOD CLIMATE SUMMARY FOR NOVEMBER 20 2014...
VALID TODAY AS OF 0400 PM LOCAL TIME.

CLIMATE NORMAL PERIOD 1981 TO 2010
CLIMATE RECORD PERIOD 1948 TO 2014


WEATHER ITEM   OBSERVED TIME   RECORD YEAR NORMAL DEPARTURE LAST
                VALUE   (LST)  VALUE       VALUE  FROM      YEAR
                                                  NORMAL
..................................................................
TEMPERATURE (F)
 TODAY
  MAXIMUM         60    213 PM  80    1979  65     -5       68
  MINIMUM         41    639 AM  25    1951  41      0       30
  AVERAGE         51                        53     -2       49

PRECIPITATION (IN)
  TODAY            0.00          1.67 1973   0.17  -0.17     0.00
  MONTH TO DATE    2.71                      2.77  -0.06     0.89
  SINCE SEP 1      9.49                     10.30  -0.81    12.35
  SINCE JAN 1     50.25                     44.37   5.88    50.60

SNOWFALL (IN)
  TODAY            0.0

DEGREE DAYS
 HEATING
  TODAY           14                        13      1       16
  MONTH TO DATE  369                       195    174      223
  SINCE SEP 1    463                       326    137      339
  SINCE JUL 1    463                       326    137      339

 COOLING
  TODAY            0                         0      0        0
  MONTH TO DATE    0                        14    -14        6
  SINCE SEP 1    484                       414     70      476
  SINCE JAN 1   2040                      2156   -116     2098
..................................................................


WIND (MPH)
  HIGHEST WIND SPEED     9   HIGHEST WIND DIRECTION    SW (220)
  HIGHEST GUST SPEED    12   HIGHEST GUST DIRECTION    SW (210)
  AVERAGE WIND SPEED     3.1


SKY COVER
  POSSIBLE SUNSHINE  MM
  AVERAGE SKY COVER 0.8


WEATHER CONDITIONS
 THE FOLLOWING WEATHER WAS RECORDED TODAY.
  HAZE


RELATIVE HUMIDITY (PERCENT)
 HIGHEST    76           700 AM
 LOWEST     53           400 AM
 AVERAGE    65

..........................................................


THE GREENWOOD CLIMATE NORMALS FOR TOMORROW
                         NORMAL    RECORD    YEAR
 MAXIMUM TEMPERATURE (F)   64        81      2011
 MINIMUM TEMPERATURE (F)   41        23      1981


SUNRISE AND SUNSET
NOVEMBER 20 2014......SUNRISE   636 AM CST   SUNSET   455 PM CST
NOVEMBER 21 2014......SUNRISE   637 AM CST   SUNSET   455 PM CST


-  INDICATES NEGATIVE NUMBERS.
R  INDICATES RECORD WAS SET OR TIED.
MM INDICATES DATA IS MISSING.
T  INDICATES TRACE AMOUNT.




$$
