000
CDUS44 KJAN 050637
CLIGWO


CLIMATE REPORT
NATIONAL WEATHER SERVICE JACKSON MS
1233 AM CST THU MAR 5 2015


...................................

...THE GREENWOOD CLIMATE SUMMARY FOR MARCH 4 2015...

CLIMATE NORMAL PERIOD 1981 TO 2010
CLIMATE RECORD PERIOD 1948 TO 2015


WEATHER ITEM   OBSERVED TIME   RECORD YEAR NORMAL DEPARTURE LAST
                VALUE   (LST)  VALUE       VALUE  FROM      YEAR
                                                  NORMAL
..................................................................
TEMPERATURE (F)
 YESTERDAY
  MAXIMUM         79    156 PM  83    1963  63     16       35
  MINIMUM         35   1159 PM  20    2002  41     -6       24
                                      1987
  AVERAGE         57                        52      5       30

PRECIPITATION (IN)
  YESTERDAY        0.01          2.04 1984   0.14  -0.13     0.00
  MONTH TO DATE    0.53                      0.56  -0.03     0.56
  SINCE MAR 1      0.53                      0.56  -0.03     0.56
  SINCE JAN 1      9.92                      9.50   0.42     6.84

SNOWFALL (IN)
  YESTERDAY        0.0

DEGREE DAYS
 HEATING
  YESTERDAY        8                        13     -5       35
  MONTH TO DATE   44                        54    -10       79
  SINCE MAR 1     44                        54    -10       79
  SINCE JUL 1   2565                      2285    280     2733

 COOLING
  YESTERDAY        0                         0      0        0
  MONTH TO DATE    0                         0      0        0
  SINCE MAR 1      0                         0      0        0
  SINCE JAN 1      0                         5     -5        0
..................................................................


WIND (MPH)
  HIGHEST WIND SPEED    28   HIGHEST WIND DIRECTION    SW (210)
  HIGHEST GUST SPEED    36   HIGHEST GUST DIRECTION     S (200)
  AVERAGE WIND SPEED    16.6


SKY COVER
  POSSIBLE SUNSHINE  MM
  AVERAGE SKY COVER 0.9


WEATHER CONDITIONS
 THE FOLLOWING WEATHER WAS RECORDED YESTERDAY.
  LIGHT RAIN
  FOG


RELATIVE HUMIDITY (PERCENT)
 HIGHEST    93          1200 AM
 LOWEST     58           200 PM
 AVERAGE    76

..........................................................


THE GREENWOOD CLIMATE NORMALS FOR TODAY
                         NORMAL    RECORD    YEAR
 MAXIMUM TEMPERATURE (F)   64        79      1974
 MINIMUM TEMPERATURE (F)   42        20      1978


SUNRISE AND SUNSET
MARCH  5 2015.........SUNRISE   624 AM CST   SUNSET   600 PM CST
MARCH  6 2015.........SUNRISE   623 AM CST   SUNSET   601 PM CST


-  INDICATES NEGATIVE NUMBERS.
R  INDICATES RECORD WAS SET OR TIED.
MM INDICATES DATA IS MISSING.
T  INDICATES TRACE AMOUNT.




$$
