000
CDUS44 KJAN 280852
CLIGWO


CLIMATE REPORT
NATIONAL WEATHER SERVICE JACKSON MS
248 AM CST SUN DEC 28 2014


...................................

...THE GREENWOOD CLIMATE SUMMARY FOR DECEMBER 27 2014...

CLIMATE NORMAL PERIOD 1981 TO 2010
CLIMATE RECORD PERIOD 1948 TO 2014


WEATHER ITEM   OBSERVED TIME   RECORD YEAR NORMAL DEPARTURE LAST
                VALUE   (LST)  VALUE       VALUE  FROM      YEAR
                                                  NORMAL
..................................................................
TEMPERATURE (F)
 YESTERDAY
  MAXIMUM         65    258 PM  78    2008  54     11       57
  MINIMUM         51   1159 PM  16    2010  34     17       24
  AVERAGE         58                        44     14       41

PRECIPITATION (IN)
  YESTERDAY        1.19          2.17 1987   0.16   1.03     0.00
  MONTH TO DATE    5.14                      5.03   0.11     4.40
  SINCE DEC 1      5.14                      5.03   0.11     4.40
  SINCE JAN 1     55.74                     51.15   4.59    58.10

SNOWFALL (IN)
  YESTERDAY        0.0

DEGREE DAYS
 HEATING
  YESTERDAY        7                        21    -14       24
  MONTH TO DATE  401                       513   -112      551
  SINCE DEC 1    401                       513   -112      551
  SINCE JUL 1    989                       981      8     1118

 COOLING
  YESTERDAY        0                         0      0        0
  MONTH TO DATE    1                         0      1       11
  SINCE DEC 1      1                         0      1       11
  SINCE JAN 1   2044                      2159   -115     2109
..................................................................


WIND (MPH)
  HIGHEST WIND SPEED    18   HIGHEST WIND DIRECTION     S (170)
  HIGHEST GUST SPEED    22   HIGHEST GUST DIRECTION     S (180)
  AVERAGE WIND SPEED     9.9


SKY COVER
  POSSIBLE SUNSHINE  MM
  AVERAGE SKY COVER 1.0


WEATHER CONDITIONS
 THE FOLLOWING WEATHER WAS RECORDED YESTERDAY.
  HEAVY RAIN
  RAIN
  LIGHT RAIN
  FOG


RELATIVE HUMIDITY (PERCENT)
 HIGHEST   100           600 PM
 LOWEST     72          1200 AM
 AVERAGE    86

..........................................................


THE GREENWOOD CLIMATE NORMALS FOR TODAY
                         NORMAL    RECORD    YEAR
 MAXIMUM TEMPERATURE (F)   54        74      1984
 MINIMUM TEMPERATURE (F)   34        20      2010


SUNRISE AND SUNSET
DECEMBER 28 2014......SUNRISE   703 AM CST   SUNSET   501 PM CST
DECEMBER 29 2014......SUNRISE   704 AM CST   SUNSET   501 PM CST


-  INDICATES NEGATIVE NUMBERS.
R  INDICATES RECORD WAS SET OR TIED.
MM INDICATES DATA IS MISSING.
T  INDICATES TRACE AMOUNT.




$$
