000
CDUS44 KJAN 230636
CLIGWO


CLIMATE REPORT
NATIONAL WEATHER SERVICE JACKSON MS
130 AM CDT SAT MAY 23 2015


...................................

...THE GREENWOOD CLIMATE SUMMARY FOR MAY 22 2015...

CLIMATE NORMAL PERIOD 1981 TO 2010
CLIMATE RECORD PERIOD 1948 TO 2015


WEATHER ITEM   OBSERVED TIME   RECORD YEAR NORMAL DEPARTURE LAST
                VALUE   (LST)  VALUE       VALUE  FROM      YEAR
                                                  NORMAL
..................................................................
TEMPERATURE (F)
 YESTERDAY
  MAXIMUM         77    502 PM  94    1972  84     -7       88
                                      1970
  MINIMUM         46R   510 AM  51    2002  63    -17       61
                                      1993
  AVERAGE         62                        73    -11       75

PRECIPITATION (IN)
  YESTERDAY        0.00          1.12 1964   0.15  -0.15     0.00
  MONTH TO DATE    2.52                      3.62  -1.10     0.89
  SINCE MAR 1     14.06                     13.06   1.00    14.59
  SINCE JAN 1     23.45                     22.00   1.45    20.87

SNOWFALL (IN)
  YESTERDAY        0.0

DEGREE DAYS
 HEATING
  YESTERDAY        3                         0      3        0
  MONTH TO DATE   14                        15     -1       34
  SINCE MAR 1    348                       455   -107      617
  SINCE JUL 1   2869                      2686    183     3271

 COOLING
  YESTERDAY        0                         9     -9       10
  MONTH TO DATE  164                       139     25      133
  SINCE MAR 1    275                       236     39      196
  SINCE JAN 1    275                       241     34      196
..................................................................


WIND (MPH)
  HIGHEST WIND SPEED    16   HIGHEST WIND DIRECTION     E (90)
  HIGHEST GUST SPEED    20   HIGHEST GUST DIRECTION     E (90)
  AVERAGE WIND SPEED     5.6


SKY COVER
  POSSIBLE SUNSHINE  MM
  AVERAGE SKY COVER 0.0


WEATHER CONDITIONS
 THE FOLLOWING WEATHER WAS RECORDED YESTERDAY.
  FOG
  HAZE


RELATIVE HUMIDITY (PERCENT)
 HIGHEST    93          1200 AM
 LOWEST     36           300 PM
 AVERAGE    65

..........................................................


THE GREENWOOD CLIMATE NORMALS FOR TODAY
                         NORMAL    RECORD    YEAR
 MAXIMUM TEMPERATURE (F)   85        96      1996
                                             1969
 MINIMUM TEMPERATURE (F)   63        49      1963


SUNRISE AND SUNSET
MAY 23 2015...........SUNRISE   555 AM CDT   SUNSET   759 PM CDT
MAY 24 2015...........SUNRISE   555 AM CDT   SUNSET   800 PM CDT


-  INDICATES NEGATIVE NUMBERS.
R  INDICATES RECORD WAS SET OR TIED.
MM INDICATES DATA IS MISSING.
T  INDICATES TRACE AMOUNT.




$$
