000
CDUS44 KJAN 130631
CLIGWO


CLIMATE REPORT
NATIONAL WEATHER SERVICE JACKSON MS
1228 AM CST SAT FEB 13 2016


...................................

...THE GREENWOOD CLIMATE SUMMARY FOR FEBRUARY 12 2016...

CLIMATE NORMAL PERIOD 1981 TO 2010
CLIMATE RECORD PERIOD 1948 TO 2016


WEATHER ITEM   OBSERVED TIME   RECORD YEAR NORMAL DEPARTURE LAST
                VALUE   (LST)  VALUE       VALUE  FROM      YEAR
                                                  NORMAL
..................................................................
TEMPERATURE (F)
 YESTERDAY
  MAXIMUM         60    332 PM  77    1950  58      2       45
  MINIMUM         32   1156 PM  12    1988  36     -4       27
  AVERAGE         46                        47     -1       36

PRECIPITATION (IN)
  YESTERDAY        0.00          3.82 1959   0.16  -0.16     0.00
  MONTH TO DATE    0.43                      1.88  -1.45     0.22
  SINCE DEC 1      8.71                     12.05  -3.34    10.18
  SINCE JAN 1      3.61                      6.40  -2.79     4.66

SNOWFALL (IN)
  YESTERDAY        0.0

DEGREE DAYS
 HEATING
  YESTERDAY       19                        18      1       29
  MONTH TO DATE  232                       235     -3      259
  SINCE DEC 1   1227                      1506   -279     1472
  SINCE JUL 1   1455                      1974   -519     2060

 COOLING
  YESTERDAY        0                         0      0        0
  MONTH TO DATE    4                         0      4        0
  SINCE DEC 1     70                         7     63        1
  SINCE JAN 1      5                         2      3        0
..................................................................


WIND (MPH)
  HIGHEST WIND SPEED    14   HIGHEST WIND DIRECTION    NW (320)
  HIGHEST GUST SPEED    20   HIGHEST GUST DIRECTION    NW (310)
  AVERAGE WIND SPEED     4.1


SKY COVER
  POSSIBLE SUNSHINE  MM
  AVERAGE SKY COVER 0.0


WEATHER CONDITIONS
 THE FOLLOWING WEATHER WAS RECORDED YESTERDAY.
  NO SIGNIFICANT WEATHER WAS OBSERVED.


RELATIVE HUMIDITY (PERCENT)
 HIGHEST    82           600 AM
 LOWEST     33           100 PM
 AVERAGE    58

..........................................................


THE GREENWOOD CLIMATE NORMALS FOR TODAY
                         NORMAL    RECORD    YEAR
 MAXIMUM TEMPERATURE (F)   58        81      1949
 MINIMUM TEMPERATURE (F)   36        14      1960


SUNRISE AND SUNSET
FEBRUARY 13 2016......SUNRISE   647 AM CST   SUNSET   543 PM CST
FEBRUARY 14 2016......SUNRISE   646 AM CST   SUNSET   544 PM CST


-  INDICATES NEGATIVE NUMBERS.
R  INDICATES RECORD WAS SET OR TIED.
MM INDICATES DATA IS MISSING.
T  INDICATES TRACE AMOUNT.




$$
