000
CDUS41 KGYX 310904
CLIGYX


CLIMATE REPORT
NATIONAL WEATHER SERVICE GRAY ME
404 AM EST SAT JAN 31 2015


...................................

...THE GRAY ME CLIMATE SUMMARY FOR JANUARY 30 2015...

CLIMATE NORMAL PERIOD 1981 TO 2010
CLIMATE RECORD PERIOD 1995 TO 2015


WEATHER ITEM   OBSERVED TIME   RECORD YEAR NORMAL DEPARTURE LAST
                VALUE   (LST)  VALUE       VALUE  FROM      YEAR
                                                  NORMAL
..................................................................
TEMPERATURE (F)
 YESTERDAY
  MAXIMUM         28        MM  MM      MM  30     -2       26
  MINIMUM         16        MM  MM      MM  13      3        6
  AVERAGE         22                        21      1       16

PRECIPITATION (IN)
  YESTERDAY        0.44         MM      MM   0.10   0.34     0.00
  MONTH TO DATE    3.72                      3.42   0.30     3.50
  SINCE DEC 1      9.92                      7.48   2.44     7.18
  SINCE JAN 1      3.72                      3.42   0.30     3.50

SNOWFALL (IN)
  YESTERDAY        5.7          MM      MM   0.6    5.1      0.0
  MONTH TO DATE   44.6                      20.5   24.1     12.9
  SINCE DEC 1     51.1                      38.8   12.3     39.8
  SINCE JUL 1     66.1                      41.9   24.2     40.9
  SNOW DEPTH      23

DEGREE DAYS
 HEATING
  YESTERDAY       43                        44     -1       49
  MONTH TO DATE 1412                      1322     90     1354
  SINCE DEC 1   2502                      2491     11     2684
  SINCE JUL 1   3952                      3988    -36     4155

 COOLING
  YESTERDAY        0                         0      0        0
  MONTH TO DATE    0                         0      0        0
  SINCE DEC 1      0                         0      0        0
  SINCE JAN 1      0                         0      0        0
..................................................................







THE GRAY ME CLIMATE NORMALS FOR TODAY
                         NORMAL
 MAXIMUM TEMPERATURE (F)   30
 MINIMUM TEMPERATURE (F)   13


SUNRISE AND SUNSET
JANUARY 31 2015.......SUNRISE   659 AM EST   SUNSET   450 PM EST
FEBRUARY  1 2015......SUNRISE   658 AM EST   SUNSET   451 PM EST


-  INDICATES NEGATIVE NUMBERS.
R  INDICATES RECORD WAS SET OR TIED.
MM INDICATES DATA IS MISSING.
T  INDICATES TRACE AMOUNT.




$$
