000
CDUS41 KGYX 030801
CLIGYX


CLIMATE REPORT
NATIONAL WEATHER SERVICE GRAY ME
401 AM EDT FRI JUL 3 2015


...................................

...THE GRAY ME CLIMATE SUMMARY FOR JULY 2 2015...

CLIMATE NORMAL PERIOD 1981 TO 2010
CLIMATE RECORD PERIOD 1995 TO 2015


WEATHER ITEM   OBSERVED TIME   RECORD YEAR NORMAL DEPARTURE LAST
                VALUE   (LST)  VALUE       VALUE  FROM      YEAR
                                                  NORMAL
..................................................................
TEMPERATURE (F)
 YESTERDAY
  MAXIMUM         76        MM  MM      MM  78     -2       88
  MINIMUM         57        MM  50    2001  59     -2       67
  AVERAGE         67                        68     -1       78

PRECIPITATION (IN)
  YESTERDAY        0.00         MM      MM   0.15  -0.15     0.44
  MONTH TO DATE    0.37                      0.30   0.07     0.44
  SINCE JUN 1      6.44                      4.60   1.84     3.44
  SINCE JAN 1     19.49                     23.89  -4.40    21.79

SNOWFALL (IN)
  YESTERDAY        0.0          MM      MM   0.0    0.0      0.0
  MONTH TO DATE    0.0                       0.0    0.0      0.0
  SINCE JUN 1      0.0                       0.0    0.0      0.0
  SINCE JUL 1      0.0                       0.0    0.0      0.0
  SNOW DEPTH       0

DEGREE DAYS
 HEATING
  YESTERDAY        0                         1     -1        0
  MONTH TO DATE    4                         2      2        0
  SINCE JUN 1    161                        96     65       74
  SINCE JUL 1      4                         2      2        0

 COOLING
  YESTERDAY        2                         4     -2       13
  MONTH TO DATE    2                         8     -6       24
  SINCE JUN 1     37                        73    -36       89
  SINCE JAN 1     77                        84     -7       90
..................................................................







THE GRAY ME CLIMATE NORMALS FOR TODAY
                         NORMAL
 MAXIMUM TEMPERATURE (F)   78
 MINIMUM TEMPERATURE (F)   59


SUNRISE AND SUNSET
JULY  3 2015..........SUNRISE   503 AM EDT   SUNSET   827 PM EDT
JULY  4 2015..........SUNRISE   504 AM EDT   SUNSET   827 PM EDT


-  INDICATES NEGATIVE NUMBERS.
R  INDICATES RECORD WAS SET OR TIED.
MM INDICATES DATA IS MISSING.
T  INDICATES TRACE AMOUNT.




$$
