000
CDUS41 KGYX 250904
CLIGYX


CLIMATE REPORT
NATIONAL WEATHER SERVICE GRAY ME
404 AM EST TUE NOV 25 2014


...................................

...THE GRAY ME CLIMATE SUMMARY FOR NOVEMBER 24 2014...

CLIMATE NORMAL PERIOD 1981 TO 2010
CLIMATE RECORD PERIOD 1995 TO 2014


WEATHER ITEM   OBSERVED NORMAL DEPARTURE LAST
                VALUE   VALUE  FROM      YEAR
                               NORMAL
...............................................
TEMPERATURE (F)
 YESTERDAY
  MAXIMUM         58     42     16       26
  MINIMUM         39     28     11       16
  AVERAGE         49     35     14       21

PRECIPITATION (IN)
  YESTERDAY        0.72   0.17   0.55     0.00
  MONTH TO DATE    2.45   4.33  -1.88     1.21
  SINCE SEP 1      9.81  13.66  -3.85    10.25
  SINCE JAN 1     45.22  45.14   0.08    37.54

SNOWFALL (IN)
  YESTERDAY        0.0    0.2   -0.2      0.0
  MONTH TO DATE    5.1    1.8    3.3      0.2
  SINCE SEP 1      5.1    1.9    3.2      0.2
  SINCE JUL 1      5.1    1.9    3.2      0.2
  SNOW DEPTH       0

DEGREE DAYS
 HEATING
  YESTERDAY       16     30    -14       44
  MONTH TO DATE  660    609     51      618
  SINCE SEP 1   1235   1273    -38     1221
  SINCE JUL 1   1249   1309    -60     1233

 COOLING
  YESTERDAY        0      0      0        0
  MONTH TO DATE    0      0      0        0
  SINCE SEP 1     57     30     27       38
  SINCE JAN 1    369    389    -20      486
...............................................





WEATHER CONDITIONS
 THE FOLLOWING WEATHER WAS RECORDED YESTERDAY.
  NO SIGNIFICANT WEATHER WAS OBSERVED.


..........................................................


THE GRAY ME CLIMATE NORMALS FOR TODAY
                         NORMAL
 MAXIMUM TEMPERATURE (F)   42
 MINIMUM TEMPERATURE (F)   28


SUNRISE AND SUNSET
NOVEMBER 25 2014......SUNRISE   648 AM EST   SUNSET   407 PM EST
NOVEMBER 26 2014......SUNRISE   649 AM EST   SUNSET   407 PM EST


-  INDICATES NEGATIVE NUMBERS.
R  INDICATES RECORD WAS SET OR TIED.
MM INDICATES DATA IS MISSING.
T  INDICATES TRACE AMOUNT.




$$
