000
CDUS41 KGYX 250802
CLIGYX


CLIMATE REPORT
NATIONAL WEATHER SERVICE GRAY ME
402 AM EDT MON JUL 25 2016


...................................

...THE GRAY ME CLIMATE SUMMARY FOR JULY 24 2016...

CLIMATE NORMAL PERIOD 1981 TO 2010
CLIMATE RECORD PERIOD 1995 TO 2016


WEATHER ITEM   OBSERVED TIME   RECORD YEAR NORMAL DEPARTURE LAST
                VALUE   (LST)  VALUE       VALUE  FROM      YEAR
                                                  NORMAL
..................................................................
TEMPERATURE (F)
 YESTERDAY
  MAXIMUM         85        MM  MM      MM  80      5       74
  MINIMUM         64        MM  MM      MM  60      4       57
  AVERAGE         75                        70      5       66

PRECIPITATION (IN)
  YESTERDAY        0.00         MM      MM   0.12  -0.12     0.06
  MONTH TO DATE    3.63                      3.41   0.22     2.17
  SINCE JUN 1      7.39                      7.71  -0.32     8.24
  SINCE JAN 1     25.02                     27.00  -1.98    21.29

SNOWFALL (IN)
  YESTERDAY        0.0          MM      MM   0.0    0.0      0.0
  MONTH TO DATE    0.0                       0.0    0.0      0.0
  SINCE JUN 1      0.0                       0.0    0.0      0.0
  SINCE JUL 1      0.0                       0.0    0.0      0.0
  SNOW DEPTH       0

DEGREE DAYS
 HEATING
  YESTERDAY        0                         0      0        0
  MONTH TO DATE   18                         7     11        7
  SINCE JUN 1     88                       101    -13      164
  SINCE JUL 1     18                         7     11        7

 COOLING
  YESTERDAY       10                         5      5        1
  MONTH TO DATE  161                       113     48       87
  SINCE JUN 1    213                       178     35      122
  SINCE JAN 1    235                       189     46      162
..................................................................







THE GRAY ME CLIMATE NORMALS FOR TODAY
                         NORMAL
 MAXIMUM TEMPERATURE (F)   80
 MINIMUM TEMPERATURE (F)   60


SUNRISE AND SUNSET
JULY 25 2016..........SUNRISE   523 AM EDT   SUNSET   812 PM EDT
JULY 26 2016..........SUNRISE   524 AM EDT   SUNSET   811 PM EDT


-  INDICATES NEGATIVE NUMBERS.
R  INDICATES RECORD WAS SET OR TIED.
MM INDICATES DATA IS MISSING.
T  INDICATES TRACE AMOUNT.




$$
