000
CDUS41 KGYX 110935
CLIGYX


CLIMATE REPORT
NATIONAL WEATHER SERVICE GRAY ME
434 AM EST THU FEB 11 2016


...................................

...THE GRAY ME CLIMATE SUMMARY FOR FEBRUARY 10 2016...

CLIMATE NORMAL PERIOD 1981 TO 2010
CLIMATE RECORD PERIOD 1995 TO 2016


WEATHER ITEM   OBSERVED TIME   RECORD YEAR NORMAL DEPARTURE LAST
                VALUE   (LST)  VALUE       VALUE  FROM      YEAR
                                                  NORMAL
..................................................................
TEMPERATURE (F)
 YESTERDAY
  MAXIMUM         34        MM  MM      MM  32      2       27
  MINIMUM         13        MM  MM      MM  15     -2        7
  AVERAGE         24                        23      1       17

PRECIPITATION (IN)
  YESTERDAY        0.00         MM      MM   0.11  -0.11     0.04
  MONTH TO DATE    1.82                      1.06   0.76     1.45
  SINCE DEC 1     10.11                      8.65   1.46    11.58
  SINCE JAN 1      5.55                      4.59   0.96     5.38

SNOWFALL (IN)
  YESTERDAY        0.0          MM      MM   0.5   -0.5      0.4
  MONTH TO DATE   11.5                       5.6    5.9     17.5
  SINCE DEC 1     32.6                      45.1  -12.5     69.8
  SINCE JUL 1     32.8                      48.2  -15.4     84.8
  SNOW DEPTH       8

DEGREE DAYS
 HEATING
  YESTERDAY       41                        42     -1       48
  MONTH TO DATE  339                       427    -88      535
  SINCE DEC 1   2466                      2960   -494     3084
  SINCE JUL 1   3765                      4457   -692     4534

 COOLING
  YESTERDAY        0                         0      0        0
  MONTH TO DATE    0                         0      0        0
  SINCE DEC 1      0                         0      0        0
  SINCE JAN 1      0                         0      0        0
..................................................................







THE GRAY ME CLIMATE NORMALS FOR TODAY
                         NORMAL
 MAXIMUM TEMPERATURE (F)   32
 MINIMUM TEMPERATURE (F)   15


SUNRISE AND SUNSET
FEBRUARY 11 2016......SUNRISE   646 AM EST   SUNSET   505 PM EST
FEBRUARY 12 2016......SUNRISE   645 AM EST   SUNSET   506 PM EST


-  INDICATES NEGATIVE NUMBERS.
R  INDICATES RECORD WAS SET OR TIED.
MM INDICATES DATA IS MISSING.
T  INDICATES TRACE AMOUNT.




$$
