000
CDUS41 KGYX 240816
CLIGYX


CLIMATE REPORT
NATIONAL WEATHER SERVICE GRAY ME
415 AM EDT SUN SEP 24 2017


...................................

...THE GRAY ME CLIMATE SUMMARY FOR SEPTEMBER 23 2017...

CLIMATE NORMAL PERIOD 1981 TO 2010
CLIMATE RECORD PERIOD 1995 TO 2017


WEATHER ITEM   OBSERVED TIME   RECORD YEAR NORMAL DEPARTURE LAST
                VALUE   (LST)  VALUE       VALUE  FROM      YEAR
                                                  NORMAL
..................................................................
TEMPERATURE (F)
 YESTERDAY
  MAXIMUM         85        MM  MM      MM  67     18       67
  MINIMUM         54        MM  MM      MM  48      6       48
  AVERAGE         70                        57     13       58

PRECIPITATION (IN)
  YESTERDAY        0.00         MM      MM   0.14  -0.14     0.04
  MONTH TO DATE    2.57                      3.10  -0.53     0.81
  SINCE SEP 1      2.57                      3.10  -0.53     0.81
  SINCE JAN 1     30.50                     34.58  -4.08    29.98

SNOWFALL (IN)
  YESTERDAY        0.0          MM      MM   0.0    0.0      0.0
  MONTH TO DATE    0.0                       0.0    0.0      0.0
  SINCE SEP 1      0.0                       0.0    0.0      0.0
  SINCE JUL 1      0.0                       0.0    0.0      0.0
  SNOW DEPTH       0

DEGREE DAYS
 HEATING
  YESTERDAY        0                         8     -8        7
  MONTH TO DATE   39                       102    -63       24
  SINCE SEP 1     39                       102    -63       24
  SINCE JUL 1     70                       138    -68       43

 COOLING
  YESTERDAY        5                         0      5        0
  MONTH TO DATE   43                        25     18       80
  SINCE SEP 1     43                        25     18       80
  SINCE JAN 1    481                       384     97      607
..................................................................







THE GRAY ME CLIMATE NORMALS FOR TODAY
                         NORMAL
 MAXIMUM TEMPERATURE (F)   67
 MINIMUM TEMPERATURE (F)   47


SUNRISE AND SUNSET
SEPTEMBER 24 2017.....SUNRISE   631 AM EDT   SUNSET   634 PM EDT
SEPTEMBER 25 2017.....SUNRISE   632 AM EDT   SUNSET   632 PM EDT


-  INDICATES NEGATIVE NUMBERS.
R  INDICATES RECORD WAS SET OR TIED.
MM INDICATES DATA IS MISSING.
T  INDICATES TRACE AMOUNT.




$$
