000
CDUS44 KJAN 120628
CLIHBG


CLIMATE REPORT
NATIONAL WEATHER SERVICE JACKSON MS
1226 AM CST TUE DEC 12 2017


...................................

...THE HATTIESBURG CLIMATE SUMMARY FOR DECEMBER 11 2017...

CLIMATE NORMAL PERIOD 1981 TO 2010
CLIMATE RECORD PERIOD 1948 TO 2017


WEATHER ITEM   OBSERVED TIME   RECORD YEAR NORMAL DEPARTURE LAST
                VALUE   (LST)  VALUE       VALUE  FROM      YEAR
                                                  NORMAL
..................................................................
TEMPERATURE (F)
 YESTERDAY
  MAXIMUM         67    404 PM  80    2015  62      5       69
                                      1961
  MINIMUM         30    703 AM  20    1995  40    -10       27
                                      1950
  AVERAGE         49                        51     -2       48

PRECIPITATION (IN)
  YESTERDAY        0.00          3.40 1964   0.17  -0.17     0.00
  MONTH TO DATE    1.74                      1.77  -0.03     1.09
  SINCE DEC 1      1.74                      1.77  -0.03     1.09
  SINCE JAN 1     64.08                     56.03   8.05    57.94

SNOWFALL (IN)
  YESTERDAY        0.0

DEGREE DAYS
 HEATING
  YESTERDAY       16                        14      2       17
  MONTH TO DATE  171                       147     24      157
  SINCE DEC 1    171                       147     24      157
  SINCE JUL 1    476                       475      1      353

 COOLING
  YESTERDAY        0                         1     -1        0
  MONTH TO DATE    0                        11    -11        0
  SINCE DEC 1      0                        11    -11        0
  SINCE JAN 1   2544                      2401    143     2810
..................................................................


WIND (MPH)
  HIGHEST WIND SPEED    14   HIGHEST WIND DIRECTION    SW (220)
  HIGHEST GUST SPEED    19   HIGHEST GUST DIRECTION    SW (220)
  AVERAGE WIND SPEED     4.0


SKY COVER
  POSSIBLE SUNSHINE  MM
  AVERAGE SKY COVER 0.0


WEATHER CONDITIONS
 THE FOLLOWING WEATHER WAS RECORDED YESTERDAY.
  NO SIGNIFICANT WEATHER WAS OBSERVED.


RELATIVE HUMIDITY (PERCENT)
 HIGHEST   100          1200 AM
 LOWEST     34           100 PM
 AVERAGE    67

..........................................................


THE HATTIESBURG CLIMATE NORMALS FOR TODAY
                         NORMAL    RECORD    YEAR
 MAXIMUM TEMPERATURE (F)   62        81      1949
 MINIMUM TEMPERATURE (F)   40        16      1962


SUNRISE AND SUNSET
DECEMBER 12 2017......SUNRISE   646 AM CST   SUNSET   455 PM CST
DECEMBER 13 2017......SUNRISE   647 AM CST   SUNSET   456 PM CST


-  INDICATES NEGATIVE NUMBERS.
R  INDICATES RECORD WAS SET OR TIED.
MM INDICATES DATA IS MISSING.
T  INDICATES TRACE AMOUNT.




$$
