000
CDUS44 KJAN 300700
CLIHBG


CLIMATE REPORT
NATIONAL WEATHER SERVICE JACKSON MS
157 AM CDT MON MAY 30 2016


...................................

...THE HATTIESBURG CLIMATE SUMMARY FOR MAY 29 2016...

CLIMATE NORMAL PERIOD 1981 TO 2010
CLIMATE RECORD PERIOD 1948 TO 2016


WEATHER ITEM   OBSERVED TIME   RECORD YEAR NORMAL DEPARTURE LAST
                VALUE   (LST)  VALUE       VALUE  FROM      YEAR
                                                  NORMAL
..................................................................
TEMPERATURE (F)
 YESTERDAY
  MAXIMUM         92    407 PM  98    1951  88      4       84
  MINIMUM         64    506 AM  53    1961  65     -1       68
  AVERAGE         78                        77      1       76

PRECIPITATION (IN)
  YESTERDAY        0.00          1.80 1952   0.17  -0.17     0.31
  MONTH TO DATE    2.46                      4.65  -2.19     6.21
  SINCE MAR 1     21.78                     15.08   6.70    15.29
  SINCE JAN 1     31.15                     26.21   4.94    23.12

SNOWFALL (IN)
  YESTERDAY        0.0

DEGREE DAYS
 HEATING
  YESTERDAY        0                         0      0        0
  MONTH TO DATE    4                         5     -1        1
  SINCE MAR 1    145                       305   -160      131
  SINCE JUL 1   1383                      1983   -600     1912

 COOLING
  YESTERDAY       13                        12      1       11
  MONTH TO DATE  225                       251    -26      273
  SINCE MAR 1    405                       376     29      546
  SINCE JAN 1    430                       391     39      552
..................................................................


WIND (MPH)
  HIGHEST WIND SPEED     9   HIGHEST WIND DIRECTION     N (360)
  HIGHEST GUST SPEED    13   HIGHEST GUST DIRECTION    NW (330)
  AVERAGE WIND SPEED     1.8


SKY COVER
  POSSIBLE SUNSHINE  MM
  AVERAGE SKY COVER 0.0


WEATHER CONDITIONS
 THE FOLLOWING WEATHER WAS RECORDED YESTERDAY.
  NO SIGNIFICANT WEATHER WAS OBSERVED.


RELATIVE HUMIDITY (PERCENT)
 HIGHEST    93          1200 AM
 LOWEST     38           500 PM
 AVERAGE    66

..........................................................


THE HATTIESBURG CLIMATE NORMALS FOR TODAY
                         NORMAL    RECORD    YEAR
 MAXIMUM TEMPERATURE (F)   88       103      1951
 MINIMUM TEMPERATURE (F)   65        49      1971


SUNRISE AND SUNSET
MAY 30 2016...........SUNRISE   554 AM CDT   SUNSET   756 PM CDT
MAY 31 2016...........SUNRISE   554 AM CDT   SUNSET   756 PM CDT


-  INDICATES NEGATIVE NUMBERS.
R  INDICATES RECORD WAS SET OR TIED.
MM INDICATES DATA IS MISSING.
T  INDICATES TRACE AMOUNT.




$$
