000
CDUS44 KJAN 232211
CLIHBG


CLIMATE REPORT
NATIONAL WEATHER SERVICE JACKSON MS
510 PM CDT WED JUL 23 2014


...................................

...THE HATTIESBURG CLIMATE SUMMARY FOR JULY 23 2014...
VALID AS OF 0500 PM LOCAL TIME.

CLIMATE NORMAL PERIOD 1981 TO 2010
CLIMATE RECORD PERIOD 1948 TO 2014


WEATHER ITEM   OBSERVED TIME   RECORD YEAR NORMAL DEPARTURE LAST
                VALUE   (LST)  VALUE       VALUE  FROM      YEAR
                                                  NORMAL
..................................................................
TEMPERATURE (F)
 TODAY
  MAXIMUM         89    205 PM 102    1948  92     -3       92
  MINIMUM         68    619 AM  65    1950  72     -4       74
  AVERAGE         79

PRECIPITATION (IN)
  TODAY            0.02          1.86 1992   0.15  -0.13     0.00
  MONTH TO DATE    2.26                      4.20  -1.94     4.63
  SINCE JUN 1      7.20                      9.70  -2.50     9.71
  SINCE JAN 1     35.68                     36.24  -0.56    46.92

..................................................................










-  INDICATES NEGATIVE NUMBERS.
R  INDICATES RECORD WAS SET OR TIED.
MM INDICATES DATA IS MISSING.
T  INDICATES TRACE AMOUNT.




$$
