000
CDUS44 KJAN 262140
CLIHBG


CLIMATE REPORT
NATIONAL WEATHER SERVICE JACKSON MS
434 PM CDT MON JUN 26 2017


...................................

...THE HATTIESBURG CLIMATE SUMMARY FOR JUNE 26 2017...
VALID TODAY AS OF 0400 PM LOCAL TIME.

CLIMATE NORMAL PERIOD 1981 TO 2010
CLIMATE RECORD PERIOD 1948 TO 2017


WEATHER ITEM   OBSERVED TIME   RECORD YEAR NORMAL DEPARTURE LAST
                VALUE   (LST)  VALUE       VALUE  FROM      YEAR
                                                  NORMAL
..................................................................
TEMPERATURE (F)
 TODAY
  MAXIMUM         87    259 PM  99    2016  91     -4       99
                                      2000
  MINIMUM         64    235 AM  57    1974  70     -6       75
  AVERAGE         76                        81     -5       87

PRECIPITATION (IN)
  TODAY            0.00          3.00 1993   0.23  -0.23     0.00
  MONTH TO DATE    9.59                      4.60   4.99     5.90
  SINCE JUN 1      9.59                      4.60   4.99     5.90
  SINCE JAN 1     40.02                     31.14   8.88    37.06

SNOWFALL (IN)
  TODAY            0.0

DEGREE DAYS
 HEATING
  TODAY            0                         0      0        0
  MONTH TO DATE    0                         0      0        0
  SINCE JUN 1      0                         0      0        0
  SINCE JUL 1   1157                      1985   -828     1383

 COOLING
  TODAY           11                        16     -5       22
  MONTH TO DATE  332                       359    -27      433
  SINCE JUN 1    332                       359    -27      433
  SINCE JAN 1    853                       774     79      897
..................................................................


WIND (MPH)
  HIGHEST WIND SPEED    12   HIGHEST WIND DIRECTION    NE (30)
  HIGHEST GUST SPEED    16   HIGHEST GUST DIRECTION     N (20)
  AVERAGE WIND SPEED     3.7


SKY COVER
  POSSIBLE SUNSHINE  MM
  AVERAGE SKY COVER 0.0


WEATHER CONDITIONS
 THE FOLLOWING WEATHER WAS RECORDED TODAY.
  NO SIGNIFICANT WEATHER WAS OBSERVED.


RELATIVE HUMIDITY (PERCENT)
 HIGHEST    93           200 AM
 LOWEST     40           300 PM
 AVERAGE    67

..........................................................


THE HATTIESBURG CLIMATE NORMALS FOR TOMORROW
                         NORMAL    RECORD    YEAR
 MAXIMUM TEMPERATURE (F)   91       100      2009
                                             1952
 MINIMUM TEMPERATURE (F)   70        57      1974


SUNRISE AND SUNSET
JUNE 26 2017..........SUNRISE   555 AM CDT   SUNSET   805 PM CDT
JUNE 27 2017..........SUNRISE   555 AM CDT   SUNSET   805 PM CDT


-  INDICATES NEGATIVE NUMBERS.
R  INDICATES RECORD WAS SET OR TIED.
MM INDICATES DATA IS MISSING.
T  INDICATES TRACE AMOUNT.




$$
