000
CDUS44 KJAN 242204
CLIHBG


CLIMATE REPORT
NATIONAL WEATHER SERVICE JACKSON MS
503 PM CDT WED MAY 24 2017


...................................

...THE HATTIESBURG CLIMATE SUMMARY FOR MAY 24 2017...
VALID AS OF 0500 PM LOCAL TIME.

CLIMATE NORMAL PERIOD 1981 TO 2010
CLIMATE RECORD PERIOD 1948 TO 2017


WEATHER ITEM   OBSERVED TIME   RECORD YEAR NORMAL DEPARTURE LAST
                VALUE   (LST)  VALUE       VALUE  FROM      YEAR
                                                  NORMAL
..................................................................
TEMPERATURE (F)
 TODAY
  MAXIMUM         76    302 PM  96    2005  87    -11       89
                                      1956
  MINIMUM         64    816 AM  45    1951  64      0       59
  AVERAGE         70                        76     -6       74

PRECIPITATION (IN)
  TODAY            T             2.24 1955   0.17  -0.17     0.00
  MONTH TO DATE    5.80                      3.83   1.97     2.46
  SINCE MAR 1     17.82                     14.26   3.56    21.78
  SINCE JAN 1     29.42                     25.39   4.03    31.15

SNOWFALL (IN)
  TODAY            0.0

DEGREE DAYS
 HEATING
  TODAY            0                         0      0        0
  MONTH TO DATE   14                         5      9        4
  SINCE MAR 1    190                       305   -115      145
  SINCE JUL 1   1157                      1983   -826     1383

 COOLING
  TODAY            5                        11     -6        9
  MONTH TO DATE  159                       195    -36      162
  SINCE MAR 1    385                       320     65      342
  SINCE JAN 1    454                       335    119      367
..................................................................


WIND (MPH)
  HIGHEST WIND SPEED    20   HIGHEST WIND DIRECTION     W (280)
  HIGHEST GUST SPEED    27   HIGHEST GUST DIRECTION    NW (300)
  AVERAGE WIND SPEED    10.6


SKY COVER
  POSSIBLE SUNSHINE  MM
  AVERAGE SKY COVER 0.5


WEATHER CONDITIONS
 THE FOLLOWING WEATHER WAS RECORDED TODAY.
  NO SIGNIFICANT WEATHER WAS OBSERVED.


RELATIVE HUMIDITY (PERCENT)
 HIGHEST    93           400 AM
 LOWEST     38           300 PM
 AVERAGE    66

..........................................................


THE HATTIESBURG CLIMATE NORMALS FOR TOMORROW
                         NORMAL    RECORD    YEAR
 MAXIMUM TEMPERATURE (F)   87        96      1953
 MINIMUM TEMPERATURE (F)   64        52      1983
                                             1979


SUNRISE AND SUNSET
MAY 24 2017...........SUNRISE   556 AM CDT   SUNSET   752 PM CDT
MAY 25 2017...........SUNRISE   556 AM CDT   SUNSET   753 PM CDT


-  INDICATES NEGATIVE NUMBERS.
R  INDICATES RECORD WAS SET OR TIED.
MM INDICATES DATA IS MISSING.
T  INDICATES TRACE AMOUNT.




$$
