000
CDUS44 KJAN 220652
CLIHBG


CLIMATE REPORT
NATIONAL WEATHER SERVICE JACKSON MS
150 AM CDT FRI AUG 22 2014


...................................

...THE HATTIESBURG CLIMATE SUMMARY FOR AUGUST 21 2014...

CLIMATE NORMAL PERIOD 1981 TO 2010
CLIMATE RECORD PERIOD 1948 TO 2014


WEATHER ITEM   OBSERVED TIME   RECORD YEAR NORMAL DEPARTURE LAST
                VALUE   (LST)  VALUE       VALUE  FROM      YEAR
                                                  NORMAL
..................................................................
TEMPERATURE (F)
 YESTERDAY
  MAXIMUM         98    134 PM 101    1999  92      6       91
  MINIMUM         73    544 AM  62    1957  71      2       74
  AVERAGE         86                        81      5       83

PRECIPITATION (IN)
  YESTERDAY        0.16          1.86 1956   0.16   0.00     0.00
  MONTH TO DATE    1.03                      3.17  -2.14     3.80
  SINCE JUN 1      8.23                     14.06  -5.83    14.73
  SINCE JAN 1     36.71                     40.60  -3.89    51.94

SNOWFALL (IN)
  YESTERDAY        0.0

DEGREE DAYS
 HEATING
  YESTERDAY        0                         0      0        0
  MONTH TO DATE    0                         0      0        0
  SINCE JUN 1      0                         0      0        0
  SINCE JUL 1      0                         0      0        0

 COOLING
  YESTERDAY       21                        16      5       18
  MONTH TO DATE  369                       354     15      354
  SINCE JUN 1   1315                      1299     16     1292
  SINCE JAN 1   1691                      1714    -23     1634
..................................................................


WIND (MPH)
  HIGHEST WIND SPEED    18   HIGHEST WIND DIRECTION    NW (300)
  HIGHEST GUST SPEED    25   HIGHEST GUST DIRECTION    NW (300)
  AVERAGE WIND SPEED     2.3


SKY COVER
  POSSIBLE SUNSHINE  MM
  AVERAGE SKY COVER 0.1


WEATHER CONDITIONS
 THE FOLLOWING WEATHER WAS RECORDED YESTERDAY.
  THUNDERSTORM
  HEAVY RAIN
  LIGHT RAIN
  FOG
  HAZE


RELATIVE HUMIDITY (PERCENT)
 HIGHEST    94           200 AM
 LOWEST     46           100 PM
 AVERAGE    70

..........................................................


THE HATTIESBURG CLIMATE NORMALS FOR TODAY
                         NORMAL    RECORD    YEAR
 MAXIMUM TEMPERATURE (F)   92       100      2007
                                             2000
 MINIMUM TEMPERATURE (F)   71        56      1956


SUNRISE AND SUNSET
AUGUST 22 2014........SUNRISE   627 AM CDT   SUNSET   732 PM CDT
AUGUST 23 2014........SUNRISE   628 AM CDT   SUNSET   731 PM CDT


-  INDICATES NEGATIVE NUMBERS.
R  INDICATES RECORD WAS SET OR TIED.
MM INDICATES DATA IS MISSING.
T  INDICATES TRACE AMOUNT.




$$
