000
CDUS44 KJAN 210649
CLIHBG


CLIMATE REPORT
NATIONAL WEATHER SERVICE JACKSON MS
147 AM CDT MON AUG 21 2017


...................................

...THE HATTIESBURG CLIMATE SUMMARY FOR AUGUST 20 2017...

CLIMATE NORMAL PERIOD 1981 TO 2010
CLIMATE RECORD PERIOD 1948 TO 2017


WEATHER ITEM   OBSERVED TIME   RECORD YEAR NORMAL DEPARTURE LAST
                VALUE   (LST)  VALUE       VALUE  FROM      YEAR
                                                  NORMAL
..................................................................
TEMPERATURE (F)
 YESTERDAY
  MAXIMUM         94    324 PM 102    2000  92      2       93
  MINIMUM         70    448 AM  60    1976  71     -1       74
  AVERAGE         82                        82      0       84

PRECIPITATION (IN)
  YESTERDAY        0.00          3.54 1953   0.16  -0.16     0.09
  MONTH TO DATE    7.28                      3.01   4.27     3.92
  SINCE JUN 1     24.05                     13.90  10.15    18.17
  SINCE JAN 1     54.48                     40.44  14.04    49.33

SNOWFALL (IN)
  YESTERDAY        0.0

DEGREE DAYS
 HEATING
  YESTERDAY        0                         0      0        0
  MONTH TO DATE    0                         0      0        0
  SINCE JUN 1      0                         0      0        0
  SINCE JUL 1      0                         0      0        0

 COOLING
  YESTERDAY       17                        16      1       19
  MONTH TO DATE  335                       338     -3      366
  SINCE JUN 1   1257                      1283    -26     1445
  SINCE JAN 1   1778                      1698     80     1909
..................................................................


WIND (MPH)
  HIGHEST WIND SPEED     9   HIGHEST WIND DIRECTION     E (80)
  HIGHEST GUST SPEED    11   HIGHEST GUST DIRECTION     E (70)
  AVERAGE WIND SPEED     1.6


SKY COVER
  POSSIBLE SUNSHINE  MM
  AVERAGE SKY COVER 0.2


WEATHER CONDITIONS
 THE FOLLOWING WEATHER WAS RECORDED YESTERDAY.
  THUNDERSTORM
  FOG


RELATIVE HUMIDITY (PERCENT)
 HIGHEST   100          1200 AM
 LOWEST     56           200 PM
 AVERAGE    78

..........................................................


THE HATTIESBURG CLIMATE NORMALS FOR TODAY
                         NORMAL    RECORD    YEAR
 MAXIMUM TEMPERATURE (F)   92       101      1999
 MINIMUM TEMPERATURE (F)   71        62      1957


SUNRISE AND SUNSET
AUGUST 21 2017........SUNRISE   627 AM CDT   SUNSET   733 PM CDT
AUGUST 22 2017........SUNRISE   627 AM CDT   SUNSET   732 PM CDT


-  INDICATES NEGATIVE NUMBERS.
R  INDICATES RECORD WAS SET OR TIED.
MM INDICATES DATA IS MISSING.
T  INDICATES TRACE AMOUNT.




$$
