000
CDUS44 KJAN 050808
CLIHBG


CLIMATE REPORT
NATIONAL WEATHER SERVICE JACKSON MS
306 AM CDT SUN JUL 5 2015


...................................

...THE HATTIESBURG CLIMATE SUMMARY FOR JULY 4 2015...

CLIMATE NORMAL PERIOD 1981 TO 2010
CLIMATE RECORD PERIOD 1948 TO 2015


WEATHER ITEM   OBSERVED TIME   RECORD YEAR NORMAL DEPARTURE LAST
                VALUE   (LST)  VALUE       VALUE  FROM      YEAR
                                                  NORMAL
..................................................................
TEMPERATURE (F)
 YESTERDAY
  MAXIMUM         92    115 PM 100    2009  92      0       88
                                      1960
  MINIMUM         73   1146 PM  65    2010  71      2       69
  AVERAGE         83                        81      2       79

PRECIPITATION (IN)
  YESTERDAY        0.30          1.62 2003   0.19   0.11     0.00
  MONTH TO DATE    1.13                      0.75   0.38      T
  SINCE JUN 1      5.86                      6.25  -0.39     4.94
  SINCE JAN 1     29.68                     32.79  -3.11    33.42

SNOWFALL (IN)
  YESTERDAY        0.0

DEGREE DAYS
 HEATING
  YESTERDAY        0                         0      0        0
  MONTH TO DATE    0                         0      0        0
  SINCE JUN 1      0                         0      0        0
  SINCE JUL 1      0                         0      0        0

 COOLING
  YESTERDAY       18                        16      2       14
  MONTH TO DATE   69                        64      5       70
  SINCE JUN 1    548                       487     61      537
  SINCE JAN 1   1125                       902    223      913
..................................................................


WIND (MPH)
  HIGHEST WIND SPEED    36   HIGHEST WIND DIRECTION     W (270)
  HIGHEST GUST SPEED    50   HIGHEST GUST DIRECTION     W (270)
  AVERAGE WIND SPEED     6.0


SKY COVER
  POSSIBLE SUNSHINE  MM
  AVERAGE SKY COVER 0.2


WEATHER CONDITIONS
 THE FOLLOWING WEATHER WAS RECORDED YESTERDAY.
  THUNDERSTORM
  HEAVY RAIN
  LIGHT RAIN
  FOG


RELATIVE HUMIDITY (PERCENT)
 HIGHEST    94           700 PM
 LOWEST     52           100 PM
 AVERAGE    73

..........................................................


THE HATTIESBURG CLIMATE NORMALS FOR TODAY
                         NORMAL    RECORD    YEAR
 MAXIMUM TEMPERATURE (F)   92       100      1970
 MINIMUM TEMPERATURE (F)   71        62      2014


SUNRISE AND SUNSET
JULY  5 2015..........SUNRISE   558 AM CDT   SUNSET   805 PM CDT
JULY  6 2015..........SUNRISE   558 AM CDT   SUNSET   805 PM CDT


-  INDICATES NEGATIVE NUMBERS.
R  INDICATES RECORD WAS SET OR TIED.
MM INDICATES DATA IS MISSING.
T  INDICATES TRACE AMOUNT.




$$
