000
CDUS44 KJAN 030653
CLIHBG


CLIMATE REPORT
NATIONAL WEATHER SERVICE JACKSON MS
142 AM CDT WED JUN 3 2015


...................................

...THE HATTIESBURG CLIMATE SUMMARY FOR JUNE 2 2015...

CLIMATE NORMAL PERIOD 1981 TO 2010
CLIMATE RECORD PERIOD 1948 TO 2015


WEATHER ITEM   OBSERVED TIME   RECORD YEAR NORMAL DEPARTURE LAST
                VALUE   (LST)  VALUE       VALUE  FROM      YEAR
                                                  NORMAL
..................................................................
TEMPERATURE (F)
 YESTERDAY
  MAXIMUM         87    358 PM 102    2011  89     -2       85
  MINIMUM         69    553 AM  49    1972  66      3       70
  AVERAGE         78                        77      1       78

PRECIPITATION (IN)
  YESTERDAY        0.00          1.09 1974   0.15  -0.15     0.05
  MONTH TO DATE    0.00                      0.29  -0.29     0.25
  SINCE JUN 1      0.00                      0.29  -0.29     0.25
  SINCE JAN 1     23.82                     26.83  -3.01    28.73

SNOWFALL (IN)
  YESTERDAY        0.0

DEGREE DAYS
 HEATING
  YESTERDAY        0                         0      0        0
  MONTH TO DATE    0                         0      0        0
  SINCE JUN 1      0                         0      0        0
  SINCE JUL 1   1912                      1985    -73     2276

 COOLING
  YESTERDAY       13                        12      1       13
  MONTH TO DATE   25                        24      1       26
  SINCE JUN 1     25                        24      1       26
  SINCE JAN 1    602                       439    163      402
..................................................................


WIND (MPH)
  HIGHEST WIND SPEED    10   HIGHEST WIND DIRECTION     N (340)
  HIGHEST GUST SPEED    13   HIGHEST GUST DIRECTION    NW (330)
  AVERAGE WIND SPEED     3.6


SKY COVER
  POSSIBLE SUNSHINE  MM
  AVERAGE SKY COVER 0.5


WEATHER CONDITIONS
 THE FOLLOWING WEATHER WAS RECORDED YESTERDAY.
  FOG
  FOG W/VISIBILITY <= 1/4 MILE


RELATIVE HUMIDITY (PERCENT)
 HIGHEST   100           300 AM
 LOWEST     37           400 PM
 AVERAGE    69

..........................................................


THE HATTIESBURG CLIMATE NORMALS FOR TODAY
                         NORMAL    RECORD    YEAR
 MAXIMUM TEMPERATURE (F)   89       101      2011
 MINIMUM TEMPERATURE (F)   66        49      1956


SUNRISE AND SUNSET
JUNE  3 2015..........SUNRISE   553 AM CDT   SUNSET   757 PM CDT
JUNE  4 2015..........SUNRISE   553 AM CDT   SUNSET   758 PM CDT


-  INDICATES NEGATIVE NUMBERS.
R  INDICATES RECORD WAS SET OR TIED.
MM INDICATES DATA IS MISSING.
T  INDICATES TRACE AMOUNT.




$$
