000
CDUS44 KJAN 292208
CLIHBG


CLIMATE REPORT
NATIONAL WEATHER SERVICE JACKSON MS
405 PM CST THU JAN 29 2015


...................................

...THE HATTIESBURG CLIMATE SUMMARY FOR JANUARY 29 2015...
VALID TODAY AS OF 0400 PM LOCAL TIME.

CLIMATE NORMAL PERIOD 1981 TO 2010
CLIMATE RECORD PERIOD 1948 TO 2015


WEATHER ITEM   OBSERVED TIME   RECORD YEAR NORMAL DEPARTURE LAST
                VALUE   (LST)  VALUE       VALUE  FROM      YEAR
                                                  NORMAL
..................................................................
TEMPERATURE (F)
 TODAY
  MAXIMUM         77    259 PM  82    1957  60     17       31
  MINIMUM         35    703 AM  16    2014  37     -2       16
  AVERAGE         56                        49      7       24

PRECIPITATION (IN)
  TODAY            0.00          1.34 2001   0.20  -0.20     0.00
  MONTH TO DATE    5.35                      5.30   0.05     2.67
  SINCE DEC 1     11.55                     10.21   1.34     6.59
  SINCE JAN 1      5.35                      5.30   0.05     2.67

SNOWFALL (IN)
  TODAY            0.0

DEGREE DAYS
 HEATING
  TODAY            9                        17     -8       41
  MONTH TO DATE  507                       486     21      659
  SINCE DEC 1    840                       943   -103     1113
  SINCE JUL 1   1256                      1271    -15     1480

 COOLING
  TODAY            0                         0      0        0
  MONTH TO DATE    6                         0      6        0
  SINCE DEC 1     13                        13      0       34
  SINCE JAN 1      6                         0      6        0
..................................................................


WIND (MPH)
  HIGHEST WIND SPEED    18   HIGHEST WIND DIRECTION    SW (210)
  HIGHEST GUST SPEED    23   HIGHEST GUST DIRECTION    SW (220)
  AVERAGE WIND SPEED     4.8


SKY COVER
  POSSIBLE SUNSHINE  MM
  AVERAGE SKY COVER 0.1


WEATHER CONDITIONS
 THE FOLLOWING WEATHER WAS RECORDED TODAY.
  NO SIGNIFICANT WEATHER WAS OBSERVED.


RELATIVE HUMIDITY (PERCENT)
 HIGHEST    93           800 AM
 LOWEST     43           200 PM
 AVERAGE    68

..........................................................


THE HATTIESBURG CLIMATE NORMALS FOR TOMORROW
                         NORMAL    RECORD    YEAR
 MAXIMUM TEMPERATURE (F)   60        80      1950
 MINIMUM TEMPERATURE (F)   37         9      1966


SUNRISE AND SUNSET
JANUARY 29 2015.......SUNRISE   651 AM CST   SUNSET   529 PM CST
JANUARY 30 2015.......SUNRISE   651 AM CST   SUNSET   530 PM CST


-  INDICATES NEGATIVE NUMBERS.
R  INDICATES RECORD WAS SET OR TIED.
MM INDICATES DATA IS MISSING.
T  INDICATES TRACE AMOUNT.




$$
