000
CDUS44 KJAN 222217
CLIHBG


CLIMATE REPORT
NATIONAL WEATHER SERVICE JACKSON MS
414 PM CST MON DEC 22 2014


...................................

...THE HATTIESBURG CLIMATE SUMMARY FOR DECEMBER 22 2014...
VALID TODAY AS OF 0400 PM LOCAL TIME.

CLIMATE NORMAL PERIOD 1981 TO 2010
CLIMATE RECORD PERIOD 1948 TO 2014


WEATHER ITEM   OBSERVED TIME   RECORD YEAR NORMAL DEPARTURE LAST
                VALUE   (LST)  VALUE       VALUE  FROM      YEAR
                                                  NORMAL
..................................................................
TEMPERATURE (F)
 TODAY
  MAXIMUM         69    359 PM  81    1948  61      8       74
  MINIMUM         52   1239 AM  12    1989  39     13       56
  AVERAGE         61                        50     11       65

PRECIPITATION (IN)
  TODAY            0.01          2.00 1968   0.17  -0.16     0.64
  MONTH TO DATE    1.43                      3.53  -2.10     2.40
  SINCE DEC 1      1.43                      3.53  -2.10     2.40
  SINCE JAN 1     47.54                     57.79 -10.25    64.48

SNOWFALL (IN)
  TODAY            0.0

DEGREE DAYS
 HEATING
  TODAY            4                        16    -12        0
  MONTH TO DATE  227                       313    -86      267
  SINCE DEC 1    227                       313    -86      267
  SINCE JUL 1    643                       641      2      634

 COOLING
  TODAY            0                         0      0        0
  MONTH TO DATE    5                        12     -7       34
  SINCE DEC 1      5                        12     -7       34
  SINCE JAN 1   2469                      2402     67     2442
..................................................................


WIND (MPH)
  HIGHEST WIND SPEED    13   HIGHEST WIND DIRECTION    SE (150)
  HIGHEST GUST SPEED    16   HIGHEST GUST DIRECTION     S (190)
  AVERAGE WIND SPEED     5.8


SKY COVER
  POSSIBLE SUNSHINE  MM
  AVERAGE SKY COVER 1.0


WEATHER CONDITIONS
 THE FOLLOWING WEATHER WAS RECORDED TODAY.
  LIGHT RAIN
  FOG
  FOG W/VISIBILITY <= 1/4 MILE


RELATIVE HUMIDITY (PERCENT)
 HIGHEST   100          1200 AM
 LOWEST     84           400 PM
 AVERAGE    92

..........................................................


THE HATTIESBURG CLIMATE NORMALS FOR TOMORROW
                         NORMAL    RECORD    YEAR
 MAXIMUM TEMPERATURE (F)   61        79      1955
 MINIMUM TEMPERATURE (F)   39         4      1989


SUNRISE AND SUNSET
DECEMBER 22 2014......SUNRISE   652 AM CST   SUNSET   459 PM CST
DECEMBER 23 2014......SUNRISE   653 AM CST   SUNSET   500 PM CST


-  INDICATES NEGATIVE NUMBERS.
R  INDICATES RECORD WAS SET OR TIED.
MM INDICATES DATA IS MISSING.
T  INDICATES TRACE AMOUNT.




$$
