000
CDUS41 KLWX 290523
CLIHGR


CLIMATE REPORT
NATIONAL WEATHER SERVICE BALTIMORE MD/WASHINGTON DC
123 AM EDT MON MAY 29 2017


...................................

...THE HAGERSTOWN MD CLIMATE SUMMARY FOR MAY 28 2017...

CLIMATE NORMAL PERIOD 1981 TO 2010
CLIMATE RECORD PERIOD 9999 TO 9999


WEATHER ITEM   OBSERVED TIME   RECORD YEAR NORMAL DEPARTURE LAST
                VALUE   (LST)  VALUE       VALUE  FROM      YEAR
                                                  NORMAL
..................................................................
TEMPERATURE (F)
 YESTERDAY
  MAXIMUM         73   1228 PM  MM      MM  76     -3       90
  MINIMUM         57    451 AM  MM      MM  56      1       68
  AVERAGE         65                        66     -1       79

PRECIPITATION (IN)
  YESTERDAY        0.40         MM      MM   0.14   0.26     0.00
  MONTH TO DATE    5.25                      3.60   1.65     4.05
  SINCE MAR 1     10.45                     10.54  -0.09     7.59
  SINCE JAN 1     14.55                     15.77  -1.22    12.96

DEGREE DAYS
 HEATING
  YESTERDAY        0                         3     -3        0
  MONTH TO DATE  129                       147    -18      154
  SINCE MAR 1   1006                      1258   -252      962
  SINCE JUL 1   4013                      5161  -1148     4199

 COOLING
  YESTERDAY        0                         3     -3       14
  MONTH TO DATE   57                        48      9       57
  SINCE MAR 1    115                        63     52       73
  SINCE JAN 1    116                        63     53       73
..................................................................


WIND (MPH)
  HIGHEST WIND SPEED    18   HIGHEST WIND DIRECTION     S (170)
  HIGHEST GUST SPEED    23   HIGHEST GUST DIRECTION     S (160)
  AVERAGE WIND SPEED     2.6


SKY COVER
  POSSIBLE SUNSHINE  MM
  AVERAGE SKY COVER 0.9


WEATHER CONDITIONS
 THE FOLLOWING WEATHER WAS RECORDED YESTERDAY.
  THUNDERSTORM
  HEAVY RAIN
  RAIN
  LIGHT RAIN
  FOG
  FOG W/VISIBILITY <= 1/4 MILE
  HAZE


RELATIVE HUMIDITY (PERCENT)
 HIGHEST   100          1200 AM
 LOWEST     68          1200 PM
 AVERAGE    84

..........................................................


THE HAGERSTOWN MD CLIMATE NORMALS FOR TODAY
                         NORMAL    RECORD    YEAR
 MAXIMUM TEMPERATURE (F)   76        MM        MM
 MINIMUM TEMPERATURE (F)   56        MM        MM


SUNRISE AND SUNSET
MAY 29 2017...........SUNRISE   546 AM EDT   SUNSET   831 PM EDT
MAY 30 2017...........SUNRISE   546 AM EDT   SUNSET   831 PM EDT


-  INDICATES NEGATIVE NUMBERS.
R  INDICATES RECORD WAS SET OR TIED.
MM INDICATES DATA IS MISSING.
T  INDICATES TRACE AMOUNT.




$$
