000
CDUS41 KLWX 290527
CLIHGR


CLIMATE REPORT
NATIONAL WEATHER SERVICE BALTIMORE MD/WASHINGTON DC
126 AM EDT WED JUL 29 2015


...................................

...THE HAGERSTOWN MD CLIMATE SUMMARY FOR JULY 28 2015...

CLIMATE NORMAL PERIOD 1981 TO 2010
CLIMATE RECORD PERIOD 9999 TO 9999


WEATHER ITEM   OBSERVED TIME   RECORD YEAR NORMAL DEPARTURE LAST
                VALUE   (LST)  VALUE       VALUE  FROM      YEAR
                                                  NORMAL
..................................................................
TEMPERATURE (F)
 YESTERDAY
  MAXIMUM         91    321 PM  MM      MM  85      6       80
  MINIMUM         70    550 AM  MM      MM  65      5       62
  AVERAGE         81                        75      6       71

PRECIPITATION (IN)
  YESTERDAY        0.00         MM      MM   0.12  -0.12     0.03
  MONTH TO DATE    1.18                      3.05  -1.87     6.05
  SINCE JUN 1      7.04                      6.93   0.11    10.91
  SINCE JAN 1     17.23                     23.13  -5.90    23.39

DEGREE DAYS
 HEATING
  YESTERDAY        0                         0      0        0
  MONTH TO DATE    0                         0      0        0
  SINCE JUN 1     14                        18     -4        0
  SINCE JUL 1      0                         0      0        0

 COOLING
  YESTERDAY       16                        10      6        6
  MONTH TO DATE  318                       292     26      280
  SINCE JUN 1    576                       501     75      525
  SINCE JAN 1    777                       577    200      607
..................................................................


WIND (MPH)
  HIGHEST WIND SPEED    12   HIGHEST WIND DIRECTION     S (160)
  HIGHEST GUST SPEED    15   HIGHEST GUST DIRECTION     S (170)
  AVERAGE WIND SPEED     4.2


SKY COVER
  POSSIBLE SUNSHINE  MM
  AVERAGE SKY COVER 0.2


WEATHER CONDITIONS
 THE FOLLOWING WEATHER WAS RECORDED YESTERDAY.
  FOG
  FOG W/VISIBILITY <= 1/4 MILE
  HAZE


RELATIVE HUMIDITY (PERCENT)
 HIGHEST    97           500 AM
 LOWEST     47           300 PM
 AVERAGE    72

..........................................................


THE HAGERSTOWN MD CLIMATE NORMALS FOR TODAY
                         NORMAL    RECORD    YEAR
 MAXIMUM TEMPERATURE (F)   85        MM        MM
 MINIMUM TEMPERATURE (F)   65        MM        MM


SUNRISE AND SUNSET
JULY 29 2015..........SUNRISE   607 AM EDT   SUNSET   827 PM EDT
JULY 30 2015..........SUNRISE   608 AM EDT   SUNSET   826 PM EDT


-  INDICATES NEGATIVE NUMBERS.
R  INDICATES RECORD WAS SET OR TIED.
MM INDICATES DATA IS MISSING.
T  INDICATES TRACE AMOUNT.




$$
