000
CDUS41 KLWX 242123
CLIHGR


CLIMATE REPORT
NATIONAL WEATHER SERVICE BALTIMORE MD/WASHINGTON DC
522 PM EDT THU APR 24 2014


...................................

...THE HAGERSTOWN MD CLIMATE SUMMARY FOR APRIL 24 2014...
VALID TODAY AS OF 0500 PM LOCAL TIME.

CLIMATE NORMAL PERIOD 1981 TO 2010
CLIMATE RECORD PERIOD 9999 TO 9999


WEATHER ITEM   OBSERVED TIME   RECORD YEAR NORMAL DEPARTURE LAST
                VALUE   (LST)  VALUE       VALUE  FROM      YEAR
                                                  NORMAL
..................................................................
TEMPERATURE (F)
 TODAY
  MAXIMUM         63    359 PM  MM      MM  66     -3       76
  MINIMUM         35    517 AM  MM      MM  45    -10       44
  AVERAGE         49                        56     -7       60

PRECIPITATION (IN)
  TODAY            0.00         MM      MM   0.11  -0.11     0.11
  MONTH TO DATE    1.22                      2.91  -1.69     1.77
  SINCE MAR 1      2.89                      6.29  -3.40     3.35
  SINCE JAN 1      6.67                     11.52  -4.85     7.58

DEGREE DAYS
 HEATING
  TODAY           16                        10      6        5
  MONTH TO DATE  320                       327     -7      279
  SINCE MAR 1   1179                      1056    123     1084
  SINCE JUL 1   5194                      4959    235     4722

 COOLING
  TODAY            0                         1     -1        0
  MONTH TO DATE   10                         6      4       26
  SINCE MAR 1     10                         7      3       26
  SINCE JAN 1     10                         7      3       26
..................................................................


WIND (MPH)
  HIGHEST WIND SPEED    17   HIGHEST WIND DIRECTION    NW (320)
  HIGHEST GUST SPEED    22   HIGHEST GUST DIRECTION    NW (310)
  AVERAGE WIND SPEED    10.3


SKY COVER
  POSSIBLE SUNSHINE  MM
  AVERAGE SKY COVER 0.0


WEATHER CONDITIONS
 THE FOLLOWING WEATHER WAS RECORDED TODAY.
  NO SIGNIFICANT WEATHER WAS OBSERVED.


RELATIVE HUMIDITY (PERCENT)
 HIGHEST    56           500 AM
 LOWEST     16           400 PM
 AVERAGE    36

..........................................................


THE HAGERSTOWN MD CLIMATE NORMALS FOR TOMORROW
                         NORMAL    RECORD    YEAR
 MAXIMUM TEMPERATURE (F)   66        MM        MM
 MINIMUM TEMPERATURE (F)   46        MM        MM


SUNRISE AND SUNSET
APRIL 24 2014.........SUNRISE   621 AM EDT   SUNSET   758 PM EDT
APRIL 25 2014.........SUNRISE   619 AM EDT   SUNSET   759 PM EDT


-  INDICATES NEGATIVE NUMBERS.
R  INDICATES RECORD WAS SET OR TIED.
MM INDICATES DATA IS MISSING.
T  INDICATES TRACE AMOUNT.




$$
