000
CDUS41 KLWX 192129
CLIHGR


CLIMATE REPORT
NATIONAL WEATHER SERVICE BALTIMORE MD/WASHINGTON DC
428 PM EST SUN FEB 19 2017


...................................

...THE HAGERSTOWN MD CLIMATE SUMMARY FOR FEBRUARY 19 2017...
VALID TODAY AS OF 0400 PM LOCAL TIME.

CLIMATE NORMAL PERIOD 1981 TO 2010
CLIMATE RECORD PERIOD 9999 TO 9999


WEATHER ITEM   OBSERVED TIME   RECORD YEAR NORMAL DEPARTURE LAST
                VALUE   (LST)  VALUE       VALUE  FROM      YEAR
                                                  NORMAL
..................................................................
TEMPERATURE (F)
 TODAY
  MAXIMUM         68    359 PM  MM      MM  42     26       41
  MINIMUM         55    802 AM  MM      MM  26     29       19
  AVERAGE         62                        34     28       30

PRECIPITATION (IN)
  TODAY            0.00         MM      MM   0.10  -0.10     0.00
  MONTH TO DATE    1.02                      1.76  -0.74     2.31
  SINCE DEC 1      5.55                      7.33  -1.78     6.95
  SINCE JAN 1      3.77                      4.44  -0.67     4.07

DEGREE DAYS
 HEATING
  TODAY            3                        31    -28       35
  MONTH TO DATE  460                       612   -152      651
  SINCE DEC 1   2177                      2631   -454     2289
  SINCE JUL 1   2885                      3636   -751     3021

 COOLING
  TODAY            0                         0      0        0
  MONTH TO DATE    0                         0      0        0
  SINCE DEC 1      0                         0      0        0
  SINCE JAN 1      0                         0      0        0
..................................................................


WIND (MPH)
  HIGHEST WIND SPEED    21   HIGHEST WIND DIRECTION    NW (300)
  HIGHEST GUST SPEED    24   HIGHEST GUST DIRECTION     W (280)
  AVERAGE WIND SPEED     9.7


SKY COVER
  POSSIBLE SUNSHINE  MM
  AVERAGE SKY COVER 0.4


WEATHER CONDITIONS
 THE FOLLOWING WEATHER WAS RECORDED TODAY.
  NO SIGNIFICANT WEATHER WAS OBSERVED.


RELATIVE HUMIDITY (PERCENT)
 HIGHEST    62           900 AM
 LOWEST     34          1200 AM
 AVERAGE    48

..........................................................


THE HAGERSTOWN MD CLIMATE NORMALS FOR TOMORROW
                         NORMAL    RECORD    YEAR
 MAXIMUM TEMPERATURE (F)   42        MM        MM
 MINIMUM TEMPERATURE (F)   26        MM        MM


SUNRISE AND SUNSET
FEBRUARY 19 2017......SUNRISE   658 AM EST   SUNSET   552 PM EST
FEBRUARY 20 2017......SUNRISE   656 AM EST   SUNSET   553 PM EST


-  INDICATES NEGATIVE NUMBERS.
R  INDICATES RECORD WAS SET OR TIED.
MM INDICATES DATA IS MISSING.
T  INDICATES TRACE AMOUNT.




$$
