000
CDUS41 KLWX 192127
CLIHGR


CLIMATE REPORT
NATIONAL WEATHER SERVICE BALTIMORE MD/WASHINGTON DC
527 PM EDT TUE SEP 19 2017


...................................

...THE HAGERSTOWN MD CLIMATE SUMMARY FOR SEPTEMBER 19 2017...
VALID TODAY AS OF 0500 PM LOCAL TIME.

CLIMATE NORMAL PERIOD 1981 TO 2010
CLIMATE RECORD PERIOD 1998 TO 2017


WEATHER ITEM   OBSERVED TIME   RECORD YEAR NORMAL DEPARTURE LAST
                VALUE   (LST)  VALUE       VALUE  FROM      YEAR
                                                  NORMAL
..................................................................
TEMPERATURE (F)
 TODAY
  MAXIMUM         83    349 PM  MM      MM  74      9       76
  MINIMUM         64    321 AM  MM      MM  55      9       69
  AVERAGE         74                        65      9       73

PRECIPITATION (IN)
  TODAY            0.00         MM      MM   0.14  -0.14     0.17
  MONTH TO DATE    1.45                      2.14  -0.69     1.06
  SINCE SEP 1      1.45                      2.14  -0.69     1.06
  SINCE JAN 1     27.06                     28.77  -1.71    22.16

DEGREE DAYS
 HEATING
  TODAY            0                         3     -3        0
  MONTH TO DATE   28                        21      7        0
  SINCE SEP 1     28                        21      7        0
  SINCE JUL 1     29                        26      3        0

 COOLING
  TODAY            9                         2      7        8
  MONTH TO DATE   63                        76    -13      209
  SINCE SEP 1     63                        76    -13      209
  SINCE JAN 1   1163                       944    219     1468
..................................................................


WIND (MPH)
  HIGHEST WIND SPEED    12   HIGHEST WIND DIRECTION    NW (330)
  HIGHEST GUST SPEED    15   HIGHEST GUST DIRECTION    NW (330)
  AVERAGE WIND SPEED     6.4


SKY COVER
  POSSIBLE SUNSHINE  MM
  AVERAGE SKY COVER 0.5


WEATHER CONDITIONS
 THE FOLLOWING WEATHER WAS RECORDED TODAY.
  FOG
  HAZE


RELATIVE HUMIDITY (PERCENT)
 HIGHEST    93           300 AM
 LOWEST     51           300 PM
 AVERAGE    72

..........................................................


THE HAGERSTOWN MD CLIMATE NORMALS FOR TOMORROW
                         NORMAL    RECORD    YEAR
 MAXIMUM TEMPERATURE (F)   74        MM        MM
 MINIMUM TEMPERATURE (F)   55        MM        MM


SUNRISE AND SUNSET
SEPTEMBER 19 2017.....SUNRISE   656 AM EDT   SUNSET   712 PM EDT
SEPTEMBER 20 2017.....SUNRISE   657 AM EDT   SUNSET   711 PM EDT


-  INDICATES NEGATIVE NUMBERS.
R  INDICATES RECORD WAS SET OR TIED.
MM INDICATES DATA IS MISSING.
T  INDICATES TRACE AMOUNT.




$$
