000
CDUS41 KLWX 250525
CLIHGR


CLIMATE REPORT
NATIONAL WEATHER SERVICE BALTIMORE MD/WASHINGTON DC
124 AM EDT TUE APR 25 2017


...................................

...THE HAGERSTOWN MD CLIMATE SUMMARY FOR APRIL 24 2017...

CLIMATE NORMAL PERIOD 1981 TO 2010
CLIMATE RECORD PERIOD 9999 TO 9999


WEATHER ITEM   OBSERVED TIME   RECORD YEAR NORMAL DEPARTURE LAST
                VALUE   (LST)  VALUE       VALUE  FROM      YEAR
                                                  NORMAL
..................................................................
TEMPERATURE (F)
 YESTERDAY
  MAXIMUM         61    145 PM  MM      MM  66     -5       67
  MINIMUM         51   1010 PM  MM      MM  45      6       42
  AVERAGE         56                        56      0       55

PRECIPITATION (IN)
  YESTERDAY        0.21         MM      MM   0.11   0.10     0.00
  MONTH TO DATE    1.97                      2.91  -0.94     1.61
  SINCE MAR 1      4.80                      6.29  -1.49     3.23
  SINCE JAN 1      8.90                     11.52  -2.62     8.60

DEGREE DAYS
 HEATING
  YESTERDAY        9                        10     -1       10
  MONTH TO DATE  168                       327   -159      304
  SINCE MAR 1    865                      1056   -191      756
  SINCE JUL 1   3872                      4959  -1087     3993

 COOLING
  YESTERDAY        0                         1     -1        0
  MONTH TO DATE   26                         6     20        6
  SINCE MAR 1     27                         7     20       10
  SINCE JAN 1     28                         7     21       10
..................................................................


WIND (MPH)
  HIGHEST WIND SPEED    15   HIGHEST WIND DIRECTION    NE (60)
  HIGHEST GUST SPEED    19   HIGHEST GUST DIRECTION    NE (50)
  AVERAGE WIND SPEED     6.1


SKY COVER
  POSSIBLE SUNSHINE  MM
  AVERAGE SKY COVER 0.9


WEATHER CONDITIONS
 THE FOLLOWING WEATHER WAS RECORDED YESTERDAY.
  LIGHT RAIN
  FOG


RELATIVE HUMIDITY (PERCENT)
 HIGHEST    96           800 AM
 LOWEST     46           200 PM
 AVERAGE    71

..........................................................


THE HAGERSTOWN MD CLIMATE NORMALS FOR TODAY
                         NORMAL    RECORD    YEAR
 MAXIMUM TEMPERATURE (F)   66        MM        MM
 MINIMUM TEMPERATURE (F)   46        MM        MM


SUNRISE AND SUNSET
APRIL 25 2017.........SUNRISE   619 AM EDT   SUNSET   759 PM EDT
APRIL 26 2017.........SUNRISE   618 AM EDT   SUNSET   800 PM EDT


-  INDICATES NEGATIVE NUMBERS.
R  INDICATES RECORD WAS SET OR TIED.
MM INDICATES DATA IS MISSING.
T  INDICATES TRACE AMOUNT.




$$
