000
CDUS46 KPQR 250225
CLIHIO


CLIMATE REPORT
NATIONAL WEATHER SERVICE PORTLAND OREGON
624 PM PST FRI NOV 24 2017


...................................

...THE HILLSBORO OR CLIMATE SUMMARY FOR NOVEMBER 24 2017...
VALID TODAY AS OF 0600 PM LOCAL TIME.

CLIMATE NORMAL PERIOD 1981 TO 2010
CLIMATE RECORD PERIOD 1929 TO 2017


WEATHER ITEM   OBSERVED TIME   RECORD YEAR NORMAL DEPARTURE LAST
                VALUE   (LST)  VALUE       VALUE  FROM      YEAR
                                                  NORMAL
..................................................................
TEMPERATURE (F)
 TODAY
  MAXIMUM         55    145 PM  66    1949  49      6       50
  MINIMUM         37    225 AM   9    1985  36      1       46
  AVERAGE         46                        42      4       48

PRECIPITATION (IN)
  TODAY            0.00                      0.22  -0.22     1.86
  MONTH TO DATE    6.26                      5.04   1.22     5.30
  SINCE OCT 1      8.26                      8.22   0.04    13.96
  SINCE JAN 1     37.34                     31.73   5.61    36.28

DEGREE DAYS
 HEATING
  TODAY           19                                        17
  MONTH TO DATE  428                                       340
  SINCE SEP 1    921                                       809
  SINCE JUL 1    937                                       853

 COOLING
  TODAY            0                                         0
  MONTH TO DATE    0                                         0
  SINCE SEP 1    102                                        10
  SINCE JAN 1    496                                       336
..................................................................


WIND (MPH)
  HIGHEST WIND SPEED    14   HIGHEST WIND DIRECTION     S (180)
  HIGHEST GUST SPEED    17   HIGHEST GUST DIRECTION     S (170)
  AVERAGE WIND SPEED     3.8


SKY COVER
  POSSIBLE SUNSHINE  MM
  AVERAGE SKY COVER 0.8


WEATHER CONDITIONS
 THE FOLLOWING WEATHER WAS RECORDED TODAY.
  FOG
  FOG W/VISIBILITY <= 1/4 MILE


RELATIVE HUMIDITY (PERCENT)
 HIGHEST   100          1200 AM
 LOWEST     66           100 PM
 AVERAGE    83

..........................................................


THE HILLSBORO OR CLIMATE NORMALS FOR TOMORROW
                         NORMAL    RECORD    YEAR
 MAXIMUM TEMPERATURE (F)   49        62      2014
                                             1999
 MINIMUM TEMPERATURE (F)   35         9      1985


SUNRISE AND SUNSET
NOVEMBER 24 2017......SUNRISE   724 AM PST   SUNSET   433 PM PST
NOVEMBER 25 2017......SUNRISE   725 AM PST   SUNSET   433 PM PST


-  INDICATES NEGATIVE NUMBERS.
R  INDICATES RECORD WAS SET OR TIED.
MM INDICATES DATA IS MISSING.
T  INDICATES TRACE AMOUNT.




$$
