000
CDUS46 KPQR 051141
CLIHIO


CLIMATE REPORT
NATIONAL WEATHER SERVICE PORTLAND OREGON
440 AM PDT WED AUG 5 2015


...................................

...THE HILLSBORO OR CLIMATE SUMMARY FOR AUGUST 4 2015...

CLIMATE NORMAL PERIOD 1981 TO 2010
CLIMATE RECORD PERIOD 1929 TO 2015


WEATHER ITEM   OBSERVED TIME   RECORD YEAR NORMAL DEPARTURE LAST
                VALUE   (LST)  VALUE       VALUE  FROM      YEAR
                                                  NORMAL
..................................................................
TEMPERATURE (F)
 YESTERDAY
  MAXIMUM         83    303 PM 103    1952  83      0       96
  MINIMUM         51    450 AM  40    1950  51      0       58
  AVERAGE         67                        67      0       77

PRECIPITATION (IN)
  YESTERDAY        0.00          0.60 1933   0.01  -0.01
  MONTH TO DATE    T                         0.04  -0.04
  SINCE OCT 1     29.80                     37.87  -8.07
  SINCE JAN 1     14.97                     21.48  -6.51

SNOWFALL (IN)
  YESTERDAY        0.0
  MONTH TO DATE    0.0
  SINCE JUN 1      0.0
  SINCE JUL 1      0.0
  SNOW DEPTH       0

DEGREE DAYS
 HEATING
  YESTERDAY        0                         1     -1
  MONTH TO DATE    0                         4     -4
  SINCE JUL 1     12                        60    -48

 COOLING
  YESTERDAY        2                         3     -1
  MONTH TO DATE   25                        12     13
  SINCE JAN 1    366                       113    253
..................................................................


WIND (MPH)
  HIGHEST WIND SPEED    22   HIGHEST WIND DIRECTION    NW (330)
  HIGHEST GUST SPEED    28   HIGHEST GUST DIRECTION    NW (320)
  AVERAGE WIND SPEED     8.3


SKY COVER
  POSSIBLE SUNSHINE  MM
  AVERAGE SKY COVER 0.0


WEATHER CONDITIONS
 THE FOLLOWING WEATHER WAS RECORDED YESTERDAY.
  NO SIGNIFICANT WEATHER WAS OBSERVED.


RELATIVE HUMIDITY (PERCENT)
 HIGHEST    89           400 AM
 LOWEST     26           200 PM
 AVERAGE    58

..........................................................


THE HILLSBORO OR CLIMATE NORMALS FOR TODAY
                         NORMAL    RECORD    YEAR
 MAXIMUM TEMPERATURE (F)   83        99      1945
 MINIMUM TEMPERATURE (F)   51        40      1931


SUNRISE AND SUNSET
AUGUST  5 2015........SUNRISE   600 AM PDT   SUNSET   835 PM PDT
AUGUST  6 2015........SUNRISE   601 AM PDT   SUNSET   833 PM PDT


-  INDICATES NEGATIVE NUMBERS.
R  INDICATES RECORD WAS SET OR TIED.
MM INDICATES DATA IS MISSING.
T  INDICATES TRACE AMOUNT.




$$
