000
CDUS46 KPQR 240221
CLIHIO


CLIMATE REPORT
NATIONAL WEATHER SERVICE PORTLAND OREGON
721 PM PDT SUN APR 23 2017


...................................

...THE HILLSBORO OR CLIMATE SUMMARY FOR APRIL 23 2017...
VALID TODAY AS OF 0700 PM LOCAL TIME.

CLIMATE NORMAL PERIOD 1981 TO 2010
CLIMATE RECORD PERIOD 1929 TO 2017


WEATHER ITEM   OBSERVED TIME   RECORD YEAR NORMAL DEPARTURE LAST
                VALUE   (LST)  VALUE       VALUE  FROM      YEAR
                                                  NORMAL
..................................................................
TEMPERATURE (F)
 TODAY
  MAXIMUM         55    222 PM  82    2012  62     -7       62
  MINIMUM         45   1258 AM  31    1954  40      5       44
  AVERAGE         50                        51     -1       53

PRECIPITATION (IN)
  TODAY            0.04                      0.10  -0.06     0.05
  MONTH TO DATE    2.70                      2.39   0.31     1.69
  SINCE OCT 1     43.51                     32.98  10.53    40.51
  SINCE JAN 1     23.83                     16.59   7.24    18.49

DEGREE DAYS
 HEATING
  TODAY           15                                        12
  MONTH TO DATE  357                                       188
  SINCE MAR 1    909                                       705
  SINCE JUL 1   4438                                      3685

 COOLING
  TODAY            0                                         0
  MONTH TO DATE    0                                         7
  SINCE MAR 1      0                                         7
  SINCE JAN 1      0                                         7
..................................................................


WIND (MPH)
  HIGHEST WIND SPEED    17   HIGHEST WIND DIRECTION    SW (240)
  HIGHEST GUST SPEED    25   HIGHEST GUST DIRECTION     S (200)
  AVERAGE WIND SPEED     3.6


SKY COVER
  POSSIBLE SUNSHINE  MM
  AVERAGE SKY COVER 1.0


WEATHER CONDITIONS
 THE FOLLOWING WEATHER WAS RECORDED TODAY.
  RAIN
  LIGHT RAIN
  FOG
  HAZE


RELATIVE HUMIDITY (PERCENT)
 HIGHEST   100           100 AM
 LOWEST     66           300 PM
 AVERAGE    83

..........................................................


THE HILLSBORO OR CLIMATE NORMALS FOR TOMORROW
                         NORMAL    RECORD    YEAR
 MAXIMUM TEMPERATURE (F)   63        81      1999
 MINIMUM TEMPERATURE (F)   40        30      2009
                                             2000


SUNRISE AND SUNSET
APRIL 23 2017.........SUNRISE   612 AM PDT   SUNSET   809 PM PDT
APRIL 24 2017.........SUNRISE   610 AM PDT   SUNSET   810 PM PDT


-  INDICATES NEGATIVE NUMBERS.
R  INDICATES RECORD WAS SET OR TIED.
MM INDICATES DATA IS MISSING.
T  INDICATES TRACE AMOUNT.




$$
