000
CDUS46 KPQR 241141
CLIHIO


CLIMATE REPORT
NATIONAL WEATHER SERVICE PORTLAND OREGON
441 AM PDT SUN JUL 24 2016


...................................

...THE HILLSBORO OR CLIMATE SUMMARY FOR JULY 23 2016...

CLIMATE NORMAL PERIOD 1981 TO 2010
CLIMATE RECORD PERIOD 1929 TO 2016


WEATHER ITEM   OBSERVED TIME   RECORD YEAR NORMAL DEPARTURE LAST
                VALUE   (LST)  VALUE       VALUE  FROM      YEAR
                                                  NORMAL
..................................................................
TEMPERATURE (F)
 YESTERDAY
  MAXIMUM         75    434 PM 105    2006  82     -7       81
  MINIMUM         57    558 AM  42    1932  52      5       53
  AVERAGE         66                        67     -1       67

PRECIPITATION (IN)
  YESTERDAY        0.00          0.36 2014   0.01  -0.01
  MONTH TO DATE    0.33                      0.45  -0.12
  SINCE OCT 1     43.16                     37.73   5.43
  SINCE JAN 1     21.14                     21.34  -0.20

SNOWFALL (IN)
  YESTERDAY        0.0
  MONTH TO DATE    0.0
  SINCE JUN 1      0.0
  SINCE JUL 1      0.0
  SNOW DEPTH       0

DEGREE DAYS
 HEATING
  YESTERDAY        0                         1     -1
  MONTH TO DATE   21                        46    -25
  SINCE JUL 1     21                        46    -25

 COOLING
  YESTERDAY        1                         3     -2
  MONTH TO DATE   26                        51    -25
  SINCE JAN 1    116                        77     39
..................................................................


WIND (MPH)
  HIGHEST WIND SPEED    17   HIGHEST WIND DIRECTION    NW (310)
  HIGHEST GUST SPEED    21   HIGHEST GUST DIRECTION    NW (310)
  AVERAGE WIND SPEED     7.1


SKY COVER
  POSSIBLE SUNSHINE  MM
  AVERAGE SKY COVER 0.6


WEATHER CONDITIONS
 THE FOLLOWING WEATHER WAS RECORDED YESTERDAY.
  NO SIGNIFICANT WEATHER WAS OBSERVED.


RELATIVE HUMIDITY (PERCENT)
 HIGHEST    80          1200 AM
 LOWEST     46           200 PM
 AVERAGE    63

..........................................................


THE HILLSBORO OR CLIMATE NORMALS FOR TODAY
                         NORMAL    RECORD    YEAR
 MAXIMUM TEMPERATURE (F)   82       100      2006
                                             2004
 MINIMUM TEMPERATURE (F)   52        41      1932


SUNRISE AND SUNSET
JULY 24 2016..........SUNRISE   547 AM PDT   SUNSET   849 PM PDT
JULY 25 2016..........SUNRISE   548 AM PDT   SUNSET   848 PM PDT


-  INDICATES NEGATIVE NUMBERS.
R  INDICATES RECORD WAS SET OR TIED.
MM INDICATES DATA IS MISSING.
T  INDICATES TRACE AMOUNT.




$$
