000
CDUS46 KPQR 231142
CLIHIO


CLIMATE REPORT
NATIONAL WEATHER SERVICE PORTLAND OREGON
441 AM PDT WED JUL 23 2014


...................................

...THE HILLSBORO OR CLIMATE SUMMARY FOR JULY 22 2014...

CLIMATE NORMAL PERIOD 1981 TO 2010
CLIMATE RECORD PERIOD 1929 TO 2014


WEATHER ITEM   OBSERVED TIME   RECORD YEAR NORMAL DEPARTURE LAST
                VALUE   (LST)  VALUE       VALUE  FROM      YEAR
                                                  NORMAL
..................................................................
TEMPERATURE (F)
 YESTERDAY
  MAXIMUM         78    415 PM 103    1938  82     -4       83
                                      1994
  MINIMUM         58    723 AM  40    1933  52      6       49
  AVERAGE         68                        67      1       66

PRECIPITATION (IN)
  YESTERDAY        0.10R         0.06 1963   0.01   0.09
  MONTH TO DATE    0.14                      0.44  -0.30
  SINCE OCT 1     24.40                     37.72 -13.32
  SINCE JAN 1     19.72                     21.33  -1.61

SNOWFALL (IN)
  YESTERDAY        0.0
  MONTH TO DATE    0.0
  SINCE JUN 1      0.0
  SINCE JUL 1      0.0
  SNOW DEPTH       0

DEGREE DAYS
 HEATING
  YESTERDAY        0                         1     -1
  MONTH TO DATE    1                        45    -44
  SINCE JUL 1      1                        45    -44

 COOLING
  YESTERDAY        3                         3      0
  MONTH TO DATE  124                        48     76
  SINCE JAN 1    136                        74     62
..................................................................


WIND (MPH)
  HIGHEST WIND SPEED    12   HIGHEST WIND DIRECTION    NE (60)
  HIGHEST GUST SPEED    16   HIGHEST GUST DIRECTION    NE (30)
  AVERAGE WIND SPEED     4.5


SKY COVER
  POSSIBLE SUNSHINE  MM
  AVERAGE SKY COVER 0.7


WEATHER CONDITIONS
 THE FOLLOWING WEATHER WAS RECORDED YESTERDAY.
  LIGHT RAIN
  FOG
  HAZE


RELATIVE HUMIDITY (PERCENT)
 HIGHEST    87           800 AM
 LOWEST     50           300 PM
 AVERAGE    69

..........................................................


THE HILLSBORO OR CLIMATE NORMALS FOR TODAY
                         NORMAL    RECORD    YEAR
 MAXIMUM TEMPERATURE (F)   82       105      2006
 MINIMUM TEMPERATURE (F)   52        42      1932


SUNRISE AND SUNSET
JULY 23 2014..........SUNRISE   546 AM PDT   SUNSET   850 PM PDT
JULY 24 2014..........SUNRISE   547 AM PDT   SUNSET   849 PM PDT


-  INDICATES NEGATIVE NUMBERS.
R  INDICATES RECORD WAS SET OR TIED.
MM INDICATES DATA IS MISSING.
T  INDICATES TRACE AMOUNT.




$$
