000
CDUS46 KPQR 061147
CLIHIO


CLIMATE REPORT
NATIONAL WEATHER SERVICE PORTLAND OREGON
346 AM PST TUE DEC 6 2016


...................................

...THE HILLSBORO OR CLIMATE SUMMARY FOR DECEMBER 5 2016...

CLIMATE NORMAL PERIOD 1981 TO 2010
CLIMATE RECORD PERIOD 1929 TO 2016


WEATHER ITEM   OBSERVED TIME   RECORD YEAR NORMAL DEPARTURE LAST
                VALUE   (LST)  VALUE       VALUE  FROM      YEAR
                                                  NORMAL
..................................................................
TEMPERATURE (F)
 YESTERDAY
  MAXIMUM         38    141 PM  58    1929  46     -8       48
  MINIMUM         32   1031 AM  15    2013  33     -1       38
  AVERAGE         35                        40     -5       43

PRECIPITATION (IN)
  YESTERDAY        0.39          1.28 1996   0.19   0.20
  MONTH TO DATE    0.94                      0.98  -0.04
  SINCE OCT 1     15.85                     10.63   5.22
  SINCE JAN 1     38.17                     34.14   4.03

SNOWFALL (IN)
  YESTERDAY       MM
  MONTH TO DATE    0.0
  SINCE DEC 1      0.0
  SINCE JUL 1      0.0
  SNOW DEPTH       0

DEGREE DAYS
 HEATING
  YESTERDAY       30                        25      5
  MONTH TO DATE  121                       124     -3
  SINCE JUL 1   1092                      1425   -333

 COOLING
  YESTERDAY        0                         0      0
  MONTH TO DATE    0                         0      0
  SINCE JAN 1    336                       198    138
..................................................................


WIND (MPH)
  HIGHEST WIND SPEED    13   HIGHEST WIND DIRECTION     S (170)
  HIGHEST GUST SPEED    16   HIGHEST GUST DIRECTION     S (180)
  AVERAGE WIND SPEED     3.3


SKY COVER
  POSSIBLE SUNSHINE  MM
  AVERAGE SKY COVER 0.9


WEATHER CONDITIONS
 THE FOLLOWING WEATHER WAS RECORDED YESTERDAY.
  LIGHT RAIN
  SNOW
  LIGHT SNOW
  FOG


RELATIVE HUMIDITY (PERCENT)
 HIGHEST   100           200 PM
 LOWEST     92           200 AM
 AVERAGE    96

..........................................................


THE HILLSBORO OR CLIMATE NORMALS FOR TODAY
                         NORMAL    RECORD    YEAR
 MAXIMUM TEMPERATURE (F)   46        60      1988
 MINIMUM TEMPERATURE (F)   33        19      1972


SUNRISE AND SUNSET
DECEMBER  6 2016......SUNRISE   738 AM PST   SUNSET   428 PM PST
DECEMBER  7 2016......SUNRISE   739 AM PST   SUNSET   428 PM PST


-  INDICATES NEGATIVE NUMBERS.
R  INDICATES RECORD WAS SET OR TIED.
MM INDICATES DATA IS MISSING.
T  INDICATES TRACE AMOUNT.




$$
