000
CDUS46 KPQR 051142
CLIHIO


CLIMATE REPORT
NATIONAL WEATHER SERVICE PORTLAND OREGON
441 AM PDT THU MAY 5 2016


...................................

...THE HILLSBORO OR CLIMATE SUMMARY FOR MAY 4 2016...

CLIMATE NORMAL PERIOD 1981 TO 2010
CLIMATE RECORD PERIOD 1929 TO 2016


WEATHER ITEM   OBSERVED TIME   RECORD YEAR NORMAL DEPARTURE LAST
                VALUE   (LST)  VALUE       VALUE  FROM      YEAR
                                                  NORMAL
..................................................................
TEMPERATURE (F)
 YESTERDAY
  MAXIMUM         62    149 PM  90    1992  65     -3       65
  MINIMUM         50    527 AM  30    1952  42      8       40
  AVERAGE         56                        54      2       53

PRECIPITATION (IN)
  YESTERDAY        T             0.95 2009   0.09  -0.09
  MONTH TO DATE    0.15                      0.36  -0.21
  SINCE OCT 1     40.85                     33.96   6.89
  SINCE JAN 1     18.83                     17.57   1.26

SNOWFALL (IN)
  YESTERDAY        0.0
  MONTH TO DATE    0.0
  SINCE MAR 1      0.0
  SINCE JUL 1      0.0
  SNOW DEPTH       0

DEGREE DAYS
 HEATING
  YESTERDAY        9                        12     -3
  MONTH TO DATE   12                        48    -36
  SINCE JUL 1   3795                      4610   -815

 COOLING
  YESTERDAY        0                         0      0
  MONTH TO DATE    1                         0      1
  SINCE JAN 1      8                         0      8
..................................................................


WIND (MPH)
  HIGHEST WIND SPEED    13   HIGHEST WIND DIRECTION    NW (330)
  HIGHEST GUST SPEED    18   HIGHEST GUST DIRECTION     W (280)
  AVERAGE WIND SPEED     6.4


SKY COVER
  POSSIBLE SUNSHINE  MM
  AVERAGE SKY COVER 0.7


WEATHER CONDITIONS
 THE FOLLOWING WEATHER WAS RECORDED YESTERDAY.
  LIGHT RAIN


RELATIVE HUMIDITY (PERCENT)
 HIGHEST    86          1200 AM
 LOWEST     64          1200 PM
 AVERAGE    75

..........................................................


THE HILLSBORO OR CLIMATE NORMALS FOR TODAY
                         NORMAL    RECORD    YEAR
 MAXIMUM TEMPERATURE (F)   65        92      1992
 MINIMUM TEMPERATURE (F)   42        32      1937


SUNRISE AND SUNSET
MAY  5 2016...........SUNRISE   553 AM PDT   SUNSET   825 PM PDT
MAY  6 2016...........SUNRISE   552 AM PDT   SUNSET   826 PM PDT


-  INDICATES NEGATIVE NUMBERS.
R  INDICATES RECORD WAS SET OR TIED.
MM INDICATES DATA IS MISSING.
T  INDICATES TRACE AMOUNT.




$$
