000
CDUS46 KPQR 261141
CLIHIO


CLIMATE REPORT
NATIONAL WEATHER SERVICE PORTLAND OREGON
440 AM PDT TUE SEP 26 2017


...................................

...THE HILLSBORO OR CLIMATE SUMMARY FOR SEPTEMBER 25 2017...

CLIMATE NORMAL PERIOD 1981 TO 2010
CLIMATE RECORD PERIOD 1929 TO 2017


WEATHER ITEM   OBSERVED TIME   RECORD YEAR NORMAL DEPARTURE LAST
                VALUE   (LST)  VALUE       VALUE  FROM      YEAR
                                                  NORMAL
..................................................................
TEMPERATURE (F)
 YESTERDAY
  MAXIMUM         66    523 PM  94    1991  71     -5       84
  MINIMUM         53    503 AM  29    1934  44      9       47
  AVERAGE         60                        58      2       66

PRECIPITATION (IN)
  YESTERDAY        T             0.46 1950   0.07  -0.07
  MONTH TO DATE    1.29                      1.03   0.26
  SINCE OCT 1     48.66                     39.49   9.17
  SINCE JAN 1     28.98                     23.10   5.88

SNOWFALL (IN)
  YESTERDAY        0.0
  MONTH TO DATE    0.0
  SINCE SEP 1      0.0
  SINCE JUL 1      0.0
  SNOW DEPTH       0

DEGREE DAYS
 HEATING
  YESTERDAY        5                         7     -2
  MONTH TO DATE   84                       113    -29
  SINCE JUL 1    100                       220   -120

 COOLING
  YESTERDAY        0                         0      0
  MONTH TO DATE   95                        16     79
  SINCE JAN 1    489                       194    295
..................................................................


WIND (MPH)
  HIGHEST WIND SPEED     6   HIGHEST WIND DIRECTION     S (170)
  HIGHEST GUST SPEED     7   HIGHEST GUST DIRECTION    SW (240)
  AVERAGE WIND SPEED     0.7


SKY COVER
  POSSIBLE SUNSHINE  MM
  AVERAGE SKY COVER 0.8


WEATHER CONDITIONS
 THE FOLLOWING WEATHER WAS RECORDED YESTERDAY.
  LIGHT RAIN


RELATIVE HUMIDITY (PERCENT)
 HIGHEST    93           100 AM
 LOWEST     63           300 PM
 AVERAGE    78

..........................................................


THE HILLSBORO OR CLIMATE NORMALS FOR TODAY
                         NORMAL    RECORD    YEAR
 MAXIMUM TEMPERATURE (F)   71        93      1949
 MINIMUM TEMPERATURE (F)   44        33      1961


SUNRISE AND SUNSET
SEPTEMBER 26 2017.....SUNRISE   704 AM PDT   SUNSET   701 PM PDT
SEPTEMBER 27 2017.....SUNRISE   705 AM PDT   SUNSET   659 PM PDT


-  INDICATES NEGATIVE NUMBERS.
R  INDICATES RECORD WAS SET OR TIED.
MM INDICATES DATA IS MISSING.
T  INDICATES TRACE AMOUNT.




$$
