000
CDUS46 KHNX 160027
CLIHJO


CLIMATE REPORT
NATIONAL WEATHER SERVICE SAN JOAQUIN VALLEY, CA
527 PM PDT TUE APR 15 2014


...................................

...THE HANFORD CA CLIMATE SUMMARY FOR APRIL 15 2014...
VALID AS OF 0500 PM LOCAL TIME.

CLIMATE NORMAL PERIOD 1981 TO 2010
CLIMATE RECORD PERIOD 1998 TO 2014


WEATHER ITEM   OBSERVED TIME   RECORD YEAR NORMAL DEPARTURE LAST
                VALUE   (LST)  VALUE       VALUE  FROM      YEAR
                                                  NORMAL
..................................................................
TEMPERATURE (F)
 TODAY
  MAXIMUM         89R   255 PM  86    1999  75     14       72
  MINIMUM         53    614 AM  32    2009  46      7       48
  AVERAGE         71                        60     11       60

PRECIPITATION (IN)
  TODAY            0.00          T    2004   0.03  -0.03     0.00
  MONTH TO DATE    T                         0.38  -0.38     0.08
  SINCE JUL 1      2.62                      9.12  -6.50     3.42
  SINCE JAN 1      2.23                      5.78  -3.55     1.42

SNOWFALL (IN)
  TODAY            0.0
  MONTH TO DATE    0.0
  SINCE MAR 1      0.0
  SINCE JUL 1      0.0
  SNOW DEPTH       0

DEGREE DAYS
 HEATING
  TODAY            0                                         5
  MONTH TO DATE   61                                        36
  SINCE MAR 1    236                                       221
  SINCE JUL 1   2013                                      2282

 COOLING
  TODAY            6                                         0
  MONTH TO DATE   43                                         2
  SINCE MAR 1     43                                         8
  SINCE JAN 1     43                                         8
..................................................................


WIND (MPH)
  HIGHEST WIND SPEED    16   HIGHEST WIND DIRECTION    NW (330)
  HIGHEST GUST SPEED    20   HIGHEST GUST DIRECTION    NW (330)
  AVERAGE WIND SPEED     6.2




RELATIVE HUMIDITY (PERCENT)
 HIGHEST    83
 LOWEST     13
 AVERAGE    48

..........................................................


THE HANFORD CA CLIMATE NORMALS FOR TOMORROW
                         NORMAL    RECORD    YEAR
 MAXIMUM TEMPERATURE (F)   75        89      1999
 MINIMUM TEMPERATURE (F)   46        33      2013
                                             2009


SUNRISE AND SUNSET
APRIL 15 2014.........SUNRISE   625 AM PDT   SUNSET   733 PM PDT
APRIL 16 2014.........SUNRISE   624 AM PDT   SUNSET   733 PM PDT


-  INDICATES NEGATIVE NUMBERS.
R  INDICATES RECORD WAS SET OR TIED.
MM INDICATES DATA IS MISSING.
T  INDICATES TRACE AMOUNT.




$$
