000
CDUS46 KHNX 110823
CLIHJO


CLIMATE REPORT
NATIONAL WEATHER SERVICE SAN JOAQUIN VALLEY, CA
1222 AM PST MON DEC 11 2017


...................................

...THE HANFORD CA CLIMATE SUMMARY FOR DECEMBER 10 2017...

CLIMATE NORMAL PERIOD 1981 TO 2010
CLIMATE RECORD PERIOD 1998 TO 2017


WEATHER ITEM   OBSERVED TIME   RECORD YEAR NORMAL DEPARTURE
                VALUE   (LST)  VALUE       VALUE  FROM
                                                  NORMAL
...............................................................
TEMPERATURE (F)
 YESTERDAY
  MAXIMUM         65    327 PM  69    2016  55     10
  MINIMUM         29    718 AM  21    2013  35     -6
  AVERAGE         47                        45      2

PRECIPITATION (IN)
  YESTERDAY        0.00          0.18 2006   0.03  -0.03
  MONTH TO DATE    T                         0.25  -0.25
  SINCE OCT 1      0.37                      1.75  -1.38
  SINCE JAN 1      8.71                      8.72  -0.01

SNOWFALL (IN)
  YESTERDAY        0.0
  MONTH TO DATE    0.0
  SINCE DEC 1      0.0
  SINCE JUL 1      0.0
  SNOW DEPTH       0

DEGREE DAYS
 HEATING
  YESTERDAY       18
  MONTH TO DATE  171
  SINCE DEC 1    171
  SINCE JUL 1    476

 COOLING
  YESTERDAY        0
  MONTH TO DATE    0
  SINCE DEC 1      0
  SINCE JAN 1   2184
...............................................................


WIND (MPH)
  HIGHEST WIND SPEED     7   HIGHEST WIND DIRECTION    NE (60)
  HIGHEST GUST SPEED     8   HIGHEST GUST DIRECTION     N (350)
  AVERAGE WIND SPEED     0.9




RELATIVE HUMIDITY (PERCENT)
 HIGHEST   100
 LOWEST     34
 AVERAGE    67

..........................................................


THE HANFORD CA CLIMATE NORMALS FOR TODAY
                         NORMAL    RECORD    YEAR
 MAXIMUM TEMPERATURE (F)   55        68      2016
 MINIMUM TEMPERATURE (F)   34        25      2013


SUNRISE AND SUNSET
DECEMBER 11 2017......SUNRISE   700 AM PST   SUNSET   444 PM PST
DECEMBER 12 2017......SUNRISE   701 AM PST   SUNSET   444 PM PST


-  INDICATES NEGATIVE NUMBERS.
R  INDICATES RECORD WAS SET OR TIED.
MM INDICATES DATA IS MISSING.
T  INDICATES TRACE AMOUNT.




$$
