000
CDUS46 KHNX 020023
CLIHJO


CLIMATE REPORT
NATIONAL WEATHER SERVICE SAN JOAQUIN VALLEY, CA
422 PM PST SUN FEB 1 2015


...................................

...THE HANFORD CA CLIMATE SUMMARY FOR FEBRUARY 1 2015...
VALID AS OF 0400 PM LOCAL TIME.

CLIMATE NORMAL PERIOD 1981 TO 2010
CLIMATE RECORD PERIOD 1998 TO 2015


WEATHER ITEM   OBSERVED TIME   RECORD YEAR NORMAL DEPARTURE LAST
                VALUE   (LST)  VALUE       VALUE  FROM      YEAR
                                                  NORMAL
..................................................................
TEMPERATURE (F)
 TODAY
  MAXIMUM         67R   351 PM  66    2013  58      9       60
  MINIMUM         37    721 AM  28    2002  37      0       30
  AVERAGE         52                        48      4       45

PRECIPITATION (IN)
  TODAY            0.00          0.04 2008   0.04  -0.04     0.00
  MONTH TO DATE    0.00                      0.04  -0.04     0.00
  SINCE OCT 1      3.16                      5.21  -2.05     0.49
  SINCE JAN 1      0.04                      2.08  -2.04     0.11

SNOWFALL (IN)
  TODAY            0.0
  MONTH TO DATE    0.0
  SINCE DEC 1      0.0
  SINCE JUL 1      0.0
  SNOW DEPTH       0

DEGREE DAYS
 HEATING
  TODAY           13                                        20
  MONTH TO DATE   13                                        20
  SINCE DEC 1    982                                      1119
  SINCE JUL 1   1293                                      1499

 COOLING
  TODAY            0                                         0
  MONTH TO DATE    0                                         0
  SINCE DEC 1      0                                         0
  SINCE JAN 1      0                                         0
..................................................................


WIND (MPH)
  HIGHEST WIND SPEED     7   HIGHEST WIND DIRECTION    NE (50)
  HIGHEST GUST SPEED     8   HIGHEST GUST DIRECTION    SE (120)
  AVERAGE WIND SPEED     0.9




RELATIVE HUMIDITY (PERCENT)
 HIGHEST   100
 LOWEST     52
 AVERAGE    76

..........................................................


THE HANFORD CA CLIMATE NORMALS FOR TOMORROW
                         NORMAL    RECORD    YEAR
 MAXIMUM TEMPERATURE (F)   58        68      2009
                                             2000
 MINIMUM TEMPERATURE (F)   37        29      2002


SUNRISE AND SUNSET
FEBRUARY  1 2015......SUNRISE   700 AM PST   SUNSET   525 PM PST
FEBRUARY  2 2015......SUNRISE   659 AM PST   SUNSET   526 PM PST


-  INDICATES NEGATIVE NUMBERS.
R  INDICATES RECORD WAS SET OR TIED.
MM INDICATES DATA IS MISSING.
T  INDICATES TRACE AMOUNT.




$$
