000
CDUS46 KHNX 070021
CLIHJO


CLIMATE REPORT
NATIONAL WEATHER SERVICE SAN JOAQUIN VALLEY, CA
420 PM PST FRI MAR 6 2015


...................................

...THE HANFORD CA CLIMATE SUMMARY FOR MARCH 6 2015...
VALID AS OF 0400 PM LOCAL TIME.

CLIMATE NORMAL PERIOD 1981 TO 2010
CLIMATE RECORD PERIOD 1998 TO 2015


WEATHER ITEM   OBSERVED TIME   RECORD YEAR NORMAL DEPARTURE LAST
                VALUE   (LST)  VALUE       VALUE  FROM      YEAR
                                                  NORMAL
..................................................................
TEMPERATURE (F)
 TODAY
  MAXIMUM         74    326 PM  77    2007  66      8       75
  MINIMUM         40    645 AM  38    2000  42     -2       54
  AVERAGE         57                        54      3       65

PRECIPITATION (IN)
  TODAY            0.00          0.41 2002   0.07  -0.07     0.01
  MONTH TO DATE    0.14                      0.47  -0.33     0.01
  SINCE OCT 1      4.05                      7.37  -3.32     2.15
  SINCE JAN 1      0.93                      4.24  -3.31     1.77

SNOWFALL (IN)
  TODAY            0.0
  MONTH TO DATE    0.0
  SINCE MAR 1      0.0
  SINCE JUL 1      0.0
  SNOW DEPTH       0

DEGREE DAYS
 HEATING
  TODAY            8                                         0
  MONTH TO DATE   69                                        38
  SINCE MAR 1     69                                        38
  SINCE JUL 1   1611                                      1815

 COOLING
  TODAY            0                                         0
  MONTH TO DATE    0                                         0
  SINCE MAR 1      0                                         0
  SINCE JAN 1      0                                         0
..................................................................


WIND (MPH)
  HIGHEST WIND SPEED     9   HIGHEST WIND DIRECTION    NW (300)
  HIGHEST GUST SPEED    14   HIGHEST GUST DIRECTION     W (290)
  AVERAGE WIND SPEED     3.3




RELATIVE HUMIDITY (PERCENT)
 HIGHEST    89
 LOWEST     25
 AVERAGE    57

..........................................................


THE HANFORD CA CLIMATE NORMALS FOR TOMORROW
                         NORMAL    RECORD    YEAR
 MAXIMUM TEMPERATURE (F)   67        78      2007
 MINIMUM TEMPERATURE (F)   42        33      2012
                                             2009


SUNRISE AND SUNSET
MARCH  6 2015.........SUNRISE   622 AM PST   SUNSET   558 PM PST
MARCH  7 2015.........SUNRISE   621 AM PST   SUNSET   559 PM PST


-  INDICATES NEGATIVE NUMBERS.
R  INDICATES RECORD WAS SET OR TIED.
MM INDICATES DATA IS MISSING.
T  INDICATES TRACE AMOUNT.




$$
