786
CDUS46 KHNX 090026
CLIHJO


CLIMATE REPORT
NATIONAL WEATHER SERVICE SAN JOAQUIN VALLEY, CA
425 PM PST MON FEB 8 2016


...................................

...THE HANFORD CA CLIMATE SUMMARY FOR FEBRUARY 8 2016...
VALID TODAY AS OF 0400 PM LOCAL TIME.

CLIMATE NORMAL PERIOD 1981 TO 2010
CLIMATE RECORD PERIOD 1998 TO 2016


WEATHER ITEM   OBSERVED TIME   RECORD YEAR NORMAL DEPARTURE LAST
                VALUE   (LST)  VALUE       VALUE  FROM      YEAR
                                                  NORMAL
..................................................................
TEMPERATURE (F)
 TODAY
  MAXIMUM         72    345 PM  73    2015  60     12       73
  MINIMUM         38    720 AM  29    2003  38      0       54
  AVERAGE         55                        49      6       64

PRECIPITATION (IN)
  TODAY            0.00          0.05 2013   0.06  -0.06     0.00
  MONTH TO DATE    0.00                      0.41  -0.41     0.46
  SINCE OCT 1      5.47                      5.58  -0.11     3.62
  SINCE JAN 1      2.87                      2.45   0.42     0.50

SNOWFALL (IN)
  TODAY            0.0
  MONTH TO DATE    0.0
  SINCE DEC 1      0.0
  SINCE JUL 1      0.0
  SNOW DEPTH       0

DEGREE DAYS
 HEATING
  TODAY           10                                         1
  MONTH TO DATE  143                                        55
  SINCE DEC 1   1255                                      1024
  SINCE JUL 1   1705                                      1335

 COOLING
  TODAY            0                                         0
  MONTH TO DATE    0                                         0
  SINCE DEC 1      0                                         0
  SINCE JAN 1      0                                         0
..................................................................


WIND (MPH)
  HIGHEST WIND SPEED     7   HIGHEST WIND DIRECTION     E (70)
  HIGHEST GUST SPEED     8   HIGHEST GUST DIRECTION     E (70)
  AVERAGE WIND SPEED     2.4




RELATIVE HUMIDITY (PERCENT)
 HIGHEST   100
 LOWEST     47
 AVERAGE    74

..........................................................


THE HANFORD CA CLIMATE NORMALS FOR TOMORROW
                         NORMAL    RECORD    YEAR
 MAXIMUM TEMPERATURE (F)   60        72      2006
 MINIMUM TEMPERATURE (F)   38        30      2013
                                             2011
                                             2003


SUNRISE AND SUNSET
FEBRUARY  8 2016......SUNRISE   654 AM PST   SUNSET   532 PM PST
FEBRUARY  9 2016......SUNRISE   653 AM PST   SUNSET   533 PM PST


-  INDICATES NEGATIVE NUMBERS.
R  INDICATES RECORD WAS SET OR TIED.
MM INDICATES DATA IS MISSING.
T  INDICATES TRACE AMOUNT.




$$
