000
CDUS43 KGLD 120749
CLIHLC

CLIMATE REPORT
NATIONAL WEATHER SERVICE GOODLAND
146 AM MDT SAT JUL 12 2014

...................................

...THE HILL CITY KS CLIMATE SUMMARY FOR JULY 11 2014...

CLIMATE NORMAL PERIOD 1981 TO 2010
CLIMATE RECORD PERIOD 1896 TO 2014

WEATHER ITEM   OBSERVED TIME   RECORD YEAR NORMAL DEPARTURE LAST
                VALUE   (LST)  VALUE       VALUE  FROM      YEAR
                                                  NORMAL
..................................................................
TEMPERATURE (F)
 YESTERDAY
  MAXIMUM        101    345 PM 109    1980  93      8       98
                                      1954
  MINIMUM         68    636 AM  48    1999  66      2       71
  AVERAGE         85                        79      6       85

PRECIPITATION (IN)
  YESTERDAY        0.00                      0.13  -0.13     0.00
  MONTH TO DATE    0.71                      1.13  -0.42     0.21
  SINCE JUN 1      7.64                      3.89   3.75     2.89
  SINCE JAN 1     12.58                     12.39   0.19     7.23

..................................................................

THE HILL CITY KS CLIMATE NORMALS FOR TODAY
                         NORMAL    RECORD    YEAR
 MAXIMUM TEMPERATURE (F)   93       113      1939
 MINIMUM TEMPERATURE (F)   66        52      1913

-  INDICATES NEGATIVE NUMBERS.
R  INDICATES RECORD WAS SET OR TIED.
MM INDICATES DATA IS MISSING.
T  INDICATES TRACE AMOUNT.

$$
