000
CDUS43 KGLD 270755
CLIHLC

CLIMATE REPORT
NATIONAL WEATHER SERVICE GOODLAND
151 AM MDT SAT MAY 27 2017

...................................

...THE HILL CITY KS CLIMATE SUMMARY FOR MAY 26 2017...

CLIMATE NORMAL PERIOD 1981 TO 2010
CLIMATE RECORD PERIOD 1896 TO 2017


WEATHER ITEM   OBSERVED TIME   RECORD YEAR NORMAL DEPARTURE LAST
                VALUE   (LST)  VALUE       VALUE  FROM      YEAR
                                                  NORMAL
..................................................................
TEMPERATURE (F)
 YESTERDAY
  MAXIMUM         79    455 PM 102    2012  79      0       77
  MINIMUM         54    359 AM  33    1992  53      1       51
  AVERAGE         67                        66      1       64

PRECIPITATION (IN)
  YESTERDAY        0.00                      0.13  -0.13     0.25
  MONTH TO DATE    3.69                      3.14   0.55     4.76
  SINCE MAR 1      9.41                      6.89   2.52    11.68
  SINCE JAN 1     10.48                      7.86   2.62    12.57

..................................................................


THE HILL CITY KS CLIMATE NORMALS FOR TODAY
                         NORMAL    RECORD    YEAR
 MAXIMUM TEMPERATURE (F)   79        99      2006
 MINIMUM TEMPERATURE (F)   54        28      1907


-  INDICATES NEGATIVE NUMBERS.
R  INDICATES RECORD WAS SET OR TIED.
MM INDICATES DATA IS MISSING.
T  INDICATES TRACE AMOUNT.


$$
