000
CDUS43 KGLD 180752
CLIHLC

CLIMATE REPORT
NATIONAL WEATHER SERVICE GOODLAND
1252 AM MST THU JAN 18 2018


...................................

...THE HILL CITY KS CLIMATE SUMMARY FOR JANUARY 17 2018...

CLIMATE NORMAL PERIOD 1981 TO 2010
CLIMATE RECORD PERIOD 1896 TO 2018


WEATHER ITEM   OBSERVED TIME   RECORD YEAR NORMAL DEPARTURE LAST
                VALUE   (LST)  VALUE       VALUE  FROM      YEAR
                                                  NORMAL
..................................................................
TEMPERATURE (F)
 YESTERDAY
  MAXIMUM         40    418 PM  68    1996  42     -2       50
  MINIMUM          4    255 AM -15    1930  17    -13       27
  AVERAGE         22                        29     -7       39

PRECIPITATION (IN)
  YESTERDAY        0.00                      0.02  -0.02     0.00
  MONTH TO DATE    0.05                      0.17  -0.12     1.06
  SINCE DEC 1      0.08                      0.86  -0.78     1.48
  SINCE JAN 1      0.05                      0.17  -0.12     1.06

..................................................................

THE HILL CITY KS CLIMATE NORMALS FOR TODAY
                         NORMAL    RECORD    YEAR
 MAXIMUM TEMPERATURE (F)   42        71      1920
 MINIMUM TEMPERATURE (F)   17       -15      1940



-  INDICATES NEGATIVE NUMBERS.
R  INDICATES RECORD WAS SET OR TIED.
MM INDICATES DATA IS MISSING.
T  INDICATES TRACE AMOUNT.




$$
