205
CDUS43 KGLD 260039 RRA
CLIHLC

CLIMATE REPORT
NATIONAL WEATHER SERVICE GOODLAND
636 PM MDT THU AUG 25 2016
...................................

...THE HILL CITY KS CLIMATE SUMMARY FOR AUGUST 25 2016...
VALID TODAY AS OF 0600 PM LOCAL TIME.

CLIMATE NORMAL PERIOD 1981 TO 2010
CLIMATE RECORD PERIOD 1896 TO 2016

WEATHER ITEM   OBSERVED TIME   RECORD YEAR NORMAL DEPARTURE LAST
                VALUE   (LST)  VALUE       VALUE  FROM      YEAR
                                                  NORMAL
..................................................................
TEMPERATURE (F)
 TODAY
  MAXIMUM         75    459 PM 108    1936  89    -14       93
  MINIMUM         58    527 AM  44    1928  61     -3       57
  AVERAGE         67                        75     -8       75

PRECIPITATION (IN)
  TODAY            0.90                      0.09   0.81     0.00
  MONTH TO DATE    2.96                      2.32   0.64     1.00
  SINCE JUN 1      5.82                      8.79  -2.97     8.24
  SINCE JAN 1     18.76                     17.29   1.47    15.77

..................................................................

THE HILL CITY KS CLIMATE NORMALS FOR TOMORROW
                         NORMAL    RECORD    YEAR
 MAXIMUM TEMPERATURE (F)   89       108      1936
 MINIMUM TEMPERATURE (F)   61        50      1967

-  INDICATES NEGATIVE NUMBERS.
R  INDICATES RECORD WAS SET OR TIED.
MM INDICATES DATA IS MISSING.
T  INDICATES TRACE AMOUNT.

$$
