000
CDUS41 KPBZ 212216
CLIHLG


CLIMATE REPORT
NATIONAL WEATHER SERVICE PITTSBURGH PA
514 PM EST WED FEB 21 2018


...................................

...THE WHEELING CLIMATE SUMMARY FOR FEBRUARY 21 2018...
VALID TODAY AS OF 0500 PM LOCAL TIME.

CLIMATE NORMAL PERIOD 1981 TO 2010
CLIMATE RECORD PERIOD 1878 TO 2018


WEATHER ITEM   OBSERVED TIME   RECORD YEAR NORMAL DEPARTURE LAST
                VALUE   (LST)  VALUE       VALUE  FROM      YEAR
                                                  NORMAL
..................................................................
TEMPERATURE (F)
 TODAY
  MAXIMUM         70R  1028 AM  68    1930  41     29       66
  MINIMUM         45    459 PM -12    1936  25     20       49
  AVERAGE         58                        33     25       58

PRECIPITATION (IN)
  TODAY            0.04          1.06 2011   0.07  -0.03     0.00
  MONTH TO DATE    4.96                      1.58   3.38     0.78
  SINCE JAN 1      8.15                      4.20   3.95     4.39

DEGREE DAYS
 HEATING
  TODAY            7                        32    -25        7
  MONTH TO DATE  597                       708   -111      540
  SINCE DEC 1   2867                      2822     45     2456
  SINCE JUL 1   3859                      3950    -91     3255

 COOLING
  TODAY            0                         0      0        0
  MONTH TO DATE    5                         0      5        0
  SINCE DEC 1      5                         0      5        0
  SINCE JAN 1      5                         0      5        0
..................................................................


WIND (MPH)
  HIGHEST WIND SPEED    24   HIGHEST WIND DIRECTION    SW (220)
  HIGHEST GUST SPEED    32   HIGHEST GUST DIRECTION    SW (210)
  AVERAGE WIND SPEED    14.1


SKY COVER
  POSSIBLE SUNSHINE  MM
  AVERAGE SKY COVER 0.7


WEATHER CONDITIONS
 THE FOLLOWING WEATHER WAS RECORDED TODAY.
  LIGHT RAIN
  FOG


RELATIVE HUMIDITY (PERCENT)
 HIGHEST    92           500 PM
 LOWEST     56          1200 AM
 AVERAGE    74

..........................................................


THE WHEELING CLIMATE NORMALS FOR TOMORROW
                         NORMAL    RECORD    YEAR
 MAXIMUM TEMPERATURE (F)   41        70      1930
                                             1922
 MINIMUM TEMPERATURE (F)   25        -3      1934


SUNRISE AND SUNSET
FEBRUARY 21 2018......SUNRISE   708 AM EST   SUNSET   605 PM EST
FEBRUARY 22 2018......SUNRISE   706 AM EST   SUNSET   606 PM EST


-  INDICATES NEGATIVE NUMBERS.
R  INDICATES RECORD WAS SET OR TIED.
MM INDICATES DATA IS MISSING.
T  INDICATES TRACE AMOUNT.




$$
