000
CDUS45 KTFX 140954
CLIHLN


CLIMATE REPORT
NATIONAL WEATHER SERVICE GREAT FALLS MT
353 AM MDT MON JUL 14 2014


...................................

...THE HELENA MT CLIMATE SUMMARY FOR JULY 13 2014...

CLIMATE NORMAL PERIOD 1981 TO 2010
CLIMATE RECORD PERIOD 1866 TO 2014


WEATHER ITEM   OBSERVED TIME   RECORD YEAR NORMAL DEPARTURE LAST
                VALUE   (LST)  VALUE       VALUE  FROM      YEAR
                                                  NORMAL
..................................................................
TEMPERATURE (F)
 YESTERDAY
  MAXIMUM         96    459 PM 104    2002  86     10       84
  MINIMUM         61    454 AM  42    1965  54      7       56
                                      1912
  AVERAGE         79                        70      9       70

PRECIPITATION (IN)
  YESTERDAY        0.00          0.45 1981   0.04  -0.04     0.00
  MONTH TO DATE    0.09                      0.55  -0.46     0.02
  SINCE OCT 1      7.28                      8.28  -1.00     8.85
  SINCE JAN 1      6.28                      6.71  -0.43     5.55

SNOWFALL (IN)
  YESTERDAY        0.0           0.0  1999   0.0    0.0      0.0
                                      1995
  MONTH TO DATE    0.0                       0.0    0.0      0.0
  SINCE JUN 1      0.0                       T      0.0      0.0
  SINCE JUL 1      0.0                       0.0    0.0      0.0
  SNOW DEPTH       0

DEGREE DAYS
 HEATING
  YESTERDAY        0                         1     -1        0
  MONTH TO DATE    0                        18    -18        0
  SINCE JUN 1    127                       154    -27      146
  SINCE JUL 1      0                        18    -18        0

 COOLING
  YESTERDAY       14                         6      8        5
  MONTH TO DATE  118                        63     55      115
  SINCE JUN 1    121                       112      9      157
  SINCE JAN 1    125                       120      5      164
..................................................................


WIND (MPH)
  HIGHEST WIND SPEED    15   HIGHEST WIND DIRECTION    NE (40)
  HIGHEST GUST SPEED    18   HIGHEST GUST DIRECTION    NE (40)
  AVERAGE WIND SPEED     3.9


SKY COVER
  AVERAGE SKY COVER 0.0


WEATHER CONDITIONS
 THE FOLLOWING WEATHER WAS RECORDED YESTERDAY.
  NO SIGNIFICANT WEATHER WAS OBSERVED.


RELATIVE HUMIDITY (PERCENT)
 HIGHEST    33          1100 PM
 LOWEST     20           600 PM
 AVERAGE    27

..........................................................


THE HELENA MT CLIMATE NORMALS FOR TODAY
                         NORMAL    RECORD    YEAR
 MAXIMUM TEMPERATURE (F)   86       102      2007
 MINIMUM TEMPERATURE (F)   55        40      1912


SUNRISE AND SUNSET
JULY 14 2014..........SUNRISE   549 AM MDT   SUNSET   918 PM MDT
JULY 15 2014..........SUNRISE   550 AM MDT   SUNSET   918 PM MDT


-  INDICATES NEGATIVE NUMBERS.
R  INDICATES RECORD WAS SET OR TIED.
MM INDICATES DATA IS MISSING.
T  INDICATES TRACE AMOUNT.




$$
