000
CDUS45 KTFX 272230
CLIHLN


CLIMATE REPORT
NATIONAL WEATHER SERVICE GREAT FALLS MT
430 PM MDT TUE SEP 27 2016


...................................

...THE HELENA MT CLIMATE SUMMARY FOR SEPTEMBER 27 2016...
VALID TODAY AS OF 0400 PM LOCAL TIME.

CLIMATE NORMAL PERIOD 1981 TO 2010
CLIMATE RECORD PERIOD 1866 TO 2016


WEATHER ITEM   OBSERVED TIME   RECORD YEAR NORMAL DEPARTURE LAST
                VALUE   (LST)  VALUE       VALUE  FROM      YEAR
                                                  NORMAL
..................................................................
TEMPERATURE (F)
 TODAY
  MAXIMUM         83    259 PM  88    1963  67     16       74
  MINIMUM         44    643 AM  23    1961  39      5       45
  AVERAGE         64                        53     11       60

PRECIPITATION (IN)
  TODAY            0.00          0.85 1982   0.03  -0.03     0.00
  MONTH TO DATE    0.97                      1.01  -0.04     2.08
  SINCE OCT 1      8.87                     11.13  -2.26    10.48
  SINCE JAN 1      7.17                      9.56  -2.39     8.20

SNOWFALL (IN)
  TODAY            0.0          11.3  1965   0.0    0.0      0.0
  MONTH TO DATE    0.0                       1.1   -1.1      0.0
  SINCE SEP 1      0.0                       1.1   -1.1      0.0
  SINCE JUL 1      0.0                       1.4   -1.4      0.0

DEGREE DAYS
 HEATING
  TODAY            1                        12    -11        5
  MONTH TO DATE  205                       201      4      135
  SINCE SEP 1    205                       201      4      135
  SINCE JUL 1    249                       270    -21      172

 COOLING
  TODAY            0                         0      0        0
  MONTH TO DATE   12                        22    -10       25
  SINCE SEP 1     12                        22    -10       25
  SINCE JAN 1    454                       405     49      563
..................................................................


WIND (MPH)
  HIGHEST WIND SPEED     8   HIGHEST WIND DIRECTION     N (10)
  HIGHEST GUST SPEED    10   HIGHEST GUST DIRECTION     N (20)
  AVERAGE WIND SPEED     1.1


SKY COVER
  AVERAGE SKY COVER 0.0


WEATHER CONDITIONS
 THE FOLLOWING WEATHER WAS RECORDED TODAY.
  NO SIGNIFICANT WEATHER WAS OBSERVED.


RELATIVE HUMIDITY (PERCENT)
 HIGHEST    77           200 AM
 LOWEST     24           300 PM
 AVERAGE    51

..........................................................


THE HELENA MT CLIMATE NORMALS FOR TOMORROW
                         NORMAL    RECORD    YEAR
 MAXIMUM TEMPERATURE (F)   67        89      1892
 MINIMUM TEMPERATURE (F)   39        19      1965


SUNRISE AND SUNSET
SEPTEMBER 27 2016.....SUNRISE   722 AM MDT   SUNSET   715 PM MDT
SEPTEMBER 28 2016.....SUNRISE   723 AM MDT   SUNSET   713 PM MDT


-  INDICATES NEGATIVE NUMBERS.
R  INDICATES RECORD WAS SET OR TIED.
MM INDICATES DATA IS MISSING.
T  INDICATES TRACE AMOUNT.




$$
