000
CDUS45 KTFX 282235
CLIHLN


CLIMATE REPORT
NATIONAL WEATHER SERVICE GREAT FALLS MT
434 PM MDT SAT MAR 28 2015


...................................

...THE HELENA MT CLIMATE SUMMARY FOR MARCH 28 2015...
VALID TODAY AS OF 0400 PM LOCAL TIME.

CLIMATE NORMAL PERIOD 1981 TO 2010
CLIMATE RECORD PERIOD 1866 TO 2015


WEATHER ITEM   OBSERVED TIME   RECORD YEAR NORMAL DEPARTURE LAST
                VALUE   (LST)  VALUE       VALUE  FROM      YEAR
                                                  NORMAL
..................................................................
TEMPERATURE (F)
 TODAY
  MAXIMUM         61    747 AM  73    1986  52      9       56
  MINIMUM         39    556 AM  -3    1954  28     11       22
  AVERAGE         50                        40     10       39

PRECIPITATION (IN)
  TODAY            T             0.52 1888   0.03  -0.03     0.00
  MONTH TO DATE    0.15                      0.52  -0.37     0.69
  SINCE OCT 1      3.45                      2.75   0.70     4.22
  SINCE JAN 1      1.17                      1.18  -0.01     3.22

SNOWFALL (IN)
  TODAY            0.0          10.5  1888   0.2   -0.2      0.0
  MONTH TO DATE    T                         5.6   -5.6      3.6
  SINCE MAR 1      T                         5.6   -5.6      3.6
  SINCE JUL 1     24.3                      32.9   -8.6     41.6
  SNOW DEPTH       0

DEGREE DAYS
 HEATING
  TODAY           15                        25    -10       26
  MONTH TO DATE  588                       818   -230      854
  SINCE MAR 1    588                       818   -230      854
  SINCE JUL 1   5596                      6379   -783     6370

 COOLING
  TODAY            0                         0      0        0
  MONTH TO DATE    0                         0      0        0
  SINCE MAR 1      0                         0      0        0
  SINCE JAN 1      0                         0      0        0
..................................................................


WIND (MPH)
  HIGHEST WIND SPEED    41   HIGHEST WIND DIRECTION     W (280)
  HIGHEST GUST SPEED    57   HIGHEST GUST DIRECTION     W (280)
  AVERAGE WIND SPEED    15.8


SKY COVER
  AVERAGE SKY COVER 0.4


WEATHER CONDITIONS
 THE FOLLOWING WEATHER WAS RECORDED TODAY.
  LIGHT RAIN


RELATIVE HUMIDITY (PERCENT)
 HIGHEST    79           600 AM
 LOWEST     28           200 PM
 AVERAGE    54

..........................................................


THE HELENA MT CLIMATE NORMALS FOR TOMORROW
                         NORMAL    RECORD    YEAR
 MAXIMUM TEMPERATURE (F)   53        77      1978
 MINIMUM TEMPERATURE (F)   28       -10      1954


SUNRISE AND SUNSET
MARCH 28 2015.........SUNRISE   716 AM MDT   SUNSET   751 PM MDT
MARCH 29 2015.........SUNRISE   714 AM MDT   SUNSET   753 PM MDT


-  INDICATES NEGATIVE NUMBERS.
R  INDICATES RECORD WAS SET OR TIED.
MM INDICATES DATA IS MISSING.
T  INDICATES TRACE AMOUNT.




$$
