000
CDUS45 KTFX 302232
CLIHLN


CLIMATE REPORT
NATIONAL WEATHER SERVICE GREAT FALLS MT
430 PM MDT SAT JUL 30 2016


...................................

...THE HELENA MT CLIMATE SUMMARY FOR JULY 30 2016...
VALID TODAY AS OF 0400 PM LOCAL TIME.

CLIMATE NORMAL PERIOD 1981 TO 2010
CLIMATE RECORD PERIOD 1866 TO 2016


WEATHER ITEM   OBSERVED TIME   RECORD YEAR NORMAL DEPARTURE LAST
                VALUE   (LST)  VALUE       VALUE  FROM      YEAR
                                                  NORMAL
..................................................................
TEMPERATURE (F)
 TODAY
  MAXIMUM         98    251 PM 101    2000  88     10       92
  MINIMUM         60    449 AM  42    1995  55      5       50
  AVERAGE         79                        72      7       71

PRECIPITATION (IN)
  TODAY            0.00          1.36 1975   0.03  -0.03     0.00
  MONTH TO DATE    0.78                      1.15  -0.37     1.28
  SINCE OCT 1      6.98                      8.88  -1.90     8.12
  SINCE JAN 1      5.28                      7.31  -2.03     5.84

SNOWFALL (IN)
  TODAY            0.0           0.0  1999   0.0    0.0      0.0
                                      2001
                                      1995
  MONTH TO DATE    0.0                       0.0    0.0      0.0
  SINCE JUN 1      T                         T      0.0      0.0
  SINCE JUL 1      0.0                       0.0    0.0      0.0

DEGREE DAYS
 HEATING
  TODAY            0                         0      0        0
  MONTH TO DATE   18                        26     -8       15
  SINCE JUN 1     72                       162    -90       47
  SINCE JUL 1     18                        26     -8       15

 COOLING
  TODAY           14                         7      7        6
  MONTH TO DATE  196                       178     18      172
  SINCE JUN 1    302                       227     75      349
  SINCE JAN 1    302                       235     67      349
..................................................................


WIND (MPH)
  HIGHEST WIND SPEED    21   HIGHEST WIND DIRECTION     W (290)
  HIGHEST GUST SPEED    25   HIGHEST GUST DIRECTION     W (270)
  AVERAGE WIND SPEED     5.0


SKY COVER
  AVERAGE SKY COVER 0.0


WEATHER CONDITIONS
 THE FOLLOWING WEATHER WAS RECORDED TODAY.
  NO SIGNIFICANT WEATHER WAS OBSERVED.


RELATIVE HUMIDITY (PERCENT)
 HIGHEST    60           600 AM
 LOWEST     12           300 PM
 AVERAGE    36

..........................................................


THE HELENA MT CLIMATE NORMALS FOR TOMORROW
                         NORMAL    RECORD    YEAR
 MAXIMUM TEMPERATURE (F)   88        99      2000
 MINIMUM TEMPERATURE (F)   55        39      1995


SUNRISE AND SUNSET
JULY 30 2016..........SUNRISE   607 AM MDT   SUNSET   901 PM MDT
JULY 31 2016..........SUNRISE   608 AM MDT   SUNSET   900 PM MDT


-  INDICATES NEGATIVE NUMBERS.
R  INDICATES RECORD WAS SET OR TIED.
MM INDICATES DATA IS MISSING.
T  INDICATES TRACE AMOUNT.




$$
