000
CDUS45 KTFX 232234
CLIHLN


CLIMATE REPORT
NATIONAL WEATHER SERVICE GREAT FALLS MT
434 PM MDT WED JUL 23 2014


...................................

...THE HELENA MT CLIMATE SUMMARY FOR JULY 23 2014...
VALID TODAY AS OF 0400 PM LOCAL TIME.

CLIMATE NORMAL PERIOD 1981 TO 2010
CLIMATE RECORD PERIOD 1866 TO 2014


WEATHER ITEM   OBSERVED TIME   RECORD YEAR NORMAL DEPARTURE LAST
                VALUE   (LST)  VALUE       VALUE  FROM      YEAR
                                                  NORMAL
..................................................................
TEMPERATURE (F)
 TODAY
  MAXIMUM         90    246 PM 104    2003  88      2       91
  MINIMUM         59    232 AM  41    1918  55      4       56
  AVERAGE         75                        72      3       74

PRECIPITATION (IN)
  TODAY            0.02          0.40 1918   0.04  -0.02     0.00
  MONTH TO DATE    0.56                      0.92  -0.36     0.65
  SINCE OCT 1      7.75                      8.65  -0.90     9.48
  SINCE JAN 1      6.75                      7.08  -0.33     6.18

SNOWFALL (IN)
  TODAY            0.0           T    1992   0.0    0.0      0.0
                                      1995
  MONTH TO DATE    0.0                       0.0    0.0      0.0
  SINCE JUN 1      0.0                       T      0.0      0.0
  SINCE JUL 1      0.0                       0.0    0.0      0.0
  SNOW DEPTH       0

DEGREE DAYS
 HEATING
  TODAY            0                         0      0        0
  MONTH TO DATE    0                        26    -26        0
  SINCE JUN 1    127                       162    -35      146
  SINCE JUL 1      0                        26    -26        0

 COOLING
  TODAY           10                         7      3        9
  MONTH TO DATE  198                       129     69      197
  SINCE JUN 1    201                       178     23      239
  SINCE JAN 1    205                       186     19      246
..................................................................


WIND (MPH)
  HIGHEST WIND SPEED    28   HIGHEST WIND DIRECTION     W (250)
  HIGHEST GUST SPEED    37   HIGHEST GUST DIRECTION     W (250)
  AVERAGE WIND SPEED     6.3


SKY COVER
  AVERAGE SKY COVER 0.1


WEATHER CONDITIONS
 THE FOLLOWING WEATHER WAS RECORDED TODAY.
  THUNDERSTORM
  LIGHT RAIN


RELATIVE HUMIDITY (PERCENT)
 HIGHEST    84           100 AM
 LOWEST     27           100 PM
 AVERAGE    56

..........................................................


THE HELENA MT CLIMATE NORMALS FOR TOMORROW
                         NORMAL    RECORD    YEAR
 MAXIMUM TEMPERATURE (F)   88       100      1929
 MINIMUM TEMPERATURE (F)   55        40      1918


SUNRISE AND SUNSET
JULY 23 2014..........SUNRISE   558 AM MDT   SUNSET   910 PM MDT
JULY 24 2014..........SUNRISE   559 AM MDT   SUNSET   909 PM MDT


-  INDICATES NEGATIVE NUMBERS.
R  INDICATES RECORD WAS SET OR TIED.
MM INDICATES DATA IS MISSING.
T  INDICATES TRACE AMOUNT.




$$
