000
CDUS45 KTFX 301023
CLIHLN


CLIMATE REPORT
NATIONAL WEATHER SERVICE GREAT FALLS MT
420 AM MDT TUE AUG 30 2016


...................................

...THE HELENA MT CLIMATE SUMMARY FOR AUGUST 29 2016...

CLIMATE NORMAL PERIOD 1981 TO 2010
CLIMATE RECORD PERIOD 1866 TO 2016


WEATHER ITEM   OBSERVED TIME   RECORD YEAR NORMAL DEPARTURE LAST
                VALUE   (LST)  VALUE       VALUE  FROM      YEAR
                                                  NORMAL
..................................................................
TEMPERATURE (F)
 YESTERDAY
  MAXIMUM         92    342 PM  99    2005  80     12       92
  MINIMUM         48    541 AM  37    1975  49     -1       62
                                      1907
  AVERAGE         70                        65      5       77

PRECIPITATION (IN)
  YESTERDAY        0.00          0.91 1910   0.04  -0.04     0.02
  MONTH TO DATE    0.92                      1.12  -0.20     0.27
  SINCE OCT 1      7.90                     10.04  -2.14     8.39
  SINCE JAN 1      6.20                      8.47  -2.27     6.11

SNOWFALL (IN)
  YESTERDAY        0.0           T    1994   0.1   -0.1      0.0
                                      1995
  MONTH TO DATE    0.0                       0.3   -0.3      0.0
  SINCE JUN 1      T                         0.3   -0.3      0.0
  SINCE JUL 1      0.0                       0.3   -0.3      0.0
  SNOW DEPTH       0

DEGREE DAYS
 HEATING
  YESTERDAY        0                         3     -3        0
  MONTH TO DATE   26                        34     -8       22
  SINCE JUN 1     98                       197    -99       69
  SINCE JUL 1     44                        61    -17       37

 COOLING
  YESTERDAY        5                         3      2       12
  MONTH TO DATE  113                       142    -29      177
  SINCE JUN 1    426                       372     54      535
  SINCE JAN 1    426                       380     46      535
..................................................................


WIND (MPH)
  HIGHEST WIND SPEED    16   HIGHEST WIND DIRECTION     E (90)
  HIGHEST GUST SPEED    19   HIGHEST GUST DIRECTION     E (80)
  AVERAGE WIND SPEED     4.7


SKY COVER
  AVERAGE SKY COVER 0.0


WEATHER CONDITIONS
 THE FOLLOWING WEATHER WAS RECORDED YESTERDAY.
  NO SIGNIFICANT WEATHER WAS OBSERVED.


RELATIVE HUMIDITY (PERCENT)
 HIGHEST    71           600 AM
 LOWEST     13           300 PM
 AVERAGE    42

..........................................................


THE HELENA MT CLIMATE NORMALS FOR TODAY
                         NORMAL    RECORD    YEAR
 MAXIMUM TEMPERATURE (F)   80        96      1999
 MINIMUM TEMPERATURE (F)   49        34      1993
                                             1910
                                             1880


SUNRISE AND SUNSET
AUGUST 30 2016........SUNRISE   646 AM MDT   SUNSET   810 PM MDT
AUGUST 31 2016........SUNRISE   647 AM MDT   SUNSET   808 PM MDT


-  INDICATES NEGATIVE NUMBERS.
R  INDICATES RECORD WAS SET OR TIED.
MM INDICATES DATA IS MISSING.
T  INDICATES TRACE AMOUNT.




$$
