000
CDHW40 PHFO 071245
CLIHNL


CLIMATE REPORT
NATIONAL WEATHER SERVICE HONOLULU HI
245 AM HST WED DEC 7 2016


...................................

...THE HONOLULU HI CLIMATE SUMMARY FOR DECEMBER 6 2016...

CLIMATE NORMAL PERIOD 1981 TO 2010
CLIMATE RECORD PERIOD 1946 TO 2016


WEATHER ITEM   OBSERVED TIME   RECORD YEAR NORMAL DEPARTURE LAST
                VALUE   (LST)  VALUE       VALUE  FROM      YEAR
                                                  NORMAL
..................................................................
TEMPERATURE (F)
 YESTERDAY
  MAXIMUM         83    128 PM  88    1983  82      1       85
  MINIMUM         65    559 AM  59    1986  69     -4       73
  AVERAGE         74                        76     -2       79

PRECIPITATION (IN)
  YESTERDAY        0.00          4.11 1988   0.09  -0.09     0.00
  MONTH TO DATE    0.33                      0.49  -0.16     0.04
  SINCE DEC 1      0.33                      0.49  -0.16     0.04
  SINCE JAN 1     12.62                     14.35  -1.73    15.22

SNOWFALL (IN)
  YESTERDAY        0.0
  MONTH TO DATE    0.0
  SINCE DEC 1      0.0
  SINCE JUL 1      0.0
  SNOW DEPTH       0

DEGREE DAYS
 HEATING
  YESTERDAY        0                         0      0        0
  MONTH TO DATE    0                         0      0        0
  SINCE DEC 1      0                         0      0        0
  SINCE JUL 1      0                         0      0        0

 COOLING
  YESTERDAY        9                        11     -2       14
  MONTH TO DATE   57                        66     -9       87
  SINCE DEC 1     57                        66     -9       87
  SINCE JAN 1   4490                      4392     98     4524
..................................................................


WIND (MPH)
  HIGHEST WIND SPEED    13   HIGHEST WIND DIRECTION    NE (30)
  HIGHEST GUST SPEED    18   HIGHEST GUST DIRECTION     N (360)
  AVERAGE WIND SPEED     5.2


SKY COVER
  POSSIBLE SUNSHINE  MM
  AVERAGE SKY COVER 0.4


WEATHER CONDITIONS
 THE FOLLOWING WEATHER WAS RECORDED YESTERDAY.
  HAZE


RELATIVE HUMIDITY (PERCENT)
 HIGHEST   100           600 AM
 LOWEST     58           200 PM
 AVERAGE    79

..........................................................


THE HONOLULU HI CLIMATE NORMALS FOR TODAY
                         NORMAL    RECORD    YEAR
 MAXIMUM TEMPERATURE (F)   82        88      1995
                                             1989
                                             1983
 MINIMUM TEMPERATURE (F)   69        57      1982


SUNRISE AND SUNSET
DECEMBER  7 2016......SUNRISE   657 AM HST   SUNSET   550 PM HST
DECEMBER  8 2016......SUNRISE   658 AM HST   SUNSET   550 PM HST


-  INDICATES NEGATIVE NUMBERS.
R  INDICATES RECORD WAS SET OR TIED.
MM INDICATES DATA IS MISSING.
T  INDICATES TRACE AMOUNT.




$$
