000
CDHW40 PHFO 261245
CLIHNL


CLIMATE REPORT
NATIONAL WEATHER SERVICE HONOLULU HI
245 AM HST SAT JUL 26 2014


...................................

...THE HONOLULU HI CLIMATE SUMMARY FOR JULY 25 2014...

CLIMATE NORMAL PERIOD 1981 TO 2010
CLIMATE RECORD PERIOD 1946 TO 2014


WEATHER ITEM   OBSERVED TIME   RECORD YEAR NORMAL DEPARTURE LAST
                VALUE   (LST)  VALUE       VALUE  FROM      YEAR
                                                  NORMAL
..................................................................
TEMPERATURE (F)
 YESTERDAY
  MAXIMUM         88    316 PM  92    2003  88      0       87
                                      1987
  MINIMUM         76    559 AM  70    1988  75      1       74
  AVERAGE         82                        82      0       81

PRECIPITATION (IN)
  YESTERDAY        0.00          0.72 1986   0.02  -0.02     0.00
  MONTH TO DATE    1.06                      0.39   0.67     0.14
  SINCE JUN 1      1.64                      0.65   0.99     0.31
  SINCE JAN 1     11.61                      8.22   3.39     8.77

SNOWFALL (IN)
  YESTERDAY        0.0
  MONTH TO DATE    0.0
  SINCE JUN 1      0.0
  SINCE JUL 1      0.0
  SNOW DEPTH       0

DEGREE DAYS
 HEATING
  YESTERDAY        0                         0      0        0
  MONTH TO DATE    0                         0      0        0
  SINCE JUN 1      0                         0      0        0
  SINCE JUL 1      0                         0      0        0

 COOLING
  YESTERDAY       17                        16      1       16
  MONTH TO DATE  431                       400     31      386
  SINCE JUN 1    894                       856     38      795
  SINCE JAN 1   2503                      2358    145     2255
..................................................................


WIND (MPH)
  HIGHEST WIND SPEED    18   HIGHEST WIND DIRECTION    NE (50)
  HIGHEST GUST SPEED    24   HIGHEST GUST DIRECTION    NE (40)
  AVERAGE WIND SPEED    11.3


SKY COVER
  POSSIBLE SUNSHINE  MM
  AVERAGE SKY COVER 0.5


WEATHER CONDITIONS
 THE FOLLOWING WEATHER WAS RECORDED YESTERDAY.
  NO SIGNIFICANT WEATHER WAS OBSERVED.


RELATIVE HUMIDITY (PERCENT)
 HIGHEST    71           200 AM
 LOWEST     46           100 PM
 AVERAGE    59

..........................................................


THE HONOLULU HI CLIMATE NORMALS FOR TODAY
                         NORMAL    RECORD    YEAR
 MAXIMUM TEMPERATURE (F)   88        91      1995
                                             1987
 MINIMUM TEMPERATURE (F)   75        70      1956


SUNRISE AND SUNSET
JULY 26 2014..........SUNRISE   603 AM HST   SUNSET   713 PM HST
JULY 27 2014..........SUNRISE   603 AM HST   SUNSET   713 PM HST


-  INDICATES NEGATIVE NUMBERS.
R  INDICATES RECORD WAS SET OR TIED.
MM INDICATES DATA IS MISSING.
T  INDICATES TRACE AMOUNT.




$$
