000
CDHW40 PHFO 251245
CLIHNL


CLIMATE REPORT
NATIONAL WEATHER SERVICE HONOLULU HI
245 AM HST SAT FEB 25 2017


...................................

...THE HONOLULU HI CLIMATE SUMMARY FOR FEBRUARY 24 2017...

CLIMATE NORMAL PERIOD 1981 TO 2010
CLIMATE RECORD PERIOD 1946 TO 2017


WEATHER ITEM   OBSERVED TIME   RECORD YEAR NORMAL DEPARTURE LAST
                VALUE   (LST)  VALUE       VALUE  FROM      YEAR
                                                  NORMAL
..................................................................
TEMPERATURE (F)
 YESTERDAY
  MAXIMUM         78   1256 PM  86    2004  80     -2       80
  MINIMUM         67   1159 PM  58    1962  66      1       66
  AVERAGE         73                        73      0       73

PRECIPITATION (IN)
  YESTERDAY        T             1.73 1955   0.07  -0.07     0.00
  MONTH TO DATE    5.82                      1.68   4.14     0.32
  SINCE DEC 1      6.90                      7.23  -0.33     0.62
  SINCE JAN 1      6.03                      3.99   2.04     0.35

SNOWFALL (IN)
  YESTERDAY        0.0
  MONTH TO DATE    0.0
  SINCE DEC 1      0.0
  SINCE JUL 1      0.0
  SNOW DEPTH       0

DEGREE DAYS
 HEATING
  YESTERDAY        0                         0      0        0
  MONTH TO DATE    0                         0      0        0
  SINCE DEC 1      0                         0      0        0
  SINCE JUL 1      0                         0      0        0

 COOLING
  YESTERDAY        8                         8      0        8
  MONTH TO DATE  221                       192     29      240
  SINCE DEC 1    799                       748     51      939
  SINCE JAN 1    494                       446     48      533
..................................................................


WIND (MPH)
  HIGHEST WIND SPEED    18   HIGHEST WIND DIRECTION     N (20)
  HIGHEST GUST SPEED    23   HIGHEST GUST DIRECTION    NE (30)
  AVERAGE WIND SPEED     8.9


SKY COVER
  POSSIBLE SUNSHINE  MM
  AVERAGE SKY COVER 0.5


WEATHER CONDITIONS
 THE FOLLOWING WEATHER WAS RECORDED YESTERDAY.
  LIGHT RAIN


RELATIVE HUMIDITY (PERCENT)
 HIGHEST    66           300 AM
 LOWEST     45           100 PM
 AVERAGE    56

..........................................................


THE HONOLULU HI CLIMATE NORMALS FOR TODAY
                         NORMAL    RECORD    YEAR
 MAXIMUM TEMPERATURE (F)   80        85      1996
                                             1995
                                             1977
 MINIMUM TEMPERATURE (F)   66        58      1991
                                             1987


SUNRISE AND SUNSET
FEBRUARY 25 2017......SUNRISE   655 AM HST   SUNSET   635 PM HST
FEBRUARY 26 2017......SUNRISE   654 AM HST   SUNSET   635 PM HST


-  INDICATES NEGATIVE NUMBERS.
R  INDICATES RECORD WAS SET OR TIED.
MM INDICATES DATA IS MISSING.
T  INDICATES TRACE AMOUNT.




$$
