000
CDHW40 PHFO 130235
CLIHNL


CLIMATE REPORT
NATIONAL WEATHER SERVICE HONOLULU HI
425 PM HST SAT JUL 12 2014


...................................

...THE HONOLULU HI CLIMATE SUMMARY FOR JULY 12 2014...
VALID TODAY AS OF 0400 PM LOCAL TIME.

CLIMATE NORMAL PERIOD 1981 TO 2010
CLIMATE RECORD PERIOD 1946 TO 2014


WEATHER ITEM   OBSERVED TIME   RECORD YEAR NORMAL DEPARTURE LAST
                VALUE   (LST)  VALUE       VALUE  FROM      YEAR
                                                  NORMAL
..................................................................
TEMPERATURE (F)
 TODAY
  MAXIMUM         89    206 PM  90    2008  88      1       85
                                      1995
                                      1994
  MINIMUM         77    646 AM  69    1979  74      3       74
                                      1950
  AVERAGE         83                        81      2       80

PRECIPITATION (IN)
  TODAY            0.00          0.09 1999   0.01  -0.01     0.00
  MONTH TO DATE    0.06                      0.15  -0.09     0.03
  SINCE JUN 1      0.64                      0.41   0.23     0.20
  SINCE JAN 1     10.61                      7.98   2.63     8.66

SNOWFALL (IN)
  TODAY            0.0
  MONTH TO DATE    0.0
  SINCE JUN 1      0.0
  SINCE JUL 1      0.0
  SNOW DEPTH       0

DEGREE DAYS
 HEATING
  TODAY            0                         0      0        0
  MONTH TO DATE    0                         0      0        0
  SINCE JUN 1      0                         0      0        0
  SINCE JUL 1      0                         0      0        0

 COOLING
  TODAY           18                        16      2       15
  MONTH TO DATE  203                       192     11      176
  SINCE JUN 1    666                       648     18      585
  SINCE JAN 1   2275                      2150    125     2045
..................................................................


WIND (MPH)
  HIGHEST WIND SPEED    22   HIGHEST WIND DIRECTION    NE (50)
  HIGHEST GUST SPEED    28   HIGHEST GUST DIRECTION    NE (50)
  AVERAGE WIND SPEED    13.1


SKY COVER
  POSSIBLE SUNSHINE  MM
  AVERAGE SKY COVER 0.5


WEATHER CONDITIONS
 THE FOLLOWING WEATHER WAS RECORDED TODAY.
  NO SIGNIFICANT WEATHER WAS OBSERVED.


RELATIVE HUMIDITY (PERCENT)
 HIGHEST    69           200 AM
 LOWEST     43          1200 PM
 AVERAGE    56

..........................................................


THE HONOLULU HI CLIMATE NORMALS FOR TOMORROW
                         NORMAL    RECORD    YEAR
 MAXIMUM TEMPERATURE (F)   88        92      1985
 MINIMUM TEMPERATURE (F)   74        70      2010
                                             1979
                                             1958


SUNRISE AND SUNSET
JULY 12 2014..........SUNRISE   557 AM HST   SUNSET   717 PM HST
JULY 13 2014..........SUNRISE   558 AM HST   SUNSET   717 PM HST


-  INDICATES NEGATIVE NUMBERS.
R  INDICATES RECORD WAS SET OR TIED.
MM INDICATES DATA IS MISSING.
T  INDICATES TRACE AMOUNT.




$$
