000
CDHW40 PHFO 291245
CLIHNL


CLIMATE REPORT
NATIONAL WEATHER SERVICE HONOLULU HI
245 AM HST THU JAN 29 2015


...................................

...THE HONOLULU HI CLIMATE SUMMARY FOR JANUARY 28 2015...

CLIMATE NORMAL PERIOD 1981 TO 2010
CLIMATE RECORD PERIOD 1946 TO 2015


WEATHER ITEM   OBSERVED TIME   RECORD YEAR NORMAL DEPARTURE LAST
                VALUE   (LST)  VALUE       VALUE  FROM      YEAR
                                                  NORMAL
..................................................................
TEMPERATURE (F)
 YESTERDAY
  MAXIMUM         80    212 PM  84    1989  80      0       77
                                      1978
                                      1970
  MINIMUM         69    215 AM  55    1895  66      3       69
  AVERAGE         75                        73      2       73

PRECIPITATION (IN)
  YESTERDAY        0.02          1.41 1922   0.06  -0.04      T
  MONTH TO DATE    0.88                      2.12  -1.24     2.21
  SINCE DEC 1      1.95                      5.36  -3.41     5.85
  SINCE JAN 1      0.88                      2.12  -1.24     2.21

SNOWFALL (IN)
  YESTERDAY        0.0
  MONTH TO DATE    0.0
  SINCE DEC 1      0.0
  SINCE JUL 1      0.0
  SNOW DEPTH       0

DEGREE DAYS
 HEATING
  YESTERDAY        0                         0      0        0
  MONTH TO DATE    0                         0      0        0
  SINCE DEC 1      0                         0      0        0
  SINCE JUL 1      0                         0      0        0

 COOLING
  YESTERDAY       10                         8      2        8
  MONTH TO DATE  203                       226    -23      220
  SINCE DEC 1    487                       528    -41      555
  SINCE JAN 1    203                       226    -23      220
..................................................................


WIND (MPH)
  HIGHEST WIND SPEED    12   HIGHEST WIND DIRECTION    SW (210)
  HIGHEST GUST SPEED    16   HIGHEST GUST DIRECTION    SW (220)
  AVERAGE WIND SPEED     4.3


SKY COVER
  POSSIBLE SUNSHINE  MM
  AVERAGE SKY COVER 0.6


WEATHER CONDITIONS
 THE FOLLOWING WEATHER WAS RECORDED YESTERDAY.
  NO SIGNIFICANT WEATHER WAS OBSERVED.


RELATIVE HUMIDITY (PERCENT)
 HIGHEST    84           300 AM
 LOWEST     54          1200 PM
 AVERAGE    69

..........................................................


THE HONOLULU HI CLIMATE NORMALS FOR TODAY
                         NORMAL    RECORD    YEAR
 MAXIMUM TEMPERATURE (F)   80        85      1970
 MINIMUM TEMPERATURE (F)   66        56      1994
                                             1893


SUNRISE AND SUNSET
JANUARY 29 2015.......SUNRISE   710 AM HST   SUNSET   620 PM HST
JANUARY 30 2015.......SUNRISE   710 AM HST   SUNSET   621 PM HST


-  INDICATES NEGATIVE NUMBERS.
R  INDICATES RECORD WAS SET OR TIED.
MM INDICATES DATA IS MISSING.
T  INDICATES TRACE AMOUNT.




$$
