000
CDHW40 PHFO 091245
CLIHNL


CLIMATE REPORT
NATIONAL WEATHER SERVICE HONOLULU HI
245 AM HST TUE FEB 9 2016


...................................

...THE HONOLULU HI CLIMATE SUMMARY FOR FEBRUARY 8 2016...

CLIMATE NORMAL PERIOD 1981 TO 2010
CLIMATE RECORD PERIOD 1946 TO 2016


WEATHER ITEM   OBSERVED TIME   RECORD YEAR NORMAL DEPARTURE LAST
                VALUE   (LST)  VALUE       VALUE  FROM      YEAR
                                                  NORMAL
..................................................................
TEMPERATURE (F)
 YESTERDAY
  MAXIMUM         80   1243 PM  86    1958  80      0       80
  MINIMUM         59    340 AM  58    1995  66     -7       60
                                      1948
  AVERAGE         70                        73     -3       70

PRECIPITATION (IN)
  YESTERDAY        0.00          2.10 1949   0.06  -0.06     0.02
  MONTH TO DATE    0.08                      0.51  -0.43     0.14
  SINCE DEC 1      0.38                      6.06  -5.68     2.15
  SINCE JAN 1      0.11                      2.82  -2.71     1.08

SNOWFALL (IN)
  YESTERDAY        0.0
  MONTH TO DATE    0.0
  SINCE DEC 1      0.0
  SINCE JUL 1      0.0
  SNOW DEPTH       0

DEGREE DAYS
 HEATING
  YESTERDAY        0                         0      0        0
  MONTH TO DATE    0                         0      0        0
  SINCE DEC 1      0                         0      0        0
  SINCE JUL 1      0                         0      0        0

 COOLING
  YESTERDAY        5                         8     -3        5
  MONTH TO DATE   80                        64     16       78
  SINCE DEC 1    779                       620    159      591
  SINCE JAN 1    373                       318     55      307
..................................................................


WIND (MPH)
  HIGHEST WIND SPEED    14   HIGHEST WIND DIRECTION    SW (230)
  HIGHEST GUST SPEED    17   HIGHEST GUST DIRECTION    SW (240)
  AVERAGE WIND SPEED     6.3


SKY COVER
  POSSIBLE SUNSHINE  MM
  AVERAGE SKY COVER 0.4


WEATHER CONDITIONS
 THE FOLLOWING WEATHER WAS RECORDED YESTERDAY.
  NO SIGNIFICANT WEATHER WAS OBSERVED.


RELATIVE HUMIDITY (PERCENT)
 HIGHEST    78           300 AM
 LOWEST     39          1200 PM
 AVERAGE    59

..........................................................


THE HONOLULU HI CLIMATE NORMALS FOR TODAY
                         NORMAL    RECORD    YEAR
 MAXIMUM TEMPERATURE (F)   80        86      1996
 MINIMUM TEMPERATURE (F)   66        53      1981


SUNRISE AND SUNSET
FEBRUARY  9 2016......SUNRISE   706 AM HST   SUNSET   626 PM HST
FEBRUARY 10 2016......SUNRISE   705 AM HST   SUNSET   627 PM HST


-  INDICATES NEGATIVE NUMBERS.
R  INDICATES RECORD WAS SET OR TIED.
MM INDICATES DATA IS MISSING.
T  INDICATES TRACE AMOUNT.




$$
