000
CDUS43 KFSD 262244
CLIHON


CLIMATE REPORT
NATIONAL WEATHER SERVICE SIOUX FALLS SD
444 PM CST WED NOV 26 2014


...................................

...THE HURON SD CLIMATE SUMMARY FOR NOVEMBER 26 2014...
VALID TODAY AS OF 0400 PM LOCAL TIME.

CLIMATE NORMAL PERIOD 1981 TO 2010
CLIMATE RECORD PERIOD 1881 TO 2014


WEATHER ITEM   OBSERVED TIME   RECORD YEAR NORMAL DEPARTURE LAST
                VALUE   (LST)  VALUE       VALUE  FROM      YEAR
                                                  NORMAL
..................................................................
TEMPERATURE (F)
 TODAY
  MAXIMUM         32    244 AM  67    1998  36     -4       30
  MINIMUM         10   1159 AM -17    1985  17     -7        5
  AVERAGE         21                        27     -6       18

PRECIPITATION (IN)
  TODAY            T             0.95 2001   0.02  -0.02     0.00
  MONTH TO DATE    0.74                      0.79  -0.05     0.16
  SINCE SEP 1      2.12                      5.04  -2.92     6.98
  SINCE JAN 1     15.68                     22.30  -6.62    24.18

SNOWFALL (IN)
  TODAY            T             9.5  2001   0.3   -0.3      0.0
  MONTH TO DATE    7.9                       6.1    1.8      1.6
  SINCE SEP 1      7.9                       7.2    0.7      2.5
  SINCE JUL 1      7.9                       7.2    0.7      2.5
  SNOW DEPTH       T

DEGREE DAYS
 HEATING
  TODAY           44                        38      6       47
  MONTH TO DATE 1007                       812    195      837
  SINCE SEP 1   1621                      1513    108     1454
  SINCE JUL 1   1654                      1542    112     1476

 COOLING
  TODAY            0                         0      0        0
  MONTH TO DATE    0                         0      0        0
  SINCE SEP 1     74                        73      1      160
  SINCE JAN 1    597                       742   -145      848
..................................................................


WIND (MPH)
  HIGHEST WIND SPEED    30   HIGHEST WIND DIRECTION     N (350)
  HIGHEST GUST SPEED    38   HIGHEST GUST DIRECTION     N (350)
  AVERAGE WIND SPEED    16.5


SKY COVER
  POSSIBLE SUNSHINE  MM
  AVERAGE SKY COVER 0.7


WEATHER CONDITIONS
 THE FOLLOWING WEATHER WAS RECORDED TODAY.
  LIGHT SNOW
  FOG
  BLOWING SNOW


RELATIVE HUMIDITY (PERCENT)
 HIGHEST    MM
 LOWEST     MM
 AVERAGE    MM

..........................................................


THE HURON SD CLIMATE NORMALS FOR TOMORROW
                         NORMAL    RECORD    YEAR
 MAXIMUM TEMPERATURE (F)   36        59      1998
 MINIMUM TEMPERATURE (F)   16       -26      1887


SUNRISE AND SUNSET
NOVEMBER 26 2014......SUNRISE   743 AM CST   SUNSET   457 PM CST
NOVEMBER 27 2014......SUNRISE   744 AM CST   SUNSET   457 PM CST


-  INDICATES NEGATIVE NUMBERS.
R  INDICATES RECORD WAS SET OR TIED.
MM INDICATES DATA IS MISSING.
T  INDICATES TRACE AMOUNT.




$$
