000
CDUS44 KHGX 252118
CLIHOU

CLIMATE REPORT
NATIONAL WEATHER SERVICE HOUSTON/GALVESTON TX
415 PM CDT THU MAY 25 2017


...................................

...THE HOUSTON INTERCONTINENTAL CLIMATE SUMMARY FOR MAY 25 2017...
VALID TODAY AS OF 400 PM LOCAL TIME.

CLIMATE NORMAL PERIOD 1981 TO 2010
CLIMATE RECORD PERIOD 1892 TO 2017


WEATHER ITEM   OBSERVED TIME   RECORD YEAR NORMAL DEPARTURE LAST
                VALUE   (LST)  VALUE       VALUE  FROM      YEAR
                                                  NORMAL
..................................................................
TEMPERATURE (F)
 TODAY
  MAXIMUM         90    259 PM  95    2011  88      2       89
                                      1927
  MINIMUM         60    515 AM  56    1979  70    -10       76
                                      1891
  AVERAGE         75                        79     -4       83

PRECIPITATION (IN)
  TODAY            0.00          4.34 2015   0.16  -0.16     0.00
  MONTH TO DATE    0.85                      4.07  -3.22     2.75
  SINCE MAR 1      8.16                     10.79  -2.63    20.39
  SINCE JAN 1     16.67                     17.37  -0.70    24.50

DEGREE DAYS
 COOLING
  TODAY           10                        14     -4       18
  MONTH TO DATE  264                       283    -19      232
  SINCE MAR 1    633                       526    107      474
  SINCE JAN 1    812                       564    248      511
..................................................................


WIND (MPH)
  RESULTANT WIND SPEED   8   RESULTANT WIND DIRECTION   S (180)
  HIGHEST WIND SPEED    22   HIGHEST WIND DIRECTION     S (160)
  HIGHEST GUST SPEED    27   HIGHEST GUST DIRECTION    SE (150)
  AVERAGE WIND SPEED     8.7



WEATHER CONDITIONS
 THE FOLLOWING WEATHER WAS RECORDED TODAY.
  NO SIGNIFICANT WEATHER WAS OBSERVED.


RELATIVE HUMIDITY (PERCENT)
 HIGHEST    90           600 AM
 LOWEST     37           300 PM
 AVERAGE    64

..........................................................


THE HOUSTON INTERCONTINENTAL CLIMATE NORMALS FOR TOMORROW
                         NORMAL    RECORD    YEAR
 MAXIMUM TEMPERATURE (F)   89        98      2011
 MINIMUM TEMPERATURE (F)   70        57      1979


SUNRISE AND SUNSET
MAY 25 2017...........SUNRISE   623 AM CDT   SUNSET   814 PM CDT
MAY 26 2017...........SUNRISE   623 AM CDT   SUNSET   815 PM CDT


-  INDICATES NEGATIVE NUMBERS.
R  INDICATES RECORD WAS SET OR TIED.
MM INDICATES DATA IS MISSING.
T  INDICATES TRACE AMOUNT.


&&

...................................

...THE HOUSTON/HOBBY AIRPORT CLIMATE SUMMARY FOR MAY 25 2017...
VALID TODAY AS OF 400 PM LOCAL TIME.

CLIMATE NORMAL PERIOD 1981 TO 2010
CLIMATE RECORD PERIOD 1930 TO 2017


WEATHER ITEM   OBSERVED TIME   RECORD YEAR NORMAL DEPARTURE LAST
                VALUE   (LST)  VALUE       VALUE  FROM      YEAR
                                                  NORMAL
..................................................................
TEMPERATURE (F)
 TODAY
  MAXIMUM         87    209 PM  94    2005  87      0       90
  MINIMUM         63    148 AM  57    1931  71     -8       79
  AVERAGE         75                        79     -4       85

PRECIPITATION (IN)
  TODAY            0.00          3.95 2015   0.18  -0.18     0.00
  MONTH TO DATE    1.72                      3.69  -1.97     4.90
  SINCE MAR 1     12.85                     10.14   2.71    17.99
  SINCE JAN 1     18.97                     17.22   1.75    22.16

DEGREE DAYS
 COOLING
  TODAY           10                        14     -4       20
  MONTH TO DATE  266                       286    -20      296
  SINCE MAR 1    655                       528    127      647
  SINCE JAN 1    842                       566    276      685
..................................................................


WIND (MPH)
  RESULTANT WIND SPEED  11   RESULTANT WIND DIRECTION   S (190)
  HIGHEST WIND SPEED    21   HIGHEST WIND DIRECTION    SW (210)
  HIGHEST GUST SPEED    28   HIGHEST GUST DIRECTION    SW (210)
  AVERAGE WIND SPEED    10.8



WEATHER CONDITIONS
 THE FOLLOWING WEATHER WAS RECORDED TODAY.
  NO SIGNIFICANT WEATHER WAS OBSERVED.


RELATIVE HUMIDITY (PERCENT)
 HIGHEST    87           600 AM
 LOWEST     40           100 PM
 AVERAGE    64

..........................................................


THE HOUSTON/HOBBY AIRPORT CLIMATE NORMALS FOR TOMORROW
                         NORMAL    RECORD    YEAR
 MAXIMUM TEMPERATURE (F)   88        97      2011
 MINIMUM TEMPERATURE (F)   71        60      1979
                                             1935


SUNRISE AND SUNSET
MAY 25 2017...........SUNRISE   623 AM CDT   SUNSET   813 PM CDT
MAY 26 2017...........SUNRISE   623 AM CDT   SUNSET   814 PM CDT


-  INDICATES NEGATIVE NUMBERS.
R  INDICATES RECORD WAS SET OR TIED.
MM INDICATES DATA IS MISSING.
T  INDICATES TRACE AMOUNT.

...MISCELLANEOUS CLIMATE DATA FOR TODAY...

LOCATION                        HIGH    LOW     PRECIP
PEARLAND                         88      64      0.00
SUGAR LAND                       90      61      0.00
TOMBALL                          90      59      0.00
CONROE                           91      53      0.00
HUNTSVILLE                       90      62      0.00
ANGLETON/LAKE JACKSON            88      63      0.00
PALACIOS                         83      72      0.00
LEAGUE CITY (NWS)                85      62      0.00


THIS PRODUCT...ALONG WITH OTHER WEATHER...HYDROLOGIC...AND CLIMATE
PRODUCTS...IS AVAILABLE ON THE WEB AT HTTP://WWW.WEATHER.GOV/HGX

$$
