000
CDUS44 KHGX 201422
CLIHOU

CLIMATE REPORT
NATIONAL WEATHER SERVICE HOUSTON/GALVESTON TX
820 AM CST THU NOV 20 2014


...MORNING CLIMATE DATA...

                            MORNING LOW    PRECIP SINCE MIDNIGHT
HOUSTON INTERCONTINENTAL         46                0.00
GALVESTON SCHOLES FIELD          58                0.00
BRYAN/COLLEGE STATION            44                0.00
HOUSTON HOBBY                    50                0.00

...................................

...THE HOUSTON INTERCONTINENTAL CLIMATE SUMMARY FOR NOVEMBER 19 2014...

CLIMATE NORMAL PERIOD 1981 TO 2010
CLIMATE RECORD PERIOD 1892 TO 2014


WEATHER ITEM   OBSERVED TIME   RECORD YEAR NORMAL DEPARTURE LAST
                VALUE   (LST)  VALUE       VALUE  FROM      YEAR
                                                  NORMAL
..................................................................
TEMPERATURE (F)
 YESTERDAY
  MAXIMUM         69    354 PM  85    1985  71     -2       70
  MINIMUM         30R   259 AM  31    1903  51    -21       50
  AVERAGE         50                        61    -11       60

PRECIPITATION (IN)
  YESTERDAY        0.00          2.10 1900   0.14  -0.14     0.00
  MONTH TO DATE    2.45                      2.81  -0.36     0.21
  SINCE SEP 1      9.28                     12.63  -3.35    12.38
  SINCE JAN 1     37.17                     44.50  -7.33    33.58

SNOWFALL (IN)
  YESTERDAY        0.0           0.0  2002
                                      2001
  MONTH TO DATE    0.0
  SINCE SEP 1      0.0
  SINCE JUL 1      0.0

DEGREE DAYS
 HEATING
  YESTERDAY       15                         6      9        5
  MONTH TO DATE  194                        75    119       76
  SINCE SEP 1    194                       105     89       84
  SINCE JUL 1    194                       105     89       84
..................................................................


WIND (MPH)
  HIGHEST WIND SPEED    13   HIGHEST WIND DIRECTION     S (170)
  HIGHEST GUST SPEED    17   HIGHEST GUST DIRECTION    SW (210)


RELATIVE HUMIDITY (PERCENT)
 HIGHEST   100
 LOWEST     47
 AVERAGE    74

..........................................................


THE HOUSTON INTERCONTINENTAL CLIMATE NORMALS FOR TODAY
                         NORMAL    RECORD    YEAR
 MAXIMUM TEMPERATURE (F)   71        84      2011
                                             1977
 MINIMUM TEMPERATURE (F)   51        27      1969


SUNRISE AND SUNSET
NOVEMBER 20 2014......SUNRISE   651 AM CST   SUNSET   523 PM CST
NOVEMBER 21 2014......SUNRISE   651 AM CST   SUNSET   523 PM CST


-  INDICATES NEGATIVE NUMBERS.
R  INDICATES RECORD WAS SET OR TIED.
MM INDICATES DATA IS MISSING.
T  INDICATES TRACE AMOUNT.


&&

...................................

...THE HOUSTON/HOBBY AIRPORT CLIMATE SUMMARY FOR NOVEMBER 19 2014...

CLIMATE NORMAL PERIOD 1981 TO 2010
CLIMATE RECORD PERIOD 1930 TO 2014


WEATHER ITEM   OBSERVED TIME   RECORD YEAR NORMAL DEPARTURE LAST
                VALUE   (LST)  VALUE       VALUE  FROM      YEAR
                                                  NORMAL
..................................................................
TEMPERATURE (F)
 YESTERDAY
  MAXIMUM         69    125 PM  84    1999  71     -2       69
                                      1974
                                      1973
  MINIMUM         34    306 AM  31    1932  53    -19       56
  AVERAGE         52                        62    -10       63

PRECIPITATION (IN)
  YESTERDAY        0.00          2.84 1976   0.14  -0.14     0.00
  MONTH TO DATE    1.53                      2.80  -1.27     0.33
  SINCE SEP 1      9.08                     14.00  -4.92    16.07
  SINCE JAN 1     33.61                     49.10 -15.49    38.94

SNOWFALL (IN)
  YESTERDAY        0.0          MM      MM
  MONTH TO DATE    0.0
  SINCE SEP 1      0.0
  SINCE JUL 1      0.0

DEGREE DAYS
 HEATING
  YESTERDAY       13                         5      8        2
  MONTH TO DATE  172                        64    108       60
  SINCE SEP 1    172                        85     87       63
  SINCE JUL 1    172                        85     87       63
..................................................................


WIND (MPH)
  HIGHEST WIND SPEED    18   HIGHEST WIND DIRECTION     S (170)
  HIGHEST GUST SPEED    22   HIGHEST GUST DIRECTION     S (160)


RELATIVE HUMIDITY (PERCENT)
 HIGHEST    96
 LOWEST     52
 AVERAGE    74

..........................................................


THE HOUSTON/HOBBY AIRPORT CLIMATE NORMALS FOR TODAY
                         NORMAL    RECORD    YEAR
 MAXIMUM TEMPERATURE (F)   71        84      1965
 MINIMUM TEMPERATURE (F)   52        28      1937


SUNRISE AND SUNSET
NOVEMBER 20 2014......SUNRISE   650 AM CST   SUNSET   524 PM CST
NOVEMBER 21 2014......SUNRISE   651 AM CST   SUNSET   523 PM CST


-  INDICATES NEGATIVE NUMBERS.
R  INDICATES RECORD WAS SET OR TIED.
MM INDICATES DATA IS MISSING.
T  INDICATES TRACE AMOUNT.


...MISCELLANEOUS CLIMATE DATA FOR YESTERDAY...

LOCATION                        HIGH    LOW     PRECIP
PEARLAND                         69      34      0.00
SUGAR LAND                       73      32      0.00
TOMBALL                          70      29      0.00
CONROE                           69      30      0.00
HUNTSVILLE                       67      34      0.00
ANGLETON/LAKE JACKSON            69      32      0.00
PALACIOS                         69      39      0.00
LEAGUE CITY (NWS)                68      32      0.00


THIS PRODUCT...ALONG WITH OTHER WEATHER...HYDROLOGIC...AND CLIMATE
PRODUCTS...IS AVAILABLE ON THE WEB AT HTTP://WWW.SRH.NOAA.GOV/HGX
OR AT HTTP://WEATHER.GOV


$$
