000
CDUS44 KHGX 130719
CLIHOU


CLIMATE REPORT
NATIONAL WEATHER SERVICE HOUSTON/GALVESTON TX
219 AM CDT SUN JUL 13 2014


...................................

...THE HOUSTON INTERCONTINENTAL CLIMATE SUMMARY FOR JULY 12 2014...

CLIMATE NORMAL PERIOD 1981 TO 2010
CLIMATE RECORD PERIOD 1892 TO 2014


WEATHER ITEM   OBSERVED TIME   RECORD YEAR NORMAL DEPARTURE LAST
                VALUE   (LST)  VALUE       VALUE  FROM      YEAR
                                                  NORMAL
..................................................................
TEMPERATURE (F)
 YESTERDAY
  MAXIMUM         94    453 PM 104    1980  93      1       98
  MINIMUM         74    558 AM  65    1896  75     -1       79
                                      1891
  AVERAGE         84                        84      0       89

PRECIPITATION (IN)
  YESTERDAY        0.00          5.19 1939   0.12  -0.12     0.00
  MONTH TO DATE    0.88                      1.77  -0.89     0.53
  SINCE JUN 1      3.06                      7.70  -4.64     4.99
  SINCE JAN 1     22.13                     26.09  -3.96    14.31

DEGREE DAYS
 COOLING
  YESTERDAY       19                        19      0       24
  MONTH TO DATE  219                       228     -9      233
  SINCE JUN 1    752                       748      4      824
  SINCE JAN 1   1293                      1400   -107     1394
..................................................................


WIND (MPH)
  HIGHEST WIND SPEED    14   HIGHEST WIND DIRECTION    SE (150)
  HIGHEST GUST SPEED    16   HIGHEST GUST DIRECTION    SE (150)




RELATIVE HUMIDITY (PERCENT)
 HIGHEST   100
 LOWEST     46
 AVERAGE    73

..........................................................


THE HOUSTON INTERCONTINENTAL CLIMATE NORMALS FOR TODAY
                         NORMAL    RECORD    YEAR
 MAXIMUM TEMPERATURE (F)   94       102      1980
 MINIMUM TEMPERATURE (F)   75        66      1895


SUNRISE AND SUNSET
JULY 13 2014..........SUNRISE   630 AM CDT   SUNSET   825 PM CDT
JULY 14 2014..........SUNRISE   630 AM CDT   SUNSET   824 PM CDT


-  INDICATES NEGATIVE NUMBERS.
R  INDICATES RECORD WAS SET OR TIED.
MM INDICATES DATA IS MISSING.
T  INDICATES TRACE AMOUNT.




...................................

...THE HOUSTON/HOBBY AIRPORT CLIMATE SUMMARY FOR JULY 12 2014...

CLIMATE NORMAL PERIOD 1981 TO 2010
CLIMATE RECORD PERIOD 1930 TO 2014


WEATHER ITEM   OBSERVED TIME   RECORD YEAR NORMAL DEPARTURE LAST
                VALUE   (LST)  VALUE       VALUE  FROM      YEAR
                                                  NORMAL
..................................................................
TEMPERATURE (F)
 YESTERDAY
  MAXIMUM         93    347 PM 101    1954  92      1       97
  MINIMUM         75    537 AM  68    1944  76     -1       79
  AVERAGE         84                        84      0       88

PRECIPITATION (IN)
  YESTERDAY        0.00          4.25 1939   0.15  -0.15     0.00
  MONTH TO DATE    0.18                      2.16  -1.98      T
  SINCE JUN 1      3.16                      9.26  -6.10     1.36
  SINCE JAN 1     20.00                     27.54  -7.54    19.82

DEGREE DAYS
 COOLING
  YESTERDAY       19                        19      0       23
  MONTH TO DATE  224                       222      2      245
  SINCE JUN 1    753                       732     21      847
  SINCE JAN 1   1304                      1386    -82     1417
..................................................................


WIND (MPH)
  HIGHEST WIND SPEED    13   HIGHEST WIND DIRECTION     E (110)
  HIGHEST GUST SPEED    26   HIGHEST GUST DIRECTION    NW (330)




RELATIVE HUMIDITY (PERCENT)
 HIGHEST    94
 LOWEST     46
 AVERAGE    70

..........................................................


THE HOUSTON/HOBBY AIRPORT CLIMATE NORMALS FOR TODAY
                         NORMAL    RECORD    YEAR
 MAXIMUM TEMPERATURE (F)   92       101      2013
 MINIMUM TEMPERATURE (F)   76        68      1936


SUNRISE AND SUNSET
JULY 13 2014..........SUNRISE   630 AM CDT   SUNSET   824 PM CDT
JULY 14 2014..........SUNRISE   631 AM CDT   SUNSET   823 PM CDT


-  INDICATES NEGATIVE NUMBERS.
R  INDICATES RECORD WAS SET OR TIED.
MM INDICATES DATA IS MISSING.
T  INDICATES TRACE AMOUNT.




$$
