000
CDUS44 KHGX 160823
CLIHOU


CLIMATE REPORT
NATIONAL WEATHER SERVICE HOUSTON/GALVESTON TX
221 AM CST TUE JAN 16 2018


...................................

...THE HOUSTON INTERCONTINENTAL CLIMATE SUMMARY FOR JANUARY 15 2018...

CLIMATE NORMAL PERIOD 1981 TO 2010
CLIMATE RECORD PERIOD 1892 TO 2018


WEATHER ITEM   OBSERVED TIME   RECORD YEAR NORMAL DEPARTURE LAST
                VALUE   (LST)  VALUE       VALUE  FROM      YEAR
                                                  NORMAL
..................................................................
TEMPERATURE (F)
 YESTERDAY
  MAXIMUM         67    119 PM  79    1996  63      4       76
                                      1936
                                      1932
  MINIMUM         34    507 AM  21    1892  43     -9       62
  AVERAGE         51                        53     -2       69

PRECIPITATION (IN)
  YESTERDAY        T             2.82 1919   0.11  -0.11     0.05
  MONTH TO DATE    1.30                      1.58  -0.28     1.79
  SINCE DEC 1      5.02                      5.32  -0.30     5.35
  SINCE JAN 1      1.30                      1.58  -0.28     1.79

SNOWFALL (IN)
  YESTERDAY       MM             0.0  2002
  MONTH TO DATE    T
  SINCE DEC 1      0.7
  SINCE JUL 1      0.7

DEGREE DAYS
 HEATING
  YESTERDAY       14                        13      1        0
  MONTH TO DATE  283                       195     88      138
  SINCE DEC 1    647                       549     98      397
  SINCE JUL 1    758                       734     24      455
..................................................................


WIND (MPH)
  HIGHEST WIND SPEED    20   HIGHEST WIND DIRECTION    SE (120)
  HIGHEST GUST SPEED    23   HIGHEST GUST DIRECTION    SE (130)




RELATIVE HUMIDITY (PERCENT)
 HIGHEST   100
 LOWEST     48
 AVERAGE    74

..........................................................


THE HOUSTON INTERCONTINENTAL CLIMATE NORMALS FOR TODAY
                         NORMAL    RECORD    YEAR
 MAXIMUM TEMPERATURE (F)   63        81      1936
 MINIMUM TEMPERATURE (F)   43        22      1972


SUNRISE AND SUNSET
JANUARY 16 2018.......SUNRISE   718 AM CST   SUNSET   545 PM CST
JANUARY 17 2018.......SUNRISE   718 AM CST   SUNSET   546 PM CST


-  INDICATES NEGATIVE NUMBERS.
R  INDICATES RECORD WAS SET OR TIED.
MM INDICATES DATA IS MISSING.
T  INDICATES TRACE AMOUNT.


&&

...................................

...THE HOUSTON/HOBBY AIRPORT CLIMATE SUMMARY FOR JANUARY 15 2018...

CLIMATE NORMAL PERIOD 1981 TO 2010
CLIMATE RECORD PERIOD 1930 TO 2018


WEATHER ITEM   OBSERVED TIME   RECORD YEAR NORMAL DEPARTURE LAST
                VALUE   (LST)  VALUE       VALUE  FROM      YEAR
                                                  NORMAL
..................................................................
TEMPERATURE (F)
 YESTERDAY
  MAXIMUM         67    201 PM  79    1950  63      4       78
  MINIMUM         38    230 AM  25    1979  45     -7       63
  AVERAGE         53                        54     -1       71

PRECIPITATION (IN)
  YESTERDAY        T             1.35 1955   0.12  -0.12     0.01
  MONTH TO DATE    1.59                      1.81  -0.22     1.27
  SINCE DEC 1      6.25                      5.84   0.41     4.96
  SINCE JAN 1      1.59                      1.81  -0.22     1.27

SNOWFALL (IN)
  YESTERDAY       MM            MM      MM
  MONTH TO DATE    T
  SINCE DEC 1      1.5
  SINCE JUL 1      1.5

DEGREE DAYS
 HEATING
  YESTERDAY       12                        12      0        0
  MONTH TO DATE  272                       180     92      123
  SINCE DEC 1    624                       500    124      335
  SINCE JUL 1    705                       656     49      372
..................................................................


WIND (MPH)
  HIGHEST WIND SPEED    15   HIGHEST WIND DIRECTION    SE (120)
  HIGHEST GUST SPEED    19   HIGHEST GUST DIRECTION    SE (130)




RELATIVE HUMIDITY (PERCENT)
 HIGHEST    93
 LOWEST     52
 AVERAGE    73

..........................................................


THE HOUSTON/HOBBY AIRPORT CLIMATE NORMALS FOR TODAY
                         NORMAL    RECORD    YEAR
 MAXIMUM TEMPERATURE (F)   63        82      1936
 MINIMUM TEMPERATURE (F)   45        27      1972


SUNRISE AND SUNSET
JANUARY 16 2018.......SUNRISE   717 AM CST   SUNSET   545 PM CST
JANUARY 17 2018.......SUNRISE   717 AM CST   SUNSET   546 PM CST


-  INDICATES NEGATIVE NUMBERS.
R  INDICATES RECORD WAS SET OR TIED.
MM INDICATES DATA IS MISSING.
T  INDICATES TRACE AMOUNT.




$$
