449
CDUS44 KHGX 011355
CLIHOU

CLIMATE REPORT
NATIONAL WEATHER SERVICE HOUSTON/GALVESTON TX
845 AM CDT SUN MAY 1 2016


...MORNING CLIMATE DATA...

                            MORNING LOW    PRECIP SINCE MIDNIGHT
HOUSTON INTERCONTINENTAL         71                0.00
GALVESTON SCHOLES FIELD          77                0.01
BRYAN/COLLEGE STATION            68                0.00
HOUSTON HOBBY                    75                 T

...................................

...THE HOUSTON INTERCONTINENTAL CLIMATE SUMMARY FOR APRIL 30 2016...

CLIMATE NORMAL PERIOD 1981 TO 2010
CLIMATE RECORD PERIOD 1892 TO 2016


WEATHER ITEM   OBSERVED TIME   RECORD YEAR NORMAL DEPARTURE LAST
                VALUE   (LST)  VALUE       VALUE  FROM      YEAR
                                                  NORMAL
..................................................................
TEMPERATURE (F)
 YESTERDAY
  MAXIMUM         85    339 PM  92    1981  83      2       82
  MINIMUM         65    811 AM  42    1908  64      1       53
  AVERAGE         75                        73      2       68

PRECIPITATION (IN)
  YESTERDAY        0.60          3.20 1903   0.14   0.46     0.00
  MONTH TO DATE   14.39                      3.31  11.08     6.10
  SINCE MAR 1     17.64                      6.72  10.92    12.44
  SINCE JAN 1     21.75                     13.30   8.45    16.27

SNOWFALL (IN)
  YESTERDAY        0.0          MM      MM
  MONTH TO DATE    0.0
  SINCE MAR 1      0.0
  SINCE JUL 1      0.0

DEGREE DAYS
 HEATING
  YESTERDAY        0                         0      0        0
  MONTH TO DATE   20                        35    -15        4
  SINCE MAR 1    100                       178    -78      143
  SINCE JUL 1   1017                      1366   -349     1462

 COOLING
  YESTERDAY       10                         8      2        3
  MONTH TO DATE  143                       172    -29      236
  SINCE MAR 1    242                       243     -1      304
  SINCE JAN 1    279                       281     -2      314
..................................................................


WIND (MPH)
  HIGHEST WIND SPEED    35   HIGHEST WIND DIRECTION    NW (320)
  HIGHEST GUST SPEED    44   HIGHEST GUST DIRECTION    NW (310)


RELATIVE HUMIDITY (PERCENT)
 HIGHEST   100
 LOWEST     47
 AVERAGE    74

..........................................................


THE HOUSTON INTERCONTINENTAL CLIMATE NORMALS FOR TODAY
                         NORMAL    RECORD    YEAR
 MAXIMUM TEMPERATURE (F)   83        94      1947
 MINIMUM TEMPERATURE (F)   64        45      1908


SUNRISE AND SUNSET
MAY  1 2016...........SUNRISE   638 AM CDT   SUNSET   759 PM CDT
MAY  2 2016...........SUNRISE   637 AM CDT   SUNSET   800 PM CDT


-  INDICATES NEGATIVE NUMBERS.
R  INDICATES RECORD WAS SET OR TIED.
MM INDICATES DATA IS MISSING.
T  INDICATES TRACE AMOUNT.


&&

...................................

...THE HOUSTON/HOBBY AIRPORT CLIMATE SUMMARY FOR APRIL 30 2016...

CLIMATE NORMAL PERIOD 1981 TO 2010
CLIMATE RECORD PERIOD 1930 TO 2016


WEATHER ITEM   OBSERVED TIME   RECORD YEAR NORMAL DEPARTURE LAST
                VALUE   (LST)  VALUE       VALUE  FROM      YEAR
                                                  NORMAL
..................................................................
TEMPERATURE (F)
 YESTERDAY
  MAXIMUM         87    206 PM  92    1953  82      5       81
  MINIMUM         69    847 AM  46    1996  65      4       56
  AVERAGE         78                        73      5       69

PRECIPITATION (IN)
  YESTERDAY        0.11          1.12 1994   0.13  -0.02     0.00
  MONTH TO DATE    8.95                      3.25   5.70     8.20
  SINCE MAR 1     13.09                      6.45   6.64    14.58
  SINCE JAN 1     17.26                     13.53   3.73    20.46

SNOWFALL (IN)
  YESTERDAY        0.0          MM      MM
  MONTH TO DATE    0.0
  SINCE MAR 1      0.0
  SINCE JUL 1      0.0

DEGREE DAYS
 HEATING
  YESTERDAY        0                         0      0        0
  MONTH TO DATE    8                        27    -19        0
  SINCE MAR 1     52                       149    -97      115
  SINCE JUL 1    790                      1219   -429     1300

 COOLING
  YESTERDAY       13                         8      5        4
  MONTH TO DATE  210                       173     37      248
  SINCE MAR 1    351                       242    109      323
  SINCE JAN 1    389                       280    109      333
..................................................................


WIND (MPH)
  HIGHEST WIND SPEED    23   HIGHEST WIND DIRECTION    NE (30)
  HIGHEST GUST SPEED    30   HIGHEST GUST DIRECTION    NE (30)


RELATIVE HUMIDITY (PERCENT)
 HIGHEST   100
 LOWEST     58
 AVERAGE    79

..........................................................


THE HOUSTON/HOBBY AIRPORT CLIMATE NORMALS FOR TODAY
                         NORMAL    RECORD    YEAR
 MAXIMUM TEMPERATURE (F)   82        94      1947
 MINIMUM TEMPERATURE (F)   65        51      1996


SUNRISE AND SUNSET
MAY  1 2016...........SUNRISE   638 AM CDT   SUNSET   758 PM CDT
MAY  2 2016...........SUNRISE   637 AM CDT   SUNSET   759 PM CDT


-  INDICATES NEGATIVE NUMBERS.
R  INDICATES RECORD WAS SET OR TIED.
MM INDICATES DATA IS MISSING.
T  INDICATES TRACE AMOUNT.

............................................................

...MISCELLANEOUS CLIMATE DATA FOR YESTERDAY...

LOCATION                        HIGH    LOW     PRECIP
PEARLAND                         88      71      0.07
SUGAR LAND                       87      68      0.11
TOMBALL                          89      67      0.74
CONROE                           88      65      2.55
HUNTSVILLE                       88      68      2.55
ANGLETON/LAKE JACKSON            88      75      0.01
PALACIOS                         85      74      0.03
LEAGUE CITY (NWS)                85      71      0.11


THIS PRODUCT...ALONG WITH OTHER WEATHER...HYDROLOGIC...AND CLIMATE
PRODUCTS...IS AVAILABLE ON THE WEB AT HTTP://WWW.SRH.NOAA.GOV/HGX
OR AT HTTP://WEATHER.GOV

$$
