000
CDUS44 KHGX 021413
CLIHOU

CLIMATE REPORT
NATIONAL WEATHER SERVICE HOUSTON/GALVESTON TX
813 AM CST FRI DEC 2 2016


...MORNING CLIMATE DATA...

                            MORNING LOW    PRECIP SINCE MIDNIGHT
HOUSTON INTERCONTINENTAL         45                0.00
GALVESTON SCHOLES FIELD          65                0.00
BRYAN/COLLEGE STATION            48                0.00
HOUSTON HOBBY                    55                0.00

...................................

...THE HOUSTON INTERCONTINENTAL CLIMATE SUMMARY FOR DECEMBER 1 2016...

CLIMATE NORMAL PERIOD 1981 TO 2010
CLIMATE RECORD PERIOD 1892 TO 2016


WEATHER ITEM   OBSERVED TIME   RECORD YEAR NORMAL DEPARTURE LAST
                VALUE   (LST)  VALUE       VALUE  FROM      YEAR
                                                  NORMAL
..................................................................
TEMPERATURE (F)
 YESTERDAY
  MAXIMUM         66    321 PM  83    2012  67     -1       57
  MINIMUM         36    646 AM  26    1979  47    -11       50
  AVERAGE         51                        57     -6       54

PRECIPITATION (IN)
  YESTERDAY        0.00          5.80 1914   0.15  -0.15     0.02
  MONTH TO DATE    0.00                      0.15  -0.15     0.02
  SINCE DEC 1      0.00                      0.15  -0.15     0.02
  SINCE JAN 1     57.40                     46.18  11.22    64.84

SNOWFALL (IN)
  YESTERDAY        0.0           0.0  2002
                                      2001
  MONTH TO DATE    0.0
  SINCE DEC 1      0.0
  SINCE JUL 1      0.0

DEGREE DAYS
 HEATING
  YESTERDAY       14                         9      5       11
  MONTH TO DATE   14                         9      5       11
  SINCE DEC 1     14                         9      5       11
  SINCE JUL 1     72                       194   -122      124
..................................................................


WIND (MPH)
  HIGHEST WIND SPEED    17   HIGHEST WIND DIRECTION     E (100)
  HIGHEST GUST SPEED    20   HIGHEST GUST DIRECTION     E (90)


RELATIVE HUMIDITY (PERCENT)
 HIGHEST    85
 LOWEST     24
 AVERAGE    55

..........................................................


THE HOUSTON INTERCONTINENTAL CLIMATE NORMALS FOR TODAY
                         NORMAL    RECORD    YEAR
 MAXIMUM TEMPERATURE (F)   67        84      2012
 MINIMUM TEMPERATURE (F)   47        28      1979


SUNRISE AND SUNSET
DECEMBER  2 2016......SUNRISE   701 AM CST   SUNSET   521 PM CST
DECEMBER  3 2016......SUNRISE   702 AM CST   SUNSET   521 PM CST


-  INDICATES NEGATIVE NUMBERS.
R  INDICATES RECORD WAS SET OR TIED.
MM INDICATES DATA IS MISSING.
T  INDICATES TRACE AMOUNT.


&&

...................................

...THE HOUSTON/HOBBY AIRPORT CLIMATE SUMMARY FOR DECEMBER 1 2016...

CLIMATE NORMAL PERIOD 1981 TO 2010
CLIMATE RECORD PERIOD 1930 TO 2016


WEATHER ITEM   OBSERVED TIME   RECORD YEAR NORMAL DEPARTURE LAST
                VALUE   (LST)  VALUE       VALUE  FROM      YEAR
                                                  NORMAL
..................................................................
TEMPERATURE (F)
 YESTERDAY
  MAXIMUM         66    247 PM  83    2012  68     -2       63
  MINIMUM         45    717 AM  30    1979  49     -4       53
  AVERAGE         56                        58     -2       58

PRECIPITATION (IN)
  YESTERDAY        0.00          2.71 2009   0.14  -0.14     0.02
  MONTH TO DATE    0.00                      0.14  -0.14     0.02
  SINCE DEC 1      0.00                      0.14  -0.14     0.02
  SINCE JAN 1     53.13                     50.76   2.37    73.66

SNOWFALL (IN)
  YESTERDAY        0.0          MM      MM
  MONTH TO DATE    0.0
  SINCE DEC 1      0.0
  SINCE JUL 1      0.0

DEGREE DAYS
 HEATING
  YESTERDAY        9                         8      1        7
  MONTH TO DATE    9                         8      1        7
  SINCE DEC 1      9                         8      1        7
  SINCE JUL 1     46                       164   -118       81
..................................................................


WIND (MPH)
  HIGHEST WIND SPEED    17   HIGHEST WIND DIRECTION    NE (60)
  HIGHEST GUST SPEED    22   HIGHEST GUST DIRECTION     E (80)


RELATIVE HUMIDITY (PERCENT)
 HIGHEST    71
 LOWEST     27
 AVERAGE    49

..........................................................


THE HOUSTON/HOBBY AIRPORT CLIMATE NORMALS FOR TODAY
                         NORMAL    RECORD    YEAR
 MAXIMUM TEMPERATURE (F)   67        84      2012
 MINIMUM TEMPERATURE (F)   49        33      1974
                                             1960


SUNRISE AND SUNSET
DECEMBER  2 2016......SUNRISE   700 AM CST   SUNSET   522 PM CST
DECEMBER  3 2016......SUNRISE   701 AM CST   SUNSET   522 PM CST


-  INDICATES NEGATIVE NUMBERS.
R  INDICATES RECORD WAS SET OR TIED.
MM INDICATES DATA IS MISSING.
T  INDICATES TRACE AMOUNT.


...MISCELLANEOUS CLIMATE DATA FOR YESTERDAY...

LOCATION                        HIGH    LOW     PRECIP
PEARLAND                         67      43      0.00
SUGAR LAND                       66      39      0.00
TOMBALL                          66      36      0.00
CONROE                           66      32      0.00
HUNTSVILLE                       66      35      0.00
ANGLETON/LAKE JACKSON            68      40      0.00
PALACIOS                         69      40      0.00
LEAGUE CITY (NWS)                64      42      0.00


THIS PRODUCT...ALONG WITH OTHER WEATHER...HYDROLOGIC...AND CLIMATE
PRODUCTS...IS AVAILABLE ON THE WEB AT HTTP://WWW.SRH.NOAA.GOV/HGX
OR AT HTTP://WEATHER.GOV

$$
