000
CDUS44 KHGX 261308
CLIHOU

CLIMATE REPORT
NATIONAL WEATHER SERVICE HOUSTON/GALVESTON TX
810 AM CDT MON SEP 26 2016

...MORNING CLIMATE DATA...

                            MORNING LOW    PRECIP SINCE MIDNIGHT
HOUSTON INTERCONTINENTAL         72                0.00
GALVESTON SCHOLES FIELD          77                0.00
BRYAN/COLLEGE STATION            72                0.00
HOUSTON HOBBY                    75                0.01


...................................

...THE HOUSTON INTERCONTINENTAL CLIMATE SUMMARY FOR SEPTEMBER 25 2016...

CLIMATE NORMAL PERIOD 1981 TO 2010
CLIMATE RECORD PERIOD 1892 TO 2016


WEATHER ITEM   OBSERVED TIME   RECORD YEAR NORMAL DEPARTURE LAST
                VALUE   (LST)  VALUE       VALUE  FROM      YEAR
                                                  NORMAL
..................................................................
TEMPERATURE (F)
 YESTERDAY
  MAXIMUM         90    113 PM  99    2005  87      3       93
  MINIMUM         72   1013 PM  50    1994  67      5       71
                                      1989
  AVERAGE         81                        77      4       82

PRECIPITATION (IN)
  YESTERDAY        0.53          3.05 1906   0.13   0.40     0.00
  MONTH TO DATE    1.68                      3.48  -1.80     2.39
  SINCE SEP 1      1.68                      3.48  -1.80     2.39
  SINCE JAN 1     55.25                     35.35  19.90    47.77

DEGREE DAYS
 HEATING
  YESTERDAY        0                         0      0        0
  MONTH TO DATE    0                         0      0        0
  SINCE SEP 1      0                         0      0        0
  SINCE JUL 1      0                         0      0        0

 COOLING
  YESTERDAY       16                        12      4       17
  MONTH TO DATE  480                       386     94      392
  SINCE SEP 1    480                       386     94      392
  SINCE JAN 1   2888                      2768    120     2897
..................................................................


WIND (MPH)
  HIGHEST WIND SPEED    36   HIGHEST WIND DIRECTION    SE (150)
  HIGHEST GUST SPEED    43   HIGHEST GUST DIRECTION    SE (150)




RELATIVE HUMIDITY (PERCENT)
 HIGHEST   100
 LOWEST     59
 AVERAGE    80

..........................................................


THE HOUSTON INTERCONTINENTAL CLIMATE NORMALS FOR TODAY
                         NORMAL    RECORD    YEAR
 MAXIMUM TEMPERATURE (F)   87        99      2005
 MINIMUM TEMPERATURE (F)   67        49      2000


SUNRISE AND SUNSET
SEPTEMBER 26 2016.....SUNRISE   712 AM CDT   SUNSET   712 PM CDT
SEPTEMBER 27 2016.....SUNRISE   713 AM CDT   SUNSET   711 PM CDT


-  INDICATES NEGATIVE NUMBERS.
R  INDICATES RECORD WAS SET OR TIED.
MM INDICATES DATA IS MISSING.
T  INDICATES TRACE AMOUNT.


&&

...................................

...THE HOUSTON/HOBBY AIRPORT CLIMATE SUMMARY FOR SEPTEMBER 25 2016...

CLIMATE NORMAL PERIOD 1981 TO 2010
CLIMATE RECORD PERIOD 1930 TO 2016


WEATHER ITEM   OBSERVED TIME   RECORD YEAR NORMAL DEPARTURE LAST
                VALUE   (LST)  VALUE       VALUE  FROM      YEAR
                                                  NORMAL
..................................................................
TEMPERATURE (F)
 YESTERDAY
  MAXIMUM         89   1237 PM  97    2005  86      3       93
  MINIMUM         76   1159 PM  55    1989  69      7       73
  AVERAGE         83                        78      5       83

PRECIPITATION (IN)
  YESTERDAY        0.29          1.76 1957   0.16   0.13     0.03
  MONTH TO DATE    2.20                      4.47  -2.27     3.11
  SINCE SEP 1      2.20                      4.47  -2.27     3.11
  SINCE JAN 1     49.51                     39.57   9.94    56.17

DEGREE DAYS
 HEATING
  YESTERDAY        0                         0      0        0
  MONTH TO DATE    0                         0      0        0
  SINCE SEP 1      0                         0      0        0
  SINCE JUL 1      0                         0      0        0

 COOLING
  YESTERDAY       18                        13      5       18
  MONTH TO DATE  493                       392    101      399
  SINCE SEP 1    493                       392    101      399
  SINCE JAN 1   3124                      2733    391     2968
..................................................................


WIND (MPH)
  HIGHEST WIND SPEED    18   HIGHEST WIND DIRECTION    SE (140)
  HIGHEST GUST SPEED    25   HIGHEST GUST DIRECTION    SE (130)




RELATIVE HUMIDITY (PERCENT)
 HIGHEST    94
 LOWEST     68
 AVERAGE    81

..........................................................


THE HOUSTON/HOBBY AIRPORT CLIMATE NORMALS FOR TODAY
                         NORMAL    RECORD    YEAR
 MAXIMUM TEMPERATURE (F)   86        97      2005
 MINIMUM TEMPERATURE (F)   69        53      2000
                                             1940


SUNRISE AND SUNSET
SEPTEMBER 26 2016.....SUNRISE   712 AM CDT   SUNSET   712 PM CDT
SEPTEMBER 27 2016.....SUNRISE   712 AM CDT   SUNSET   711 PM CDT


-  INDICATES NEGATIVE NUMBERS.
R  INDICATES RECORD WAS SET OR TIED.
MM INDICATES DATA IS MISSING.
T  INDICATES TRACE AMOUNT.

...MISCELLANEOUS CLIMATE DATA FOR YESTERDAY...

LOCATION                        HIGH    LOW     PRECIP
PEARLAND                         90      77      0.41
SUGAR LAND                       87      73      0.15
TOMBALL                          90      73      1.00
CONROE                           86      72      0.13
HUNTSVILLE                       88      72      0.77
ANGLETON/LAKE JACKSON            90      75      0.08
PALACIOS                         87      75      0.15
LEAGUE CITY (NWS)                85      74      0.04


THIS PRODUCT...ALONG WITH OTHER WEATHER...HYDROLOGIC...AND CLIMATE
PRODUCTS...IS AVAILABLE ON THE WEB AT HTTP://WWW.SRH.NOAA.GOV/HGX
OR AT HTTP://WEATHER.GOV



$$
