000
CDUS44 KHGX 231406
CLIHOU

CLIMATE REPORT
NATIONAL WEATHER SERVICE HOUSTON/GALVESTON TX
805 AM CST THU FEB 23 2017

...MORNING CLIMATE DATA...

                            MORNING LOW    PRECIP SINCE MIDNIGHT
HOUSTON INTERCONTINENTAL         50                0.00
GALVESTON SCHOLES FIELD          63                0.00
BRYAN/COLLEGE STATION            55                0.00
HOUSTON HOBBY                    55                0.00

...................................

...THE HOUSTON INTERCONTINENTAL CLIMATE SUMMARY FOR FEBRUARY 22 2017...

CLIMATE NORMAL PERIOD 1981 TO 2010
CLIMATE RECORD PERIOD 1892 TO 2017


WEATHER ITEM   OBSERVED TIME   RECORD YEAR NORMAL DEPARTURE LAST
                VALUE   (LST)  VALUE       VALUE  FROM      YEAR
                                                  NORMAL
..................................................................
TEMPERATURE (F)
 YESTERDAY
  MAXIMUM         83    458 PM  90    1996  68     15       68
  MINIMUM         51    654 AM  21    1978  48      3       57
  AVERAGE         67                        58      9       63

PRECIPITATION (IN)
  YESTERDAY        0.00          1.96 1949   0.12  -0.12     0.67
  MONTH TO DATE    2.41                      2.52  -0.11     0.82
  SINCE DEC 1     12.06                      9.64   2.42     8.19
  SINCE JAN 1      8.50                      5.90   2.60     2.98

SNOWFALL (IN)
  YESTERDAY        0.0          MM      MM
  MONTH TO DATE    0.0
  SINCE DEC 1      0.0
  SINCE JUL 1      0.0

DEGREE DAYS
 HEATING
  YESTERDAY        0                         8     -8        2
  MONTH TO DATE   59                       218   -159      139
  SINCE DEC 1    530                       957   -427      749
  SINCE JUL 1    588                      1142   -554      862
..................................................................


WIND (MPH)
  HIGHEST WIND SPEED     9   HIGHEST WIND DIRECTION     S (160)
  HIGHEST GUST SPEED    12   HIGHEST GUST DIRECTION    NW (310)


RELATIVE HUMIDITY (PERCENT)
 HIGHEST    89
 LOWEST     26
 AVERAGE    58

..........................................................


THE HOUSTON INTERCONTINENTAL CLIMATE NORMALS FOR TODAY
                         NORMAL    RECORD    YEAR
 MAXIMUM TEMPERATURE (F)   68        88      1996
 MINIMUM TEMPERATURE (F)   48        27      1976


SUNRISE AND SUNSET
FEBRUARY 23 2017......SUNRISE   653 AM CST   SUNSET   616 PM CST
FEBRUARY 24 2017......SUNRISE   652 AM CST   SUNSET   617 PM CST


-  INDICATES NEGATIVE NUMBERS.
R  INDICATES RECORD WAS SET OR TIED.
MM INDICATES DATA IS MISSING.
T  INDICATES TRACE AMOUNT.


&&

...................................

...THE HOUSTON/HOBBY AIRPORT CLIMATE SUMMARY FOR FEBRUARY 22 2017...

CLIMATE NORMAL PERIOD 1981 TO 2010
CLIMATE RECORD PERIOD 1930 TO 2017


WEATHER ITEM   OBSERVED TIME   RECORD YEAR NORMAL DEPARTURE LAST
                VALUE   (LST)  VALUE       VALUE  FROM      YEAR
                                                  NORMAL
..................................................................
TEMPERATURE (F)
 YESTERDAY
  MAXIMUM         83    357 PM  86    1996  67     16       72
  MINIMUM         52    632 AM  24    1978  50      2       62
  AVERAGE         68                        59      9       67

PRECIPITATION (IN)
  YESTERDAY        0.00          1.81 1931   0.12  -0.12     0.42
  MONTH TO DATE    2.05                      2.57  -0.52     0.62
  SINCE DEC 1      9.81                     10.47  -0.66     6.62
  SINCE JAN 1      6.12                      6.44  -0.32     3.13

SNOWFALL (IN)
  YESTERDAY        0.0          MM      MM
  MONTH TO DATE    0.0
  SINCE DEC 1      0.0
  SINCE JUL 1      0.0

DEGREE DAYS
 HEATING
  YESTERDAY        0                         7     -7        0
  MONTH TO DATE   52                       198   -146      111
  SINCE DEC 1    453                       873   -420      622
  SINCE JUL 1    490                      1029   -539      696
..................................................................


WIND (MPH)
  HIGHEST WIND SPEED    10   HIGHEST WIND DIRECTION     S (180)
  HIGHEST GUST SPEED    15   HIGHEST GUST DIRECTION     W (270)


RELATIVE HUMIDITY (PERCENT)
 HIGHEST    83
 LOWEST     24
 AVERAGE    54

..........................................................


THE HOUSTON/HOBBY AIRPORT CLIMATE NORMALS FOR TODAY
                         NORMAL    RECORD    YEAR
 MAXIMUM TEMPERATURE (F)   68        86      1996
 MINIMUM TEMPERATURE (F)   50        30      1967
                                             1964


SUNRISE AND SUNSET
FEBRUARY 23 2017......SUNRISE   653 AM CST   SUNSET   616 PM CST
FEBRUARY 24 2017......SUNRISE   652 AM CST   SUNSET   617 PM CST


-  INDICATES NEGATIVE NUMBERS.
R  INDICATES RECORD WAS SET OR TIED.
MM INDICATES DATA IS MISSING.
T  INDICATES TRACE AMOUNT.


...MISCELLANEOUS CLIMATE DATA FOR YESTERDAY...

LOCATION                        HIGH    LOW     PRECIP
PEARLAND                         84      51      0.00
SUGAR LAND                       81      48      0.00
TOMBALL                          84      49      0.00
CONROE                           82      44      0.00
HUNTSVILLE                       82      48      0.00
ANGLETON/LAKE JACKSON            84      49      0.00
PALACIOS                         78      49      0.00
LEAGUE CITY (NWS)                82      51      0.00


THIS PRODUCT...ALONG WITH OTHER WEATHER...HYDROLOGIC...AND CLIMATE
PRODUCTS...IS AVAILABLE ON THE WEB AT HTTP://WWW.SRH.NOAA.GOV/HGX
OR AT HTTP://WEATHER.GOV

$$
