000
CDUS44 KHGX 291312
CLIHOU

CLIMATE REPORT
NATIONAL WEATHER SERVICE HOUSTON/GALVESTON TX
810 AM CDT SAT AUG 29 2015


...MORNING CLIMATE DATA...

                            MORNING LOW    PRECIP SINCE MIDNIGHT
HOUSTON INTERCONTINENTAL         69                0.00
GALVESTON SCHOLES FIELD          78                0.00
BRYAN/COLLEGE STATION            71                0.00
HOUSTON HOBBY                    71                0.00
...................................

...THE HOUSTON INTERCONTINENTAL CLIMATE SUMMARY FOR AUGUST 28 2015...

CLIMATE NORMAL PERIOD 1981 TO 2010
CLIMATE RECORD PERIOD 1892 TO 2015


WEATHER ITEM   OBSERVED TIME   RECORD YEAR NORMAL DEPARTURE LAST
                VALUE   (LST)  VALUE       VALUE  FROM      YEAR
                                                  NORMAL
..................................................................
TEMPERATURE (F)
 YESTERDAY
  MAXIMUM         92    315 PM 107    2011  94     -2       90
  MINIMUM         70    623 AM  63    1992  74     -4       76
  AVERAGE         81                        84     -3       83

PRECIPITATION (IN)
  YESTERDAY        0.00          3.88 1915   0.14  -0.14     0.00
  MONTH TO DATE    2.94                      3.30  -0.36     0.39
  SINCE JUN 1     14.94                     13.02   1.92     7.97
  SINCE JAN 1     45.38                     31.41  13.97    27.04

DEGREE DAYS
 COOLING
  YESTERDAY       16                        19     -3       18
  MONTH TO DATE  585                       554     31      563
  SINCE JUN 1   1768                      1675     93     1684
  SINCE JAN 1   2460                      2327    133     2225
..................................................................


WIND (MPH)
  HIGHEST WIND SPEED    10   HIGHEST WIND DIRECTION    SE (150)
  HIGHEST GUST SPEED    13   HIGHEST GUST DIRECTION     S (160)




RELATIVE HUMIDITY (PERCENT)
 HIGHEST    90
 LOWEST     44
 AVERAGE    67

..........................................................


THE HOUSTON INTERCONTINENTAL CLIMATE NORMALS FOR TODAY
                         NORMAL    RECORD    YEAR
 MAXIMUM TEMPERATURE (F)   93       107      2011
 MINIMUM TEMPERATURE (F)   74        61      1992


SUNRISE AND SUNSET
AUGUST 29 2015........SUNRISE   657 AM CDT   SUNSET   748 PM CDT
AUGUST 30 2015........SUNRISE   657 AM CDT   SUNSET   746 PM CDT


-  INDICATES NEGATIVE NUMBERS.
R  INDICATES RECORD WAS SET OR TIED.
MM INDICATES DATA IS MISSING.
T  INDICATES TRACE AMOUNT.


&&

...................................

...THE HOUSTON/HOBBY AIRPORT CLIMATE SUMMARY FOR AUGUST 28 2015...

CLIMATE NORMAL PERIOD 1981 TO 2010
CLIMATE RECORD PERIOD 1930 TO 2015


WEATHER ITEM   OBSERVED TIME   RECORD YEAR NORMAL DEPARTURE LAST
                VALUE   (LST)  VALUE       VALUE  FROM      YEAR
                                                  NORMAL
..................................................................
TEMPERATURE (F)
 YESTERDAY
  MAXIMUM         91    251 PM 103    2011  92     -1       86
  MINIMUM         72    513 AM  65    1930  75     -3       77
  AVERAGE         82                        84     -2       82

PRECIPITATION (IN)
  YESTERDAY        0.00          1.51 1945   0.19  -0.19     0.01
  MONTH TO DATE   10.76                      4.46   6.30     1.75
  SINCE JUN 1     18.20                     16.22   1.98     5.99
  SINCE JAN 1     53.06                     34.50  18.56    22.83

DEGREE DAYS
 COOLING
  YESTERDAY       17                        19     -2       17
  MONTH TO DATE  587                       532     55      578
  SINCE JUN 1   1783                      1625    158     1702
  SINCE JAN 1   2522                      2279    243     2253
..................................................................


WIND (MPH)
  HIGHEST WIND SPEED     9   HIGHEST WIND DIRECTION     S (170)
  HIGHEST GUST SPEED    14   HIGHEST GUST DIRECTION     E (110)




RELATIVE HUMIDITY (PERCENT)
 HIGHEST    90
 LOWEST     46
 AVERAGE    68

..........................................................


THE HOUSTON/HOBBY AIRPORT CLIMATE NORMALS FOR TODAY
                         NORMAL    RECORD    YEAR
 MAXIMUM TEMPERATURE (F)   92       103      2011
 MINIMUM TEMPERATURE (F)   75        65      1992


SUNRISE AND SUNSET
AUGUST 29 2015........SUNRISE   657 AM CDT   SUNSET   747 PM CDT
AUGUST 30 2015........SUNRISE   657 AM CDT   SUNSET   746 PM CDT


-  INDICATES NEGATIVE NUMBERS.
R  INDICATES RECORD WAS SET OR TIED.
MM INDICATES DATA IS MISSING.
T  INDICATES TRACE AMOUNT.

...MISCELLANEOUS CLIMATE DATA FOR YESTERDAY...

LOCATION                        HIGH    LOW     PRECIP
PEARLAND                         92      71      0.00
SUGAR LAND                       91      68      0.00
TOMBALL                          92      68      0.00
CONROE                           92      65      0.00
HUNTSVILLE                       96      68      0.00
ANGLETON/LAKE JACKSON            91      68      0.00
PALACIOS                         89      72      0.00
LEAGUE CITY (NWS)                89      72      0.00


THIS PRODUCT...ALONG WITH OTHER WEATHER...HYDROLOGIC...AND CLIMATE
PRODUCTS...IS AVAILABLE ON THE WEB AT HTTP://WWW.SRH.NOAA.GOV/HGX
OR AT HTTP://WEATHER.GOV

$$
