000
CDUS44 KHGX 240718
CLIHOU


CLIMATE REPORT
NATIONAL WEATHER SERVICE HOUSTON/GALVESTON TX
218 AM CDT WED AUG 24 2016


...................................

...THE HOUSTON INTERCONTINENTAL CLIMATE SUMMARY FOR AUGUST 23 2016...

CLIMATE NORMAL PERIOD 1981 TO 2010
CLIMATE RECORD PERIOD 1892 TO 2016


WEATHER ITEM   OBSERVED TIME   RECORD YEAR NORMAL DEPARTURE LAST
                VALUE   (LST)  VALUE       VALUE  FROM      YEAR
                                                  NORMAL
..................................................................
TEMPERATURE (F)
 YESTERDAY
  MAXIMUM         95    133 PM 107    1980  94      1       98
  MINIMUM         75    558 AM  64    1973  75      0       76
                                      1893
  AVERAGE         85                        84      1       87

PRECIPITATION (IN)
  YESTERDAY        T             2.46 1936   0.13  -0.13     0.00
  MONTH TO DATE    9.14                      2.61   6.53     2.76
  SINCE JUN 1     23.35                     12.33  11.02    14.76
  SINCE JAN 1     52.30                     30.72  21.58    45.20

DEGREE DAYS
 COOLING
  YESTERDAY       20                        19      1       22
  MONTH TO DATE  470                       459     11      495
  SINCE JUN 1   1683                      1580    103     1678
  SINCE JAN 1   2264                      2232     32     2370
..................................................................


WIND (MPH)
  HIGHEST WIND SPEED    24   HIGHEST WIND DIRECTION    SE (140)
  HIGHEST GUST SPEED    28   HIGHEST GUST DIRECTION    SE (140)




RELATIVE HUMIDITY (PERCENT)
 HIGHEST   100
 LOWEST     52
 AVERAGE    76

..........................................................


THE HOUSTON INTERCONTINENTAL CLIMATE NORMALS FOR TODAY
                         NORMAL    RECORD    YEAR
 MAXIMUM TEMPERATURE (F)   94       105      1980
 MINIMUM TEMPERATURE (F)   75        54      1891


SUNRISE AND SUNSET
AUGUST 24 2016........SUNRISE   654 AM CDT   SUNSET   752 PM CDT
AUGUST 25 2016........SUNRISE   655 AM CDT   SUNSET   751 PM CDT


-  INDICATES NEGATIVE NUMBERS.
R  INDICATES RECORD WAS SET OR TIED.
MM INDICATES DATA IS MISSING.
T  INDICATES TRACE AMOUNT.


&&

...................................

...THE HOUSTON/HOBBY AIRPORT CLIMATE SUMMARY FOR AUGUST 23 2016...

CLIMATE NORMAL PERIOD 1981 TO 2010
CLIMATE RECORD PERIOD 1930 TO 2016


WEATHER ITEM   OBSERVED TIME   RECORD YEAR NORMAL DEPARTURE LAST
                VALUE   (LST)  VALUE       VALUE  FROM      YEAR
                                                  NORMAL
..................................................................
TEMPERATURE (F)
 YESTERDAY
  MAXIMUM         92    235 PM 101    2011  92      0       96
                                      1980
  MINIMUM         79    637 AM  64    1940  76      3       77
  AVERAGE         86                        84      2       87

PRECIPITATION (IN)
  YESTERDAY        0.02          1.99 1936   0.19  -0.17     0.00
  MONTH TO DATE    7.20                      3.49   3.71     8.95
  SINCE JUN 1     21.44                     15.25   6.19    16.39
  SINCE JAN 1     46.29                     33.53  12.76    51.25

DEGREE DAYS
 COOLING
  YESTERDAY       21                        19      2       22
  MONTH TO DATE  478                       437     41      495
  SINCE JUN 1   1711                      1530    181     1691
  SINCE JAN 1   2482                      2184    298     2430
..................................................................


WIND (MPH)
  HIGHEST WIND SPEED    15   HIGHEST WIND DIRECTION     S (160)
  HIGHEST GUST SPEED    18   HIGHEST GUST DIRECTION     S (170)




RELATIVE HUMIDITY (PERCENT)
 HIGHEST    97
 LOWEST     60
 AVERAGE    79

..........................................................


THE HOUSTON/HOBBY AIRPORT CLIMATE NORMALS FOR TODAY
                         NORMAL    RECORD    YEAR
 MAXIMUM TEMPERATURE (F)   92       100      1980
 MINIMUM TEMPERATURE (F)   76        65      1949
                                             1931


SUNRISE AND SUNSET
AUGUST 24 2016........SUNRISE   654 AM CDT   SUNSET   752 PM CDT
AUGUST 25 2016........SUNRISE   655 AM CDT   SUNSET   751 PM CDT


-  INDICATES NEGATIVE NUMBERS.
R  INDICATES RECORD WAS SET OR TIED.
MM INDICATES DATA IS MISSING.
T  INDICATES TRACE AMOUNT.




$$
