000
CDUS46 KSEW 280827
CLIHQM


CLIMATE REPORT
NATIONAL WEATHER SERVICE SEATTLE WA
127 AM PDT MON JUL 28 2014


...................................

...THE HOQUIAM WA AIRPORT CLIMATE SUMMARY FOR JULY 27 2014...

CLIMATE NORMAL PERIOD 1981 TO 2010
CLIMATE RECORD PERIOD 1953 TO 2014


WEATHER ITEM   OBSERVED TIME   RECORD YEAR NORMAL DEPARTURE LAST
                VALUE   (LST)  VALUE       VALUE  FROM      YEAR
                                                  NORMAL
..................................................................
TEMPERATURE (F)
 YESTERDAY
  MAXIMUM         75    417 PM  92    1958  67      8       62
  MINIMUM         50    528 AM  47    1976  54     -4       53
                                      1972
                                      1954
  AVERAGE         63                        61      2       58

PRECIPITATION (IN)
  YESTERDAY        0.00          0.33 2001   0.02  -0.02     0.00
  MONTH TO DATE    0.83                      1.03  -0.20      T
  SINCE OCT 1     53.77                     63.85 -10.08    46.17
  SINCE JAN 1     41.66                     36.19   5.47    32.56

DEGREE DAYS
 HEATING
  YESTERDAY        2                         4     -2        7
  MONTH TO DATE  105                       141    -36      123
  SINCE JUN 1    309                       387    -78      298

 COOLING
  YESTERDAY        0                         0      0        0
  MONTH TO DATE    8                         0      8        0
  SINCE JUN 1      8                         2      6        8
  SINCE JAN 1     23                         3     20       11
..................................................................


WIND (MPH)
  RESULTANT WIND SPEED   3   RESULTANT WIND DIRECTION   W (250)
  HIGHEST WIND SPEED    15   HIGHEST WIND DIRECTION    SW (230)
  HIGHEST GUST SPEED    21   HIGHEST GUST DIRECTION     W (290)
  AVERAGE WIND SPEED     5.2


SKY COVER
  AVERAGE SKY COVER 0.0


WEATHER CONDITIONS
 THE FOLLOWING WEATHER WAS RECORDED YESTERDAY.
  FOG


RELATIVE HUMIDITY (PERCENT)
 HIGHEST   100           400 AM
 LOWEST     54           300 PM
 AVERAGE    77

..........................................................


THE HOQUIAM WA AIRPORT CLIMATE NORMALS FOR TODAY
                         NORMAL    RECORD    YEAR
 MAXIMUM TEMPERATURE (F)   67        93      2009
 MINIMUM TEMPERATURE (F)   54        41      1954


SUNRISE AND SUNSET
JULY 28 2014..........SUNRISE   550 AM PDT   SUNSET   853 PM PDT
JULY 29 2014..........SUNRISE   552 AM PDT   SUNSET   852 PM PDT


-  INDICATES NEGATIVE NUMBERS.
R  INDICATES RECORD WAS SET OR TIED.
MM INDICATES DATA IS MISSING.
T  INDICATES TRACE AMOUNT.




$$
