000
CDUS46 KSEW 280119
CLIHQM


CLIMATE REPORT
NATIONAL WEATHER SERVICE SEATTLE WA
519 PM PST THU NOV 27 2014


...................................

...THE HOQUIAM WA AIRPORT CLIMATE SUMMARY FOR NOVEMBER 27 2014...
VALID TODAY AS OF 0500 PM LOCAL TIME.

CLIMATE NORMAL PERIOD 1981 TO 2010
CLIMATE RECORD PERIOD 1953 TO 2014


WEATHER ITEM   OBSERVED TIME   RECORD YEAR NORMAL DEPARTURE LAST
                VALUE   (LST)  VALUE       VALUE  FROM      YEAR
                                                  NORMAL
..................................................................
TEMPERATURE (F)
 TODAY
  MAXIMUM         57R  1246 PM  57    2013  49      8       57
  MINIMUM         55    459 PM  24    1985  38     17       40
  AVERAGE         56                        43     13       49

PRECIPITATION (IN)
  TODAY            0.40          3.12 1995   0.38   0.02     0.10
  MONTH TO DATE    8.32                     10.04  -1.72     5.33
  SINCE OCT 1     18.87                     16.57   2.30     7.59
  SINCE JAN 1     65.96                     56.46   9.50    49.46

DEGREE DAYS
 HEATING
  TODAY            9                        22    -13       16
  MONTH TO DATE  471                       510    -39      510
  SINCE SEP 1    785                      1102   -317     1070

 COOLING
  TODAY            0                         0      0        0
  MONTH TO DATE    0                         0      0        0
  SINCE SEP 1     18                         7     11        7
  SINCE JAN 1     48                        23     25       20
..................................................................


WIND (MPH)
  RESULTANT WIND SPEED  18   RESULTANT WIND DIRECTION   S (180)
  HIGHEST WIND SPEED    29   HIGHEST WIND DIRECTION     S (180)
  HIGHEST GUST SPEED    35   HIGHEST GUST DIRECTION     S (180)
  AVERAGE WIND SPEED    17.9


SKY COVER
  AVERAGE SKY COVER 1.0


WEATHER CONDITIONS
 THE FOLLOWING WEATHER WAS RECORDED TODAY.
  RAIN
  LIGHT RAIN
  FOG


RELATIVE HUMIDITY (PERCENT)
 HIGHEST   100           200 AM
 LOWEST     93          1200 AM
 AVERAGE    97

..........................................................


THE HOQUIAM WA AIRPORT CLIMATE NORMALS FOR TOMORROW
                         NORMAL    RECORD    YEAR
 MAXIMUM TEMPERATURE (F)   48        59      2002
 MINIMUM TEMPERATURE (F)   38        24      1985


SUNRISE AND SUNSET
NOVEMBER 27 2014......SUNRISE   736 AM PST   SUNSET   431 PM PST
NOVEMBER 28 2014......SUNRISE   737 AM PST   SUNSET   430 PM PST


-  INDICATES NEGATIVE NUMBERS.
R  INDICATES RECORD WAS SET OR TIED.
MM INDICATES DATA IS MISSING.
T  INDICATES TRACE AMOUNT.




$$
