000
CDUS46 KSEW 080118
CLIHQM


CLIMATE REPORT
NATIONAL WEATHER SERVICE SEATTLE WA
518 PM PST SUN FEB 7 2016


...................................

...THE HOQUIAM WA AIRPORT CLIMATE SUMMARY FOR FEBRUARY 7 2016...
VALID TODAY AS OF 0500 PM LOCAL TIME.

CLIMATE NORMAL PERIOD 1981 TO 2010
CLIMATE RECORD PERIOD 1953 TO 2016


WEATHER ITEM   OBSERVED TIME   RECORD YEAR NORMAL DEPARTURE LAST
                VALUE   (LST)  VALUE       VALUE  FROM      YEAR
                                                  NORMAL
..................................................................
TEMPERATURE (F)
 TODAY
  MAXIMUM         56    401 PM  63    1993  49      7       55
                                      1963
  MINIMUM         42    811 AM  21    2014  38      4       50
  AVERAGE         49                        43      6       53

PRECIPITATION (IN)
  TODAY            0.00          1.80 1996   0.28  -0.28     1.07
  MONTH TO DATE    1.46                      1.98  -0.52     3.71
  SINCE OCT 1     49.18                     39.97   9.21    46.13
  SINCE JAN 1     15.76                     12.31   3.45    14.71

DEGREE DAYS
 HEATING
  TODAY           16                        22     -6       12
  MONTH TO DATE  136                       154    -18       98
  SINCE DEC 1   1445                      1575   -130     1267

 COOLING
  TODAY            0                         0      0        0
  MONTH TO DATE    0                         0      0        0
  SINCE DEC 1      0                         0      0        0
  SINCE JAN 1      0                         0      0        0
..................................................................


WIND (MPH)
  RESULTANT WIND SPEED  11   RESULTANT WIND DIRECTION  NE (60)
  HIGHEST WIND SPEED    16   HIGHEST WIND DIRECTION    NE (50)
  HIGHEST GUST SPEED    20   HIGHEST GUST DIRECTION     E (80)
  AVERAGE WIND SPEED    11.1


SKY COVER
  AVERAGE SKY COVER 0.8


WEATHER CONDITIONS
 THE FOLLOWING WEATHER WAS RECORDED TODAY.
  FOG


RELATIVE HUMIDITY (PERCENT)
 HIGHEST    96          1200 AM
 LOWEST     71          1100 AM
 AVERAGE    84

..........................................................


THE HOQUIAM WA AIRPORT CLIMATE NORMALS FOR TOMORROW
                         NORMAL    RECORD    YEAR
 MAXIMUM TEMPERATURE (F)   49        65      1991
 MINIMUM TEMPERATURE (F)   38        25      1994


SUNRISE AND SUNSET
FEBRUARY  7 2016......SUNRISE   733 AM PST   SUNSET   527 PM PST
FEBRUARY  8 2016......SUNRISE   731 AM PST   SUNSET   529 PM PST


-  INDICATES NEGATIVE NUMBERS.
R  INDICATES RECORD WAS SET OR TIED.
MM INDICATES DATA IS MISSING.
T  INDICATES TRACE AMOUNT.




$$
