000
CDUS46 KSEW 290831
CLIHQM


CLIMATE REPORT
NATIONAL WEATHER SERVICE SEATTLE WA
131 AM PDT SAT AUG 29 2015


...................................

...THE HOQUIAM WA AIRPORT CLIMATE SUMMARY FOR AUGUST 28 2015...

CLIMATE NORMAL PERIOD 1981 TO 2010
CLIMATE RECORD PERIOD 1953 TO 2015


WEATHER ITEM   OBSERVED TIME   RECORD YEAR NORMAL DEPARTURE LAST
                VALUE   (LST)  VALUE       VALUE  FROM      YEAR
                                                  NORMAL
..................................................................
TEMPERATURE (F)
 YESTERDAY
  MAXIMUM         70    252 PM  91    1967  68      2       68
  MINIMUM         60    612 AM  45    2010  53      7       57
                                      1969
                                      1957
  AVERAGE         65                        61      4       63

PRECIPITATION (IN)
  YESTERDAY        0.22          1.32 1991   0.06   0.16     0.00
  MONTH TO DATE    0.31                      1.12  -0.81     0.73
  SINCE OCT 1     58.60                     65.08  -6.48    54.50
  SINCE JAN 1     27.18                     37.42 -10.24    42.39

DEGREE DAYS
 HEATING
  YESTERDAY        0                         4     -4        2
  MONTH TO DATE   48                       112    -64       71
  SINCE JUN 1    251                       522   -271      390

 COOLING
  YESTERDAY        0                         0      0        0
  MONTH TO DATE   12                         0     12        7
  SINCE JUN 1     31                         8     23       15
  SINCE JAN 1     31                         9     22       30
..................................................................


WIND (MPH)
  RESULTANT WIND SPEED   2   RESULTANT WIND DIRECTION   S (160)
  HIGHEST WIND SPEED    20   HIGHEST WIND DIRECTION    NE (50)
  HIGHEST GUST SPEED    24   HIGHEST GUST DIRECTION    NE (50)
  AVERAGE WIND SPEED     6.7


SKY COVER
  AVERAGE SKY COVER 0.7


WEATHER CONDITIONS
 THE FOLLOWING WEATHER WAS RECORDED YESTERDAY.
  RAIN
  LIGHT RAIN
  FOG


RELATIVE HUMIDITY (PERCENT)
 HIGHEST    97           700 AM
 LOWEST     70           300 PM
 AVERAGE    84

..........................................................


THE HOQUIAM WA AIRPORT CLIMATE NORMALS FOR TODAY
                         NORMAL    RECORD    YEAR
 MAXIMUM TEMPERATURE (F)   68        84      2007
 MINIMUM TEMPERATURE (F)   53        40      1969
                                             1965


SUNRISE AND SUNSET
AUGUST 29 2015........SUNRISE   631 AM PDT   SUNSET   801 PM PDT
AUGUST 30 2015........SUNRISE   632 AM PDT   SUNSET   759 PM PDT


-  INDICATES NEGATIVE NUMBERS.
R  INDICATES RECORD WAS SET OR TIED.
MM INDICATES DATA IS MISSING.
T  INDICATES TRACE AMOUNT.




$$
