000
CDUS46 KSEW 280827
CLIHQM


CLIMATE REPORT
NATIONAL WEATHER SERVICE SEATTLE WA
127 AM PDT THU AUG 28 2014


...................................

...THE HOQUIAM WA AIRPORT CLIMATE SUMMARY FOR AUGUST 27 2014...

CLIMATE NORMAL PERIOD 1981 TO 2010
CLIMATE RECORD PERIOD 1953 TO 2014


WEATHER ITEM   OBSERVED TIME   RECORD YEAR NORMAL DEPARTURE LAST
                VALUE   (LST)  VALUE       VALUE  FROM      YEAR
                                                  NORMAL
..................................................................
TEMPERATURE (F)
 YESTERDAY
  MAXIMUM         67    459 PM  81    1999  68     -1       71
                                      1994
                                      1990
  MINIMUM         54    627 AM  43    1955  53      1       59
  AVERAGE         61                        61      0       65

PRECIPITATION (IN)
  YESTERDAY        0.00          1.16 1975   0.06  -0.06     0.05
  MONTH TO DATE    0.73                      1.06  -0.33     0.87
  SINCE OCT 1     54.50                     65.02 -10.52    47.04
  SINCE JAN 1     42.39                     37.36   5.03    33.43

DEGREE DAYS
 HEATING
  YESTERDAY        4                         4      0        0
  MONTH TO DATE   69                       108    -39       99
  SINCE JUN 1    388                       518   -130      421

 COOLING
  YESTERDAY        0                         0      0        0
  MONTH TO DATE    7                         0      7        0
  SINCE JUN 1     15                         8      7        8
  SINCE JAN 1     30                         9     21       11
..................................................................


WIND (MPH)
  RESULTANT WIND SPEED   8   RESULTANT WIND DIRECTION   W (250)
  HIGHEST WIND SPEED    21   HIGHEST WIND DIRECTION    SW (240)
  HIGHEST GUST SPEED    24   HIGHEST GUST DIRECTION    SW (230)
  AVERAGE WIND SPEED     9.2


SKY COVER
  AVERAGE SKY COVER 0.8


WEATHER CONDITIONS
 THE FOLLOWING WEATHER WAS RECORDED YESTERDAY.
  FOG


RELATIVE HUMIDITY (PERCENT)
 HIGHEST   100           100 AM
 LOWEST     68           500 PM
 AVERAGE    84

..........................................................


THE HOQUIAM WA AIRPORT CLIMATE NORMALS FOR TODAY
                         NORMAL    RECORD    YEAR
 MAXIMUM TEMPERATURE (F)   68        91      1967
 MINIMUM TEMPERATURE (F)   53        45      2010
                                             1969
                                             1957


SUNRISE AND SUNSET
AUGUST 28 2014........SUNRISE   630 AM PDT   SUNSET   803 PM PDT
AUGUST 29 2014........SUNRISE   631 AM PDT   SUNSET   801 PM PDT


-  INDICATES NEGATIVE NUMBERS.
R  INDICATES RECORD WAS SET OR TIED.
MM INDICATES DATA IS MISSING.
T  INDICATES TRACE AMOUNT.




$$
