000
CDUS46 KSEW 300828
CLIHQM


CLIMATE REPORT
NATIONAL WEATHER SERVICE SEATTLE WA
128 AM PDT TUE SEP 30 2014


...................................

...THE HOQUIAM WA AIRPORT CLIMATE SUMMARY FOR SEPTEMBER 29 2014...

CLIMATE NORMAL PERIOD 1981 TO 2010
CLIMATE RECORD PERIOD 1953 TO 2014


WEATHER ITEM   OBSERVED TIME   RECORD YEAR NORMAL DEPARTURE LAST
                VALUE   (LST)  VALUE       VALUE  FROM      YEAR
                                                  NORMAL
..................................................................
TEMPERATURE (F)
 YESTERDAY
  MAXIMUM         63    337 PM  80    1957  64     -1       60
  MINIMUM         54   1126 PM  37    1961  48      6       51
                                      1954
  AVERAGE         59                        56      3       56

PRECIPITATION (IN)
  YESTERDAY        0.06          1.60 2005   0.10  -0.04     1.24
  MONTH TO DATE    3.37                      2.17   1.20     6.92
  SINCE OCT 1     59.13                     67.44  -8.31    54.87
  SINCE JAN 1     47.02                     39.78   7.24    41.26

DEGREE DAYS
 HEATING
  YESTERDAY        6                         9     -3        9
  MONTH TO DATE   88                       180    -92      135
  SINCE SEP 1     88                       180    -92      135

 COOLING
  YESTERDAY        0                         0      0        0
  MONTH TO DATE   18                         0     18        7
  SINCE SEP 1     18                         0     18        7
  SINCE JAN 1     48                        16     32       20
..................................................................


WIND (MPH)
  RESULTANT WIND SPEED   5   RESULTANT WIND DIRECTION  SW (240)
  HIGHEST WIND SPEED    22   HIGHEST WIND DIRECTION     W (270)
  HIGHEST GUST SPEED    26   HIGHEST GUST DIRECTION     W (260)
  AVERAGE WIND SPEED     8.5


SKY COVER
  AVERAGE SKY COVER 0.8


WEATHER CONDITIONS
 THE FOLLOWING WEATHER WAS RECORDED YESTERDAY.
  LIGHT RAIN
  FOG


RELATIVE HUMIDITY (PERCENT)
 HIGHEST   100          1200 AM
 LOWEST     78           400 PM
 AVERAGE    89

..........................................................


THE HOQUIAM WA AIRPORT CLIMATE NORMALS FOR TODAY
                         NORMAL    RECORD    YEAR
 MAXIMUM TEMPERATURE (F)   64        85      1987
 MINIMUM TEMPERATURE (F)   48        33      1971


SUNRISE AND SUNSET
SEPTEMBER 30 2014.....SUNRISE   713 AM PDT   SUNSET   657 PM PDT
OCTOBER  1 2014.......SUNRISE   715 AM PDT   SUNSET   655 PM PDT


-  INDICATES NEGATIVE NUMBERS.
R  INDICATES RECORD WAS SET OR TIED.
MM INDICATES DATA IS MISSING.
T  INDICATES TRACE AMOUNT.




$$
