000
CDUS46 KSEW 200827
CLIHQM


CLIMATE REPORT
NATIONAL WEATHER SERVICE SEATTLE WA
126 AM PDT SUN APR 20 2014


...................................

...THE HOQUIAM WA AIRPORT CLIMATE SUMMARY FOR APRIL 19 2014...

CLIMATE NORMAL PERIOD 1981 TO 2010
CLIMATE RECORD PERIOD 1953 TO 2014


WEATHER ITEM   OBSERVED TIME   RECORD YEAR NORMAL DEPARTURE LAST
                VALUE   (LST)  VALUE       VALUE  FROM      YEAR
                                                  NORMAL
..................................................................
TEMPERATURE (F)
 YESTERDAY
  MAXIMUM         54   1243 PM  73    1956  56     -2       52
  MINIMUM         46    634 AM  32    1982  42      4       48
  AVERAGE         50                        49      1       50

PRECIPITATION (IN)
  YESTERDAY        0.40          2.04 1965   0.16   0.24     0.93
  MONTH TO DATE    3.27                      3.47  -0.20     6.76
  SINCE OCT 1     43.97                     55.66 -11.69    39.29
  SINCE JAN 1     31.86                     28.00   3.86    25.68

DEGREE DAYS
 HEATING
  YESTERDAY       15                        16     -1       15
  MONTH TO DATE  296                       321    -25      327
  SINCE MAR 1    833                       910    -77      912

 COOLING
  YESTERDAY        0                         0      0        0
  MONTH TO DATE    0                         0      0        0
  SINCE MAR 1      0                         0      0        0
  SINCE JAN 1      0                         0      0        0
..................................................................


WIND (MPH)
  RESULTANT WIND SPEED   4   RESULTANT WIND DIRECTION  SE (120)
  HIGHEST WIND SPEED    28   HIGHEST WIND DIRECTION    SW (240)
  HIGHEST GUST SPEED    41   HIGHEST GUST DIRECTION    SW (220)
  AVERAGE WIND SPEED    13.6


SKY COVER
  AVERAGE SKY COVER 0.9


WEATHER CONDITIONS
 THE FOLLOWING WEATHER WAS RECORDED YESTERDAY.
  RAIN
  LIGHT RAIN
  FOG


RELATIVE HUMIDITY (PERCENT)
 HIGHEST    93           900 AM
 LOWEST     76           100 AM
 AVERAGE    85

..........................................................


THE HOQUIAM WA AIRPORT CLIMATE NORMALS FOR TODAY
                         NORMAL    RECORD    YEAR
 MAXIMUM TEMPERATURE (F)   56        83      1956
 MINIMUM TEMPERATURE (F)   42        32      2011
                                             1961


SUNRISE AND SUNSET
APRIL 20 2014.........SUNRISE   619 AM PDT   SUNSET   811 PM PDT
APRIL 21 2014.........SUNRISE   617 AM PDT   SUNSET   813 PM PDT


-  INDICATES NEGATIVE NUMBERS.
R  INDICATES RECORD WAS SET OR TIED.
MM INDICATES DATA IS MISSING.
T  INDICATES TRACE AMOUNT.




$$
