000
CDUS46 KSEW 240829
CLIHQM


CLIMATE REPORT
NATIONAL WEATHER SERVICE SEATTLE WA
1229 AM PST MON NOV 24 2014


...................................

...THE HOQUIAM WA AIRPORT CLIMATE SUMMARY FOR NOVEMBER 23 2014...

CLIMATE NORMAL PERIOD 1981 TO 2010
CLIMATE RECORD PERIOD 1953 TO 2014


WEATHER ITEM   OBSERVED TIME   RECORD YEAR NORMAL DEPARTURE LAST
                VALUE   (LST)  VALUE       VALUE  FROM      YEAR
                                                  NORMAL
..................................................................
TEMPERATURE (F)
 YESTERDAY
  MAXIMUM         55   1133 AM  58    1957  50      5       54
                                      1954
  MINIMUM         42   1145 PM  18    1985  39      3       35
  AVERAGE         49                        44      5       45

PRECIPITATION (IN)
  YESTERDAY        0.35          2.11 1964   0.38  -0.03     0.00
  MONTH TO DATE    6.40                      8.54  -2.14     5.19
  SINCE OCT 1     16.95                     15.07   1.88     7.45
  SINCE JAN 1     64.04                     54.96   9.08    49.32

DEGREE DAYS
 HEATING
  YESTERDAY       16                        21     -5       20
  MONTH TO DATE  423                       425     -2      422
  SINCE SEP 1    737                      1017   -280      982

 COOLING
  YESTERDAY        0                         0      0        0
  MONTH TO DATE    0                         0      0        0
  SINCE SEP 1     18                         7     11        7
  SINCE JAN 1     48                        23     25       20
..................................................................


WIND (MPH)
  RESULTANT WIND SPEED   6   RESULTANT WIND DIRECTION  SW (220)
  HIGHEST WIND SPEED    38   HIGHEST WIND DIRECTION     S (190)
  HIGHEST GUST SPEED    52   HIGHEST GUST DIRECTION     S (180)
  AVERAGE WIND SPEED    12.2


SKY COVER
  AVERAGE SKY COVER 0.6


WEATHER CONDITIONS
 THE FOLLOWING WEATHER WAS RECORDED YESTERDAY.
  THUNDERSTORM
  HEAVY RAIN
  RAIN
  LIGHT RAIN
  FOG


RELATIVE HUMIDITY (PERCENT)
 HIGHEST   100           800 PM
 LOWEST     71           100 PM
 AVERAGE    86

..........................................................


THE HOQUIAM WA AIRPORT CLIMATE NORMALS FOR TODAY
                         NORMAL    RECORD    YEAR
 MAXIMUM TEMPERATURE (F)   49        58      1983
 MINIMUM TEMPERATURE (F)   39        18      1985


SUNRISE AND SUNSET
NOVEMBER 24 2014......SUNRISE   732 AM PST   SUNSET   433 PM PST
NOVEMBER 25 2014......SUNRISE   733 AM PST   SUNSET   432 PM PST


-  INDICATES NEGATIVE NUMBERS.
R  INDICATES RECORD WAS SET OR TIED.
MM INDICATES DATA IS MISSING.
T  INDICATES TRACE AMOUNT.




$$
