000
CDUS46 KSEW 160121
CLIHQM


CLIMATE REPORT
NATIONAL WEATHER SERVICE SEATTLE WA
620 PM PDT MON SEP 15 2014


...................................

...THE HOQUIAM WA AIRPORT CLIMATE SUMMARY FOR SEPTEMBER 15 2014...
VALID TODAY AS OF 0600 PM LOCAL TIME.

CLIMATE NORMAL PERIOD 1981 TO 2010
CLIMATE RECORD PERIOD 1953 TO 2014


WEATHER ITEM   OBSERVED TIME   RECORD YEAR NORMAL DEPARTURE LAST
                VALUE   (LST)  VALUE       VALUE  FROM      YEAR
                                                  NORMAL
..................................................................
TEMPERATURE (F)
 TODAY
  MAXIMUM         84   1257 PM  93    1967  67     17       63
  MINIMUM         50    519 AM  37    1969  51     -1       58
  AVERAGE         67                        59      8       61

PRECIPITATION (IN)
  TODAY            0.00          0.91 1997   0.06  -0.06     0.04
  MONTH TO DATE    0.24                      0.99  -0.75     0.35
  SINCE OCT 1     56.00                     66.26 -10.26    48.30
  SINCE JAN 1     43.89                     38.60   5.29    34.69

DEGREE DAYS
 HEATING
  TODAY            0                         6     -6        4
  MONTH TO DATE   35                        78    -43       28
  SINCE SEP 1     35                        78    -43       28

 COOLING
  TODAY            2                         0      2        0
  MONTH TO DATE   15                         0     15        7
  SINCE SEP 1     15                         0     15        7
  SINCE JAN 1     45                        16     29       20
..................................................................


WIND (MPH)
  RESULTANT WIND SPEED   4   RESULTANT WIND DIRECTION   E (80)
  HIGHEST WIND SPEED    18   HIGHEST WIND DIRECTION    SW (230)
  HIGHEST GUST SPEED    22   HIGHEST GUST DIRECTION    SW (230)
  AVERAGE WIND SPEED    10.1


SKY COVER
  AVERAGE SKY COVER 0.0


WEATHER CONDITIONS
 THE FOLLOWING WEATHER WAS RECORDED TODAY.
  FOG
  HAZE


RELATIVE HUMIDITY (PERCENT)
 HIGHEST    90           500 PM
 LOWEST     29           100 PM
 AVERAGE    60

..........................................................


THE HOQUIAM WA AIRPORT CLIMATE NORMALS FOR TOMORROW
                         NORMAL    RECORD    YEAR
 MAXIMUM TEMPERATURE (F)   67        84      1994
 MINIMUM TEMPERATURE (F)   51        41      1965


SUNRISE AND SUNSET
SEPTEMBER 15 2014.....SUNRISE   653 AM PDT   SUNSET   727 PM PDT
SEPTEMBER 16 2014.....SUNRISE   655 AM PDT   SUNSET   725 PM PDT


-  INDICATES NEGATIVE NUMBERS.
R  INDICATES RECORD WAS SET OR TIED.
MM INDICATES DATA IS MISSING.
T  INDICATES TRACE AMOUNT.




$$
