000
CDUS46 KSEW 220839
CLIHQM


CLIMATE REPORT
NATIONAL WEATHER SERVICE SEATTLE WA
139 AM PDT THU JUN 22 2017


...................................

...THE HOQUIAM WA AIRPORT CLIMATE SUMMARY FOR JUNE 21 2017...

CLIMATE NORMAL PERIOD 1981 TO 2010
CLIMATE RECORD PERIOD 1953 TO 2017


WEATHER ITEM   OBSERVED TIME   RECORD YEAR NORMAL DEPARTURE LAST
                VALUE   (LST)  VALUE       VALUE  FROM      YEAR
                                                  NORMAL
..................................................................
TEMPERATURE (F)
 YESTERDAY
  MAXIMUM         63    324 PM  88    1990  64     -1       64
  MINIMUM         50    449 AM  36    1956  51     -1       54
  AVERAGE         57                        58     -1       59

PRECIPITATION (IN)
  YESTERDAY        0.00          0.44 1967   0.06  -0.06     0.00
  MONTH TO DATE    1.99                      1.72   0.27     0.92
  SINCE OCT 1     84.05                     62.30  21.75    73.90
  SINCE JAN 1     42.51                     34.64   7.87    40.48

DEGREE DAYS
 HEATING
  YESTERDAY        8                         7      1        6
  MONTH TO DATE  171                       182    -11      162
  SINCE JUN 1    171                       182    -11      162

 COOLING
  YESTERDAY        0                         0      0        0
  MONTH TO DATE    0                         0      0       13
  SINCE JUN 1      0                         0      0       13
  SINCE JAN 1      0                         1     -1       18
..................................................................


WIND (MPH)
  RESULTANT WIND SPEED  11   RESULTANT WIND DIRECTION   W (280)
  HIGHEST WIND SPEED    22   HIGHEST WIND DIRECTION     W (270)
  HIGHEST GUST SPEED    29   HIGHEST GUST DIRECTION     W (270)
  AVERAGE WIND SPEED    10.5


SKY COVER
  AVERAGE SKY COVER 0.1


WEATHER CONDITIONS
 THE FOLLOWING WEATHER WAS RECORDED YESTERDAY.
  NO SIGNIFICANT WEATHER WAS OBSERVED.


RELATIVE HUMIDITY (PERCENT)
 HIGHEST    89          1100 PM
 LOWEST     56          1200 PM
 AVERAGE    73

..........................................................


THE HOQUIAM WA AIRPORT CLIMATE NORMALS FOR TODAY
                         NORMAL    RECORD    YEAR
 MAXIMUM TEMPERATURE (F)   64        85      1992
 MINIMUM TEMPERATURE (F)   51        40      1965


SUNRISE AND SUNSET
JUNE 22 2017..........SUNRISE   521 AM PDT   SUNSET   915 PM PDT
JUNE 23 2017..........SUNRISE   521 AM PDT   SUNSET   915 PM PDT


-  INDICATES NEGATIVE NUMBERS.
R  INDICATES RECORD WAS SET OR TIED.
MM INDICATES DATA IS MISSING.
T  INDICATES TRACE AMOUNT.




$$
