000
CDUS46 KSEW 260839
CLIHQM


CLIMATE REPORT
NATIONAL WEATHER SERVICE SEATTLE WA
1238 AM PST SUN FEB 26 2017


...................................

...THE HOQUIAM WA AIRPORT CLIMATE SUMMARY FOR FEBRUARY 25 2017...

CLIMATE NORMAL PERIOD 1981 TO 2010
CLIMATE RECORD PERIOD 1953 TO 2017


WEATHER ITEM   OBSERVED TIME   RECORD YEAR NORMAL DEPARTURE LAST
                VALUE   (LST)  VALUE       VALUE  FROM      YEAR
                                                  NORMAL
..................................................................
TEMPERATURE (F)
 YESTERDAY
  MAXIMUM         45    243 PM  67    1992  51     -6       63
  MINIMUM         27    657 AM  24    2011  38    -11       42
  AVERAGE         36                        44     -8       53

PRECIPITATION (IN)
  YESTERDAY        0.22          1.89 1957   0.25  -0.03     0.00
  MONTH TO DATE    7.09                      6.49   0.60     6.90
  SINCE OCT 1     53.72                     44.48   9.24    54.62
  SINCE JAN 1     12.18                     16.82  -4.64    21.20

DEGREE DAYS
 HEATING
  YESTERDAY       29                        21      8       12
  MONTH TO DATE  572                       535     37      418
  SINCE DEC 1   2178                      1956    222     1727

 COOLING
  YESTERDAY        0                         0      0        0
  MONTH TO DATE    0                         0      0        0
  SINCE DEC 1      0                         0      0        0
  SINCE JAN 1      0                         0      0        0
..................................................................


WIND (MPH)
  RESULTANT WIND SPEED   1   RESULTANT WIND DIRECTION  SW (220)
  HIGHEST WIND SPEED    24   HIGHEST WIND DIRECTION    SW (230)
  HIGHEST GUST SPEED    27   HIGHEST GUST DIRECTION    SW (220)
  AVERAGE WIND SPEED     8.3


SKY COVER
  AVERAGE SKY COVER 0.4


WEATHER CONDITIONS
 THE FOLLOWING WEATHER WAS RECORDED YESTERDAY.
  HEAVY RAIN
  LIGHT RAIN
  FOG


RELATIVE HUMIDITY (PERCENT)
 HIGHEST   100          1200 AM
 LOWEST     65           200 PM
 AVERAGE    83

..........................................................


THE HOQUIAM WA AIRPORT CLIMATE NORMALS FOR TODAY
                         NORMAL    RECORD    YEAR
 MAXIMUM TEMPERATURE (F)   51        72      1992
 MINIMUM TEMPERATURE (F)   38        19      1962


SUNRISE AND SUNSET
FEBRUARY 26 2017......SUNRISE   700 AM PST   SUNSET   557 PM PST
FEBRUARY 27 2017......SUNRISE   659 AM PST   SUNSET   559 PM PST


-  INDICATES NEGATIVE NUMBERS.
R  INDICATES RECORD WAS SET OR TIED.
MM INDICATES DATA IS MISSING.
T  INDICATES TRACE AMOUNT.




$$
