000
CDUS44 KBRO 200625
CLIHRL


CLIMATE REPORT
NATIONAL WEATHER SERVICE BROWNSVILLE TX
125 AM CDT SUN APR 20 2014


...................................

...THE HARLINGEN CLIMATE SUMMARY FOR APRIL 19 2014...

CLIMATE NORMAL PERIOD 1981 TO 2010
CLIMATE RECORD PERIOD 1912 TO 2014


WEATHER ITEM   OBSERVED TIME   RECORD YEAR NORMAL DEPARTURE LAST
                VALUE   (LST)  VALUE       VALUE  FROM      YEAR
                                                  NORMAL
..................................................................
TEMPERATURE (F)
 YESTERDAY
  MAXIMUM         82   1251 PM 100    1953  86     -4       70
  MINIMUM         56    504 AM  50    2013  66    -10       50
  AVERAGE         69                        76     -7       60

PRECIPITATION (IN)
  YESTERDAY        0.00          1.00 1935   0.07  -0.07     0.00
  MONTH TO DATE    0.17                      1.11  -0.94     0.04
  SINCE MAR 1      1.95                      2.40  -0.45     0.10
  SINCE JAN 1      2.95                      4.87  -1.92     2.84

SNOWFALL (IN)
  YESTERDAY        0.0
  MONTH TO DATE    0.0
  SINCE MAR 1      0.0
  SINCE JUL 1      0.0

DEGREE DAYS
 HEATING
  YESTERDAY        0                         0      0        5
  MONTH TO DATE   12                         7      5        7
  SINCE MAR 1    119                        53     66       50
  SINCE JUL 1    930                       621    309      398

 COOLING
  YESTERDAY        4                        11     -7        0
  MONTH TO DATE  135                       184    -49      206
  SINCE MAR 1    247                       354   -107      367
  SINCE JAN 1    358                       479   -121      561
..................................................................


WIND (MPH)
  HIGHEST WIND SPEED    20   HIGHEST WIND DIRECTION     E (110)
  HIGHEST GUST SPEED    26   HIGHEST GUST DIRECTION     E (110)
  AVERAGE WIND SPEED     9.2



WEATHER CONDITIONS
 THE FOLLOWING WEATHER WAS RECORDED YESTERDAY.
  FOG
  FOG W/VISIBILITY <= 1/4 MILE


RELATIVE HUMIDITY (PERCENT)
 HIGHEST   100
 LOWEST     58
 AVERAGE    79

..........................................................


THE HARLINGEN CLIMATE NORMALS FOR TODAY
                         NORMAL    RECORD    YEAR
 MAXIMUM TEMPERATURE (F)   87        97      1951
 MINIMUM TEMPERATURE (F)   66        46      2013


SUNRISE AND SUNSET
APRIL 20 2014.........SUNRISE   703 AM CDT   SUNSET   757 PM CDT
APRIL 21 2014.........SUNRISE   702 AM CDT   SUNSET   757 PM CDT


-  INDICATES NEGATIVE NUMBERS.
R  INDICATES RECORD WAS SET OR TIED.
MM INDICATES DATA IS MISSING.
T  INDICATES TRACE AMOUNT.




$$
