000
CDUS44 KBRO 090727
CLIHRL


CLIMATE REPORT
NATIONAL WEATHER SERVICE BROWNSVILLE TX
126 AM CST FRI DEC 9 2016


...................................

...THE HARLINGEN CLIMATE SUMMARY FOR DECEMBER 8 2016...

CLIMATE NORMAL PERIOD 1981 TO 2010
CLIMATE RECORD PERIOD 1912 TO 2016


WEATHER ITEM   OBSERVED TIME   RECORD YEAR NORMAL DEPARTURE LAST
                VALUE   (LST)  VALUE       VALUE  FROM      YEAR
                                                  NORMAL
..................................................................
TEMPERATURE (F)
 YESTERDAY
  MAXIMUM         66    125 AM  89    1996  73     -7       79
  MINIMUM         42   1159 PM  30    1950  51     -9       50
  AVERAGE         54                        62     -8       65

PRECIPITATION (IN)
  YESTERDAY        0.30          1.06 1967   0.05   0.25     0.00
  MONTH TO DATE    1.04                      0.42   0.62     0.02
  SINCE DEC 1      1.04                      0.42   0.62     0.02
  SINCE JAN 1     21.30                     24.34  -3.04    32.92

SNOWFALL (IN)
  YESTERDAY       MM
  MONTH TO DATE    0.0
  SINCE DEC 1      0.0
  SINCE JUL 1      0.0

DEGREE DAYS
 HEATING
  YESTERDAY       11                         6      5        0
  MONTH TO DATE   21                        40    -19       23
  SINCE DEC 1     21                        40    -19       23
  SINCE JUL 1     36                        97    -61       59

 COOLING
  YESTERDAY        0                         2     -2        0
  MONTH TO DATE   24                        21      3        1
  SINCE DEC 1     24                        21      3        1
  SINCE JAN 1   4662                      3955    707     4245
..................................................................


WIND (MPH)
  HIGHEST WIND SPEED    33   HIGHEST WIND DIRECTION     N (350)
  HIGHEST GUST SPEED    44   HIGHEST GUST DIRECTION     N (350)
  AVERAGE WIND SPEED    21.8



WEATHER CONDITIONS
 THE FOLLOWING WEATHER WAS RECORDED YESTERDAY.
  HEAVY RAIN
  RAIN
  LIGHT RAIN
  FOG


RELATIVE HUMIDITY (PERCENT)
 HIGHEST   100
 LOWEST     86
 AVERAGE    93

..........................................................


THE HARLINGEN CLIMATE NORMALS FOR TODAY
                         NORMAL    RECORD    YEAR
 MAXIMUM TEMPERATURE (F)   72        88      2007
                                             1922
 MINIMUM TEMPERATURE (F)   51        33      1976


SUNRISE AND SUNSET
DECEMBER  9 2016......SUNRISE   707 AM CST   SUNSET   539 PM CST
DECEMBER 10 2016......SUNRISE   708 AM CST   SUNSET   540 PM CST


-  INDICATES NEGATIVE NUMBERS.
R  INDICATES RECORD WAS SET OR TIED.
MM INDICATES DATA IS MISSING.
T  INDICATES TRACE AMOUNT.




$$
