000
CDUS44 KBRO 250633
CLIHRL


CLIMATE REPORT
NATIONAL WEATHER SERVICE BROWNSVILLE TX
131 AM CDT FRI JUL 25 2014


...................................

...THE HARLINGEN CLIMATE SUMMARY FOR JULY 24 2014...

CLIMATE NORMAL PERIOD 1981 TO 2010
CLIMATE RECORD PERIOD 1912 TO 2014


WEATHER ITEM   OBSERVED TIME   RECORD YEAR NORMAL DEPARTURE LAST
                VALUE   (LST)  VALUE       VALUE  FROM      YEAR
                                                  NORMAL
..................................................................
TEMPERATURE (F)
 YESTERDAY
  MAXIMUM        100    210 PM 104    1934  96      4       99
  MINIMUM         73    532 AM  66    1923  75     -2       78
  AVERAGE         87                        85      2       89

PRECIPITATION (IN)
  YESTERDAY        0.00          1.11 1921   0.04  -0.04     0.00
  MONTH TO DATE    0.59                      1.61  -1.02     1.62
  SINCE JUN 1      0.88                      4.11  -3.23     2.42
  SINCE JAN 1      5.72                     12.03  -6.31     9.59

SNOWFALL (IN)
  YESTERDAY        0.0
  MONTH TO DATE    0.0
  SINCE JUN 1      0.0
  SINCE JUL 1      0.0

DEGREE DAYS
 HEATING
  YESTERDAY        0                         0      0        0
  MONTH TO DATE    0                         0      0        0
  SINCE JUN 1      0                         0      0        0
  SINCE JUL 1      0                         0      0        0

 COOLING
  YESTERDAY       22                        20      2       24
  MONTH TO DATE  488                       480      8      473
  SINCE JUN 1   1110                      1048     62     1108
  SINCE JAN 1   2046                      2149   -103     2203
..................................................................


WIND (MPH)
  HIGHEST WIND SPEED    26   HIGHEST WIND DIRECTION    SE (120)
  HIGHEST GUST SPEED    31   HIGHEST GUST DIRECTION    SE (120)
  AVERAGE WIND SPEED     9.0



WEATHER CONDITIONS
 THE FOLLOWING WEATHER WAS RECORDED YESTERDAY.
  FOG


RELATIVE HUMIDITY (PERCENT)
 HIGHEST   100
 LOWEST     39
 AVERAGE    70

..........................................................


THE HARLINGEN CLIMATE NORMALS FOR TODAY
                         NORMAL    RECORD    YEAR
 MAXIMUM TEMPERATURE (F)   96       104      1943
 MINIMUM TEMPERATURE (F)   75        66      1915


SUNRISE AND SUNSET
JULY 25 2014..........SUNRISE   653 AM CDT   SUNSET   821 PM CDT
JULY 26 2014..........SUNRISE   653 AM CDT   SUNSET   821 PM CDT


-  INDICATES NEGATIVE NUMBERS.
R  INDICATES RECORD WAS SET OR TIED.
MM INDICATES DATA IS MISSING.
T  INDICATES TRACE AMOUNT.




$$
