820
CDUS44 KBRO 312126
CLIHRL


CLIMATE REPORT
NATIONAL WEATHER SERVICE BROWNSVILLE TX
425 PM CDT WED AUG 31 2016


...................................

...THE HARLINGEN CLIMATE SUMMARY FOR AUGUST 31 2016...
VALID TODAY AS OF 0400 PM LOCAL TIME.

CLIMATE NORMAL PERIOD 1981 TO 2010
CLIMATE RECORD PERIOD 1912 TO 2016


WEATHER ITEM   OBSERVED TIME   RECORD YEAR NORMAL DEPARTURE LAST
                VALUE   (LST)  VALUE       VALUE  FROM      YEAR
                                                  NORMAL
..................................................................
TEMPERATURE (F)
 TODAY
  MAXIMUM         93    259 PM 104    1958  94     -1       92
  MINIMUM         75    726 AM  65    1915  75      0       74
                                      1923
  AVERAGE         84                        84      0       83

PRECIPITATION (IN)
  TODAY            0.61          2.40 1944   0.13   0.48     1.49
  MONTH TO DATE    2.77                      1.86   0.91     3.73
  SINCE JUN 1      8.01                      6.29   1.72     7.06
  SINCE JAN 1     14.90                     14.21   0.69    19.56

SNOWFALL (IN)
  TODAY            0.0
  MONTH TO DATE    0.0
  SINCE JUN 1      0.0
  SINCE JUL 1      0.0
  SNOW DEPTH       0

DEGREE DAYS
 HEATING
  TODAY            0                         0      0        0
  MONTH TO DATE    0                         0      0        0
  SINCE JUN 1      0                         0      0        0
  SINCE JUL 1      0                         0      0        0

 COOLING
  TODAY           19                        19      0       18
  MONTH TO DATE  678                       632     46      685
  SINCE JUN 1   1958                      1823    135     1907
  SINCE JAN 1   3319                      2924    395     2991
..................................................................


WIND (MPH)
  HIGHEST WIND SPEED    16   HIGHEST WIND DIRECTION    NE (60)
  HIGHEST GUST SPEED    21   HIGHEST GUST DIRECTION     E (70)
  AVERAGE WIND SPEED     8.0



WEATHER CONDITIONS
 THE FOLLOWING WEATHER WAS RECORDED TODAY.
  HEAVY RAIN
  RAIN
  LIGHT RAIN
  FOG


RELATIVE HUMIDITY (PERCENT)
 HIGHEST   100
 LOWEST     52
 AVERAGE    76

..........................................................


THE HARLINGEN CLIMATE NORMALS FOR TOMORROW
                         NORMAL    RECORD    YEAR
 MAXIMUM TEMPERATURE (F)   94       103      1928
                                             1952
 MINIMUM TEMPERATURE (F)   75        67      1919


SUNRISE AND SUNSET
AUGUST 31 2016........SUNRISE   710 AM CDT   SUNSET   751 PM CDT
SEPTEMBER  1 2016.....SUNRISE   711 AM CDT   SUNSET   750 PM CDT


-  INDICATES NEGATIVE NUMBERS.
R  INDICATES RECORD WAS SET OR TIED.
MM INDICATES DATA IS MISSING.
T  INDICATES TRACE AMOUNT.




$$
