000
CDUS44 KBRO 282145
CLIHRL


CLIMATE REPORT
NATIONAL WEATHER SERVICE BROWNSVILLE TX
445 PM CDT THU JUL 28 2016


...................................

...THE HARLINGEN CLIMATE SUMMARY FOR JULY 28 2016...
VALID TODAY AS OF 0400 PM LOCAL TIME.

CLIMATE NORMAL PERIOD 1981 TO 2010
CLIMATE RECORD PERIOD 1912 TO 2016


WEATHER ITEM   OBSERVED TIME   RECORD YEAR NORMAL DEPARTURE LAST
                VALUE   (LST)  VALUE       VALUE  FROM      YEAR
                                                  NORMAL
..................................................................
TEMPERATURE (F)
 TODAY
  MAXIMUM        100    210 PM 107    1954  96      4       99
  MINIMUM         80    605 AM  68    1922  75      5       78
  AVERAGE         90                        86      4       89

PRECIPITATION (IN)
  TODAY            0.00          0.97 1922   0.05  -0.05     0.00
  MONTH TO DATE    0.09                      1.79  -1.70     1.12
  SINCE JUN 1      5.22                      4.29   0.93     3.33
  SINCE JAN 1     12.11                     12.21  -0.10    15.83

SNOWFALL (IN)
  TODAY            0.0
  MONTH TO DATE    0.0
  SINCE JUN 1      0.0
  SINCE JUL 1      0.0
  SNOW DEPTH       0

DEGREE DAYS
 HEATING
  TODAY            0                         0      0        0
  MONTH TO DATE    0                         0      0        0
  SINCE JUN 1      0                         0      0        0
  SINCE JUL 1      0                         0      0        0

 COOLING
  TODAY           25                        20      5       24
  MONTH TO DATE  626                       560     66      590
  SINCE JUN 1   1211                      1128     83     1157
  SINCE JAN 1   2572                      2229    343     2241
..................................................................


WIND (MPH)
  HIGHEST WIND SPEED    26   HIGHEST WIND DIRECTION    SE (130)
  HIGHEST GUST SPEED    34   HIGHEST GUST DIRECTION    SE (130)
  AVERAGE WIND SPEED    13.5



WEATHER CONDITIONS
 THE FOLLOWING WEATHER WAS RECORDED TODAY.
  NO SIGNIFICANT WEATHER WAS OBSERVED.


RELATIVE HUMIDITY (PERCENT)
 HIGHEST    91
 LOWEST     36
 AVERAGE    64

..........................................................


THE HARLINGEN CLIMATE NORMALS FOR TOMORROW
                         NORMAL    RECORD    YEAR
 MAXIMUM TEMPERATURE (F)   96       104      1957
 MINIMUM TEMPERATURE (F)   75        69      1933


SUNRISE AND SUNSET
JULY 28 2016..........SUNRISE   655 AM CDT   SUNSET   819 PM CDT
JULY 29 2016..........SUNRISE   655 AM CDT   SUNSET   819 PM CDT


-  INDICATES NEGATIVE NUMBERS.
R  INDICATES RECORD WAS SET OR TIED.
MM INDICATES DATA IS MISSING.
T  INDICATES TRACE AMOUNT.




$$
