000
CDUS44 KBRO 240636
CLIHRL


CLIMATE REPORT
NATIONAL WEATHER SERVICE BROWNSVILLE TX
136 AM CDT THU APR 24 2014


...................................

...THE HARLINGEN CLIMATE SUMMARY FOR APRIL 23 2014...

CLIMATE NORMAL PERIOD 1981 TO 2010
CLIMATE RECORD PERIOD 1912 TO 2014


WEATHER ITEM   OBSERVED TIME   RECORD YEAR NORMAL DEPARTURE LAST
                VALUE   (LST)  VALUE       VALUE  FROM      YEAR
                                                  NORMAL
..................................................................
TEMPERATURE (F)
 YESTERDAY
  MAXIMUM         90    140 PM 100    1997  87      3       86
  MINIMUM         64    621 AM  51    1982  67     -3       70
  AVERAGE         77                        77      0       78

PRECIPITATION (IN)
  YESTERDAY        0.00          2.30 1946   0.05  -0.05      T
  MONTH TO DATE    0.17                      1.30  -1.13     0.04
  SINCE MAR 1      1.95                      2.59  -0.64     0.10
  SINCE JAN 1      2.95                      5.06  -2.11     2.84

SNOWFALL (IN)
  YESTERDAY        0.0
  MONTH TO DATE    0.0
  SINCE MAR 1      0.0
  SINCE JUL 1      0.0

DEGREE DAYS
 HEATING
  YESTERDAY        0                         0      0        0
  MONTH TO DATE   12                         7      5        9
  SINCE MAR 1    119                        53     66       52
  SINCE JUL 1    930                       621    309      400

 COOLING
  YESTERDAY       12                        12      0       13
  MONTH TO DATE  180                       231    -51      235
  SINCE MAR 1    292                       401   -109      396
  SINCE JAN 1    403                       526   -123      590
..................................................................


WIND (MPH)
  HIGHEST WIND SPEED    23   HIGHEST WIND DIRECTION    SE (140)
  HIGHEST GUST SPEED    31   HIGHEST GUST DIRECTION    SE (130)
  AVERAGE WIND SPEED    12.5



WEATHER CONDITIONS
 THE FOLLOWING WEATHER WAS RECORDED YESTERDAY.
  FOG


RELATIVE HUMIDITY (PERCENT)
 HIGHEST   100
 LOWEST     40
 AVERAGE    70

..........................................................


THE HARLINGEN CLIMATE NORMALS FOR TODAY
                         NORMAL    RECORD    YEAR
 MAXIMUM TEMPERATURE (F)   87       106      1955
 MINIMUM TEMPERATURE (F)   67        49      1928


SUNRISE AND SUNSET
APRIL 24 2014.........SUNRISE   659 AM CDT   SUNSET   759 PM CDT
APRIL 25 2014.........SUNRISE   658 AM CDT   SUNSET   759 PM CDT


-  INDICATES NEGATIVE NUMBERS.
R  INDICATES RECORD WAS SET OR TIED.
MM INDICATES DATA IS MISSING.
T  INDICATES TRACE AMOUNT.




$$
