428
CDUS44 KBRO 180726
CLIHRL


CLIMATE REPORT
NATIONAL WEATHER SERVICE BROWNSVILLE TX
126 AM CST SAT NOV 18 2017


...................................

...THE HARLINGEN CLIMATE SUMMARY FOR NOVEMBER 17 2017...

CLIMATE NORMAL PERIOD 1981 TO 2010
CLIMATE RECORD PERIOD 1912 TO 2017


WEATHER ITEM   OBSERVED TIME   RECORD YEAR NORMAL DEPARTURE LAST
                VALUE   (LST)  VALUE       VALUE  FROM      YEAR
                                                  NORMAL
..................................................................
TEMPERATURE (F)
 YESTERDAY
  MAXIMUM         88    250 PM  92    1938  79      9       86
  MINIMUM         66    707 AM  33    1970  57      9       59
  AVERAGE         77                        68      9       73

PRECIPITATION (IN)
  YESTERDAY        0.00          0.80 1995   0.03  -0.03      T
  MONTH TO DATE    0.68                      1.08  -0.40     1.80
  SINCE SEP 1      6.12                      9.29  -3.17     4.76
  SINCE JAN 1     18.29                     23.50  -5.21    19.66

SNOWFALL (IN)
  YESTERDAY        0.0
  MONTH TO DATE    0.0
  SINCE SEP 1      0.0
  SINCE JUL 1      0.0

DEGREE DAYS
 HEATING
  YESTERDAY        0                         2     -2        0
  MONTH TO DATE    8                        15     -7        0
  SINCE SEP 1     22                        18      4        0
  SINCE JUL 1     22                        18      4        0

 COOLING
  YESTERDAY       12                         5      7        8
  MONTH TO DATE  183                       109     74      159
  SINCE SEP 1   1097                       961    136     1217
  SINCE JAN 1   4602                      3885    717     4536
..................................................................


WIND (MPH)
  HIGHEST WIND SPEED    21   HIGHEST WIND DIRECTION    SE (150)
  HIGHEST GUST SPEED    27   HIGHEST GUST DIRECTION     S (160)
  AVERAGE WIND SPEED    11.0



WEATHER CONDITIONS
 THE FOLLOWING WEATHER WAS RECORDED YESTERDAY.
  NO SIGNIFICANT WEATHER WAS OBSERVED.


RELATIVE HUMIDITY (PERCENT)
 HIGHEST   100
 LOWEST     51
 AVERAGE    76

..........................................................


THE HARLINGEN CLIMATE NORMALS FOR TODAY
                         NORMAL    RECORD    YEAR
 MAXIMUM TEMPERATURE (F)   79        90      1964
                                             1931
                                             1921
 MINIMUM TEMPERATURE (F)   57        33      1959
                                             1926


SUNRISE AND SUNSET
NOVEMBER 18 2017......SUNRISE   652 AM CST   SUNSET   540 PM CST
NOVEMBER 19 2017......SUNRISE   652 AM CST   SUNSET   540 PM CST


-  INDICATES NEGATIVE NUMBERS.
R  INDICATES RECORD WAS SET OR TIED.
MM INDICATES DATA IS MISSING.
T  INDICATES TRACE AMOUNT.




$$
