000
CDUS44 KBRO 240632
CLIHRL


CLIMATE REPORT
NATIONAL WEATHER SERVICE BROWNSVILLE TX
132 AM CDT MON JUL 24 2017


...................................

...THE HARLINGEN CLIMATE SUMMARY FOR JULY 23 2017...

CLIMATE NORMAL PERIOD 1981 TO 2010
CLIMATE RECORD PERIOD 1912 TO 2017


WEATHER ITEM   OBSERVED TIME   RECORD YEAR NORMAL DEPARTURE LAST
                VALUE   (LST)  VALUE       VALUE  FROM      YEAR
                                                  NORMAL
..................................................................
TEMPERATURE (F)
 YESTERDAY
  MAXIMUM         98    341 PM 104    1943  96      2       99
  MINIMUM         80    622 AM  67    1923  75      5       74
  AVERAGE         89                        85      4       87

PRECIPITATION (IN)
  YESTERDAY        0.00          6.80 2008   0.06  -0.06      T
  MONTH TO DATE    0.94                      1.57  -0.63     0.09
  SINCE JUN 1      2.20                      4.07  -1.87     5.22
  SINCE JAN 1      8.79                     11.99  -3.20    12.11

SNOWFALL (IN)
  YESTERDAY        0.0
  MONTH TO DATE    0.0
  SINCE JUN 1      0.0
  SINCE JUL 1      0.0

DEGREE DAYS
 HEATING
  YESTERDAY        0                         0      0        0
  MONTH TO DATE    0                         0      0        0
  SINCE JUN 1      0                         0      0        0
  SINCE JUL 1      0                         0      0        0

 COOLING
  YESTERDAY       24                        20      4       22
  MONTH TO DATE  484                       460     24      529
  SINCE JUN 1   1098                      1028     70     1114
  SINCE JAN 1   2633                      2129    504     2475
..................................................................


WIND (MPH)
  HIGHEST WIND SPEED    32   HIGHEST WIND DIRECTION     S (160)
  HIGHEST GUST SPEED    38   HIGHEST GUST DIRECTION     S (160)
  AVERAGE WIND SPEED    17.9



WEATHER CONDITIONS
 THE FOLLOWING WEATHER WAS RECORDED YESTERDAY.
  NO SIGNIFICANT WEATHER WAS OBSERVED.


RELATIVE HUMIDITY (PERCENT)
 HIGHEST    94
 LOWEST     39
 AVERAGE    67

..........................................................


THE HARLINGEN CLIMATE NORMALS FOR TODAY
                         NORMAL    RECORD    YEAR
 MAXIMUM TEMPERATURE (F)   96       104      1934
 MINIMUM TEMPERATURE (F)   75        66      1923


SUNRISE AND SUNSET
JULY 24 2017..........SUNRISE   652 AM CDT   SUNSET   822 PM CDT
JULY 25 2017..........SUNRISE   653 AM CDT   SUNSET   821 PM CDT


-  INDICATES NEGATIVE NUMBERS.
R  INDICATES RECORD WAS SET OR TIED.
MM INDICATES DATA IS MISSING.
T  INDICATES TRACE AMOUNT.




$$
