000
CDUS44 KBRO 220626
CLIHRL


CLIMATE REPORT
NATIONAL WEATHER SERVICE BROWNSVILLE TX
126 AM CDT FRI MAY 22 2015


...................................

...THE HARLINGEN CLIMATE SUMMARY FOR MAY 21 2015...

CLIMATE NORMAL PERIOD 1981 TO 2010
CLIMATE RECORD PERIOD 1912 TO 2015


WEATHER ITEM   OBSERVED TIME   RECORD YEAR NORMAL DEPARTURE LAST
                VALUE   (LST)  VALUE       VALUE  FROM      YEAR
                                                  NORMAL
..................................................................
TEMPERATURE (F)
 YESTERDAY
  MAXIMUM         87    945 AM 101    1955  91     -4       91
  MINIMUM         72   1242 PM  56    1925  72      0       74
  AVERAGE         80                        82     -2       83

PRECIPITATION (IN)
  YESTERDAY       MM             1.93 1913   0.09  MM        0.00
  MONTH TO DATE    1.13                      1.61  -0.48     1.77
  SINCE MAR 1      7.92                      4.57   3.35     3.72
  SINCE JAN 1     10.84                      7.04   3.80     4.72

SNOWFALL (IN)
  YESTERDAY        0.0
  MONTH TO DATE    0.0
  SINCE MAR 1      0.0
  SINCE JUL 1      0.0

DEGREE DAYS
 HEATING
  YESTERDAY        0                         0      0        0
  MONTH TO DATE    0                         0      0        0
  SINCE MAR 1     74                        54     20      119
  SINCE JUL 1    767                       622    145      930

 COOLING
  YESTERDAY       15                        17     -2       18
  MONTH TO DATE  350                       314     36      227
  SINCE MAR 1    850                       803     47      638
  SINCE JAN 1    909                       928    -19      749
..................................................................


WIND (MPH)
  HIGHEST WIND SPEED    30   HIGHEST WIND DIRECTION    SE (150)
  HIGHEST GUST SPEED    37   HIGHEST GUST DIRECTION    SE (150)
  AVERAGE WIND SPEED     8.8



WEATHER CONDITIONS
 THE FOLLOWING WEATHER WAS RECORDED YESTERDAY.
  THUNDERSTORM
  HEAVY RAIN
  RAIN
  LIGHT RAIN
  FOG


RELATIVE HUMIDITY (PERCENT)
 HIGHEST   100
 LOWEST     70
 AVERAGE    85

..........................................................


THE HARLINGEN CLIMATE NORMALS FOR TODAY
                         NORMAL    RECORD    YEAR
 MAXIMUM TEMPERATURE (F)   91       101      1955
 MINIMUM TEMPERATURE (F)   72        58      1967


SUNRISE AND SUNSET
MAY 22 2015...........SUNRISE   641 AM CDT   SUNSET   814 PM CDT
MAY 23 2015...........SUNRISE   641 AM CDT   SUNSET   814 PM CDT


-  INDICATES NEGATIVE NUMBERS.
R  INDICATES RECORD WAS SET OR TIED.
MM INDICATES DATA IS MISSING.
T  INDICATES TRACE AMOUNT.




$$
