000
CDUS44 KBRO 280729
CLIHRL


CLIMATE REPORT
NATIONAL WEATHER SERVICE BROWNSVILLE TX
128 AM CST SUN DEC 28 2014


...................................

...THE HARLINGEN CLIMATE SUMMARY FOR DECEMBER 27 2014...

CLIMATE NORMAL PERIOD 1981 TO 2010
CLIMATE RECORD PERIOD 1912 TO 2014


WEATHER ITEM   OBSERVED TIME   RECORD YEAR NORMAL DEPARTURE LAST
                VALUE   (LST)  VALUE       VALUE  FROM      YEAR
                                                  NORMAL
..................................................................
TEMPERATURE (F)
 YESTERDAY
  MAXIMUM         78    339 PM  87    2008  70      8       60
                                      1950
  MINIMUM         51   1159 PM  28    1983  49      2       53
  AVERAGE         65                        59      6       57

PRECIPITATION (IN)
  YESTERDAY        0.29          1.34 1978   0.02   0.27     0.15
  MONTH TO DATE    1.36                      1.17   0.19     0.67
  SINCE DEC 1      1.36                      1.17   0.19     0.67
  SINCE JAN 1     23.15                     25.09  -1.94    29.84

SNOWFALL (IN)
  YESTERDAY        0.0
  MONTH TO DATE    0.0
  SINCE DEC 1      0.0
  SINCE JUL 1      0.0

DEGREE DAYS
 HEATING
  YESTERDAY        0                         7     -7        8
  MONTH TO DATE   51                       163   -112      194
  SINCE DEC 1     51                       163   -112      194
  SINCE JUL 1    186                       220    -34      326

 COOLING
  YESTERDAY        0                         1     -1        0
  MONTH TO DATE   91                        50     41       63
  SINCE DEC 1     91                        50     41       63
  SINCE JAN 1   3918                      3984    -66     4076
..................................................................


WIND (MPH)
  HIGHEST WIND SPEED    30   HIGHEST WIND DIRECTION     N (350)
  HIGHEST GUST SPEED    33   HIGHEST GUST DIRECTION     N (360)
  AVERAGE WIND SPEED    13.9



WEATHER CONDITIONS
 THE FOLLOWING WEATHER WAS RECORDED YESTERDAY.
  RAIN
  LIGHT RAIN
  FOG


RELATIVE HUMIDITY (PERCENT)
 HIGHEST    97
 LOWEST     72
 AVERAGE    85

..........................................................


THE HARLINGEN CLIMATE NORMALS FOR TODAY
                         NORMAL    RECORD    YEAR
 MAXIMUM TEMPERATURE (F)   70        92      1968
 MINIMUM TEMPERATURE (F)   49        26      1925


SUNRISE AND SUNSET
DECEMBER 28 2014......SUNRISE   717 AM CST   SUNSET   548 PM CST
DECEMBER 29 2014......SUNRISE   717 AM CST   SUNSET   548 PM CST


-  INDICATES NEGATIVE NUMBERS.
R  INDICATES RECORD WAS SET OR TIED.
MM INDICATES DATA IS MISSING.
T  INDICATES TRACE AMOUNT.




$$
