000
CDUS44 KBRO 290646
CLIHRL


CLIMATE REPORT
NATIONAL WEATHER SERVICE BROWNSVILLE TX
146 AM CDT WED JUL 29 2015


...................................

...THE HARLINGEN CLIMATE SUMMARY FOR JULY 28 2015...

CLIMATE NORMAL PERIOD 1981 TO 2010
CLIMATE RECORD PERIOD 1912 TO 2015


WEATHER ITEM   OBSERVED TIME   RECORD YEAR NORMAL DEPARTURE LAST
                VALUE   (LST)  VALUE       VALUE  FROM      YEAR
                                                  NORMAL
..................................................................
TEMPERATURE (F)
 YESTERDAY
  MAXIMUM         99    238 PM 107    1954  96      3      101
  MINIMUM         78    626 AM  68    1922  75      3       75
  AVERAGE         89                        86      3       88

PRECIPITATION (IN)
  YESTERDAY        0.00          0.97 1922   0.05  -0.05     0.00
  MONTH TO DATE    1.12                      1.79  -0.67     0.59
  SINCE JUN 1      3.33                      4.29  -0.96     0.88
  SINCE JAN 1     15.83                     12.21   3.62     5.72

SNOWFALL (IN)
  YESTERDAY        0.0
  MONTH TO DATE    0.0
  SINCE JUN 1      0.0
  SINCE JUL 1      0.0

DEGREE DAYS
 HEATING
  YESTERDAY        0                         0      0        0
  MONTH TO DATE    0                         0      0        0
  SINCE JUN 1      0                         0      0        0
  SINCE JUL 1      0                         0      0        0

 COOLING
  YESTERDAY       24                        20      4       23
  MONTH TO DATE  590                       560     30      582
  SINCE JUN 1   1157                      1128     29     1204
  SINCE JAN 1   2241                      2229     12     2140
..................................................................


WIND (MPH)
  HIGHEST WIND SPEED    25   HIGHEST WIND DIRECTION    SE (150)
  HIGHEST GUST SPEED    32   HIGHEST GUST DIRECTION     S (170)
  AVERAGE WIND SPEED    14.6



WEATHER CONDITIONS
 THE FOLLOWING WEATHER WAS RECORDED YESTERDAY.
  FOG


RELATIVE HUMIDITY (PERCENT)
 HIGHEST    97
 LOWEST     42
 AVERAGE    70

..........................................................


THE HARLINGEN CLIMATE NORMALS FOR TODAY
                         NORMAL    RECORD    YEAR
 MAXIMUM TEMPERATURE (F)   96       104      1957
 MINIMUM TEMPERATURE (F)   75        69      1933


SUNRISE AND SUNSET
JULY 29 2015..........SUNRISE   655 AM CDT   SUNSET   819 PM CDT
JULY 30 2015..........SUNRISE   655 AM CDT   SUNSET   819 PM CDT


-  INDICATES NEGATIVE NUMBERS.
R  INDICATES RECORD WAS SET OR TIED.
MM INDICATES DATA IS MISSING.
T  INDICATES TRACE AMOUNT.




$$
