000
CDUS44 KBRO 210631
CLIHRL


CLIMATE REPORT
NATIONAL WEATHER SERVICE BROWNSVILLE TX
131 AM CDT THU SEP 21 2017


...................................

...THE HARLINGEN CLIMATE SUMMARY FOR SEPTEMBER 20 2017...

CLIMATE NORMAL PERIOD 1981 TO 2010
CLIMATE RECORD PERIOD 1912 TO 2017


WEATHER ITEM   OBSERVED TIME   RECORD YEAR NORMAL DEPARTURE LAST
                VALUE   (LST)  VALUE       VALUE  FROM      YEAR
                                                  NORMAL
..................................................................
TEMPERATURE (F)
 YESTERDAY
  MAXIMUM         98    205 PM 106    1947  90      8       97
  MINIMUM         77    540 AM  59    1981  72      5       75
  AVERAGE         88                        81      7       86

PRECIPITATION (IN)
  YESTERDAY        0.00          3.85 1967   0.18  -0.18     0.00
  MONTH TO DATE    0.86                      3.60  -2.74     1.92
  SINCE SEP 1      0.86                      3.60  -2.74     1.92
  SINCE JAN 1     13.03                     17.81  -4.78    16.82

SNOWFALL (IN)
  YESTERDAY        0.0
  MONTH TO DATE    0.0
  SINCE SEP 1      0.0
  SINCE JUL 1      0.0

DEGREE DAYS
 HEATING
  YESTERDAY        0                         0      0        0
  MONTH TO DATE    0                         0      0        0
  SINCE SEP 1      0                         0      0        0
  SINCE JUL 1      0                         0      0        0

 COOLING
  YESTERDAY       23                        16      7       21
  MONTH TO DATE  364                       355      9      416
  SINCE SEP 1    364                       355      9      416
  SINCE JAN 1   3869                      3279    590     3735
..................................................................


WIND (MPH)
  HIGHEST WIND SPEED    22   HIGHEST WIND DIRECTION    SE (140)
  HIGHEST GUST SPEED    28   HIGHEST GUST DIRECTION    SE (130)
  AVERAGE WIND SPEED    13.2



WEATHER CONDITIONS
 THE FOLLOWING WEATHER WAS RECORDED YESTERDAY.
  FOG


RELATIVE HUMIDITY (PERCENT)
 HIGHEST   100
 LOWEST     48
 AVERAGE    74

..........................................................


THE HARLINGEN CLIMATE NORMALS FOR TODAY
                         NORMAL    RECORD    YEAR
 MAXIMUM TEMPERATURE (F)   90       106      1947
 MINIMUM TEMPERATURE (F)   72        59      1938


SUNRISE AND SUNSET
SEPTEMBER 21 2017.....SUNRISE   719 AM CDT   SUNSET   728 PM CDT
SEPTEMBER 22 2017.....SUNRISE   719 AM CDT   SUNSET   727 PM CDT


-  INDICATES NEGATIVE NUMBERS.
R  INDICATES RECORD WAS SET OR TIED.
MM INDICATES DATA IS MISSING.
T  INDICATES TRACE AMOUNT.




$$
