957
CDUS44 KBRO 260629
CLIHRL


CLIMATE REPORT
NATIONAL WEATHER SERVICE BROWNSVILLE TX
129 AM CDT FRI MAY 26 2017


...................................

...THE HARLINGEN CLIMATE SUMMARY FOR MAY 25 2017...

CLIMATE NORMAL PERIOD 1981 TO 2010
CLIMATE RECORD PERIOD 1912 TO 2017


WEATHER ITEM   OBSERVED TIME   RECORD YEAR NORMAL DEPARTURE LAST
                VALUE   (LST)  VALUE       VALUE  FROM      YEAR
                                                  NORMAL
..................................................................
TEMPERATURE (F)
 YESTERDAY
  MAXIMUM         94    302 PM  98    1955  92      2       95
  MINIMUM         62    353 AM  57    1967  72    -10       80
  AVERAGE         78                        82     -4       88

PRECIPITATION (IN)
  YESTERDAY        0.00          6.73 2007   0.10  -0.10     0.02
  MONTH TO DATE    0.18                      1.96  -1.78     1.51
  SINCE MAR 1      3.27                      4.92  -1.65     3.78
  SINCE JAN 1      4.58                      7.39  -2.81     5.69

SNOWFALL (IN)
  YESTERDAY        0.0
  MONTH TO DATE    0.0
  SINCE MAR 1      0.0
  SINCE JUL 1      0.0

DEGREE DAYS
 HEATING
  YESTERDAY        0                         0      0        0
  MONTH TO DATE    0                         0      0        0
  SINCE MAR 1      4                        54    -50       13
  SINCE JUL 1    234                       622   -388      389

 COOLING
  YESTERDAY       13                        17     -4       23
  MONTH TO DATE  382                       382      0      424
  SINCE MAR 1   1051                       871    180     1096
  SINCE JAN 1   1418                       996    422     1236
..................................................................


WIND (MPH)
  HIGHEST WIND SPEED    25   HIGHEST WIND DIRECTION    SE (150)
  HIGHEST GUST SPEED    33   HIGHEST GUST DIRECTION     S (170)
  AVERAGE WIND SPEED    16.0



WEATHER CONDITIONS
 THE FOLLOWING WEATHER WAS RECORDED YESTERDAY.
  NO SIGNIFICANT WEATHER WAS OBSERVED.


RELATIVE HUMIDITY (PERCENT)
 HIGHEST   100
 LOWEST     52
 AVERAGE    76

..........................................................


THE HARLINGEN CLIMATE NORMALS FOR TODAY
                         NORMAL    RECORD    YEAR
 MAXIMUM TEMPERATURE (F)   92       100      1924
 MINIMUM TEMPERATURE (F)   72        60      1913
                                             1940
                                             1967


SUNRISE AND SUNSET
MAY 26 2017...........SUNRISE   640 AM CDT   SUNSET   816 PM CDT
MAY 27 2017...........SUNRISE   639 AM CDT   SUNSET   817 PM CDT


-  INDICATES NEGATIVE NUMBERS.
R  INDICATES RECORD WAS SET OR TIED.
MM INDICATES DATA IS MISSING.
T  INDICATES TRACE AMOUNT.




$$
