000
CDUS44 KBRO 290633
CLIHRL


CLIMATE REPORT
NATIONAL WEATHER SERVICE BROWNSVILLE TX
125 AM CDT FRI AUG 29 2014


...................................

...THE HARLINGEN CLIMATE SUMMARY FOR AUGUST 28 2014...

CLIMATE NORMAL PERIOD 1981 TO 2010
CLIMATE RECORD PERIOD 1912 TO 2014


WEATHER ITEM   OBSERVED TIME   RECORD YEAR NORMAL DEPARTURE LAST
                VALUE   (LST)  VALUE       VALUE  FROM      YEAR
                                                  NORMAL
..................................................................
TEMPERATURE (F)
 YESTERDAY
  MAXIMUM         96    331 PM 106    2011  95      1       95
  MINIMUM         78    715 AM  66    1970  75      3       74
  AVERAGE         87                        85      2       85

PRECIPITATION (IN)
  YESTERDAY        0.01          5.00 1938   0.12  -0.11     0.00
  MONTH TO DATE    0.45                      1.46  -1.01     2.04
  SINCE JUN 1      1.33                      5.89  -4.56     4.46
  SINCE JAN 1      6.17                     13.81  -7.64    11.63

DEGREE DAYS
 HEATING
  YESTERDAY        0                         0      0        0
  MONTH TO DATE    0                         0      0        0
  SINCE JUN 1      0                         0      0        0
  SINCE JUL 1      0                         0      0        0

 COOLING
  YESTERDAY       22                        20      2       20
  MONTH TO DATE  630                       578     52      588
  SINCE JUN 1   1902                      1769    133     1864
  SINCE JAN 1   2838                      2870    -32     2959
..................................................................


WIND (MPH)
  HIGHEST WIND SPEED    22   HIGHEST WIND DIRECTION    NE (40)
  HIGHEST GUST SPEED    28   HIGHEST GUST DIRECTION     N (20)
  AVERAGE WIND SPEED    10.3



WEATHER CONDITIONS
 THE FOLLOWING WEATHER WAS RECORDED YESTERDAY.
  LIGHT RAIN
  FOG


RELATIVE HUMIDITY (PERCENT)
 HIGHEST    91
 LOWEST     46
 AVERAGE    69

..........................................................


THE HARLINGEN CLIMATE NORMALS FOR TODAY
                         NORMAL    RECORD    YEAR
 MAXIMUM TEMPERATURE (F)   95       104      2012
 MINIMUM TEMPERATURE (F)   75        63      1958


SUNRISE AND SUNSET
AUGUST 29 2014........SUNRISE   709 AM CDT   SUNSET   753 PM CDT
AUGUST 30 2014........SUNRISE   710 AM CDT   SUNSET   752 PM CDT


-  INDICATES NEGATIVE NUMBERS.
R  INDICATES RECORD WAS SET OR TIED.
MM INDICATES DATA IS MISSING.
T  INDICATES TRACE AMOUNT.

$$
