000
CDUS44 KBRO 170800
CLIHRL


CLIMATE REPORT
NATIONAL WEATHER SERVICE BROWNSVILLE TX
158 AM CST WED JAN 17 2018


...................................

...THE HARLINGEN CLIMATE SUMMARY FOR JANUARY 16 2018...

CLIMATE NORMAL PERIOD 1981 TO 2010
CLIMATE RECORD PERIOD 1912 TO 2018


WEATHER ITEM   OBSERVED TIME   RECORD YEAR NORMAL DEPARTURE LAST
                VALUE   (LST)  VALUE       VALUE  FROM      YEAR
                                                  NORMAL
..................................................................
TEMPERATURE (F)
 YESTERDAY
  MAXIMUM         61    212 AM  90    1943  71    -10       84
  MINIMUM         29R  1054 PM  32    1930  49    -20       66
                                      1944
  AVERAGE         45                        60    -15       75

PRECIPITATION (IN)
  YESTERDAY        0.03          1.73 1988   0.03   0.00     0.00
  MONTH TO DATE    0.11                      0.42  -0.31     0.01
  SINCE DEC 1      1.12                      1.68  -0.56     1.34
  SINCE JAN 1      0.11                      0.42  -0.31     0.01

SNOWFALL (IN)
  YESTERDAY        T
  MONTH TO DATE    T
  SINCE DEC 1      1.0
  SINCE JUL 1      1.0

DEGREE DAYS
 HEATING
  YESTERDAY       20                         7     13        0
  MONTH TO DATE  173                       112     61       63
  SINCE DEC 1    400                       303     97      165
  SINCE JUL 1    443                       360     83      180

 COOLING
  YESTERDAY        0                         2     -2       10
  MONTH TO DATE    7                        32    -25       85
  SINCE DEC 1     92                        90      2      242
  SINCE JAN 1      7                        32    -25       85
..................................................................


WIND (MPH)
  HIGHEST WIND SPEED    32   HIGHEST WIND DIRECTION     N (20)
  HIGHEST GUST SPEED    40   HIGHEST GUST DIRECTION    NE (30)
  AVERAGE WIND SPEED    16.3



WEATHER CONDITIONS
 THE FOLLOWING WEATHER WAS RECORDED YESTERDAY.
  LIGHT RAIN
  LT FREEZING RAIN
  LIGHT SNOW
  FOG


RELATIVE HUMIDITY (PERCENT)
 HIGHEST   100
 LOWEST     78
 AVERAGE    89

..........................................................


THE HARLINGEN CLIMATE NORMALS FOR TODAY
                         NORMAL    RECORD    YEAR
 MAXIMUM TEMPERATURE (F)   71        88      1932
 MINIMUM TEMPERATURE (F)   50        30      1916


SUNRISE AND SUNSET
JANUARY 17 2018.......SUNRISE   720 AM CST   SUNSET   602 PM CST
JANUARY 18 2018.......SUNRISE   719 AM CST   SUNSET   603 PM CST


-  INDICATES NEGATIVE NUMBERS.
R  INDICATES RECORD WAS SET OR TIED.
MM INDICATES DATA IS MISSING.
T  INDICATES TRACE AMOUNT.




$$
