000
CDUS44 KBRO 300635
CLIHRL


CLIMATE REPORT
NATIONAL WEATHER SERVICE BROWNSVILLE TX
135 AM CDT MON MAY 30 2016


...................................

...THE HARLINGEN CLIMATE SUMMARY FOR MAY 29 2016...

CLIMATE NORMAL PERIOD 1981 TO 2010
CLIMATE RECORD PERIOD 1912 TO 2016


WEATHER ITEM   OBSERVED TIME   RECORD YEAR NORMAL DEPARTURE LAST
                VALUE   (LST)  VALUE       VALUE  FROM      YEAR
                                                  NORMAL
..................................................................
TEMPERATURE (F)
 YESTERDAY
  MAXIMUM         94    214 PM 101    1922  92      2       90
  MINIMUM         78   1140 PM  61    1992  73      5       70
  AVERAGE         86                        82      4       80

PRECIPITATION (IN)
  YESTERDAY        0.00          5.10 1929   0.08  -0.08     0.04
  MONTH TO DATE    1.63                      2.32  -0.69     2.78
  SINCE MAR 1      3.90                      5.28  -1.38     9.57
  SINCE JAN 1      5.81                      7.75  -1.94    12.49

SNOWFALL (IN)
  YESTERDAY        0.0
  MONTH TO DATE    0.0
  SINCE MAR 1      0.0
  SINCE JUL 1      0.0

DEGREE DAYS
 HEATING
  YESTERDAY        0                         0      0        0
  MONTH TO DATE    0                         0      0        0
  SINCE MAR 1     13                        54    -41       74
  SINCE JUL 1    389                       622   -233      767

 COOLING
  YESTERDAY       21                        18      3       15
  MONTH TO DATE  511                       451     60      495
  SINCE MAR 1   1183                       940    243      995
  SINCE JAN 1   1323                      1065    258     1054
..................................................................


WIND (MPH)
  HIGHEST WIND SPEED    23   HIGHEST WIND DIRECTION    SE (130)
  HIGHEST GUST SPEED    29   HIGHEST GUST DIRECTION    SE (120)
  AVERAGE WIND SPEED    12.7



WEATHER CONDITIONS
 THE FOLLOWING WEATHER WAS RECORDED YESTERDAY.
  FOG


RELATIVE HUMIDITY (PERCENT)
 HIGHEST    91
 LOWEST     52
 AVERAGE    72

..........................................................


THE HARLINGEN CLIMATE NORMALS FOR TODAY
                         NORMAL    RECORD    YEAR
 MAXIMUM TEMPERATURE (F)   93        98      2012
                                             2011
 MINIMUM TEMPERATURE (F)   73        55      1992


SUNRISE AND SUNSET
MAY 30 2016...........SUNRISE   639 AM CDT   SUNSET   818 PM CDT
MAY 31 2016...........SUNRISE   638 AM CDT   SUNSET   819 PM CDT


-  INDICATES NEGATIVE NUMBERS.
R  INDICATES RECORD WAS SET OR TIED.
MM INDICATES DATA IS MISSING.
T  INDICATES TRACE AMOUNT.




$$
