000
CDUS44 KLZK 051017
CLIHRO


CLIMATE REPORT
NATIONAL WEATHER SERVICE LITTLE ROCK AR
414 AM CST THU MAR 5 2015


...................................

...THE HARRISON CLIMATE SUMMARY FOR MARCH 4 2015...

CLIMATE NORMAL PERIOD 1981 TO 2010
CLIMATE RECORD PERIOD 1891 TO 2015


WEATHER ITEM   OBSERVED TIME   RECORD YEAR NORMAL DEPARTURE LAST
                VALUE   (LST)  VALUE       VALUE  FROM      YEAR
                                                  NORMAL
..................................................................
TEMPERATURE (F)
 YESTERDAY
  MAXIMUM         45    120 AM  83    1955  56    -11       39
  MINIMUM         19   1159 PM   5    1978  35    -16       11
  AVERAGE         32                        45    -13       25

PRECIPITATION (IN)
  YESTERDAY        0.85          1.90 1984   0.11   0.74     0.00
  MONTH TO DATE    1.14                      0.41   0.73     1.07
  SINCE MAR 1      1.14                      0.41   0.73     1.07
  SINCE JAN 1      4.68                      5.61  -0.93     3.02

SNOWFALL (IN)
  YESTERDAY       MM             2.5  1965   0.1   MM        0.0
  MONTH TO DATE    0.0                       0.4   -0.4      5.0
  SINCE MAR 1      0.0                       0.4   -0.4      5.0
  SINCE JUL 1      9.3                       9.6   -0.3     20.8
  SNOW DEPTH       0

DEGREE DAYS
 HEATING
  YESTERDAY       33                        20     13       40
  MONTH TO DATE  122                        82     40      148
  SINCE MAR 1    122                        82     40      148
  SINCE JUL 1   3517                      3254    263     3683

 COOLING
  YESTERDAY        0                         0      0        0
  MONTH TO DATE    0                         0      0        0
  SINCE MAR 1      0                         0      0        0
  SINCE JAN 1      0                         0      0        0
..................................................................


WIND (MPH)
  HIGHEST WIND SPEED    21   HIGHEST WIND DIRECTION    NE (30)
  HIGHEST GUST SPEED    29   HIGHEST GUST DIRECTION    NE (30)
  AVERAGE WIND SPEED     8.2


SKY COVER
  POSSIBLE SUNSHINE  MM
  AVERAGE SKY COVER 1.0


WEATHER CONDITIONS
 THE FOLLOWING WEATHER WAS RECORDED YESTERDAY.
  RAIN
  LIGHT RAIN
  HEAVY SNOW
  SNOW
  LIGHT SNOW
  FOG
  FOG W/VISIBILITY <= 1/4 MILE


RELATIVE HUMIDITY (PERCENT)
 HIGHEST   100          1200 AM
 LOWEST     84           400 PM
 AVERAGE    92

..........................................................


THE HARRISON CLIMATE NORMALS FOR TODAY
                         NORMAL    RECORD    YEAR
 MAXIMUM TEMPERATURE (F)   56        84      1918
 MINIMUM TEMPERATURE (F)   35         8      1960


SUNRISE AND SUNSET
MARCH  5 2015.........SUNRISE   638 AM CST   SUNSET   611 PM CST
MARCH  6 2015.........SUNRISE   636 AM CST   SUNSET   612 PM CST


-  INDICATES NEGATIVE NUMBERS.
R  INDICATES RECORD WAS SET OR TIED.
MM INDICATES DATA IS MISSING.
T  INDICATES TRACE AMOUNT.




$$
