000
CDUS44 KLZK 170910
CLIHRO


CLIMATE REPORT
NATIONAL WEATHER SERVICE LITTLE ROCK AR
409 AM CDT WED SEP 17 2014


...................................

...THE HARRISON CLIMATE SUMMARY FOR SEPTEMBER 16 2014...

CLIMATE NORMAL PERIOD 1981 TO 2010
CLIMATE RECORD PERIOD 1891 TO 2014


WEATHER ITEM   OBSERVED TIME   RECORD YEAR NORMAL DEPARTURE LAST
                VALUE   (LST)  VALUE       VALUE  FROM      YEAR
                                                  NORMAL
..................................................................
TEMPERATURE (F)
 YESTERDAY
  MAXIMUM         70   1208 AM 102    1956  80    -10       73
  MINIMUM         63   1038 PM  39    1916  58      5       63
  AVERAGE         67                        69     -2       68

PRECIPITATION (IN)
  YESTERDAY        0.00          1.78 1915   0.15  -0.15     0.32
  MONTH TO DATE    3.42                      2.25   1.17     0.33
  SINCE SEP 1      3.42                      2.25   1.17     0.33
  SINCE JAN 1     30.10                     31.21  -1.11    33.15

SNOWFALL (IN)
  YESTERDAY        0.0          MM      MM   0.0    0.0      0.0
  MONTH TO DATE    0.0                       0.0    0.0      0.0
  SINCE SEP 1      0.0                       0.0    0.0      0.0
  SINCE JUL 1      0.0                       0.0    0.0      0.0
  SNOW DEPTH       0

DEGREE DAYS
 HEATING
  YESTERDAY        0                         1     -1        0
  MONTH TO DATE   22                         6     16        0
  SINCE SEP 1     22                         6     16        0
  SINCE JUL 1     23                         7     16        1

 COOLING
  YESTERDAY        2                         5     -3        3
  MONTH TO DATE  115                       117     -2      150
  SINCE SEP 1    115                       117     -2      150
  SINCE JAN 1   1245                      1328    -83     1294
..................................................................


WIND (MPH)
  HIGHEST WIND SPEED     9   HIGHEST WIND DIRECTION    SE (130)
  HIGHEST GUST SPEED    11   HIGHEST GUST DIRECTION    SE (130)
  AVERAGE WIND SPEED     4.2


SKY COVER
  POSSIBLE SUNSHINE  MM
  AVERAGE SKY COVER 1.0


WEATHER CONDITIONS
 THE FOLLOWING WEATHER WAS RECORDED YESTERDAY.
  FOG
  FOG W/VISIBILITY <= 1/4 MILE


RELATIVE HUMIDITY (PERCENT)
 HIGHEST   100           500 AM
 LOWEST     87           400 PM
 AVERAGE    94

..........................................................


THE HARRISON CLIMATE NORMALS FOR TODAY
                         NORMAL    RECORD    YEAR
 MAXIMUM TEMPERATURE (F)   80        98      1953
 MINIMUM TEMPERATURE (F)   57        35      1903


SUNRISE AND SUNSET
SEPTEMBER 17 2014.....SUNRISE   657 AM CDT   SUNSET   717 PM CDT
SEPTEMBER 18 2014.....SUNRISE   657 AM CDT   SUNSET   715 PM CDT


-  INDICATES NEGATIVE NUMBERS.
R  INDICATES RECORD WAS SET OR TIED.
MM INDICATES DATA IS MISSING.
T  INDICATES TRACE AMOUNT.




$$
