000
CDUS44 KLZK 012203
CLIHRO


CLIMATE REPORT
NATIONAL WEATHER SERVICE LITTLE ROCK AR
402 PM CST SUN FEB 1 2015


...................................

...THE HARRISON CLIMATE SUMMARY FOR FEBRUARY 1 2015...
VALID TODAY AS OF 0400 PM LOCAL TIME.

CLIMATE NORMAL PERIOD 1981 TO 2010
CLIMATE RECORD PERIOD 1891 TO 2015


WEATHER ITEM   OBSERVED TIME   RECORD YEAR NORMAL DEPARTURE LAST
                VALUE   (LST)  VALUE       VALUE  FROM      YEAR
                                                  NORMAL
..................................................................
TEMPERATURE (F)
 TODAY
  MAXIMUM         49    811 AM  82    1911  48      1       57
  MINIMUM         33    358 PM  -4    1951  28      5       28
  AVERAGE         41                        38      3       43

PRECIPITATION (IN)
  TODAY            0.20          2.41 1990   0.09   0.11     0.26
  MONTH TO DATE    0.20                      0.09   0.11     0.26
  SINCE DEC 1      4.27                      5.85  -1.58     5.04
  SINCE JAN 1      2.02                      2.65  -0.63     1.29

SNOWFALL (IN)
  TODAY            0.0           4.0  1985   0.2   -0.2      0.0
  MONTH TO DATE    0.0                       0.2   -0.2      0.0
  SINCE DEC 1      T                         5.7   -5.7     10.0
  SINCE JUL 1      0.6                       6.2   -5.6     10.0
  SNOW DEPTH       0

DEGREE DAYS
 HEATING
  TODAY           24                        27     -3       22
  MONTH TO DATE   24                        27     -3       22
  SINCE DEC 1   1646                      1749   -103     1892
  SINCE JUL 1   2500                      2513    -13     2705

 COOLING
  TODAY            0                         0      0        0
  MONTH TO DATE    0                         0      0        0
  SINCE DEC 1      0                         0      0        0
  SINCE JAN 1      0                         0      0        0
..................................................................


WIND (MPH)
  HIGHEST WIND SPEED    23   HIGHEST WIND DIRECTION    NW (300)
  HIGHEST GUST SPEED    34   HIGHEST GUST DIRECTION     W (270)
  AVERAGE WIND SPEED    13.2


SKY COVER
  POSSIBLE SUNSHINE  MM
  AVERAGE SKY COVER 1.0


WEATHER CONDITIONS
 THE FOLLOWING WEATHER WAS RECORDED TODAY.
  RAIN
  LIGHT RAIN
  FOG


RELATIVE HUMIDITY (PERCENT)
 HIGHEST   100           400 AM
 LOWEST     60          1200 AM
 AVERAGE    80

..........................................................


THE HARRISON CLIMATE NORMALS FOR TOMORROW
                         NORMAL    RECORD    YEAR
 MAXIMUM TEMPERATURE (F)   48        77      1920
 MINIMUM TEMPERATURE (F)   28       -14      1951


SUNRISE AND SUNSET
FEBRUARY  1 2015......SUNRISE   714 AM CST   SUNSET   539 PM CST
FEBRUARY  2 2015......SUNRISE   713 AM CST   SUNSET   540 PM CST


-  INDICATES NEGATIVE NUMBERS.
R  INDICATES RECORD WAS SET OR TIED.
MM INDICATES DATA IS MISSING.
T  INDICATES TRACE AMOUNT.




$$
