000
CDUS44 KLZK 271009
CLIHRO


CLIMATE REPORT
NATIONAL WEATHER SERVICE LITTLE ROCK AR
408 AM CST SAT DEC 27 2014


...................................

...THE HARRISON CLIMATE SUMMARY FOR DECEMBER 26 2014...

CLIMATE NORMAL PERIOD 1981 TO 2010
CLIMATE RECORD PERIOD 1891 TO 2014


WEATHER ITEM   OBSERVED TIME   RECORD YEAR NORMAL DEPARTURE LAST
                VALUE   (LST)  VALUE       VALUE  FROM      YEAR
                                                  NORMAL
..................................................................
TEMPERATURE (F)
 YESTERDAY
  MAXIMUM         53   1130 AM  72    1971  46      7       51
  MINIMUM         39    414 AM  -1    1983  27     12       24
  AVERAGE         46                        36     10       38

PRECIPITATION (IN)
  YESTERDAY        0.02          0.71 1987   0.10  -0.08     0.00
  MONTH TO DATE    2.04                      2.75  -0.71     3.75
  SINCE DEC 1      2.04                      2.75  -0.71     3.75
  SINCE JAN 1     40.99                     43.69  -2.70    45.26

SNOWFALL (IN)
  YESTERDAY        0.0           6.0  1939   0.1   -0.1      0.0
  MONTH TO DATE    T                         0.8   -0.8      9.0
  SINCE DEC 1      T                         0.8   -0.8      9.0
  SINCE JUL 1      0.6                       1.3   -0.7      9.0
  SNOW DEPTH       0

DEGREE DAYS
 HEATING
  YESTERDAY       19                        29    -10       27
  MONTH TO DATE  612                       690    -78      743
  SINCE DEC 1    612                       690    -78      743
  SINCE JUL 1   1466                      1454     12     1556

 COOLING
  YESTERDAY        0                         0      0        0
  MONTH TO DATE    0                         0      0        0
  SINCE DEC 1      0                         0      0        0
  SINCE JAN 1   1354                      1416    -62     1414
..................................................................


WIND (MPH)
  HIGHEST WIND SPEED    22   HIGHEST WIND DIRECTION     S (170)
  HIGHEST GUST SPEED    27   HIGHEST GUST DIRECTION     S (160)
  AVERAGE WIND SPEED    12.6


SKY COVER
  POSSIBLE SUNSHINE  MM
  AVERAGE SKY COVER 0.5


WEATHER CONDITIONS
 THE FOLLOWING WEATHER WAS RECORDED YESTERDAY.
  LIGHT RAIN
  FOG


RELATIVE HUMIDITY (PERCENT)
 HIGHEST   100           600 PM
 LOWEST     60          1200 AM
 AVERAGE    80

..........................................................


THE HARRISON CLIMATE NORMALS FOR TODAY
                         NORMAL    RECORD    YEAR
 MAXIMUM TEMPERATURE (F)   46        75      1971
 MINIMUM TEMPERATURE (F)   26         5      1904


SUNRISE AND SUNSET
DECEMBER 27 2014......SUNRISE   723 AM CST   SUNSET   505 PM CST
DECEMBER 28 2014......SUNRISE   723 AM CST   SUNSET   506 PM CST


-  INDICATES NEGATIVE NUMBERS.
R  INDICATES RECORD WAS SET OR TIED.
MM INDICATES DATA IS MISSING.
T  INDICATES TRACE AMOUNT.




$$
