000
CDUS44 KLZK 250813 CCA
CLIHRO

CLIMATE REPORT
NATIONAL WEATHER SERVICE LITTLE ROCK AR
135 AM CDT MON SEP 25 2017


...................................

...THE HARRISON CLIMATE SUMMARY FOR SEPTEMBER 24 2017...

CLIMATE NORMAL PERIOD 1981 TO 2010
CLIMATE RECORD PERIOD 1891 TO 2017


WEATHER ITEM   OBSERVED TIME   RECORD YEAR NORMAL DEPARTURE LAST
                VALUE   (LST)  VALUE       VALUE  FROM      YEAR
                                                  NORMAL
..................................................................
TEMPERATURE (F)
 YESTERDAY
  MAXIMUM         91    159 PM  99    1926  77     14       89
  MINIMUM         65    608 AM  33    1989  55     10       65
  AVERAGE         78                        66     12       77

PRECIPITATION (IN)
  YESTERDAY        0.20          4.75 1941   0.14   0.06     0.00
  MONTH TO DATE    0.58                      3.39  -2.81     1.08
  SINCE SEP 1      0.58                      3.39  -2.81     1.08
  SINCE JAN 1     35.76                     32.35   3.41    29.36

SNOWFALL (IN)
  YESTERDAY        0.0          MM      MM   0.0    0.0      0.0
  MONTH TO DATE    0.0                       0.0    0.0      0.0
  SINCE SEP 1      0.0                       0.0    0.0      0.0
  SINCE JUL 1      0.0                       0.0    0.0      0.0
  SNOW DEPTH       0

DEGREE DAYS
 HEATING
  YESTERDAY        0                         3     -3        0
  MONTH TO DATE    4                        22    -18        0
  SINCE SEP 1      4                        22    -18        0
  SINCE JUL 1      4                        23    -19        0

 COOLING
  YESTERDAY       13                         3     10       12
  MONTH TO DATE  180                       151     29      215
  SINCE SEP 1    180                       151     29      215
  SINCE JAN 1   1285                      1362    -77     1526
..................................................................


WIND (MPH)
  HIGHEST WIND SPEED    21   HIGHEST WIND DIRECTION     E (90)
  HIGHEST GUST SPEED    29   HIGHEST GUST DIRECTION     E (80)
  AVERAGE WIND SPEED     5.4


SKY COVER
  POSSIBLE SUNSHINE  MM
  AVERAGE SKY COVER 0.1


WEATHER CONDITIONS
 THE FOLLOWING WEATHER WAS RECORDED YESTERDAY.
  THUNDERSTORM
  LIGHT RAIN


RELATIVE HUMIDITY (PERCENT)
 HIGHEST    93           200 AM
 LOWEST     41           100 PM
 AVERAGE    67

..........................................................


THE HARRISON CLIMATE NORMALS FOR TODAY
                         NORMAL    RECORD    YEAR
 MAXIMUM TEMPERATURE (F)   77        95      1939
 MINIMUM TEMPERATURE (F)   54        33      1950


SUNRISE AND SUNSET
SEPTEMBER 25 2017.....SUNRISE   703 AM CDT   SUNSET   705 PM CDT
SEPTEMBER 26 2017.....SUNRISE   704 AM CDT   SUNSET   703 PM CDT


-  INDICATES NEGATIVE NUMBERS.
R  INDICATES RECORD WAS SET OR TIED.
MM INDICATES DATA IS MISSING.
T  INDICATES TRACE AMOUNT.




$$
