000
CDUS44 KLZK 260636
CLIHRO


CLIMATE REPORT
NATIONAL WEATHER SERVICE LITTLE ROCK AR
135 AM CDT FRI MAY 26 2017


...................................

...THE HARRISON CLIMATE SUMMARY FOR MAY 25 2017...

CLIMATE NORMAL PERIOD 1981 TO 2010
CLIMATE RECORD PERIOD 1891 TO 2017


WEATHER ITEM   OBSERVED TIME   RECORD YEAR NORMAL DEPARTURE LAST
                VALUE   (LST)  VALUE       VALUE  FROM      YEAR
                                                  NORMAL
..................................................................
TEMPERATURE (F)
 YESTERDAY
  MAXIMUM         78    338 PM  94    1926  79     -1       80
  MINIMUM         45    534 AM  35    1925  58    -13       62
  AVERAGE         62                        68     -6       71

PRECIPITATION (IN)
  YESTERDAY        0.00          2.15 1917   0.13  -0.13     0.75
  MONTH TO DATE    4.58                      3.86   0.72     3.32
  SINCE MAR 1     21.90                     11.97   9.93    10.38
  SINCE JAN 1     25.48                     17.17   8.31    12.66

SNOWFALL (IN)
  YESTERDAY        0.0          MM      MM   0.0    0.0      0.0
  MONTH TO DATE    0.0                       0.0    0.0      0.0
  SINCE MAR 1      2.5                       2.3    0.2      0.0
  SINCE JUL 1      3.4                      11.5   -8.1      3.7
  SNOW DEPTH       0

DEGREE DAYS
 HEATING
  YESTERDAY        3                         1      2        0
  MONTH TO DATE   74                        71      3      104
  SINCE MAR 1    590                       820   -230      620
  SINCE JUL 1   2996                      3992   -996     3233

 COOLING
  YESTERDAY        0                         4     -4        6
  MONTH TO DATE   60                        73    -13       39
  SINCE MAR 1    106                       110     -4       62
  SINCE JAN 1    113                       110      3       62
..................................................................


WIND (MPH)
  HIGHEST WIND SPEED    17   HIGHEST WIND DIRECTION     S (160)
  HIGHEST GUST SPEED    22   HIGHEST GUST DIRECTION    SE (150)
  AVERAGE WIND SPEED     7.6


SKY COVER
  POSSIBLE SUNSHINE  MM
  AVERAGE SKY COVER 0.0


WEATHER CONDITIONS
 THE FOLLOWING WEATHER WAS RECORDED YESTERDAY.
  FOG


RELATIVE HUMIDITY (PERCENT)
 HIGHEST   100           100 AM
 LOWEST     43           200 PM
 AVERAGE    72

..........................................................


THE HARRISON CLIMATE NORMALS FOR TODAY
                         NORMAL    RECORD    YEAR
 MAXIMUM TEMPERATURE (F)   79        96      1926
 MINIMUM TEMPERATURE (F)   58        34      1925


SUNRISE AND SUNSET
MAY 26 2017...........SUNRISE   559 AM CDT   SUNSET   821 PM CDT
MAY 27 2017...........SUNRISE   558 AM CDT   SUNSET   822 PM CDT


-  INDICATES NEGATIVE NUMBERS.
R  INDICATES RECORD WAS SET OR TIED.
MM INDICATES DATA IS MISSING.
T  INDICATES TRACE AMOUNT.




$$
