000
CDUS44 KLZK 050648
CLIHRO


CLIMATE REPORT
NATIONAL WEATHER SERVICE LITTLE ROCK AR
148 AM CDT THU MAY 5 2016


...................................

...THE HARRISON CLIMATE SUMMARY FOR MAY 4 2016...

CLIMATE NORMAL PERIOD 1981 TO 2010
CLIMATE RECORD PERIOD 1891 TO 2016


WEATHER ITEM   OBSERVED TIME   RECORD YEAR NORMAL DEPARTURE LAST
                VALUE   (LST)  VALUE       VALUE  FROM      YEAR
                                                  NORMAL
..................................................................
TEMPERATURE (F)
 YESTERDAY
  MAXIMUM         73    246 PM  92    2014  73      0       81
  MINIMUM         50    200 AM  30    1907  52     -2       58
  AVERAGE         62                        63     -1       70

PRECIPITATION (IN)
  YESTERDAY        0.00          3.35 1920   0.17  -0.17      T
  MONTH TO DATE    T                         0.68  -0.68      T
  SINCE MAR 1      7.06                      8.79  -1.73     8.70
  SINCE JAN 1      9.34                     13.99  -4.65    12.24

SNOWFALL (IN)
  YESTERDAY        0.0          MM      MM   0.0    0.0      0.0
  MONTH TO DATE    0.0                       0.0    0.0      0.0
  SINCE MAR 1      0.0                       2.3   -2.3      4.3
  SINCE JUL 1      3.7                      11.5   -7.8     13.6
  SNOW DEPTH       0

DEGREE DAYS
 HEATING
  YESTERDAY        3                         4     -1        0
  MONTH TO DATE   25                        16      9       10
  SINCE MAR 1    541                       765   -224      713
  SINCE JUL 1   3154                      3937   -783     4108

 COOLING
  YESTERDAY        0                         2     -2        5
  MONTH TO DATE    0                         8     -8        6
  SINCE MAR 1     23                        45    -22       31
  SINCE JAN 1     23                        45    -22       31
..................................................................


WIND (MPH)
  HIGHEST WIND SPEED    21   HIGHEST WIND DIRECTION    NW (310)
  HIGHEST GUST SPEED    33   HIGHEST GUST DIRECTION    NW (310)
  AVERAGE WIND SPEED     9.5


SKY COVER
  POSSIBLE SUNSHINE  MM
  AVERAGE SKY COVER 0.0


WEATHER CONDITIONS
 THE FOLLOWING WEATHER WAS RECORDED YESTERDAY.
  NO SIGNIFICANT WEATHER WAS OBSERVED.


RELATIVE HUMIDITY (PERCENT)
 HIGHEST    63          1200 AM
 LOWEST     28           500 PM
 AVERAGE    46

..........................................................


THE HARRISON CLIMATE NORMALS FOR TODAY
                         NORMAL    RECORD    YEAR
 MAXIMUM TEMPERATURE (F)   74        91      2014
                                             1952
 MINIMUM TEMPERATURE (F)   53        30      1947


SUNRISE AND SUNSET
MAY  5 2016...........SUNRISE   615 AM CDT   SUNSET   804 PM CDT
MAY  6 2016...........SUNRISE   614 AM CDT   SUNSET   805 PM CDT


-  INDICATES NEGATIVE NUMBERS.
R  INDICATES RECORD WAS SET OR TIED.
MM INDICATES DATA IS MISSING.
T  INDICATES TRACE AMOUNT.




$$
