000
CDUS44 KLZK 251006
CLIHRO


CLIMATE REPORT
NATIONAL WEATHER SERVICE LITTLE ROCK AR
406 AM CST TUE NOV 25 2014


...................................

...THE HARRISON CLIMATE SUMMARY FOR NOVEMBER 24 2014...

CLIMATE NORMAL PERIOD 1981 TO 2010
CLIMATE RECORD PERIOD 1891 TO 2014


WEATHER ITEM   OBSERVED TIME   RECORD YEAR NORMAL DEPARTURE LAST
                VALUE   (LST)  VALUE       VALUE  FROM      YEAR
                                                  NORMAL
..................................................................
TEMPERATURE (F)
 YESTERDAY
  MAXIMUM         52    324 PM  78    1915  55     -3       27
  MINIMUM         35   1159 PM   7    1950  35      0       16
  AVERAGE         44                        45     -1       22

PRECIPITATION (IN)
  YESTERDAY        0.02          2.89 1996   0.13  -0.11     0.00
  MONTH TO DATE    2.08                      3.44  -1.36     2.79
  SINCE SEP 1     12.27                     11.19   1.08     8.68
  SINCE JAN 1     38.95                     40.15  -1.20    41.50

SNOWFALL (IN)
  YESTERDAY        0.0           0.5  1938   0.0    0.0      0.0
  MONTH TO DATE    0.6                       0.0    0.6       T
  SINCE SEP 1      0.6                       0.1    0.5       T
  SINCE JUL 1      0.6                       0.1    0.5       T
  SNOW DEPTH       0

DEGREE DAYS
 HEATING
  YESTERDAY       21                        20      1       43
  MONTH TO DATE  547                       370    177      409
  SINCE SEP 1    742                       634    108      644
  SINCE JUL 1    743                       635    108      645

 COOLING
  YESTERDAY        0                         0      0        0
  MONTH TO DATE    0                         0      0        0
  SINCE SEP 1    224                       201     23      270
  SINCE JAN 1   1354                      1412    -58     1414
..................................................................


WIND (MPH)
  HIGHEST WIND SPEED    22   HIGHEST WIND DIRECTION     W (270)
  HIGHEST GUST SPEED    36   HIGHEST GUST DIRECTION     W (260)
  AVERAGE WIND SPEED    11.8


SKY COVER
  POSSIBLE SUNSHINE  MM
  AVERAGE SKY COVER 0.2


WEATHER CONDITIONS
 THE FOLLOWING WEATHER WAS RECORDED YESTERDAY.
  LIGHT RAIN
  FOG


RELATIVE HUMIDITY (PERCENT)
 HIGHEST    92          1200 AM
 LOWEST     32           200 PM
 AVERAGE    62

..........................................................


THE HARRISON CLIMATE NORMALS FOR TODAY
                         NORMAL    RECORD    YEAR
 MAXIMUM TEMPERATURE (F)   54        77      1990
 MINIMUM TEMPERATURE (F)   35        12      1950


SUNRISE AND SUNSET
NOVEMBER 25 2014......SUNRISE   700 AM CST   SUNSET   459 PM CST
NOVEMBER 26 2014......SUNRISE   701 AM CST   SUNSET   459 PM CST


-  INDICATES NEGATIVE NUMBERS.
R  INDICATES RECORD WAS SET OR TIED.
MM INDICATES DATA IS MISSING.
T  INDICATES TRACE AMOUNT.




$$
