000
CDUS44 KLZK 080634
CLIHRO


CLIMATE REPORT
NATIONAL WEATHER SERVICE LITTLE ROCK AR
1234 AM CST MON FEB 8 2016


...................................

...THE HARRISON CLIMATE SUMMARY FOR FEBRUARY 7 2016...

CLIMATE NORMAL PERIOD 1981 TO 2010
CLIMATE RECORD PERIOD 1891 TO 2016


WEATHER ITEM   OBSERVED TIME   RECORD YEAR NORMAL DEPARTURE LAST
                VALUE   (LST)  VALUE       VALUE  FROM      YEAR
                                                  NORMAL
..................................................................
TEMPERATURE (F)
 YESTERDAY
  MAXIMUM         55    321 PM  77    1930  49      6       75
  MINIMUM         33    624 AM   0    1906  29      4       36
  AVERAGE         44                        39      5       56

PRECIPITATION (IN)
  YESTERDAY        0.00          1.84 1900   0.09  -0.09     0.00
  MONTH TO DATE    0.24                      0.61  -0.37     0.22
  SINCE DEC 1      9.63                      6.37   3.26     4.29
  SINCE JAN 1      1.19                      3.17  -1.98     2.04

SNOWFALL (IN)
  YESTERDAY        0.0           5.5  1921   0.1   -0.1      0.0
  MONTH TO DATE    0.0                       1.1   -1.1      0.2
  SINCE DEC 1      0.7                       6.6   -5.9      0.2
  SINCE JUL 1      0.7                       7.1   -6.4      0.8
  SNOW DEPTH       0

DEGREE DAYS
 HEATING
  YESTERDAY       21                        26     -5        9
  MONTH TO DATE  162                       187    -25      198
  SINCE DEC 1   1586                      1909   -323     1820
  SINCE JUL 1   2172                      2673   -501     2674

 COOLING
  YESTERDAY        0                         0      0        0
  MONTH TO DATE    0                         0      0        0
  SINCE DEC 1      2                         0      2        0
  SINCE JAN 1      0                         0      0        0
..................................................................


WIND (MPH)
  HIGHEST WIND SPEED    20   HIGHEST WIND DIRECTION     W (250)
  HIGHEST GUST SPEED    27   HIGHEST GUST DIRECTION    NW (330)
  AVERAGE WIND SPEED     8.6


SKY COVER
  POSSIBLE SUNSHINE  MM
  AVERAGE SKY COVER 0.0


WEATHER CONDITIONS
 THE FOLLOWING WEATHER WAS RECORDED YESTERDAY.
  NO SIGNIFICANT WEATHER WAS OBSERVED.


RELATIVE HUMIDITY (PERCENT)
 HIGHEST    70           700 AM
 LOWEST     32           100 PM
 AVERAGE    51

..........................................................


THE HARRISON CLIMATE NORMALS FOR TODAY
                         NORMAL    RECORD    YEAR
 MAXIMUM TEMPERATURE (F)   49        74      1943
 MINIMUM TEMPERATURE (F)   29        -7      1933


SUNRISE AND SUNSET
FEBRUARY  8 2016......SUNRISE   708 AM CST   SUNSET   546 PM CST
FEBRUARY  9 2016......SUNRISE   707 AM CST   SUNSET   547 PM CST


-  INDICATES NEGATIVE NUMBERS.
R  INDICATES RECORD WAS SET OR TIED.
MM INDICATES DATA IS MISSING.
T  INDICATES TRACE AMOUNT.




$$
