000
CDUS43 KGID 300636
CLIHSI


CLIMATE REPORT
NATIONAL WEATHER SERVICE HASTINGS NE
136 AM CDT TUE SEP 30 2014


...................................

...THE HASTINGS NE CLIMATE SUMMARY FOR SEPTEMBER 29 2014...

CLIMATE NORMAL PERIOD 1981 TO 2010
CLIMATE RECORD PERIOD 1894 TO 2014


WEATHER ITEM   OBSERVED TIME   RECORD YEAR NORMAL DEPARTURE LAST
                VALUE   (LST)  VALUE       VALUE  FROM      YEAR
                                                  NORMAL
..................................................................
TEMPERATURE (F)
 YESTERDAY
  MAXIMUM         83    240 PM  96    1953  72     11       77
  MINIMUM         59    703 AM  30    1916  48     11       47
                                      1912
  AVERAGE         71                        60     11       62

PRECIPITATION (IN)
  YESTERDAY        0.00          1.45 1983   0.07  -0.07     0.00
  MONTH TO DATE    1.77                      2.49  -0.72     1.26
  SINCE SEP 1      1.77                      2.49  -0.72     1.26
  SINCE JAN 1     26.67                     23.15   3.52    19.32

SNOWFALL (IN)
  YESTERDAY        0.0           6.0  1985   0.0    0.0      0.0
  MONTH TO DATE    0.0                       0.2   -0.2      0.0
  SINCE SEP 1      0.0                       0.2   -0.2      0.0
  SINCE JUL 1      0.0                       0.2   -0.2      0.0
  SNOW DEPTH       0

DEGREE DAYS
 HEATING
  YESTERDAY        0                         6     -6        3
  MONTH TO DATE  109                        82     27       29
  SINCE SEP 1    109                        82     27       29
  SINCE JUL 1    115                        88     27       35

 COOLING
  YESTERDAY        6                         2      4        0
  MONTH TO DATE   92                       109    -17      183
  SINCE SEP 1     92                       109    -17      183
  SINCE JAN 1   1012                      1062    -50     1141
..................................................................


WIND (MPH)
  HIGHEST WIND SPEED    17   HIGHEST WIND DIRECTION    SE (140)
  HIGHEST GUST SPEED    24   HIGHEST GUST DIRECTION    SE (150)
  AVERAGE WIND SPEED     9.2


SKY COVER
  AVERAGE SKY COVER 0.1


WEATHER CONDITIONS
 THE FOLLOWING WEATHER WAS RECORDED YESTERDAY.
  NO SIGNIFICANT WEATHER WAS OBSERVED.


RELATIVE HUMIDITY (PERCENT)
 HIGHEST    78           300 AM
 LOWEST     28           400 PM
 AVERAGE    53

..........................................................


THE HASTINGS NE CLIMATE NORMALS FOR TODAY
                         NORMAL    RECORD    YEAR
 MAXIMUM TEMPERATURE (F)   72        94      1952
 MINIMUM TEMPERATURE (F)   48        28      1920
                                             1912


SUNRISE AND SUNSET
SEPTEMBER 30 2014.....SUNRISE   729 AM CDT   SUNSET   717 PM CDT
OCTOBER  1 2014.......SUNRISE   730 AM CDT   SUNSET   716 PM CDT


-  INDICATES NEGATIVE NUMBERS.
R  INDICATES RECORD WAS SET OR TIED.
MM INDICATES DATA IS MISSING.
T  INDICATES TRACE AMOUNT.




$$
