000
CDUS43 KGID 050639
CLIHSI


CLIMATE REPORT
NATIONAL WEATHER SERVICE HASTINGS NE
137 AM CDT WED AUG 5 2015


...................................

...THE HASTINGS NE CLIMATE SUMMARY FOR AUGUST 4 2015...

CLIMATE NORMAL PERIOD 1981 TO 2010
CLIMATE RECORD PERIOD 1894 TO 2015


WEATHER ITEM   OBSERVED TIME   RECORD YEAR NORMAL DEPARTURE LAST
                VALUE   (LST)  VALUE       VALUE  FROM      YEAR
                                                  NORMAL
..................................................................
TEMPERATURE (F)
 YESTERDAY
  MAXIMUM         84    153 PM 107    1934  87     -3       91
  MINIMUM         65    732 PM  48    1915  66     -1       63
  AVERAGE         75                        76     -1       77

PRECIPITATION (IN)
  YESTERDAY        0.61          1.05 1923   0.08   0.53     0.00
  MONTH TO DATE    0.61                      0.29   0.32      T
  SINCE JUN 1     12.79                      7.83   4.96    10.17
  SINCE JAN 1     21.51                     17.65   3.86    17.11

SNOWFALL (IN)
  YESTERDAY        0.0                       0.0    0.0      0.0
  MONTH TO DATE    0.0                       0.0    0.0      0.0
  SINCE JUN 1      0.0                       0.0    0.0      0.0
  SINCE JUL 1      0.0                       0.0    0.0      0.0
  6 AM SNOW DEPTH  0

DEGREE DAYS
 HEATING
  YESTERDAY        0                         0      0        0
  MONTH TO DATE    0                         0      0        0
  SINCE JUN 1      7                        22    -15       14
  SINCE JUL 1      4                         1      3        6

 COOLING
  YESTERDAY       10                        11     -1       12
  MONTH TO DATE   47                        47      0       41
  SINCE JUN 1    611                       648    -37      552
  SINCE JAN 1    642                       707    -65      670
..................................................................


WIND (MPH)
  HIGHEST WIND SPEED    30   HIGHEST WIND DIRECTION     S (200)
  HIGHEST GUST SPEED    38   HIGHEST GUST DIRECTION     S (200)
  AVERAGE WIND SPEED    10.1


SKY COVER
  AVERAGE SKY COVER 0.5


WEATHER CONDITIONS
 THE FOLLOWING WEATHER WAS RECORDED YESTERDAY.
  THUNDERSTORM
  HEAVY RAIN
  RAIN
  LIGHT RAIN
  FOG
  HAZE


RELATIVE HUMIDITY (PERCENT)
 HIGHEST    97           400 AM
 LOWEST     59           200 PM
 AVERAGE    78

..........................................................


THE HASTINGS NE CLIMATE NORMALS FOR TODAY
                         NORMAL    RECORD    YEAR
 MAXIMUM TEMPERATURE (F)   87       108      1934
 MINIMUM TEMPERATURE (F)   66        52      1994
                                             1974


SUNRISE AND SUNSET
AUGUST  5 2015........SUNRISE   634 AM CDT   SUNSET   845 PM CDT
AUGUST  6 2015........SUNRISE   635 AM CDT   SUNSET   843 PM CDT


-  INDICATES NEGATIVE NUMBERS.
R  INDICATES RECORD WAS SET OR TIED.
MM INDICATES DATA IS MISSING.
T  INDICATES TRACE AMOUNT.




$$
