000
CDUS43 KGID 302233
CLIHSI


CLIMATE REPORT
NATIONAL WEATHER SERVICE HASTINGS NE
532 PM CDT MON MAR 30 2015


...................................

...THE HASTINGS NE CLIMATE SUMMARY FOR MARCH 30 2015...
VALID TODAY AS OF 0500 PM LOCAL TIME.

CLIMATE NORMAL PERIOD 1981 TO 2010
CLIMATE RECORD PERIOD 1894 TO 2015


WEATHER ITEM   OBSERVED TIME   RECORD YEAR NORMAL DEPARTURE LAST
                VALUE   (LST)  VALUE       VALUE  FROM      YEAR
                                                  NORMAL
..................................................................
TEMPERATURE (F)
 TODAY
  MAXIMUM         78    356 PM  89    1986  57     21       78
                                      1943
  MINIMUM         34   1237 AM   9    1987  33      1       47
  AVERAGE         56                        45     11       63

PRECIPITATION (IN)
  TODAY            0.00          0.73 2006   0.10  -0.10     0.00
  MONTH TO DATE    0.20                      1.70  -1.50     0.15
  SINCE MAR 1      0.20                      1.70  -1.50     0.15
  SINCE JAN 1      1.31                      2.60  -1.29     0.86

SNOWFALL (IN)
  TODAY            0.0           5.6  1985   0.1   -0.1      0.0
  MONTH TO DATE    0.8                       5.0   -4.2      1.2
  SINCE MAR 1      0.8                       5.0   -4.2      1.2
  SINCE JUL 1     17.0                      27.4  -10.4     19.5
  SNOW DEPTH       0

DEGREE DAYS
 HEATING
  TODAY            9                        20    -11        2
  MONTH TO DATE  625                       758   -133      841
  SINCE MAR 1    625                       758   -133      841
  SINCE JUL 1   5248                      5388   -140     5721

 COOLING
  TODAY            0                         0      0        0
  MONTH TO DATE    0                         0      0        0
  SINCE MAR 1      0                         0      0        0
  SINCE JAN 1      0                         0      0        0
..................................................................


WIND (MPH)
  HIGHEST WIND SPEED    22   HIGHEST WIND DIRECTION     W (260)
  HIGHEST GUST SPEED    29   HIGHEST GUST DIRECTION     W (250)
  AVERAGE WIND SPEED    11.4


SKY COVER
  AVERAGE SKY COVER 0.0


WEATHER CONDITIONS
 THE FOLLOWING WEATHER WAS RECORDED TODAY.
  NO SIGNIFICANT WEATHER WAS OBSERVED.


RELATIVE HUMIDITY (PERCENT)
 HIGHEST    56          1200 AM
 LOWEST     13           400 PM
 AVERAGE    35

..........................................................


THE HASTINGS NE CLIMATE NORMALS FOR TOMORROW
                         NORMAL    RECORD    YEAR
 MAXIMUM TEMPERATURE (F)   58        89      1946
 MINIMUM TEMPERATURE (F)   33        10      1987


SUNRISE AND SUNSET
MARCH 30 2015.........SUNRISE   721 AM CDT   SUNSET   756 PM CDT
MARCH 31 2015.........SUNRISE   719 AM CDT   SUNSET   757 PM CDT


-  INDICATES NEGATIVE NUMBERS.
R  INDICATES RECORD WAS SET OR TIED.
MM INDICATES DATA IS MISSING.
T  INDICATES TRACE AMOUNT.




$$
