000
CDUS43 KGID 192349
CLIHSI


CLIMATE REPORT
NATIONAL WEATHER SERVICE HASTINGS NE
547 PM CST MON FEB 19 2018


...................................

...THE HASTINGS NE CLIMATE SUMMARY FOR FEBRUARY 19 2018...
VALID TODAY AS OF 0500 PM LOCAL TIME.

CLIMATE NORMAL PERIOD 1981 TO 2010
CLIMATE RECORD PERIOD 1894 TO 2018


WEATHER ITEM   OBSERVED TIME   RECORD YEAR NORMAL DEPARTURE LAST
                VALUE   (LST)  VALUE       VALUE  FROM      YEAR
                                                  NORMAL
..................................................................
TEMPERATURE (F)
 TODAY
  MAXIMUM         28   1214 AM  71    2017  41    -13       71
  MINIMUM         15    839 AM  -8    1993  21     -6       44
  AVERAGE         22                        31     -9       58

PRECIPITATION (IN)
  TODAY            0.01          1.53 1971   0.02  -0.01     0.00
  MONTH TO DATE    0.45                      0.31   0.14     0.03
  SINCE DEC 1      1.22                      1.33  -0.11     1.47
  SINCE JAN 1      0.94                      0.72   0.22     0.86

SNOWFALL (IN)
  TODAY            0.1           2.0  1908   0.2   -0.1      0.0
  MONTH TO DATE    6.9                       4.7    2.2      1.1
  SINCE DEC 1     18.6                      16.8    1.8      5.8
  SINCE JUL 1     18.8                      20.6   -1.8      5.9
  SNOW DEPTH       T

DEGREE DAYS
 HEATING
  TODAY           43                        34      9        7
  MONTH TO DATE  834                       688    146      507
  SINCE DEC 1   3248                      3056    192     2839
  SINCE JUL 1   4391                      4337     54     3706

 COOLING
  TODAY            0                         0      0        0
  MONTH TO DATE    0                         0      0        0
  SINCE DEC 1      0                         0      0        0
  SINCE JAN 1      0                         0      0        0
..................................................................


WIND (MPH)
  HIGHEST WIND SPEED    31   HIGHEST WIND DIRECTION     N (360)
  HIGHEST GUST SPEED    43   HIGHEST GUST DIRECTION     N (360)
  AVERAGE WIND SPEED    22.1


SKY COVER
  AVERAGE SKY COVER 1.0


WEATHER CONDITIONS
 THE FOLLOWING WEATHER WAS RECORDED TODAY.
  LT FREEZING RAIN
  LIGHT SNOW
  FOG


RELATIVE HUMIDITY (PERCENT)
 HIGHEST    92           500 AM
 LOWEST     80          1100 AM
 AVERAGE    86

..........................................................


THE HASTINGS NE CLIMATE NORMALS FOR TOMORROW
                         NORMAL    RECORD    YEAR
 MAXIMUM TEMPERATURE (F)   41        73      1930
 MINIMUM TEMPERATURE (F)   21       -12      1918


SUNRISE AND SUNSET
FEBRUARY 19 2018......SUNRISE   722 AM CST   SUNSET   614 PM CST
FEBRUARY 20 2018......SUNRISE   721 AM CST   SUNSET   615 PM CST


-  INDICATES NEGATIVE NUMBERS.
R  INDICATES RECORD WAS SET OR TIED.
MM INDICATES DATA IS MISSING.
T  INDICATES TRACE AMOUNT.




$$

Thies
