000
CDUS43 KGID 230622
CLIHSI


CLIMATE REPORT
NATIONAL WEATHER SERVICE HASTINGS NE
1222 AM CST THU NOV 23 2017


...................................

...THE HASTINGS NE CLIMATE SUMMARY FOR NOVEMBER 22 2017...

CLIMATE NORMAL PERIOD 1981 TO 2010
CLIMATE RECORD PERIOD 1894 TO 2017


WEATHER ITEM   OBSERVED TIME   RECORD YEAR NORMAL DEPARTURE LAST
                VALUE   (LST)  VALUE       VALUE  FROM      YEAR
                                                  NORMAL
..................................................................
TEMPERATURE (F)
 YESTERDAY
  MAXIMUM         52    435 PM  71    2006  46      6       48
  MINIMUM         15    147 AM  -4    1929  25    -10       39
  AVERAGE         34                        36     -2       44

PRECIPITATION (IN)
  YESTERDAY        0.00          0.26 1999   0.03  -0.03     0.12
  MONTH TO DATE    0.08                      1.06  -0.98     1.14
  SINCE SEP 1      6.95                      5.61   1.34     3.16
  SINCE JAN 1     30.39                     26.27   4.12    19.73

SNOWFALL (IN)
  YESTERDAY        0.0           1.5  1929   0.2   -0.2      0.0
  MONTH TO DATE    0.0                       1.6   -1.6      0.1
  SINCE SEP 1      0.2                       2.8   -2.6      0.1
  SINCE JUL 1      0.2                       2.8   -2.6      0.1
  SNOW DEPTH       0

DEGREE DAYS
 HEATING
  YESTERDAY       31                        29      2       21
  MONTH TO DATE  575                       536     39      359
  SINCE SEP 1   1000                      1023    -23      652
  SINCE JUL 1   1004                      1029    -25      656

 COOLING
  YESTERDAY        0                         0      0        0
  MONTH TO DATE    0                         0      0        0
  SINCE SEP 1    172                       124     48      147
  SINCE JAN 1   1129                      1077     52     1195
..................................................................


WIND (MPH)
  HIGHEST WIND SPEED    21   HIGHEST WIND DIRECTION    SW (210)
  HIGHEST GUST SPEED    29   HIGHEST GUST DIRECTION     S (200)
  AVERAGE WIND SPEED     8.6


SKY COVER
  AVERAGE SKY COVER 0.0


WEATHER CONDITIONS
 THE FOLLOWING WEATHER WAS RECORDED YESTERDAY.
  NO SIGNIFICANT WEATHER WAS OBSERVED.


RELATIVE HUMIDITY (PERCENT)
 HIGHEST    80          1200 AM
 LOWEST     30           400 PM
 AVERAGE    55

..........................................................


THE HASTINGS NE CLIMATE NORMALS FOR TODAY
                         NORMAL    RECORD    YEAR
 MAXIMUM TEMPERATURE (F)   45        70      1923
 MINIMUM TEMPERATURE (F)   25         3      1950


SUNRISE AND SUNSET
NOVEMBER 23 2017......SUNRISE   730 AM CST   SUNSET   510 PM CST
NOVEMBER 24 2017......SUNRISE   731 AM CST   SUNSET   510 PM CST


-  INDICATES NEGATIVE NUMBERS.
R  INDICATES RECORD WAS SET OR TIED.
MM INDICATES DATA IS MISSING.
T  INDICATES TRACE AMOUNT.




$$
