000
CDUS43 KGID 240637
CLIHSI


CLIMATE REPORT
NATIONAL WEATHER SERVICE HASTINGS NE
135 AM CDT MON JUL 24 2017


...................................

...THE HASTINGS NE CLIMATE SUMMARY FOR JULY 23 2017...

CLIMATE NORMAL PERIOD 1981 TO 2010
CLIMATE RECORD PERIOD 1894 TO 2017


WEATHER ITEM   OBSERVED TIME   RECORD YEAR NORMAL DEPARTURE LAST
                VALUE   (LST)  VALUE       VALUE  FROM      YEAR
                                                  NORMAL
..................................................................
TEMPERATURE (F)
 YESTERDAY
  MAXIMUM         88    342 PM 106    1943  88      0       98
  MINIMUM         66    547 AM  49    1948  67     -1       72
  AVERAGE         77                        77      0       85

PRECIPITATION (IN)
  YESTERDAY        0.00          1.04 1949   0.09  -0.09      T
  MONTH TO DATE    3.75                      2.92   0.83     1.77
  SINCE JUN 1      5.54                      6.72  -1.18     2.52
  SINCE JAN 1     17.38                     16.54   0.84    14.35

SNOWFALL (IN)
  YESTERDAY        0.0                       0.0    0.0      0.0
  MONTH TO DATE    0.0                       0.0    0.0      0.0
  SINCE JUN 1      0.0                       0.0    0.0      0.0
  SINCE JUL 1      0.0                       0.0    0.0      0.0
  SNOW DEPTH       0

DEGREE DAYS
 HEATING
  YESTERDAY        0                         0      0        0
  MONTH TO DATE    0                         0      0        3
  SINCE JUN 1      3                        21    -18        3
  SINCE JUL 1      0                         0      0        3

 COOLING
  YESTERDAY       12                        12      0       20
  MONTH TO DATE  335                       279     56      294
  SINCE JUN 1    622                       504    118      645
  SINCE JAN 1    683                       563    120      674
..................................................................


WIND (MPH)
  HIGHEST WIND SPEED    14   HIGHEST WIND DIRECTION     N (340)
  HIGHEST GUST SPEED    17   HIGHEST GUST DIRECTION     N (350)
  AVERAGE WIND SPEED     6.3


SKY COVER
  AVERAGE SKY COVER 0.0


WEATHER CONDITIONS
 THE FOLLOWING WEATHER WAS RECORDED YESTERDAY.
  FOG


RELATIVE HUMIDITY (PERCENT)
 HIGHEST    93          1200 AM
 LOWEST     51           400 PM
 AVERAGE    72

..........................................................


THE HASTINGS NE CLIMATE NORMALS FOR TODAY
                         NORMAL    RECORD    YEAR
 MAXIMUM TEMPERATURE (F)   88       116      1936
 MINIMUM TEMPERATURE (F)   67        53      1911


SUNRISE AND SUNSET
JULY 24 2017..........SUNRISE   624 AM CDT   SUNSET   856 PM CDT
JULY 25 2017..........SUNRISE   624 AM CDT   SUNSET   855 PM CDT


-  INDICATES NEGATIVE NUMBERS.
R  INDICATES RECORD WAS SET OR TIED.
MM INDICATES DATA IS MISSING.
T  INDICATES TRACE AMOUNT.

$$

KELLEY
