000
CDUS43 KGID 020626
CLIHSI


CLIMATE REPORT
NATIONAL WEATHER SERVICE HASTINGS NE
1225 AM CST FRI DEC 2 2016


...................................

...THE HASTINGS NE CLIMATE SUMMARY FOR DECEMBER 1 2016...

CLIMATE NORMAL PERIOD 1981 TO 2010
CLIMATE RECORD PERIOD 1894 TO 2016


WEATHER ITEM   OBSERVED TIME   RECORD YEAR NORMAL DEPARTURE LAST
                VALUE   (LST)  VALUE       VALUE  FROM      YEAR
                                                  NORMAL
..................................................................
TEMPERATURE (F)
 YESTERDAY
  MAXIMUM         43    235 PM  71    1998  41      2       31
  MINIMUM         20    718 AM  -6    1919  22     -2       21
  AVERAGE         32                        32      0       26

PRECIPITATION (IN)
  YESTERDAY        0.00          0.59 2007   0.04  -0.04      T
  MONTH TO DATE    0.00                      0.04  -0.04      T
  SINCE DEC 1      0.00                      0.04  -0.04      T
  SINCE JAN 1     20.05                     26.54  -6.49    27.73

SNOWFALL (IN)
  YESTERDAY        0.0           3.5  1981   0.2   -0.2      0.1
  MONTH TO DATE    0.0                       0.2   -0.2      0.1
  SINCE DEC 1      0.0                       0.2   -0.2      0.1
  SINCE JUL 1      0.1                       4.0   -3.9      4.3
  SNOW DEPTH       0

DEGREE DAYS
 HEATING
  YESTERDAY       33                        33      0       39
  MONTH TO DATE   33                        33      0       39
  SINCE DEC 1     33                        33      0       39
  SINCE JUL 1    900                      1314   -414      965

 COOLING
  YESTERDAY        0                         0      0        0
  MONTH TO DATE    0                         0      0        0
  SINCE DEC 1      0                         0      0        0
  SINCE JAN 1   1195                      1077    118     1097
..................................................................


WIND (MPH)
  HIGHEST WIND SPEED    12   HIGHEST WIND DIRECTION    NW (300)
  HIGHEST GUST SPEED    14   HIGHEST GUST DIRECTION    NW (310)
  AVERAGE WIND SPEED     4.8


SKY COVER
  AVERAGE SKY COVER 0.0


WEATHER CONDITIONS
 THE FOLLOWING WEATHER WAS RECORDED YESTERDAY.
  NO SIGNIFICANT WEATHER WAS OBSERVED.


RELATIVE HUMIDITY (PERCENT)
 HIGHEST    91           400 AM
 LOWEST     43           400 PM
 AVERAGE    67

..........................................................


THE HASTINGS NE CLIMATE NORMALS FOR TODAY
                         NORMAL    RECORD    YEAR
 MAXIMUM TEMPERATURE (F)   41        68      2012
                                             1956
 MINIMUM TEMPERATURE (F)   22        -7      1919


SUNRISE AND SUNSET
DECEMBER  2 2016......SUNRISE   740 AM CST   SUNSET   507 PM CST
DECEMBER  3 2016......SUNRISE   741 AM CST   SUNSET   507 PM CST


-  INDICATES NEGATIVE NUMBERS.
R  INDICATES RECORD WAS SET OR TIED.
MM INDICATES DATA IS MISSING.
T  INDICATES TRACE AMOUNT.




$$
