000
CDUS43 KGID 100637
CLIHSI


CLIMATE REPORT
NATIONAL WEATHER SERVICE HASTINGS NE
134 AM CDT THU JUL 10 2014


...................................

...THE HASTINGS NE CLIMATE SUMMARY FOR JULY 9 2014...

CLIMATE NORMAL PERIOD 1981 TO 2010
CLIMATE RECORD PERIOD 1894 TO 2014


WEATHER ITEM   OBSERVED TIME   RECORD YEAR NORMAL DEPARTURE LAST
                VALUE   (LST)  VALUE       VALUE  FROM      YEAR
                                                  NORMAL
..................................................................
TEMPERATURE (F)
 YESTERDAY
  MAXIMUM         84    432 PM 103    1936  88     -4       94
                                      1935
  MINIMUM         58    355 AM  52    1952  66     -8       73
                                      1929
  AVERAGE         71                        77     -6       84

PRECIPITATION (IN)
  YESTERDAY        0.94          3.35 1950   0.13   0.81     0.15
  MONTH TO DATE    1.44                      1.22   0.22     0.15
  SINCE JUN 1     10.13                      5.02   5.11     1.39
  SINCE JAN 1     17.07                     14.84   2.23    13.19

SNOWFALL (IN)
  YESTERDAY        0.0                       0.0    0.0      0.0
  MONTH TO DATE    0.0                       0.0    0.0      0.0
  SINCE JUN 1      0.0                       0.0    0.0      0.0
  SINCE JUL 1      0.0                       0.0    0.0      0.0
  SNOW DEPTH       0

DEGREE DAYS
 HEATING
  YESTERDAY        0                         0      0        0
  MONTH TO DATE    2                         0      2        0
  SINCE JUN 1     10                        21    -11       27
  SINCE JUL 1      2                         0      2        0

 COOLING
  YESTERDAY        6                        12     -6       19
  MONTH TO DATE   75                       105    -30      115
  SINCE JUN 1    306                       330    -24      351
  SINCE JAN 1    424                       389     35      425
..................................................................


WIND (MPH)
  HIGHEST WIND SPEED    33   HIGHEST WIND DIRECTION    NW (320)
  HIGHEST GUST SPEED    41   HIGHEST GUST DIRECTION    NW (320)
  AVERAGE WIND SPEED     9.0


SKY COVER
  AVERAGE SKY COVER 0.3


WEATHER CONDITIONS
 THE FOLLOWING WEATHER WAS RECORDED YESTERDAY.
  THUNDERSTORM
  HEAVY RAIN
  RAIN
  LIGHT RAIN
  FOG


RELATIVE HUMIDITY (PERCENT)
 HIGHEST    86           400 AM
 LOWEST     39          1200 PM
 AVERAGE    63

..........................................................


THE HASTINGS NE CLIMATE NORMALS FOR TODAY
                         NORMAL    RECORD    YEAR
 MAXIMUM TEMPERATURE (F)   88       107      1935
 MINIMUM TEMPERATURE (F)   66        52      1952


SUNRISE AND SUNSET
JULY 10 2014..........SUNRISE   612 AM CDT   SUNSET   906 PM CDT
JULY 11 2014..........SUNRISE   613 AM CDT   SUNSET   905 PM CDT


-  INDICATES NEGATIVE NUMBERS.
R  INDICATES RECORD WAS SET OR TIED.
MM INDICATES DATA IS MISSING.
T  INDICATES TRACE AMOUNT.




$$
