000
CDUS43 KGID 202229
CLIHSI


CLIMATE REPORT
NATIONAL WEATHER SERVICE HASTINGS NE
527 PM CDT WED SEP 20 2017


...................................

...THE HASTINGS NE CLIMATE SUMMARY FOR SEPTEMBER 20 2017...
VALID TODAY AS OF 0500 PM LOCAL TIME.

CLIMATE NORMAL PERIOD 1981 TO 2010
CLIMATE RECORD PERIOD 1894 TO 2017


WEATHER ITEM   OBSERVED TIME   RECORD YEAR NORMAL DEPARTURE LAST
                VALUE   (LST)  VALUE       VALUE  FROM      YEAR
                                                  NORMAL
..................................................................
TEMPERATURE (F)
 TODAY
  MAXIMUM         79    359 PM  96    1940  76      3       93
  MINIMUM         53    649 AM  32    1991  52      1       62
                                      1983
  AVERAGE         66                        64      2       78

PRECIPITATION (IN)
  TODAY            0.00          1.28 1998   0.08  -0.08     0.00
  MONTH TO DATE    0.35                      1.77  -1.42     1.33
  SINCE SEP 1      0.35                      1.77  -1.42     1.33
  SINCE JAN 1     23.79                     22.43   1.36    17.90

SNOWFALL (IN)
  TODAY            0.0                       0.0    0.0      0.0
  MONTH TO DATE    0.0                       0.1   -0.1      0.0
  SINCE SEP 1      0.0                       0.1   -0.1      0.0
  SINCE JUL 1      0.0                       0.1   -0.1      0.0
  SNOW DEPTH       0

DEGREE DAYS
 HEATING
  TODAY            0                         4     -4        0
  MONTH TO DATE   23                        37    -14       26
  SINCE SEP 1     23                        37    -14       26
  SINCE JUL 1     27                        43    -16       30

 COOLING
  TODAY            1                         3     -2       13
  MONTH TO DATE  117                        91     26       99
  SINCE SEP 1    117                        91     26       99
  SINCE JAN 1   1074                      1044     30     1147
..................................................................


WIND (MPH)
  HIGHEST WIND SPEED    22   HIGHEST WIND DIRECTION     N (350)
  HIGHEST GUST SPEED    27   HIGHEST GUST DIRECTION     N (350)
  AVERAGE WIND SPEED     9.7


SKY COVER
  AVERAGE SKY COVER 0.0


WEATHER CONDITIONS
 THE FOLLOWING WEATHER WAS RECORDED TODAY.
  NO SIGNIFICANT WEATHER WAS OBSERVED.


RELATIVE HUMIDITY (PERCENT)
 HIGHEST    77           400 AM
 LOWEST     23           300 PM
 AVERAGE    50

..........................................................


THE HASTINGS NE CLIMATE NORMALS FOR TOMORROW
                         NORMAL    RECORD    YEAR
 MAXIMUM TEMPERATURE (F)   75        98      2005
 MINIMUM TEMPERATURE (F)   52        28      1995


SUNRISE AND SUNSET
SEPTEMBER 20 2017.....SUNRISE   720 AM CDT   SUNSET   734 PM CDT
SEPTEMBER 21 2017.....SUNRISE   721 AM CDT   SUNSET   732 PM CDT


-  INDICATES NEGATIVE NUMBERS.
R  INDICATES RECORD WAS SET OR TIED.
MM INDICATES DATA IS MISSING.
T  INDICATES TRACE AMOUNT.




$$
