000
CDUS43 KGID 290634
CLIHSI


CLIMATE REPORT
NATIONAL WEATHER SERVICE HASTINGS NE
132 AM CDT SAT AUG 29 2015


...................................

...THE HASTINGS NE CLIMATE SUMMARY FOR AUGUST 28 2015...

CLIMATE NORMAL PERIOD 1981 TO 2010
CLIMATE RECORD PERIOD 1894 TO 2015


WEATHER ITEM   OBSERVED TIME   RECORD YEAR NORMAL DEPARTURE LAST
                VALUE   (LST)  VALUE       VALUE  FROM      YEAR
                                                  NORMAL
..................................................................
TEMPERATURE (F)
 YESTERDAY
  MAXIMUM         80    232 PM 103    1984  83     -3       80
  MINIMUM         60   1041 PM  44    1911  61     -1       67
  AVERAGE         70                        72     -2       74

PRECIPITATION (IN)
  YESTERDAY        T             1.73 1935   0.15  -0.15     0.66
  MONTH TO DATE    2.15                      2.89  -0.74     7.54
  SINCE JUN 1     14.33                     10.43   3.90    17.71
  SINCE JAN 1     23.05                     20.25   2.80    24.65

SNOWFALL (IN)
  YESTERDAY        0.0                       0.0    0.0      0.0
  MONTH TO DATE    0.0                       0.0    0.0      0.0
  SINCE JUN 1      0.0                       0.0    0.0      0.0
  SINCE JUL 1      0.0                       0.0    0.0      0.0
  SNOW DEPTH       0

DEGREE DAYS
 HEATING
  YESTERDAY        0                         0      0        0
  MONTH TO DATE   11                         0     11        0
  SINCE JUN 1     18                        22     -4       14
  SINCE JUL 1     15                         1     14        6

 COOLING
  YESTERDAY        5                         7     -2        9
  MONTH TO DATE  226                       272    -46      268
  SINCE JUN 1    790                       873    -83      779
  SINCE JAN 1    821                       932   -111      897
..................................................................


WIND (MPH)
  HIGHEST WIND SPEED    20   HIGHEST WIND DIRECTION     N (10)
  HIGHEST GUST SPEED    26   HIGHEST GUST DIRECTION     S (200)
  AVERAGE WIND SPEED     9.4


SKY COVER
  AVERAGE SKY COVER 0.6


WEATHER CONDITIONS
 THE FOLLOWING WEATHER WAS RECORDED YESTERDAY.
  LIGHT RAIN
  FOG


RELATIVE HUMIDITY (PERCENT)
 HIGHEST    97          1100 PM
 LOWEST     58           400 PM
 AVERAGE    78

..........................................................


THE HASTINGS NE CLIMATE NORMALS FOR TODAY
                         NORMAL    RECORD    YEAR
 MAXIMUM TEMPERATURE (F)   83       102      1947
                                             1937
 MINIMUM TEMPERATURE (F)   60        45      1946


SUNRISE AND SUNSET
AUGUST 29 2015........SUNRISE   658 AM CDT   SUNSET   811 PM CDT
AUGUST 30 2015........SUNRISE   659 AM CDT   SUNSET   809 PM CDT


-  INDICATES NEGATIVE NUMBERS.
R  INDICATES RECORD WAS SET OR TIED.
MM INDICATES DATA IS MISSING.
T  INDICATES TRACE AMOUNT.

$$

HALBLAUB
