000
CDUS43 KGID 231003
CLIHSI


CLIMATE REPORT
NATIONAL WEATHER SERVICE HASTINGS NE
502 AM CDT SUN APR 23 2017


...................................

...THE HASTINGS NE CLIMATE SUMMARY FOR APRIL 22 2017...

CLIMATE NORMAL PERIOD 1981 TO 2010
CLIMATE RECORD PERIOD 1894 TO 2017


WEATHER ITEM   OBSERVED TIME   RECORD YEAR NORMAL DEPARTURE LAST
                VALUE   (LST)  VALUE       VALUE  FROM      YEAR
                                                  NORMAL
..................................................................
TEMPERATURE (F)
 YESTERDAY
  MAXIMUM         65    505 PM  93    1937  65      0       68
  MINIMUM         39    455 AM  26    1951  41     -2       39
                                      1909
  AVERAGE         52                        53     -1       54

PRECIPITATION (IN)
  YESTERDAY        0.00          1.32 2001   0.10  -0.10     0.00
  MONTH TO DATE    0.77                      1.66  -0.89     3.82
  SINCE MAR 1      1.85                      3.45  -1.60     4.36
  SINCE JAN 1      2.95                      4.35  -1.40     6.28

SNOWFALL (IN)
  YESTERDAY        0.0           T    2013   0.0    0.0      0.0
                                      2001
  MONTH TO DATE    0.0                       1.1   -1.1      0.0
  SINCE MAR 1      1.2                       6.3   -5.1      2.1
  SINCE JUL 1     10.3                      28.7  -18.4     32.4
  SNOW DEPTH       0

DEGREE DAYS
 HEATING
  YESTERDAY       13                        12      1       11
  MONTH TO DATE  232                       346   -114      268
  SINCE MAR 1    895                      1123   -228      838
  SINCE JUL 1   4825                      5753   -928     4748

 COOLING
  YESTERDAY        0                         0      0        0
  MONTH TO DATE    8                         0      8        0
  SINCE MAR 1      8                         0      8        0
  SINCE JAN 1      8                         0      8        0
..................................................................


WIND (MPH)
  HIGHEST WIND SPEED    14   HIGHEST WIND DIRECTION     N (20)
  HIGHEST GUST SPEED    20   HIGHEST GUST DIRECTION    NE (40)
  AVERAGE WIND SPEED     5.8


SKY COVER
  AVERAGE SKY COVER 0.1


WEATHER CONDITIONS
 THE FOLLOWING WEATHER WAS RECORDED YESTERDAY.
  HAZE


RELATIVE HUMIDITY (PERCENT)
 HIGHEST    85           400 AM
 LOWEST     24           500 PM
 AVERAGE    55

..........................................................


THE HASTINGS NE CLIMATE NORMALS FOR TODAY
                         NORMAL    RECORD    YEAR
 MAXIMUM TEMPERATURE (F)   65        96      1989
 MINIMUM TEMPERATURE (F)   41        26      2013


SUNRISE AND SUNSET
APRIL 23 2017.........SUNRISE   643 AM CDT   SUNSET   822 PM CDT
APRIL 24 2017.........SUNRISE   642 AM CDT   SUNSET   823 PM CDT


-  INDICATES NEGATIVE NUMBERS.
R  INDICATES RECORD WAS SET OR TIED.
MM INDICATES DATA IS MISSING.
T  INDICATES TRACE AMOUNT.




$$
