000
CDUS43 KGID 100725
CLIHSI


CLIMATE REPORT
NATIONAL WEATHER SERVICE HASTINGS NE
124 AM CST WED FEB 10 2016


...................................

...THE HASTINGS NE CLIMATE SUMMARY FOR FEBRUARY 9 2016...

CLIMATE NORMAL PERIOD 1981 TO 2010
CLIMATE RECORD PERIOD 1894 TO 2016


WEATHER ITEM   OBSERVED TIME   RECORD YEAR NORMAL DEPARTURE LAST
                VALUE   (LST)  VALUE       VALUE  FROM      YEAR
                                                  NORMAL
..................................................................
TEMPERATURE (F)
 YESTERDAY
  MAXIMUM         28    338 PM  70    1954  39    -11       43
  MINIMUM         20    254 AM -15    1994  18      2       28
                                      1933
  AVERAGE         24                        28     -4       36

PRECIPITATION (IN)
  YESTERDAY        0.00          0.78 1966   0.01  -0.01     0.00
  MONTH TO DATE    1.57                      0.15   1.42     0.22
  SINCE DEC 1      4.10                      1.17   2.93     1.53
  SINCE JAN 1      1.92                      0.56   1.36     0.99

SNOWFALL (IN)
  YESTERDAY        0.0           4.0  1918   0.2   -0.2      0.0
  MONTH TO DATE   16.0                       2.3   13.7      3.6
  SINCE DEC 1     26.1                      14.4   11.7     12.7
  SINCE JUL 1     30.3                      18.2   12.1     14.4
  SNOW DEPTH       5

DEGREE DAYS
 HEATING
  YESTERDAY       41                        37      4       29
  MONTH TO DATE  345                       336      9      321
  SINCE DEC 1   2470                      2704   -234     2504
  SINCE JUL 1   3396                      3985   -589     3842

 COOLING
  YESTERDAY        0                         0      0        0
  MONTH TO DATE    0                         0      0        0
  SINCE DEC 1      0                         0      0        0
  SINCE JAN 1      0                         0      0        0
..................................................................


WIND (MPH)
  HIGHEST WIND SPEED    24   HIGHEST WIND DIRECTION     N (350)
  HIGHEST GUST SPEED    28   HIGHEST GUST DIRECTION     N (360)
  AVERAGE WIND SPEED    11.2


SKY COVER
  AVERAGE SKY COVER 0.7


WEATHER CONDITIONS
 THE FOLLOWING WEATHER WAS RECORDED YESTERDAY.
  NO SIGNIFICANT WEATHER WAS OBSERVED.


RELATIVE HUMIDITY (PERCENT)
 HIGHEST    74           500 AM
 LOWEST     46           300 PM
 AVERAGE    60

..........................................................


THE HASTINGS NE CLIMATE NORMALS FOR TODAY
                         NORMAL    RECORD    YEAR
 MAXIMUM TEMPERATURE (F)   39        73      1999
 MINIMUM TEMPERATURE (F)   18       -13      1933


SUNRISE AND SUNSET
FEBRUARY 10 2016......SUNRISE   734 AM CST   SUNSET   602 PM CST
FEBRUARY 11 2016......SUNRISE   733 AM CST   SUNSET   603 PM CST


-  INDICATES NEGATIVE NUMBERS.
R  INDICATES RECORD WAS SET OR TIED.
MM INDICATES DATA IS MISSING.
T  INDICATES TRACE AMOUNT.




$$
