000
CDUS44 KHUN 152220
CLIHSV


CLIMATE REPORT
NATIONAL WEATHER SERVICE HUNTSVILLE AL
420 PM CST FRI DEC 15 2017


...................................

...THE HUNTSVILLE CLIMATE SUMMARY FOR DECEMBER 15 2017...
VALID TODAY AS OF 0400 PM LOCAL TIME.

CLIMATE NORMAL PERIOD 1981 TO 2010
CLIMATE RECORD PERIOD 1894 TO 2017


WEATHER ITEM   OBSERVED TIME   RECORD YEAR NORMAL DEPARTURE LAST
                VALUE   (LST)  VALUE       VALUE  FROM      YEAR
                                                  NORMAL
..................................................................
TEMPERATURE (F)
 TODAY
  MAXIMUM         39    244 PM  79    1956  53    -14       38
  MINIMUM         26    409 AM   5    1914  34     -8       26
  AVERAGE         33                        44    -11       32

PRECIPITATION (IN)
  TODAY            0.00          1.80 1902   0.18  -0.18     0.00
  MONTH TO DATE    1.50                      2.96  -1.46     3.52
  SINCE DEC 1      1.50                      2.96  -1.46     3.52
  SINCE JAN 1     50.62                     51.53  -0.91    42.05

SNOWFALL (IN)
  TODAY            0.0
  MONTH TO DATE    0.0
  SINCE DEC 1      0.0
  SINCE JUL 1      0.0
  SNOW DEPTH       0

DEGREE DAYS
 HEATING
  TODAY           32                        21     11       33
  MONTH TO DATE  308                       294     14      311
  SINCE DEC 1    308                       294     14      311
  SINCE JUL 1    786                       821    -35      575

 COOLING
  TODAY            0                         0      0        0
  MONTH TO DATE    0                         0      0        0
  SINCE DEC 1      0                         0      0        0
  SINCE JAN 1   2114                      1949    165     2548
..................................................................


WIND (MPH)
  HIGHEST WIND SPEED    16   HIGHEST WIND DIRECTION    NW (320)
  HIGHEST GUST SPEED    22   HIGHEST GUST DIRECTION    NW (320)
  AVERAGE WIND SPEED     5.6


SKY COVER
  POSSIBLE SUNSHINE  MM
  AVERAGE SKY COVER 0.6


WEATHER CONDITIONS
 THE FOLLOWING WEATHER WAS RECORDED TODAY.
  FOG


RELATIVE HUMIDITY (PERCENT)
 HIGHEST    92           400 AM
 LOWEST     59          1100 AM
 AVERAGE    76

..........................................................


THE HUNTSVILLE CLIMATE NORMALS FOR TOMORROW
                         NORMAL    RECORD    YEAR
 MAXIMUM TEMPERATURE (F)   53        73      2015
                                             1984
                                             1933
 MINIMUM TEMPERATURE (F)   34         6      1989


SUNRISE AND SUNSET
DECEMBER 15 2017......SUNRISE   647 AM CST   SUNSET   438 PM CST
DECEMBER 16 2017......SUNRISE   648 AM CST   SUNSET   438 PM CST


-  INDICATES NEGATIVE NUMBERS.
R  INDICATES RECORD WAS SET OR TIED.
MM INDICATES DATA IS MISSING.
T  INDICATES TRACE AMOUNT.




$$
