000
CDUS44 KHUN 270703
CLIHSV


CLIMATE REPORT
NATIONAL WEATHER SERVICE HUNTSVILLE AL
203 AM CDT SAT AUG 27 2016


...................................

...THE HUNTSVILLE CLIMATE SUMMARY FOR AUGUST 26 2016...

CLIMATE NORMAL PERIOD 1981 TO 2010
CLIMATE RECORD PERIOD 1894 TO 2016


WEATHER ITEM   OBSERVED TIME   RECORD YEAR NORMAL DEPARTURE LAST
                VALUE   (LST)  VALUE       VALUE  FROM      YEAR
                                                  NORMAL
..................................................................
TEMPERATURE (F)
 YESTERDAY
  MAXIMUM         95   1207 PM 100    1938  91      4       83
  MINIMUM         73   1159 PM  50    1917  69      4       59
  AVERAGE         84                        80      4       71

PRECIPITATION (IN)
  YESTERDAY        1.27          1.55 1922   0.10   1.17     0.00
  MONTH TO DATE    4.87                      3.07   1.80     7.75
  SINCE JUN 1     14.20                     11.41   2.79    15.94
  SINCE JAN 1     32.50                     35.78  -3.28    41.32

SNOWFALL (IN)
  YESTERDAY        0.0
  MONTH TO DATE    0.0
  SINCE JUN 1      0.0
  SINCE JUL 1      0.0
  SNOW DEPTH       0

DEGREE DAYS
 HEATING
  YESTERDAY        0                         0      0        0
  MONTH TO DATE    0                         0      0        0
  SINCE JUN 1      0                         1     -1        0
  SINCE JUL 1      0                         0      0        0

 COOLING
  YESTERDAY       19                        14      5        6
  MONTH TO DATE  469                       403     66      392
  SINCE JUN 1   1524                      1265    259     1465
  SINCE JAN 1   1811                      1528    283     1790
..................................................................


WIND (MPH)
  HIGHEST WIND SPEED    31   HIGHEST WIND DIRECTION     E (70)
  HIGHEST GUST SPEED    48   HIGHEST GUST DIRECTION     E (70)
  AVERAGE WIND SPEED     5.1


SKY COVER
  POSSIBLE SUNSHINE  MM
  AVERAGE SKY COVER 0.5


WEATHER CONDITIONS
 THE FOLLOWING WEATHER WAS RECORDED YESTERDAY.
  THUNDERSTORM
  HEAVY RAIN
  LIGHT RAIN
  FOG
  HAZE


RELATIVE HUMIDITY (PERCENT)
 HIGHEST    94           200 AM
 LOWEST     46          1200 PM
 AVERAGE    70

..........................................................


THE HUNTSVILLE CLIMATE NORMALS FOR TODAY
                         NORMAL    RECORD    YEAR
 MAXIMUM TEMPERATURE (F)   90       104      1943
 MINIMUM TEMPERATURE (F)   68        52      1945


SUNRISE AND SUNSET
AUGUST 27 2016........SUNRISE   617 AM CDT   SUNSET   719 PM CDT
AUGUST 28 2016........SUNRISE   618 AM CDT   SUNSET   718 PM CDT


-  INDICATES NEGATIVE NUMBERS.
R  INDICATES RECORD WAS SET OR TIED.
MM INDICATES DATA IS MISSING.
T  INDICATES TRACE AMOUNT.




$$
