000
CDUS44 KHUN 300711
CLIHSV


CLIMATE REPORT
NATIONAL WEATHER SERVICE HUNTSVILLE AL
206 AM CDT SUN APR 30 2017


...................................

...THE HUNTSVILLE CLIMATE SUMMARY FOR APRIL 29 2017...

CLIMATE NORMAL PERIOD 1981 TO 2010
CLIMATE RECORD PERIOD 1894 TO 2017


WEATHER ITEM   OBSERVED TIME   RECORD YEAR NORMAL DEPARTURE LAST
                VALUE   (LST)  VALUE       VALUE  FROM      YEAR
                                                  NORMAL
..................................................................
TEMPERATURE (F)
 YESTERDAY
  MAXIMUM         91   1258 PM  92    1915  77     14       84
  MINIMUM         69    512 AM  35    1928  54     15       57
  AVERAGE         80                        66     14       71

PRECIPITATION (IN)
  YESTERDAY        0.00          3.32 1963   0.14  -0.14     0.41
  MONTH TO DATE    3.64                      4.17  -0.53     2.23
  SINCE MAR 1      7.55                      9.38  -1.83     6.72
  SINCE JAN 1     16.42                     19.11  -2.69    16.67

SNOWFALL (IN)
  YESTERDAY        0.0
  MONTH TO DATE    0.0
  SINCE MAR 1      T
  SINCE JUL 1      T
  SNOW DEPTH       0

DEGREE DAYS
 HEATING
  YESTERDAY        0                         2     -2        0
  MONTH TO DATE   53                       152    -99      104
  SINCE MAR 1    365                       520   -155      337
  SINCE JUL 1   1932                      2972  -1040     2233

 COOLING
  YESTERDAY       15                         3     12        6
  MONTH TO DATE  142                        55     87       59
  SINCE MAR 1    167                        68     99       83
  SINCE JAN 1    172                        69    103       84
..................................................................


WIND (MPH)
  HIGHEST WIND SPEED    29   HIGHEST WIND DIRECTION     S (170)
  HIGHEST GUST SPEED    37   HIGHEST GUST DIRECTION     S (200)
  AVERAGE WIND SPEED    13.2


SKY COVER
  POSSIBLE SUNSHINE  MM
  AVERAGE SKY COVER 0.3


WEATHER CONDITIONS
 THE FOLLOWING WEATHER WAS RECORDED YESTERDAY.
  NO SIGNIFICANT WEATHER WAS OBSERVED.


RELATIVE HUMIDITY (PERCENT)
 HIGHEST    97           500 AM
 LOWEST     45           500 PM
 AVERAGE    71

..........................................................


THE HUNTSVILLE CLIMATE NORMALS FOR TODAY
                         NORMAL    RECORD    YEAR
 MAXIMUM TEMPERATURE (F)   77        92      1942
 MINIMUM TEMPERATURE (F)   55        39      1969
                                             1945
                                             1939


SUNRISE AND SUNSET
APRIL 30 2017.........SUNRISE   558 AM CDT   SUNSET   731 PM CDT
MAY  1 2017...........SUNRISE   557 AM CDT   SUNSET   732 PM CDT


-  INDICATES NEGATIVE NUMBERS.
R  INDICATES RECORD WAS SET OR TIED.
MM INDICATES DATA IS MISSING.
T  INDICATES TRACE AMOUNT.




$$
