000
CDUS43 KAPX 060537
CLIHTL


CLIMATE REPORT
NATIONAL WEATHER SERVICE GAYLORD MI
137 AM EDT MON JUL 6 2015


...................................

...THE HOUGHTON LAKE MI CLIMATE SUMMARY FOR JULY 5 2015...

CLIMATE NORMAL PERIOD 1981 TO 2010
CLIMATE RECORD PERIOD 1913 TO 2015


WEATHER ITEM   OBSERVED TIME   RECORD YEAR NORMAL DEPARTURE LAST
                VALUE   (LST)  VALUE       VALUE  FROM      YEAR
                                                  NORMAL
..................................................................
TEMPERATURE (F)
 YESTERDAY
  MAXIMUM         82    404 PM 102    1921  80      2       78
  MINIMUM         51    558 AM  32    1920  54     -3       42
  AVERAGE         67                        67      0       60

PRECIPITATION (IN)
  YESTERDAY        0.00          0.91 1919   0.08  -0.08     0.00
  MONTH TO DATE    0.00                      0.41  -0.41     0.08
  SINCE JUN 1      3.16                      3.51  -0.35     2.70
  SINCE JAN 1     11.78                     13.37  -1.59    15.18

DEGREE DAYS
 HEATING
  YESTERDAY        0                         2     -2        5
  MONTH TO DATE   23                        10     13       13
  SINCE JUN 1    140                       134      6       87
  SINCE JUL 1     23                        10     13       13

 COOLING
  YESTERDAY        2                         4     -2        0
  MONTH TO DATE    6                        17    -11        7
  SINCE JUN 1     26                        76    -50       80
  SINCE JAN 1     51                        92    -41       95
..................................................................


WIND (MPH)
  HIGHEST WIND SPEED    10   HIGHEST WIND DIRECTION     S (170)
  HIGHEST GUST SPEED    13   HIGHEST GUST DIRECTION     S (190)
  AVERAGE WIND SPEED     4.4




RELATIVE HUMIDITY (PERCENT)
 HIGHEST   100
 LOWEST     43
 AVERAGE    72

..........................................................


THE HOUGHTON LAKE MI CLIMATE NORMALS FOR TODAY
                         NORMAL    RECORD    YEAR
 MAXIMUM TEMPERATURE (F)   80       103      1921
 MINIMUM TEMPERATURE (F)   54        33      1965


SUNRISE AND SUNSET
JULY  6 2015..........SUNRISE   601 AM EDT   SUNSET   925 PM EDT
JULY  7 2015..........SUNRISE   602 AM EDT   SUNSET   925 PM EDT


-  INDICATES NEGATIVE NUMBERS.
R  INDICATES RECORD WAS SET OR TIED.
MM INDICATES DATA IS MISSING.
T  INDICATES TRACE AMOUNT.




$$
