000
CDUS43 KAPX 240538
CLIHTL


CLIMATE REPORT
NATIONAL WEATHER SERVICE GAYLORD MI
138 AM EDT THU APR 24 2014


...................................

...THE HOUGHTON LAKE MI CLIMATE SUMMARY FOR APRIL 23 2014...

CLIMATE NORMAL PERIOD 1981 TO 2010
CLIMATE RECORD PERIOD 1913 TO 2014


WEATHER ITEM   OBSERVED TIME   RECORD YEAR NORMAL DEPARTURE LAST
                VALUE   (LST)  VALUE       VALUE  FROM      YEAR
                                                  NORMAL
..................................................................
TEMPERATURE (F)
 YESTERDAY
  MAXIMUM         54    453 PM  89    1925  58     -4       58
  MINIMUM         30    618 AM  13    1936  34     -4       32
  AVERAGE         42                        46     -4       45

PRECIPITATION (IN)
  YESTERDAY        0.00          0.54 2013   0.08  -0.08     0.54
  MONTH TO DATE    4.56                      1.93   2.63     5.45
  SINCE MAR 1      5.71                      3.77   1.94     6.71
  SINCE JAN 1      8.51                      6.49   2.02    11.97

SNOWFALL (IN)
  YESTERDAY        0.0           6.0  1963   0.1   -0.1      0.0
  MONTH TO DATE    3.5                       3.5    0.0      3.0
  SINCE OCT 1     61.9                      66.3   -4.4     60.1
  SINCE JUL 1     61.9                      66.3   -4.4     60.1
  SNOW DEPTH       0

DEGREE DAYS
 HEATING
  YESTERDAY       23                        19      4       20
  MONTH TO DATE  572                       552     20      667
  SINCE MAR 1   1978                      1665    313     1822
  SINCE JUL 1   8426                      7537    889     7196

 COOLING
  YESTERDAY        0                         0      0        0
  MONTH TO DATE    0                         0      0        0
  SINCE MAR 1      0                         0      0        0
  SINCE JAN 1      0                         0      0        0
..................................................................


WIND (MPH)
  HIGHEST WIND SPEED    14   HIGHEST WIND DIRECTION    NW (300)
  HIGHEST GUST SPEED    19   HIGHEST GUST DIRECTION    NW (330)
  AVERAGE WIND SPEED     7.2




RELATIVE HUMIDITY (PERCENT)
 HIGHEST    85
 LOWEST     16
 AVERAGE    51

..........................................................


THE HOUGHTON LAKE MI CLIMATE NORMALS FOR TODAY
                         NORMAL    RECORD    YEAR
 MAXIMUM TEMPERATURE (F)   58        85      1960
                                             1942
 MINIMUM TEMPERATURE (F)   34        16      1917


SUNRISE AND SUNSET
APRIL 24 2014.........SUNRISE   640 AM EDT   SUNSET   834 PM EDT
APRIL 25 2014.........SUNRISE   639 AM EDT   SUNSET   836 PM EDT


-  INDICATES NEGATIVE NUMBERS.
R  INDICATES RECORD WAS SET OR TIED.
MM INDICATES DATA IS MISSING.
T  INDICATES TRACE AMOUNT.




$$
