000
CDUS43 KAPX 260544
CLIHTL


CLIMATE REPORT
NATIONAL WEATHER SERVICE GAYLORD MI
144 AM EDT WED APR 26 2017


...................................

...THE HOUGHTON LAKE MI CLIMATE SUMMARY FOR APRIL 25 2017...

CLIMATE NORMAL PERIOD 1981 TO 2010
CLIMATE RECORD PERIOD 1913 TO 2017


WEATHER ITEM   OBSERVED TIME   RECORD YEAR NORMAL DEPARTURE LAST
                VALUE   (LST)  VALUE       VALUE  FROM      YEAR
                                                  NORMAL
..................................................................
TEMPERATURE (F)
 YESTERDAY
  MAXIMUM         69    326 PM  87    1939  59     10       55
  MINIMUM         42    557 AM  18    1927  35      7       39
  AVERAGE         56                        47      9       47

PRECIPITATION (IN)
  YESTERDAY        0.00          1.69 1929   0.08  -0.08     0.54
  MONTH TO DATE    4.52                      2.08   2.44     2.11
  SINCE MAR 1      7.20                      3.92   3.28     6.84
  SINCE JAN 1     12.68                      6.64   6.04     9.96

SNOWFALL (IN)
  YESTERDAY        0.0           1.0  1976   0.1   -0.1      0.0
                                      1928
  MONTH TO DATE    T                         3.6   -3.6     11.9
  SINCE OCT 1     76.1                      66.4    9.7     58.4
  SINCE JUL 1     76.1                      66.4    9.7     58.4
  SNOW DEPTH       0

DEGREE DAYS
 HEATING
  YESTERDAY        9                        18     -9       18
  MONTH TO DATE  453                       589   -136      647
  SINCE MAR 1   1550                      1702   -152     1575
  SINCE JUL 1   6400                      7574  -1174     6488

 COOLING
  YESTERDAY        0                         0      0        0
  MONTH TO DATE    0                         0      0        0
  SINCE MAR 1      0                         0      0        0
  SINCE JAN 1      0                         0      0        0
..................................................................


WIND (MPH)
  HIGHEST WIND SPEED    16   HIGHEST WIND DIRECTION    SE (150)
  HIGHEST GUST SPEED    25   HIGHEST GUST DIRECTION    SE (150)
  AVERAGE WIND SPEED     8.3




RELATIVE HUMIDITY (PERCENT)
 HIGHEST    82
 LOWEST     49
 AVERAGE    66

..........................................................


THE HOUGHTON LAKE MI CLIMATE NORMALS FOR TODAY
                         NORMAL    RECORD    YEAR
 MAXIMUM TEMPERATURE (F)   59        86      1948
 MINIMUM TEMPERATURE (F)   35        16      1933


SUNRISE AND SUNSET
APRIL 26 2017.........SUNRISE   637 AM EDT   SUNSET   837 PM EDT
APRIL 27 2017.........SUNRISE   635 AM EDT   SUNSET   838 PM EDT


-  INDICATES NEGATIVE NUMBERS.
R  INDICATES RECORD WAS SET OR TIED.
MM INDICATES DATA IS MISSING.
T  INDICATES TRACE AMOUNT.




$$
