000
CDUS43 KAPX 030533
CLIHTL


CLIMATE REPORT
NATIONAL WEATHER SERVICE GAYLORD MI
1232 AM EST SAT DEC 3 2016


...................................

...THE HOUGHTON LAKE MI CLIMATE SUMMARY FOR DECEMBER 2 2016...

CLIMATE NORMAL PERIOD 1981 TO 2010
CLIMATE RECORD PERIOD 1913 TO 2016


WEATHER ITEM   OBSERVED TIME   RECORD YEAR NORMAL DEPARTURE LAST
                VALUE   (LST)  VALUE       VALUE  FROM      YEAR
                                                  NORMAL
..................................................................
TEMPERATURE (F)
 YESTERDAY
  MAXIMUM         37    320 PM  63    1982  35      2       38
  MINIMUM         31    733 AM -13    1930  22      9       29
  AVERAGE         34                        28      6       34

PRECIPITATION (IN)
  YESTERDAY        T             1.20 1982   0.06  -0.06     0.02
  MONTH TO DATE    0.01                      0.13  -0.12     0.09
  SINCE DEC 1      0.01                      0.13  -0.12     0.09
  SINCE JAN 1     31.06                     27.23   3.83    24.65

SNOWFALL (IN)
  YESTERDAY        T            13.1  1980   0.5   -0.5       T
  MONTH TO DATE    T                         1.0   -1.0       T
  SINCE OCT 1     11.0                      10.1    0.9      2.2
  SINCE JUL 1     11.0                      10.1    0.9      2.2
  SNOW DEPTH       0

DEGREE DAYS
 HEATING
  YESTERDAY       31                        37     -6       31
  MONTH TO DATE   59                        73    -14       60
  SINCE DEC 1     59                        73    -14       60
  SINCE JUL 1   1379                      1956   -577     1539
..................................................................


WIND (MPH)
  HIGHEST WIND SPEED    20   HIGHEST WIND DIRECTION     W (290)
  HIGHEST GUST SPEED    27   HIGHEST GUST DIRECTION     W (280)
  AVERAGE WIND SPEED    12.8




RELATIVE HUMIDITY (PERCENT)
 HIGHEST    89
 LOWEST     64
 AVERAGE    77

..........................................................


THE HOUGHTON LAKE MI CLIMATE NORMALS FOR TODAY
                         NORMAL    RECORD    YEAR
 MAXIMUM TEMPERATURE (F)   34        60      2012
                                             1982
                                             1962
 MINIMUM TEMPERATURE (F)   22       -10      1976


SUNRISE AND SUNSET
DECEMBER  3 2016......SUNRISE   757 AM EST   SUNSET   500 PM EST
DECEMBER  4 2016......SUNRISE   758 AM EST   SUNSET   500 PM EST


-  INDICATES NEGATIVE NUMBERS.
R  INDICATES RECORD WAS SET OR TIED.
MM INDICATES DATA IS MISSING.
T  INDICATES TRACE AMOUNT.




$$
