000
CDUS43 KAPX 062232
CLIHTL


CLIMATE REPORT
NATIONAL WEATHER SERVICE GAYLORD MI
531 PM EST FRI MAR 6 2015


...................................

...THE HOUGHTON LAKE MI CLIMATE SUMMARY FOR MARCH 6 2015...
VALID TODAY AS OF 0500 PM LOCAL TIME.

CLIMATE NORMAL PERIOD 1981 TO 2010
CLIMATE RECORD PERIOD 1913 TO 2015


WEATHER ITEM   OBSERVED TIME   RECORD YEAR NORMAL DEPARTURE LAST
                VALUE   (LST)  VALUE       VALUE  FROM      YEAR
                                                  NORMAL
..................................................................
TEMPERATURE (F)
 TODAY
  MAXIMUM         24    459 PM  60    2000  36    -12       25
  MINIMUM          0    658 AM -19    1920  15    -15      -15
  AVERAGE         12                        25    -13        5

PRECIPITATION (IN)
  TODAY            0.00          0.92 1946   0.06  -0.06     0.00
  MONTH TO DATE    0.17                      0.33  -0.16     0.23
  SINCE MAR 1      0.17                      0.33  -0.16     0.23
  SINCE JAN 1      1.98                      3.05  -1.07     3.03

SNOWFALL (IN)
  TODAY            0.0           6.0  1971   0.4             0.0
  MONTH TO DATE    1.4                       2.1             2.5
  SINCE OCT 1     43.0                      56.6            54.8
  SINCE JUL 1     43.0                      56.6            54.8

DEGREE DAYS
 HEATING
  TODAY           53                        40     13       60
  MONTH TO DATE  320                       245     75      362
  SINCE MAR 1    320                       245     75      362
  SINCE JUL 1   6687                      6117    570     6810

 COOLING
  TODAY            0                         0      0        0
  MONTH TO DATE    0                         0      0        0
  SINCE MAR 1      0                         0      0        0
  SINCE JAN 1      0                         0      0        0
..................................................................


WIND (MPH)
  RESULTANT WIND SPEED  10   RESULTANT WIND DIRECTION  SW (210)
  HIGHEST WIND SPEED    17   HIGHEST WIND DIRECTION    SW (210)
  HIGHEST GUST SPEED    24   HIGHEST GUST DIRECTION     S (200)
  AVERAGE WIND SPEED    10.2


SKY COVER
  POSSIBLE SUNSHINE  MM
  AVERAGE SKY COVER 0.2


WEATHER CONDITIONS
 THE FOLLOWING WEATHER WAS RECORDED TODAY.
  NO SIGNIFICANT WEATHER WAS OBSERVED.


RELATIVE HUMIDITY (PERCENT)
 HIGHEST    87           200 AM
 LOWEST     50           200 PM
 AVERAGE    69

..........................................................


THE HOUGHTON LAKE MI CLIMATE NORMALS FOR TOMORROW
                         NORMAL    RECORD    YEAR
 MAXIMUM TEMPERATURE (F)   36        68      2000
 MINIMUM TEMPERATURE (F)   15       -17      1920


SUNRISE AND SUNSET
MARCH  6 2015.........SUNRISE   708 AM EST   SUNSET   633 PM EST
MARCH  7 2015.........SUNRISE   706 AM EST   SUNSET   634 PM EST


-  INDICATES NEGATIVE NUMBERS.
R  INDICATES RECORD WAS SET OR TIED.
MM INDICATES DATA IS MISSING.
T  INDICATES TRACE AMOUNT.




$$
