000
CDUS43 KAPX 010528
CLIHTL


CLIMATE REPORT
NATIONAL WEATHER SERVICE GAYLORD MI
1228 AM EST WED MAR 1 2017


...................................

...THE HOUGHTON LAKE MI CLIMATE SUMMARY FOR FEBRUARY 28 2017...

CLIMATE NORMAL PERIOD 1981 TO 2010
CLIMATE RECORD PERIOD 1913 TO 2017


WEATHER ITEM   OBSERVED TIME   RECORD YEAR NORMAL DEPARTURE LAST
                VALUE   (LST)  VALUE       VALUE  FROM      YEAR
                                                  NORMAL
..................................................................
TEMPERATURE (F)
 YESTERDAY
  MAXIMUM         45    632 PM  52    2016  33     12       52
                                      1998
                                      1983
  MINIMUM         28    126 AM -29    2014  13     15       24
  AVERAGE         37                        23     14       38

PRECIPITATION (IN)
  YESTERDAY        0.53          0.90 1948   0.05   0.48     0.01
  MONTH TO DATE    2.51                      1.21   1.30     1.36
  SINCE DEC 1      7.70                      4.37   3.33     6.69
  SINCE JAN 1      5.48                      2.72   2.76     3.12

SNOWFALL (IN)
  YESTERDAY        0.0           7.8  1948   0.4   -0.4      0.0
  MONTH TO DATE    4.0                      12.4   -8.4     10.5
  SINCE OCT 1     66.4                      54.5   11.9     33.4
  SINCE JUL 1     66.4                      54.5   11.9     33.4
  SNOW DEPTH       T

DEGREE DAYS
 HEATING
  YESTERDAY       28                        42    -14       27
  MONTH TO DATE 1028                      1261   -233     1153
  SINCE DEC 1   3530                      3989   -459     3393
  SINCE JUL 1   4850                      5872  -1022     4872
..................................................................


WIND (MPH)
  HIGHEST WIND SPEED    17   HIGHEST WIND DIRECTION    SE (140)
  HIGHEST GUST SPEED    21   HIGHEST GUST DIRECTION    SE (140)
  AVERAGE WIND SPEED     6.6




RELATIVE HUMIDITY (PERCENT)
 HIGHEST   100
 LOWEST     66
 AVERAGE    83

..........................................................


THE HOUGHTON LAKE MI CLIMATE NORMALS FOR TODAY
                         NORMAL    RECORD    YEAR
 MAXIMUM TEMPERATURE (F)   34        53      1992
 MINIMUM TEMPERATURE (F)   13       -23      1967


SUNRISE AND SUNSET
MARCH  1 2017.........SUNRISE   715 AM EST   SUNSET   627 PM EST
MARCH  2 2017.........SUNRISE   714 AM EST   SUNSET   628 PM EST


-  INDICATES NEGATIVE NUMBERS.
R  INDICATES RECORD WAS SET OR TIED.
MM INDICATES DATA IS MISSING.
T  INDICATES TRACE AMOUNT.




$$
