000
CDUS43 KAPX 300540
CLIHTL


CLIMATE REPORT
NATIONAL WEATHER SERVICE GAYLORD MI
140 AM EDT MON MAR 30 2015


...................................

...THE HOUGHTON LAKE MI CLIMATE SUMMARY FOR MARCH 29 2015...

CLIMATE NORMAL PERIOD 1981 TO 2010
CLIMATE RECORD PERIOD 1913 TO 2015


WEATHER ITEM   OBSERVED TIME   RECORD YEAR NORMAL DEPARTURE LAST
                VALUE   (LST)  VALUE       VALUE  FROM      YEAR
                                                  NORMAL
..................................................................
TEMPERATURE (F)
 YESTERDAY
  MAXIMUM         42    136 PM  78    1946  46     -4       41
  MINIMUM         19    332 AM -12    1923  24     -5       23
  AVERAGE         31                        35     -4       32

PRECIPITATION (IN)
  YESTERDAY        0.05          0.56 1988   0.07  -0.02     0.00
                                      1988
                                      2009
  MONTH TO DATE    0.46                      1.70  -1.24     1.15
  SINCE MAR 1      0.46                      1.70  -1.24     1.15
  SINCE JAN 1      2.27                      4.42  -2.15     3.95

SNOWFALL (IN)
  YESTERDAY        0.2           2.5  1972   0.2    0.0      0.0
  MONTH TO DATE    1.6                       7.9   -6.3      6.1
  SINCE OCT 1     43.2                      62.4  -19.2     58.4
  SINCE JUL 1     43.2                      62.4  -19.2     58.4
  SNOW DEPTH       0

DEGREE DAYS
 HEATING
  YESTERDAY       34                        30      4       33
  MONTH TO DATE 1112                      1054     58     1349
  SINCE MAR 1   1112                      1054     58     1349
  SINCE JUL 1   7479                      6926    553     7797

 COOLING
  YESTERDAY        0                         0      0        0
  MONTH TO DATE    0                         0      0        0
  SINCE MAR 1      0                         0      0        0
  SINCE JAN 1      0                         0      0        0
..................................................................


WIND (MPH)
  HIGHEST WIND SPEED    25   HIGHEST WIND DIRECTION    SW (210)
  HIGHEST GUST SPEED    38   HIGHEST GUST DIRECTION    SW (210)
  AVERAGE WIND SPEED    14.1




RELATIVE HUMIDITY (PERCENT)
 HIGHEST    96
 LOWEST     27
 AVERAGE    62

..........................................................


THE HOUGHTON LAKE MI CLIMATE NORMALS FOR TODAY
                         NORMAL    RECORD    YEAR
 MAXIMUM TEMPERATURE (F)   46        75      1938
 MINIMUM TEMPERATURE (F)   24         0      1921


SUNRISE AND SUNSET
MARCH 30 2015.........SUNRISE   724 AM EDT   SUNSET   803 PM EDT
MARCH 31 2015.........SUNRISE   722 AM EDT   SUNSET   805 PM EDT


-  INDICATES NEGATIVE NUMBERS.
R  INDICATES RECORD WAS SET OR TIED.
MM INDICATES DATA IS MISSING.
T  INDICATES TRACE AMOUNT.




$$
