789
CDUS43 KAPX 182234
CLIHTL


CLIMATE REPORT
NATIONAL WEATHER SERVICE GAYLORD MI
534 PM EST MON DEC 18 2017


...................................

...THE HOUGHTON LAKE MI CLIMATE SUMMARY FOR DECEMBER 18 2017...
VALID TODAY AS OF 0500 PM LOCAL TIME.

CLIMATE NORMAL PERIOD 1981 TO 2010
CLIMATE RECORD PERIOD 1913 TO 2017


WEATHER ITEM   OBSERVED TIME   RECORD YEAR NORMAL DEPARTURE LAST
                VALUE   (LST)  VALUE       VALUE  FROM      YEAR
                                                  NORMAL
..................................................................
TEMPERATURE (F)
 TODAY
  MAXIMUM         33    459 PM  51    1931  30      3       17
  MINIMUM         25    233 AM -28    1926  17      8        2
  AVERAGE         29                        23      6       10

PRECIPITATION (IN)
  TODAY            0.01          0.44 1977   0.05  -0.04      T
  MONTH TO DATE    1.07                      1.03   0.04     1.51
  SINCE DEC 1      1.07                      1.03   0.04     1.51
  SINCE JAN 1     36.67                     28.13   8.54    32.56

SNOWFALL (IN)
  TODAY            T             5.9  1969   0.5              T
  MONTH TO DATE    9.5                       9.2            23.5
  SINCE OCT 1     14.9                      18.3            34.5
  SINCE JUL 1     14.9                      18.3            34.5

DEGREE DAYS
 HEATING
  TODAY           36                        42     -6       55
  MONTH TO DATE  722                       705     17      749
  SINCE DEC 1    722                       705     17      749
  SINCE JUL 1   2323                      2588   -265     2069
..................................................................


WIND (MPH)
  RESULTANT WIND SPEED   2   RESULTANT WIND DIRECTION  SW (240)
  HIGHEST WIND SPEED    13   HIGHEST WIND DIRECTION    SW (240)
  HIGHEST GUST SPEED    19   HIGHEST GUST DIRECTION     W (270)
  AVERAGE WIND SPEED     2.8


SKY COVER
  POSSIBLE SUNSHINE  MM
  AVERAGE SKY COVER 1.0


WEATHER CONDITIONS
 THE FOLLOWING WEATHER WAS RECORDED TODAY.
  LIGHT SNOW
  FOG
  FOG W/VISIBILITY <= 1/4 MILE


RELATIVE HUMIDITY (PERCENT)
 HIGHEST   100          1200 AM
 LOWEST     89           300 PM
 AVERAGE    95

..........................................................


THE HOUGHTON LAKE MI CLIMATE NORMALS FOR TOMORROW
                         NORMAL    RECORD    YEAR
 MAXIMUM TEMPERATURE (F)   29        53      1931
 MINIMUM TEMPERATURE (F)   16       -17      1919


SUNRISE AND SUNSET
DECEMBER 18 2017......SUNRISE   810 AM EST   SUNSET   501 PM EST
DECEMBER 19 2017......SUNRISE   811 AM EST   SUNSET   501 PM EST


-  INDICATES NEGATIVE NUMBERS.
R  INDICATES RECORD WAS SET OR TIED.
MM INDICATES DATA IS MISSING.
T  INDICATES TRACE AMOUNT.




$$
