000
CDUS43 KAPX 230544
CLIHTL


CLIMATE REPORT
NATIONAL WEATHER SERVICE GAYLORD MI
143 AM EDT WED AUG 23 2017


...................................

...THE HOUGHTON LAKE MI CLIMATE SUMMARY FOR AUGUST 22 2017...

CLIMATE NORMAL PERIOD 1981 TO 2010
CLIMATE RECORD PERIOD 1913 TO 2017


WEATHER ITEM   OBSERVED TIME   RECORD YEAR NORMAL DEPARTURE LAST
                VALUE   (LST)  VALUE       VALUE  FROM      YEAR
                                                  NORMAL
..................................................................
TEMPERATURE (F)
 YESTERDAY
  MAXIMUM         72   1044 AM  96    1955  76     -4       76
  MINIMUM         61   1159 PM  29    1923  52      9       50
  AVERAGE         67                        64      3       63

PRECIPITATION (IN)
  YESTERDAY        0.12          0.66 2002   0.10   0.02     0.00
  MONTH TO DATE    2.70                      2.47   0.23     2.64
  SINCE JUN 1      9.69                      8.33   1.36     8.42
  SINCE JAN 1     25.60                     18.19   7.41    22.49

DEGREE DAYS
 HEATING
  YESTERDAY        0                         3     -3        2
  MONTH TO DATE   22                        49    -27        4
  SINCE JUN 1    102                       220   -118      136
  SINCE JUL 1     34                        96    -62       31

 COOLING
  YESTERDAY        2                         2      0        0
  MONTH TO DATE   46                        60    -14      132
  SINCE JUN 1    230                       231     -1      342
  SINCE JAN 1    244                       247     -3      371
..................................................................


WIND (MPH)
  HIGHEST WIND SPEED    29   HIGHEST WIND DIRECTION    NW (310)
  HIGHEST GUST SPEED    39   HIGHEST GUST DIRECTION    NW (320)
  AVERAGE WIND SPEED    11.8




RELATIVE HUMIDITY (PERCENT)
 HIGHEST    97
 LOWEST     53
 AVERAGE    75

..........................................................


THE HOUGHTON LAKE MI CLIMATE NORMALS FOR TODAY
                         NORMAL    RECORD    YEAR
 MAXIMUM TEMPERATURE (F)   76        97      1922
 MINIMUM TEMPERATURE (F)   52        31      1951
                                             1923


SUNRISE AND SUNSET
AUGUST 23 2017........SUNRISE   651 AM EDT   SUNSET   830 PM EDT
AUGUST 24 2017........SUNRISE   653 AM EDT   SUNSET   829 PM EDT


-  INDICATES NEGATIVE NUMBERS.
R  INDICATES RECORD WAS SET OR TIED.
MM INDICATES DATA IS MISSING.
T  INDICATES TRACE AMOUNT.




$$
