000
CDUS43 KAPX 230529
CLIHTL


CLIMATE REPORT
NATIONAL WEATHER SERVICE GAYLORD MI
128 AM EDT THU OCT 23 2014


...................................

...THE HOUGHTON LAKE MI CLIMATE SUMMARY FOR OCTOBER 22 2014...

CLIMATE NORMAL PERIOD 1981 TO 2010
CLIMATE RECORD PERIOD 1913 TO 2014


WEATHER ITEM   OBSERVED TIME   RECORD YEAR NORMAL DEPARTURE LAST
                VALUE   (LST)  VALUE       VALUE  FROM      YEAR
                                                  NORMAL
..................................................................
TEMPERATURE (F)
 YESTERDAY
  MAXIMUM         49    418 PM  81    1947  53     -4       47
  MINIMUM         26   1155 PM  14    1930  34     -8       33
                                      1924
  AVERAGE         38                        44     -6       40

PRECIPITATION (IN)
  YESTERDAY        0.00          1.05 1972   0.08  -0.08     0.09
  MONTH TO DATE    2.53                      1.85   0.68     2.35
  SINCE SEP 1      5.76                      4.95   0.81     4.16
  SINCE JAN 1     25.64                     24.07   1.57    24.26

SNOWFALL (IN)
  YESTERDAY        0.0           1.0  1987   0.0    0.0       T
                                      1913
  MONTH TO DATE    0.0                       0.2   -0.2       T
  SINCE OCT 1      0.0                       0.2   -0.2       T
  SINCE JUL 1      0.0                       0.2   -0.2       T
  SNOW DEPTH       0

DEGREE DAYS
 HEATING
  YESTERDAY       27                        21      6       25
  MONTH TO DATE  367                       390    -23      303
  SINCE SEP 1    618                       644    -26      565
  SINCE JUL 1    774                       771      3      690

 COOLING
  YESTERDAY        0                         0      0        0
  MONTH TO DATE    0                         0      0        0
  SINCE SEP 1     15                        20     -5       35
  SINCE JAN 1    210                       285    -75      381
..................................................................


WIND (MPH)
  HIGHEST WIND SPEED     9   HIGHEST WIND DIRECTION     E (70)
  HIGHEST GUST SPEED    13   HIGHEST GUST DIRECTION    NE (60)
  AVERAGE WIND SPEED     2.5




RELATIVE HUMIDITY (PERCENT)
 HIGHEST    92
 LOWEST     56
 AVERAGE    74

..........................................................


THE HOUGHTON LAKE MI CLIMATE NORMALS FOR TODAY
                         NORMAL    RECORD    YEAR
 MAXIMUM TEMPERATURE (F)   53        81      1963
 MINIMUM TEMPERATURE (F)   34        16      1969


SUNRISE AND SUNSET
OCTOBER 23 2014.......SUNRISE   804 AM EDT   SUNSET   641 PM EDT
OCTOBER 24 2014.......SUNRISE   805 AM EDT   SUNSET   640 PM EDT


-  INDICATES NEGATIVE NUMBERS.
R  INDICATES RECORD WAS SET OR TIED.
MM INDICATES DATA IS MISSING.
T  INDICATES TRACE AMOUNT.




$$
