000
CDUS43 KAPX 260527
CLIHTL


CLIMATE REPORT
NATIONAL WEATHER SERVICE GAYLORD MI
126 AM EDT SUN OCT 26 2014


...................................

...THE HOUGHTON LAKE MI CLIMATE SUMMARY FOR OCTOBER 25 2014...

CLIMATE NORMAL PERIOD 1981 TO 2010
CLIMATE RECORD PERIOD 1913 TO 2014


WEATHER ITEM   OBSERVED TIME   RECORD YEAR NORMAL DEPARTURE LAST
                VALUE   (LST)  VALUE       VALUE  FROM      YEAR
                                                  NORMAL
..................................................................
TEMPERATURE (F)
 YESTERDAY
  MAXIMUM         62    126 PM  78    1963  52     10       46
  MINIMUM         44    132 AM  15    1930  33     11       33
  AVERAGE         53                        43     10       40

PRECIPITATION (IN)
  YESTERDAY        0.00          1.33 2011   0.07  -0.07     0.01
  MONTH TO DATE    2.53                      2.08   0.45     2.40
  SINCE SEP 1      5.76                      5.18   0.58     4.21
  SINCE JAN 1     25.64                     24.30   1.34    24.31

SNOWFALL (IN)
  YESTERDAY        0.0           2.5  1962   0.0    0.0       T
  MONTH TO DATE    0.0                       0.3   -0.3       T
  SINCE OCT 1      0.0                       0.3   -0.3       T
  SINCE JUL 1      0.0                       0.3   -0.3       T
  SNOW DEPTH       0

DEGREE DAYS
 HEATING
  YESTERDAY       12                        22    -10       25
  MONTH TO DATE  428                       456    -28      385
  SINCE SEP 1    679                       710    -31      647
  SINCE JUL 1    835                       837     -2      772

 COOLING
  YESTERDAY        0                         0      0        0
  MONTH TO DATE    0                         0      0        0
  SINCE SEP 1     15                        20     -5       35
  SINCE JAN 1    210                       285    -75      381
..................................................................


WIND (MPH)
  HIGHEST WIND SPEED    23   HIGHEST WIND DIRECTION     W (290)
  HIGHEST GUST SPEED    32   HIGHEST GUST DIRECTION    NW (300)
  AVERAGE WIND SPEED    11.5




RELATIVE HUMIDITY (PERCENT)
 HIGHEST   100
 LOWEST     36
 AVERAGE    68

..........................................................


THE HOUGHTON LAKE MI CLIMATE NORMALS FOR TODAY
                         NORMAL    RECORD    YEAR
 MAXIMUM TEMPERATURE (F)   52        82      1927
 MINIMUM TEMPERATURE (F)   33        17      1950


SUNRISE AND SUNSET
OCTOBER 26 2014.......SUNRISE   808 AM EDT   SUNSET   637 PM EDT
OCTOBER 27 2014.......SUNRISE   809 AM EDT   SUNSET   635 PM EDT


-  INDICATES NEGATIVE NUMBERS.
R  INDICATES RECORD WAS SET OR TIED.
MM INDICATES DATA IS MISSING.
T  INDICATES TRACE AMOUNT.




$$
