000
CDUS43 KAPX 230527
CLIHTL


CLIMATE REPORT
NATIONAL WEATHER SERVICE GAYLORD MI
127 AM EDT FRI JUN 23 2017


...................................

...THE HOUGHTON LAKE MI CLIMATE SUMMARY FOR JUNE 22 2017...

CLIMATE NORMAL PERIOD 1981 TO 2010
CLIMATE RECORD PERIOD 1913 TO 2017


WEATHER ITEM   OBSERVED TIME   RECORD YEAR NORMAL DEPARTURE LAST
                VALUE   (LST)  VALUE       VALUE  FROM      YEAR
                                                  NORMAL
..................................................................
TEMPERATURE (F)
 YESTERDAY
  MAXIMUM         80    232 PM  96    1923  77      3       76
  MINIMUM         53    212 AM  32    1936  52      1       46
  AVERAGE         67                        65      2       61

PRECIPITATION (IN)
  YESTERDAY        0.77          1.21 1990   0.10   0.67     0.00
  MONTH TO DATE    4.00                      2.32   1.68     2.39
  SINCE JUN 1      4.00                      2.32   1.68     2.39
  SINCE JAN 1     19.91                     12.18   7.73    16.46

DEGREE DAYS
 HEATING
  YESTERDAY        0                         3     -3        4
  MONTH TO DATE   39                       105    -66       89
  SINCE JUN 1     39                       105    -66       89
  SINCE JUL 1   6871                      8124  -1253     6993

 COOLING
  YESTERDAY        2                         3     -1        0
  MONTH TO DATE   69                        35     34       29
  SINCE JUN 1     69                        35     34       29
  SINCE JAN 1     83                        51     32       58
..................................................................


WIND (MPH)
  HIGHEST WIND SPEED    17   HIGHEST WIND DIRECTION     W (260)
  HIGHEST GUST SPEED    25   HIGHEST GUST DIRECTION     W (260)
  AVERAGE WIND SPEED     6.7




RELATIVE HUMIDITY (PERCENT)
 HIGHEST   100
 LOWEST     67
 AVERAGE    84

..........................................................


THE HOUGHTON LAKE MI CLIMATE NORMALS FOR TODAY
                         NORMAL    RECORD    YEAR
 MAXIMUM TEMPERATURE (F)   78        96      1923
 MINIMUM TEMPERATURE (F)   52        31      1918


SUNRISE AND SUNSET
JUNE 23 2017..........SUNRISE   555 AM EDT   SUNSET   927 PM EDT
JUNE 24 2017..........SUNRISE   555 AM EDT   SUNSET   927 PM EDT


-  INDICATES NEGATIVE NUMBERS.
R  INDICATES RECORD WAS SET OR TIED.
MM INDICATES DATA IS MISSING.
T  INDICATES TRACE AMOUNT.




$$
