000
CDUS43 KAPX 010601
CLIHTL


CLIMATE REPORT
NATIONAL WEATHER SERVICE GAYLORD MI
159 AM EDT SAT NOV 1 2014


...................................

...THE HOUGHTON LAKE MI CLIMATE SUMMARY FOR OCTOBER 31 2014...

CLIMATE NORMAL PERIOD 1981 TO 2010
CLIMATE RECORD PERIOD 1913 TO 2014


WEATHER ITEM   OBSERVED TIME   RECORD YEAR NORMAL DEPARTURE LAST
                VALUE   (LST)  VALUE       VALUE  FROM      YEAR
                                                  NORMAL
..................................................................
TEMPERATURE (F)
 YESTERDAY
  MAXIMUM         42   1200 AM  79    1933  49     -7       59
  MINIMUM         29   1100 PM   7    1925  32     -3       49
  AVERAGE         36                        41     -5       54

PRECIPITATION (IN)
  YESTERDAY        0.04          0.88 1919   0.08  -0.04     0.71
  MONTH TO DATE    3.20                      2.56   0.64     3.43
  SINCE SEP 1      6.43                      5.66   0.77     5.24
  SINCE JAN 1     26.31                     24.78   1.53    25.34

SNOWFALL (IN)
  YESTERDAY        T             0.5  1932   0.1   -0.1      0.0
                                      1930
  MONTH TO DATE    T                         0.6   -0.6       T
  SINCE OCT 1      T                         0.6   -0.6       T
  SINCE JUL 1      T                         0.6   -0.6       T
  SNOW DEPTH       0

DEGREE DAYS
 HEATING
  YESTERDAY       29                        24      5       11
  MONTH TO DATE  564                       597    -33      530
  SINCE SEP 1    815                       851    -36      792
  SINCE JUL 1    971                       978     -7      917

 COOLING
  YESTERDAY        0                         0      0        0
  MONTH TO DATE    0                         2     -2        0
  SINCE SEP 1     15                        22     -7       35
  SINCE JAN 1    210                       287    -77      381
..................................................................


WIND (MPH)
  HIGHEST WIND SPEED    25   HIGHEST WIND DIRECTION     N (360)
  HIGHEST GUST SPEED    39   HIGHEST GUST DIRECTION     N (20)
  AVERAGE WIND SPEED    14.7




RELATIVE HUMIDITY (PERCENT)
 HIGHEST   100
 LOWEST     63
 AVERAGE    82

..........................................................


THE HOUGHTON LAKE MI CLIMATE NORMALS FOR TODAY
                         NORMAL    RECORD    YEAR
 MAXIMUM TEMPERATURE (F)   49        77      1927
 MINIMUM TEMPERATURE (F)   32        11      1923


SUNRISE AND SUNSET
NOVEMBER  1 2014......SUNRISE   816 AM EDT   SUNSET   628 PM EDT
NOVEMBER  2 2014......SUNRISE   717 AM EST   SUNSET   527 PM EST


-  INDICATES NEGATIVE NUMBERS.
R  INDICATES RECORD WAS SET OR TIED.
MM INDICATES DATA IS MISSING.
T  INDICATES TRACE AMOUNT.




$$
