000
CDUS43 KAPX 170530
CLIHTL


CLIMATE REPORT
NATIONAL WEATHER SERVICE GAYLORD MI
129 AM EDT WED SEP 17 2014


...................................

...THE HOUGHTON LAKE MI CLIMATE SUMMARY FOR SEPTEMBER 16 2014...

CLIMATE NORMAL PERIOD 1981 TO 2010
CLIMATE RECORD PERIOD 1913 TO 2014


WEATHER ITEM   OBSERVED TIME   RECORD YEAR NORMAL DEPARTURE LAST
                VALUE   (LST)  VALUE       VALUE  FROM      YEAR
                                                  NORMAL
..................................................................
TEMPERATURE (F)
 YESTERDAY
  MAXIMUM         62    245 PM  88    1927  69     -7       58
  MINIMUM         38    211 AM  27    1964  45     -7       36
  AVERAGE         50                        57     -7       47

PRECIPITATION (IN)
  YESTERDAY        0.00          1.06 1980   0.11  -0.11     0.00
  MONTH TO DATE    2.63                      1.64   0.99     0.52
  SINCE SEP 1      2.63                      1.64   0.99     0.52
  SINCE JAN 1     22.51                     20.76   1.75    20.62

DEGREE DAYS
 HEATING
  YESTERDAY       15                         8      7       18
  MONTH TO DATE  127                        99     28      102
  SINCE SEP 1    127                        99     28      102
  SINCE JUL 1    283                       226     57      227

 COOLING
  YESTERDAY        0                         1     -1        0
  MONTH TO DATE   15                        16     -1       30
  SINCE SEP 1     15                        16     -1       30
  SINCE JAN 1    210                       281    -71      376
..................................................................


WIND (MPH)
  HIGHEST WIND SPEED    13   HIGHEST WIND DIRECTION     W (270)
  HIGHEST GUST SPEED    17   HIGHEST GUST DIRECTION     W (280)
  AVERAGE WIND SPEED     5.3




RELATIVE HUMIDITY (PERCENT)
 HIGHEST   100
 LOWEST     46
 AVERAGE    73

..........................................................


THE HOUGHTON LAKE MI CLIMATE NORMALS FOR TODAY
                         NORMAL    RECORD    YEAR
 MAXIMUM TEMPERATURE (F)   69        89      1927
 MINIMUM TEMPERATURE (F)   45        27      1959
                                             1937


SUNRISE AND SUNSET
SEPTEMBER 17 2014.....SUNRISE   720 AM EDT   SUNSET   746 PM EDT
SEPTEMBER 18 2014.....SUNRISE   721 AM EDT   SUNSET   744 PM EDT


-  INDICATES NEGATIVE NUMBERS.
R  INDICATES RECORD WAS SET OR TIED.
MM INDICATES DATA IS MISSING.
T  INDICATES TRACE AMOUNT.




$$
