000
CDUS41 KRLX 220717
CLIHTS


CLIMATE REPORT
NATIONAL WEATHER SERVICE CHARLESTON WV
316 AM EDT TUE AUG 22 2017


...................................

...THE HUNTINGTON WV CLIMATE SUMMARY FOR AUGUST 21 2017...

CLIMATE NORMAL PERIOD 1981 TO 2010
CLIMATE RECORD PERIOD 1897 TO 2017


WEATHER ITEM   OBSERVED TIME   RECORD YEAR NORMAL DEPARTURE LAST
                VALUE   (LST)  VALUE       VALUE  FROM      YEAR
                                                  NORMAL
..................................................................
TEMPERATURE (F)
 YESTERDAY
  MAXIMUM         90    331 PM 105    1936  86      4       81
  MINIMUM         67    618 AM  48    1950  64      3       64
  AVERAGE         79                        75      4       73

PRECIPITATION (IN)
  YESTERDAY        0.00          1.60 2004   0.12  -0.12     0.11
  MONTH TO DATE    1.64                      2.62  -0.98     3.19
  SINCE JAN 1     31.28                     29.13   2.15    36.01

SNOWFALL (IN)
  YESTERDAY        0.0
  MONTH TO DATE    0.0
  SINCE SEP 1      5.9
  SNOW DEPTH       0

DEGREE DAYS
 HEATING
  YESTERDAY        0                         0      0        0
  MONTH TO DATE    0                         0      0        0
  SINCE JUN 1      4                        12     -8        1
  SINCE JUL 1      0                         0      0        0

 COOLING
  YESTERDAY       14                        10      4        8
  MONTH TO DATE  187                       219    -32      304
  SINCE JUN 1    769                       776     -7      976
  SINCE JAN 1    941                       889     52     1116
..................................................................


WIND (MPH)
  HIGHEST WIND SPEED     9   HIGHEST WIND DIRECTION     S (190)
  HIGHEST GUST SPEED    14   HIGHEST GUST DIRECTION     S (170)
  AVERAGE WIND SPEED     2.6


SKY COVER
  AVERAGE SKY COVER 0.0


WEATHER CONDITIONS
 THE FOLLOWING WEATHER WAS RECORDED YESTERDAY.
  FOG


RELATIVE HUMIDITY (PERCENT)
 HIGHEST    97          1200 AM
 LOWEST     47           100 PM
 AVERAGE    72

..........................................................


THE HUNTINGTON WV CLIMATE NORMALS FOR TODAY
                         NORMAL    RECORD    YEAR
 MAXIMUM TEMPERATURE (F)   85       104      1936
 MINIMUM TEMPERATURE (F)   64        49      1982


SUNRISE AND SUNSET
AUGUST 22 2017........SUNRISE   651 AM EDT   SUNSET   814 PM EDT
AUGUST 23 2017........SUNRISE   652 AM EDT   SUNSET   813 PM EDT


-  INDICATES NEGATIVE NUMBERS.
R  INDICATES RECORD WAS SET OR TIED.
MM INDICATES DATA IS MISSING.
T  INDICATES TRACE AMOUNT.




$$
