000
CDUS41 KRLX 290825
CLIHTS


CLIMATE REPORT
NATIONAL WEATHER SERVICE CHARLESTON WV
323 AM EST THU JAN 29 2015


...................................

...THE HUNTINGTON WV CLIMATE SUMMARY FOR JANUARY 28 2015...

CLIMATE NORMAL PERIOD 1981 TO 2010
CLIMATE RECORD PERIOD 1897 TO 2015


WEATHER ITEM   OBSERVED TIME   RECORD YEAR NORMAL DEPARTURE LAST
                VALUE   (LST)  VALUE       VALUE  FROM      YEAR
                                                  NORMAL
..................................................................
TEMPERATURE (F)
 YESTERDAY
  MAXIMUM         34    314 PM  71    2013  43     -9       11
                                      2002
  MINIMUM         14    804 AM -13    1963  26    -12        0
  AVERAGE         24                        34    -10        6

PRECIPITATION (IN)
  YESTERDAY        0.00          1.20 1918   0.10  -0.10     0.00
  MONTH TO DATE    2.08                      2.66  -0.58     2.30
  SINCE JAN 1      2.08                      2.66  -0.58     2.30

SNOWFALL (IN)
  YESTERDAY        0.0
  MONTH TO DATE     MM
  SINCE SEP 1       MM
  SNOW DEPTH       0

DEGREE DAYS
 HEATING
  YESTERDAY       41                        31     10       59
  MONTH TO DATE  932                       874     58     1035
  SINCE DEC 1   1725                      1742    -17     1832
  SINCE JUL 1   2804                      2629    175     2783

 COOLING
  YESTERDAY        0                         0      0        0
  MONTH TO DATE    0                         0      0        0
  SINCE DEC 1      0                         1     -1        2
  SINCE JAN 1      0                         0      0        0
..................................................................


WIND (MPH)
  HIGHEST WIND SPEED     8   HIGHEST WIND DIRECTION    NW (330)
  HIGHEST GUST SPEED    11   HIGHEST GUST DIRECTION     N (10)
  AVERAGE WIND SPEED     3.0


SKY COVER
  POSSIBLE SUNSHINE  MM


WEATHER CONDITIONS
 THE FOLLOWING WEATHER WAS RECORDED YESTERDAY.
  FOG
  HAZE


RELATIVE HUMIDITY (PERCENT)
 HIGHEST    92           900 AM
 LOWEST     51           300 PM
 AVERAGE    72

..........................................................


THE HUNTINGTON WV CLIMATE NORMALS FOR TODAY
                         NORMAL    RECORD    YEAR
 MAXIMUM TEMPERATURE (F)   43        72      1903
 MINIMUM TEMPERATURE (F)   26        -8      1963


SUNRISE AND SUNSET
JANUARY 29 2015.......SUNRISE   738 AM EST   SUNSET   549 PM EST
JANUARY 30 2015.......SUNRISE   737 AM EST   SUNSET   550 PM EST


-  INDICATES NEGATIVE NUMBERS.
R  INDICATES RECORD WAS SET OR TIED.
MM INDICATES DATA IS MISSING.
T  INDICATES TRACE AMOUNT.




$$
