000
CDUS41 KRLX 192117
CLIHTS


CLIMATE REPORT
NATIONAL WEATHER SERVICE CHARLESTON WV
517 PM EDT THU OCT 19 2017


...................................

...THE HUNTINGTON WV CLIMATE SUMMARY FOR OCTOBER 19 2017...
VALID TODAY AS OF 0500 PM LOCAL TIME.

CLIMATE NORMAL PERIOD 1981 TO 2010
CLIMATE RECORD PERIOD 1897 TO 2017


WEATHER ITEM   OBSERVED TIME   RECORD YEAR NORMAL DEPARTURE LAST
                VALUE   (LST)  VALUE       VALUE  FROM      YEAR
                                                  NORMAL
..................................................................
TEMPERATURE (F)
 TODAY
  MAXIMUM         72    359 PM  88    2016  67      5       88
  MINIMUM         41    641 AM  26    1948  44     -3       66
  AVERAGE         57                        56      1       77

PRECIPITATION (IN)
  TODAY            T             1.70 1917   0.09  -0.09     0.00
  MONTH TO DATE    3.22                      1.66   1.56     0.06
  SINCE SEP 1      5.94                      4.44   1.50     1.91
  SINCE JAN 1     39.35                     34.69   4.66    38.00

DEGREE DAYS
 HEATING
  TODAY            8                        10     -2        0
  MONTH TO DATE   59                       142    -83       48
  SINCE SEP 1     91                       198   -107       58
  SINCE JUL 1     91                       200   -109       58

 COOLING
  TODAY            0                         0      0       12
  MONTH TO DATE   54                        16     38       45
  SINCE SEP 1    186                       150     36      320
  SINCE JAN 1   1188                      1127     61     1570
..................................................................


WIND (MPH)
  HIGHEST WIND SPEED    13   HIGHEST WIND DIRECTION    SW (210)
  HIGHEST GUST SPEED    16   HIGHEST GUST DIRECTION    SW (240)
  AVERAGE WIND SPEED     3.7


SKY COVER
  POSSIBLE SUNSHINE  MM
  AVERAGE SKY COVER 0.0


WEATHER CONDITIONS
 THE FOLLOWING WEATHER WAS RECORDED TODAY.
  NO SIGNIFICANT WEATHER WAS OBSERVED.


RELATIVE HUMIDITY (PERCENT)
 HIGHEST    96           400 AM
 LOWEST     38           200 PM
 AVERAGE    67

..........................................................


THE HUNTINGTON WV CLIMATE NORMALS FOR TOMORROW
                         NORMAL    RECORD    YEAR
 MAXIMUM TEMPERATURE (F)   67        87      1953
 MINIMUM TEMPERATURE (F)   44        24      1992
                                             1952


SUNRISE AND SUNSET
OCTOBER 19 2017.......SUNRISE   743 AM EDT   SUNSET   646 PM EDT
OCTOBER 20 2017.......SUNRISE   744 AM EDT   SUNSET   645 PM EDT


-  INDICATES NEGATIVE NUMBERS.
R  INDICATES RECORD WAS SET OR TIED.
MM INDICATES DATA IS MISSING.
T  INDICATES TRACE AMOUNT.




$$
