000
CDUS41 KRLX 160816
CLIHTS


CLIMATE REPORT
NATIONAL WEATHER SERVICE CHARLESTON WV
316 AM EST SAT DEC 16 2017


...................................

...THE HUNTINGTON WV CLIMATE SUMMARY FOR DECEMBER 15 2017...

CLIMATE NORMAL PERIOD 1981 TO 2010
CLIMATE RECORD PERIOD 1897 TO 2017


WEATHER ITEM   OBSERVED TIME   RECORD YEAR NORMAL DEPARTURE LAST
                VALUE   (LST)  VALUE       VALUE  FROM      YEAR
                                                  NORMAL
..................................................................
TEMPERATURE (F)
 YESTERDAY
  MAXIMUM         34    143 PM  73    1971  45    -11       28
                                      1933
  MINIMUM         23    320 AM  -4    1917  29     -6       11
  AVERAGE         29                        37     -8       20

PRECIPITATION (IN)
  YESTERDAY        T             1.49 1901   0.10  -0.10     0.00
  MONTH TO DATE    0.61                      1.66  -1.05     1.38
  SINCE JAN 1     43.76                     40.94   2.82    43.67

SNOWFALL (IN)
  YESTERDAY        T             6.0  1916   0.2   -0.2      0.0
                                      2004
  MONTH TO DATE    T                         1.4   -1.4      0.5
  SINCE SEP 1      T                         2.2   -2.2      0.5
  SNOW DEPTH       0

DEGREE DAYS
 HEATING
  YESTERDAY       36                        28      8       45
  MONTH TO DATE  416                       393     23      425
  SINCE DEC 1    416                       393     23      425
  SINCE JUL 1   1188                      1280    -92     1023

 COOLING
  YESTERDAY        0                         0      0        0
  MONTH TO DATE    0                         0      0        0
  SINCE DEC 1      0                         0      0        0
  SINCE JAN 1   1191                      1134     57     1589
..................................................................


WIND (MPH)
  HIGHEST WIND SPEED    17   HIGHEST WIND DIRECTION     W (260)
  HIGHEST GUST SPEED    24   HIGHEST GUST DIRECTION     W (250)
  AVERAGE WIND SPEED     5.7


SKY COVER
  POSSIBLE SUNSHINE  MM
  AVERAGE SKY COVER 0.9


WEATHER CONDITIONS
 THE FOLLOWING WEATHER WAS RECORDED YESTERDAY.
  NO SIGNIFICANT WEATHER WAS OBSERVED.


RELATIVE HUMIDITY (PERCENT)
 HIGHEST    81           800 AM
 LOWEST     47           200 PM
 AVERAGE    64

..........................................................


THE HUNTINGTON WV CLIMATE NORMALS FOR TODAY
                         NORMAL    RECORD    YEAR
 MAXIMUM TEMPERATURE (F)   45        67      1984
 MINIMUM TEMPERATURE (F)   28        -4      1917


SUNRISE AND SUNSET
DECEMBER 16 2017......SUNRISE   741 AM EST   SUNSET   511 PM EST
DECEMBER 17 2017......SUNRISE   741 AM EST   SUNSET   511 PM EST


-  INDICATES NEGATIVE NUMBERS.
R  INDICATES RECORD WAS SET OR TIED.
MM INDICATES DATA IS MISSING.
T  INDICATES TRACE AMOUNT.




$$
