000
CDUS41 KRLX 250716
CLIHTS


CLIMATE REPORT
NATIONAL WEATHER SERVICE CHARLESTON WV
316 AM EDT WED MAY 25 2016


...................................

...THE HUNTINGTON WV CLIMATE SUMMARY FOR MAY 24 2016...

CLIMATE NORMAL PERIOD 1981 TO 2010
CLIMATE RECORD PERIOD 1897 TO 2016


WEATHER ITEM   OBSERVED TIME   RECORD YEAR NORMAL DEPARTURE LAST
                VALUE   (LST)  VALUE       VALUE  FROM      YEAR
                                                  NORMAL
..................................................................
TEMPERATURE (F)
 YESTERDAY
  MAXIMUM         83    505 PM  91    1939  77      6       83
                                      1901
  MINIMUM         50    540 AM  37    1956  55     -5       49
  AVERAGE         67                        66      1       66

PRECIPITATION (IN)
  YESTERDAY        0.00          2.39 1902   0.15  -0.15     0.00
  MONTH TO DATE    5.10                      3.57   1.53     0.71
  SINCE JAN 1     19.47                     16.95   2.52    20.05

SNOWFALL (IN)
  YESTERDAY        0.0
  MONTH TO DATE    0.0
  SINCE SEP 1     23.8
  SNOW DEPTH       0

DEGREE DAYS
 HEATING
  YESTERDAY        0                         3     -3        0
  MONTH TO DATE  127                       100     27       64
  SINCE MAR 1    753                       987   -234      966
  SINCE JUL 1   3788                      4488   -700     4982

 COOLING
  YESTERDAY        2                         3     -1        1
  MONTH TO DATE   28                        52    -24       91
  SINCE MAR 1     75                        84     -9      100
  SINCE JAN 1     75                        84     -9      100
..................................................................


WIND (MPH)
  HIGHEST WIND SPEED    10   HIGHEST WIND DIRECTION    SW (210)
  HIGHEST GUST SPEED    15   HIGHEST GUST DIRECTION     W (270)
  AVERAGE WIND SPEED     2.7


SKY COVER
  POSSIBLE SUNSHINE  MM


WEATHER CONDITIONS
 THE FOLLOWING WEATHER WAS RECORDED YESTERDAY.
  FOG


RELATIVE HUMIDITY (PERCENT)
 HIGHEST    96           600 AM
 LOWEST     33           300 PM
 AVERAGE    65

..........................................................


THE HUNTINGTON WV CLIMATE NORMALS FOR TODAY
                         NORMAL    RECORD    YEAR
 MAXIMUM TEMPERATURE (F)   77        96      1939
 MINIMUM TEMPERATURE (F)   55        37      1956


SUNRISE AND SUNSET
MAY 25 2016...........SUNRISE   611 AM EDT   SUNSET   843 PM EDT
MAY 26 2016...........SUNRISE   611 AM EDT   SUNSET   844 PM EDT


-  INDICATES NEGATIVE NUMBERS.
R  INDICATES RECORD WAS SET OR TIED.
MM INDICATES DATA IS MISSING.
T  INDICATES TRACE AMOUNT.




$$
