000
CDUS41 KRLX 280717
CLIHTS


CLIMATE REPORT
NATIONAL WEATHER SERVICE CHARLESTON WV
316 AM EDT SUN AUG 28 2016


...................................

...THE HUNTINGTON WV CLIMATE SUMMARY FOR AUGUST 27 2016...

CLIMATE NORMAL PERIOD 1981 TO 2010
CLIMATE RECORD PERIOD 1897 TO 2016


WEATHER ITEM   OBSERVED TIME   RECORD YEAR NORMAL DEPARTURE LAST
                VALUE   (LST)  VALUE       VALUE  FROM      YEAR
                                                  NORMAL
..................................................................
TEMPERATURE (F)
 YESTERDAY
  MAXIMUM         95    250 PM 103    1948  85     10       78
  MINIMUM         72    638 AM  47    1945  63      9       52
  AVERAGE         84                        74     10       65

PRECIPITATION (IN)
  YESTERDAY        0.00          1.80 1982   0.11  -0.11     0.00
  MONTH TO DATE    3.19                      3.30  -0.11     1.20
  SINCE JAN 1     36.01                     29.81   6.20    34.80

SNOWFALL (IN)
  YESTERDAY        0.0
  MONTH TO DATE    0.0
  SINCE SEP 1     23.8
  SNOW DEPTH       0

DEGREE DAYS
 HEATING
  YESTERDAY        0                         0      0        0
  MONTH TO DATE    0                         0      0        0
  SINCE JUN 1      1                        12    -11       14
  SINCE JUL 1      0                         0      0        0

 COOLING
  YESTERDAY       19                         9     10        0
  MONTH TO DATE  376                       275    101      198
  SINCE JUN 1   1048                       832    216      768
  SINCE JAN 1   1188                       945    243      934
..................................................................


WIND (MPH)
  HIGHEST WIND SPEED     9   HIGHEST WIND DIRECTION     S (190)
  HIGHEST GUST SPEED    13   HIGHEST GUST DIRECTION    SW (230)
  AVERAGE WIND SPEED     2.8


SKY COVER
  POSSIBLE SUNSHINE  MM


WEATHER CONDITIONS
 THE FOLLOWING WEATHER WAS RECORDED YESTERDAY.
  FOG
  FOG W/VISIBILITY <= 1/4 MILE


RELATIVE HUMIDITY (PERCENT)
 HIGHEST    94          1200 AM
 LOWEST     46           200 PM
 AVERAGE    70

..........................................................


THE HUNTINGTON WV CLIMATE NORMALS FOR TODAY
                         NORMAL    RECORD    YEAR
 MAXIMUM TEMPERATURE (F)   85       103      1948
 MINIMUM TEMPERATURE (F)   63        49      1986


SUNRISE AND SUNSET
AUGUST 28 2016........SUNRISE   657 AM EDT   SUNSET   805 PM EDT
AUGUST 29 2016........SUNRISE   657 AM EDT   SUNSET   804 PM EDT


-  INDICATES NEGATIVE NUMBERS.
R  INDICATES RECORD WAS SET OR TIED.
MM INDICATES DATA IS MISSING.
T  INDICATES TRACE AMOUNT.




$$
