943
CDUS41 KRLX 220739
CLIHTS


CLIMATE REPORT
NATIONAL WEATHER SERVICE CHARLESTON WV
335 AM EDT FRI MAY 22 2015


...................................

...THE HUNTINGTON WV CLIMATE SUMMARY FOR MAY 21 2015...

CLIMATE NORMAL PERIOD 1981 TO 2010
CLIMATE RECORD PERIOD 1897 TO 2015


WEATHER ITEM   OBSERVED TIME   RECORD YEAR NORMAL DEPARTURE LAST
                VALUE   (LST)  VALUE       VALUE  FROM      YEAR
                                                  NORMAL
..................................................................
TEMPERATURE (F)
 YESTERDAY
  MAXIMUM         58   1209 AM  95    1934  76    -18       80
  MINIMUM         45   1159 PM  35    1954  54     -9       61
  AVERAGE         52                        65    -13       71

PRECIPITATION (IN)
  YESTERDAY        0.07          1.53 1933   0.16  -0.09     0.48
  MONTH TO DATE    0.71                      3.12  -2.41     1.83
  SINCE JAN 1     20.05                     16.50   3.55    18.81

SNOWFALL (IN)
  YESTERDAY        0.0
  MONTH TO DATE    0.0
  SINCE SEP 1     36.6
  SNOW DEPTH       0

DEGREE DAYS
 HEATING
  YESTERDAY       13                         3     10        0
  MONTH TO DATE   53                        91    -38      102
  SINCE MAR 1    955                       978    -23     1052
  SINCE JUL 1   4971                      4479    492     4813

 COOLING
  YESTERDAY        0                         3     -3        6
  MONTH TO DATE   90                        43     47       52
  SINCE MAR 1     99                        75     24       66
  SINCE JAN 1     99                        75     24       66
..................................................................


WIND (MPH)
  HIGHEST WIND SPEED    13   HIGHEST WIND DIRECTION    NW (320)
  HIGHEST GUST SPEED    19   HIGHEST GUST DIRECTION    NW (330)
  AVERAGE WIND SPEED     5.7


SKY COVER
  POSSIBLE SUNSHINE  MM


WEATHER CONDITIONS
 THE FOLLOWING WEATHER WAS RECORDED YESTERDAY.
  LIGHT RAIN
  FOG


RELATIVE HUMIDITY (PERCENT)
 HIGHEST   100           500 AM
 LOWEST     72          1200 AM
 AVERAGE    86

..........................................................


THE HUNTINGTON WV CLIMATE NORMALS FOR TODAY
                         NORMAL    RECORD    YEAR
 MAXIMUM TEMPERATURE (F)   77        96      1941
 MINIMUM TEMPERATURE (F)   54        30      2002


SUNRISE AND SUNSET
MAY 22 2015...........SUNRISE   614 AM EDT   SUNSET   840 PM EDT
MAY 23 2015...........SUNRISE   613 AM EDT   SUNSET   841 PM EDT


-  INDICATES NEGATIVE NUMBERS.
R  INDICATES RECORD WAS SET OR TIED.
MM INDICATES DATA IS MISSING.
T  INDICATES TRACE AMOUNT.




$$
