000
CDUS41 KRLX 020838
CLIHTS


CLIMATE REPORT
NATIONAL WEATHER SERVICE CHARLESTON WV
336 AM EST FRI DEC 2 2016


...................................

...THE HUNTINGTON WV CLIMATE SUMMARY FOR DECEMBER 1 2016...

CLIMATE NORMAL PERIOD 1981 TO 2010
CLIMATE RECORD PERIOD 1897 TO 2016


WEATHER ITEM   OBSERVED TIME   RECORD YEAR NORMAL DEPARTURE LAST
                VALUE   (LST)  VALUE       VALUE  FROM      YEAR
                                                  NORMAL
..................................................................
TEMPERATURE (F)
 YESTERDAY
  MAXIMUM         47   1205 AM  72    1970  50     -3       60
                                      1934
                                      1908
  MINIMUM         38   1159 PM   7    1964  32      6       48
  AVERAGE         43                        41      2       54

PRECIPITATION (IN)
  YESTERDAY        0.00          1.92 2015   0.11  -0.11     1.92
  MONTH TO DATE    0.00                      0.11  -0.11     1.92
  SINCE JAN 1     42.29                     39.39   2.90    44.83

SNOWFALL (IN)
  YESTERDAY        0.0
  MONTH TO DATE    0.0
  SINCE SEP 1      T
  SNOW DEPTH       0

DEGREE DAYS
 HEATING
  YESTERDAY       22                        24     -2       11
  MONTH TO DATE   22                        24     -2       11
  SINCE DEC 1     22                        24     -2       11
  SINCE JUL 1    620                       911   -291      731

 COOLING
  YESTERDAY        0                         0      0        0
  MONTH TO DATE    0                         0      0        0
  SINCE DEC 1      0                         0      0        0
  SINCE JAN 1   1589                      1134    455     1137
..................................................................


WIND (MPH)
  HIGHEST WIND SPEED    17   HIGHEST WIND DIRECTION     W (260)
  HIGHEST GUST SPEED    28   HIGHEST GUST DIRECTION    SW (240)
  AVERAGE WIND SPEED     7.3


SKY COVER
  POSSIBLE SUNSHINE  MM


WEATHER CONDITIONS
 THE FOLLOWING WEATHER WAS RECORDED YESTERDAY.
  NO SIGNIFICANT WEATHER WAS OBSERVED.


RELATIVE HUMIDITY (PERCENT)
 HIGHEST    73           400 AM
 LOWEST     53           200 PM
 AVERAGE    63

..........................................................


THE HUNTINGTON WV CLIMATE NORMALS FOR TODAY
                         NORMAL    RECORD    YEAR
 MAXIMUM TEMPERATURE (F)   50        78      1982
 MINIMUM TEMPERATURE (F)   32        11      1946


SUNRISE AND SUNSET
DECEMBER  2 2016......SUNRISE   730 AM EST   SUNSET   510 PM EST
DECEMBER  3 2016......SUNRISE   731 AM EST   SUNSET   510 PM EST


-  INDICATES NEGATIVE NUMBERS.
R  INDICATES RECORD WAS SET OR TIED.
MM INDICATES DATA IS MISSING.
T  INDICATES TRACE AMOUNT.




$$
