000
CDUS41 KRLX 022130
CLIHTS


CLIMATE REPORT
NATIONAL WEATHER SERVICE CHARLESTON WV
527 PM EDT TUE SEP 2 2014


...................................

...THE HUNTINGTON WV CLIMATE SUMMARY FOR SEPTEMBER 2 2014...
VALID TODAY AS OF 0500 PM LOCAL TIME.

CLIMATE NORMAL PERIOD 1981 TO 2010
CLIMATE RECORD PERIOD 1897 TO 2014


WEATHER ITEM   OBSERVED TIME   RECORD YEAR NORMAL DEPARTURE LAST
                VALUE   (LST)  VALUE       VALUE  FROM      YEAR
                                                  NORMAL
..................................................................
TEMPERATURE (F)
 TODAY
  MAXIMUM         86    307 PM 102    1953  84      2       87
  MINIMUM         71   1121 AM  43    1909  61     10       69
  AVERAGE         79                        72      7       78

PRECIPITATION (IN)
  TODAY            0.37          1.50 1969   0.10   0.27      T
  MONTH TO DATE    0.61                      0.20   0.41      T
  SINCE SEP 1      0.61                      0.20   0.41      T
  SINCE JAN 1     34.95                     30.45   4.50    32.42

DEGREE DAYS
 HEATING
  TODAY            0                         0      0        0
  MONTH TO DATE    0                         0      0        0
  SINCE SEP 1      0                         0      0        0
  SINCE JUL 1      3                         2      1        4

 COOLING
  TODAY           14                         8      6       13
  MONTH TO DATE   28                        16     12       25
  SINCE SEP 1     28                        16     12       25
  SINCE JAN 1    869                       993   -124     1057
..................................................................


WIND (MPH)
  HIGHEST WIND SPEED    16   HIGHEST WIND DIRECTION    SW (220)
  HIGHEST GUST SPEED    26   HIGHEST GUST DIRECTION    SW (240)
  AVERAGE WIND SPEED     7.9


SKY COVER
  POSSIBLE SUNSHINE  MM
  AVERAGE SKY COVER 0.3


WEATHER CONDITIONS
 THE FOLLOWING WEATHER WAS RECORDED TODAY.
  LIGHT RAIN
  FOG
  HAZE


RELATIVE HUMIDITY (PERCENT)
 HIGHEST   100          1200 AM
 LOWEST     65           200 PM
 AVERAGE    83

..........................................................


THE HUNTINGTON WV CLIMATE NORMALS FOR TOMORROW
                         NORMAL    RECORD    YEAR
 MAXIMUM TEMPERATURE (F)   83       102      1953
 MINIMUM TEMPERATURE (F)   61        47      1908


SUNRISE AND SUNSET
SEPTEMBER  2 2014.....SUNRISE   600 AM EST   SUNSET   658 PM EST
SEPTEMBER  3 2014.....SUNRISE   601 AM EST   SUNSET   657 PM EST


-  INDICATES NEGATIVE NUMBERS.
R  INDICATES RECORD WAS SET OR TIED.
MM INDICATES DATA IS MISSING.
T  INDICATES TRACE AMOUNT.




$$
