000
CDUS41 KRLX 250727
CLIHTS


CLIMATE REPORT
NATIONAL WEATHER SERVICE CHARLESTON WV
322 AM EDT FRI JUL 25 2014


...................................

...THE HUNTINGTON WV CLIMATE SUMMARY FOR JULY 24 2014...

CLIMATE NORMAL PERIOD 1981 TO 2010
CLIMATE RECORD PERIOD 1897 TO 2014


WEATHER ITEM   OBSERVED TIME   RECORD YEAR NORMAL DEPARTURE LAST
                VALUE   (LST)  VALUE       VALUE  FROM      YEAR
                                                  NORMAL
..................................................................
TEMPERATURE (F)
 YESTERDAY
  MAXIMUM         74   1227 AM 103    1934  86    -12       79
  MINIMUM         61   1159 PM  50    1947  66     -5       65
                                      1905
  AVERAGE         68                        76     -8       72

PRECIPITATION (IN)
  YESTERDAY        0.39          1.30 1923   0.16   0.23     0.65
  MONTH TO DATE    3.35                      3.50  -0.15     7.40
  SINCE JAN 1     27.41                     25.46   1.95    26.74

SNOWFALL (IN)
  YESTERDAY        0.0
  MONTH TO DATE    0.0
  SINCE SEP 1     36.8
  SNOW DEPTH       0

DEGREE DAYS
 HEATING
  YESTERDAY        0                         0      0        0
  MONTH TO DATE    1                         0      1        0
  SINCE JUN 1      1                        12    -11        0
  SINCE JUL 1      1                         0      1        0

 COOLING
  YESTERDAY        3                        11     -8        7
  MONTH TO DATE  212                       261    -49      307
  SINCE JUN 1    457                       486    -29      564
  SINCE JAN 1    571                       599    -28      734
..................................................................


WIND (MPH)
  HIGHEST WIND SPEED    14   HIGHEST WIND DIRECTION    NE (40)
  HIGHEST GUST SPEED    19   HIGHEST GUST DIRECTION    NE (40)
  AVERAGE WIND SPEED     5.0


SKY COVER
  POSSIBLE SUNSHINE  MM


WEATHER CONDITIONS
 THE FOLLOWING WEATHER WAS RECORDED YESTERDAY.
  HEAVY RAIN
  RAIN
  LIGHT RAIN
  FOG
  FOG W/VISIBILITY <= 1/4 MILE


RELATIVE HUMIDITY (PERCENT)
 HIGHEST   100           800 AM
 LOWEST     68           400 PM
 AVERAGE    84

..........................................................


THE HUNTINGTON WV CLIMATE NORMALS FOR TODAY
                         NORMAL    RECORD    YEAR
 MAXIMUM TEMPERATURE (F)   86       104      1934
 MINIMUM TEMPERATURE (F)   66        52      1947


SUNRISE AND SUNSET
JULY 25 2014..........SUNRISE   626 AM EDT   SUNSET   847 PM EDT
JULY 26 2014..........SUNRISE   627 AM EDT   SUNSET   846 PM EDT


-  INDICATES NEGATIVE NUMBERS.
R  INDICATES RECORD WAS SET OR TIED.
MM INDICATES DATA IS MISSING.
T  INDICATES TRACE AMOUNT.




$$
