000
CDUS43 KIND 230532
CLIHUF


CLIMATE REPORT
NATIONAL WEATHER SERVICE INDIANAPOLIS IN
131 AM EDT WED JUL 23 2014


...................................

...THE TERRE HAUTE IN CLIMATE SUMMARY FOR JULY 22 2014...

CLIMATE NORMAL PERIOD 1981 TO 2010
CLIMATE RECORD PERIOD 9999 TO 9999


WEATHER ITEM   OBSERVED TIME   NORMAL DEPARTURE LAST
                VALUE   (LST)  VALUE  FROM      YEAR
                                      NORMAL
......................................................
TEMPERATURE (F)
 YESTERDAY
  MAXIMUM         88    328 PM  85      3       84
  MINIMUM         61    546 AM  64     -3       70
  AVERAGE         75            75      0       77

PRECIPITATION (IN)
  YESTERDAY        0.00          0.19  -0.19     0.23
  MONTH TO DATE    1.86          3.57  -1.71     1.85
  SINCE JUN 1      9.78          8.01   1.77    10.64
  SINCE JAN 1     24.79         26.45  -1.66    31.67

DEGREE DAYS
 HEATING
  YESTERDAY        0             0      0        0
  MONTH TO DATE    3             0      3        0
  SINCE JUN 1      5            13     -8        7
  SINCE JUL 1      3             0      3        0

 COOLING
  YESTERDAY       10            10      0       12
  MONTH TO DATE  131           227    -96      238
  SINCE JUN 1    418           462    -44      467
  SINCE JAN 1    545           548     -3      581
......................................................


WIND (MPH)
  HIGHEST WIND SPEED    14   HIGHEST WIND DIRECTION    SW (240)
  HIGHEST GUST SPEED    17   HIGHEST GUST DIRECTION    SW (210)
  AVERAGE WIND SPEED     4.7


SKY COVER
  AVERAGE SKY COVER 0.1


WEATHER CONDITIONS
 THE FOLLOWING WEATHER WAS RECORDED YESTERDAY.
  FOG
  FOG W/VISIBILITY <= 1/4 MILE
  HAZE


RELATIVE HUMIDITY (PERCENT)
 HIGHEST    93           100 AM
 LOWEST     53           300 PM
 AVERAGE    73

..........................................................


THE TERRE HAUTE IN CLIMATE NORMALS FOR TODAY
                         NORMAL
 MAXIMUM TEMPERATURE (F)   85
 MINIMUM TEMPERATURE (F)   64


SUNRISE AND SUNSET
JULY 23 2014..........SUNRISE   641 AM EDT   SUNSET   910 PM EDT
JULY 24 2014..........SUNRISE   642 AM EDT   SUNSET   909 PM EDT


-  INDICATES NEGATIVE NUMBERS.
R  INDICATES RECORD WAS SET OR TIED.
MM INDICATES DATA IS MISSING.
T  INDICATES TRACE AMOUNT.




$$
