999
CDUS43 KIND 240554
CLIHUF


CLIMATE REPORT
NATIONAL WEATHER SERVICE INDIANAPOLIS IN
153 AM EDT MON JUL 24 2017


...................................

...THE TERRE HAUTE IN CLIMATE SUMMARY FOR JULY 23 2017...

CLIMATE NORMAL PERIOD 1981 TO 2010
CLIMATE RECORD PERIOD 9999 TO 9999


WEATHER ITEM   OBSERVED TIME   NORMAL DEPARTURE LAST
                VALUE   (LST)  VALUE  FROM      YEAR
                                      NORMAL
......................................................
TEMPERATURE (F)
 YESTERDAY
  MAXIMUM         88    525 PM  85      3       91
  MINIMUM         70    519 AM  64      6       70
  AVERAGE         79            75      4       81

PRECIPITATION (IN)
  YESTERDAY        0.26          0.17   0.09     0.00
  MONTH TO DATE    4.18          3.74   0.44     6.51
  SINCE JUN 1     10.06          8.18   1.88    11.00
  SINCE JAN 1     32.98         26.62   6.36    24.78

DEGREE DAYS
 HEATING
  YESTERDAY        0             0      0        0
  MONTH TO DATE    0             0      0        4
  SINCE JUN 1      6            13     -7        5
  SINCE JUL 1      0             0      0        4

 COOLING
  YESTERDAY       14            10      4       16
  MONTH TO DATE  286           237     49      247
  SINCE JUN 1    530           472     58      565
  SINCE JAN 1    646           558     88      653
......................................................


WIND (MPH)
  HIGHEST WIND SPEED    25   HIGHEST WIND DIRECTION    NW (300)
  HIGHEST GUST SPEED    33   HIGHEST GUST DIRECTION     W (290)
  AVERAGE WIND SPEED     6.8


SKY COVER
  AVERAGE SKY COVER 0.5


WEATHER CONDITIONS
 THE FOLLOWING WEATHER WAS RECORDED YESTERDAY.
  THUNDERSTORM
  HEAVY RAIN
  RAIN
  LIGHT RAIN
  FOG


RELATIVE HUMIDITY (PERCENT)
 HIGHEST    97           500 AM
 LOWEST     59           600 PM
 AVERAGE    78

..........................................................


THE TERRE HAUTE IN CLIMATE NORMALS FOR TODAY
                         NORMAL
 MAXIMUM TEMPERATURE (F)   85
 MINIMUM TEMPERATURE (F)   64


SUNRISE AND SUNSET
JULY 24 2017..........SUNRISE   642 AM EDT   SUNSET   909 PM EDT
JULY 25 2017..........SUNRISE   643 AM EDT   SUNSET   908 PM EDT


-  INDICATES NEGATIVE NUMBERS.
R  INDICATES RECORD WAS SET OR TIED.
MM INDICATES DATA IS MISSING.
T  INDICATES TRACE AMOUNT.




$$
