000
CDUS43 KIND 200535
CLIHUF


CLIMATE REPORT
NATIONAL WEATHER SERVICE INDIANAPOLIS IN
135 AM EDT WED SEP 20 2017


...................................

...THE TERRE HAUTE IN CLIMATE SUMMARY FOR SEPTEMBER 19 2017...

CLIMATE NORMAL PERIOD 1981 TO 2010
CLIMATE RECORD PERIOD 9999 TO 9999


WEATHER ITEM   OBSERVED TIME   NORMAL DEPARTURE LAST
                VALUE   (LST)  VALUE  FROM      YEAR
                                      NORMAL
......................................................
TEMPERATURE (F)
 YESTERDAY
  MAXIMUM         85    412 PM  77      8       86
  MINIMUM         64   1150 PM  52     12       54
  AVERAGE         75            65     10       70

PRECIPITATION (IN)
  YESTERDAY        0.17          0.10   0.07     0.00
  MONTH TO DATE    0.31          2.32  -2.01     3.00
  SINCE SEP 1      0.31          2.32  -2.01     3.00
  SINCE JAN 1     36.15         33.60   2.55    29.96

DEGREE DAYS
 HEATING
  YESTERDAY        0             3     -3        0
  MONTH TO DATE   38            21     17        0
  SINCE SEP 1     38            21     17        0
  SINCE JUL 1     38            26     12        4

 COOLING
  YESTERDAY       10             2      8        5
  MONTH TO DATE   66            79    -13      136
  SINCE SEP 1     66            79    -13      136
  SINCE JAN 1    976           958     18     1284
......................................................


WIND (MPH)
  HIGHEST WIND SPEED    13   HIGHEST WIND DIRECTION    SW (240)
  HIGHEST GUST SPEED    16   HIGHEST GUST DIRECTION    SW (230)
  AVERAGE WIND SPEED     4.1


SKY COVER
  AVERAGE SKY COVER 0.5


WEATHER CONDITIONS
 THE FOLLOWING WEATHER WAS RECORDED YESTERDAY.
  THUNDERSTORM
  HEAVY RAIN
  RAIN
  LIGHT RAIN
  FOG


RELATIVE HUMIDITY (PERCENT)
 HIGHEST    97           200 AM
 LOWEST     51           400 PM
 AVERAGE    74

..........................................................


THE TERRE HAUTE IN CLIMATE NORMALS FOR TODAY
                         NORMAL
 MAXIMUM TEMPERATURE (F)   77
 MINIMUM TEMPERATURE (F)   52


SUNRISE AND SUNSET
SEPTEMBER 20 2017.....SUNRISE   735 AM EDT   SUNSET   749 PM EDT
SEPTEMBER 21 2017.....SUNRISE   736 AM EDT   SUNSET   747 PM EDT


-  INDICATES NEGATIVE NUMBERS.
R  INDICATES RECORD WAS SET OR TIED.
MM INDICATES DATA IS MISSING.
T  INDICATES TRACE AMOUNT.




$$
