000
CDUS43 KIND 310543
CLIHUF


CLIMATE REPORT
NATIONAL WEATHER SERVICE INDIANAPOLIS IN
142 AM EDT MON AUG 31 2015


...................................

...THE TERRE HAUTE IN CLIMATE SUMMARY FOR AUGUST 30 2015...

CLIMATE NORMAL PERIOD 1981 TO 2010
CLIMATE RECORD PERIOD 9999 TO 9999


WEATHER ITEM   OBSERVED TIME   NORMAL DEPARTURE LAST
                VALUE   (LST)  VALUE  FROM      YEAR
                                      NORMAL
......................................................
TEMPERATURE (F)
 YESTERDAY
  MAXIMUM         87    414 PM  83      4       80
  MINIMUM         60    641 AM  60      0       71
  AVERAGE         74            71      3       76

PRECIPITATION (IN)
  YESTERDAY        0.00          0.15  -0.15     0.01
  MONTH TO DATE    0.65          3.45  -2.80     2.79
  SINCE JUN 1     10.75         12.68  -1.93    13.12
  SINCE JAN 1     25.38         31.12  -5.74    28.13

DEGREE DAYS
 HEATING
  YESTERDAY        0             0      0        0
  MONTH TO DATE    4             0      4        3
  SINCE JUN 1     17            14      3       13
  SINCE JUL 1      4             1      3       11

 COOLING
  YESTERDAY        9             7      2       11
  MONTH TO DATE  207           242    -35      257
  SINCE JUN 1    775           788    -13      711
  SINCE JAN 1    919           874     45      838
......................................................


WIND (MPH)
  HIGHEST WIND SPEED    14   HIGHEST WIND DIRECTION     S (200)
  HIGHEST GUST SPEED    19   HIGHEST GUST DIRECTION     S (200)
  AVERAGE WIND SPEED     4.1


SKY COVER
  AVERAGE SKY COVER 0.3


WEATHER CONDITIONS
 THE FOLLOWING WEATHER WAS RECORDED YESTERDAY.
  FOG
  FOG W/VISIBILITY <= 1/4 MILE


RELATIVE HUMIDITY (PERCENT)
 HIGHEST   100           400 AM
 LOWEST     48           200 PM
 AVERAGE    74

..........................................................


THE TERRE HAUTE IN CLIMATE NORMALS FOR TODAY
                         NORMAL
 MAXIMUM TEMPERATURE (F)   83
 MINIMUM TEMPERATURE (F)   60


SUNRISE AND SUNSET
AUGUST 31 2015........SUNRISE   716 AM EDT   SUNSET   822 PM EDT
SEPTEMBER  1 2015.....SUNRISE   717 AM EDT   SUNSET   820 PM EDT


-  INDICATES NEGATIVE NUMBERS.
R  INDICATES RECORD WAS SET OR TIED.
MM INDICATES DATA IS MISSING.
T  INDICATES TRACE AMOUNT.




$$
