698
CDUS43 KIND 290539
CLIHUF


CLIMATE REPORT
NATIONAL WEATHER SERVICE INDIANAPOLIS IN
134 AM EDT MON MAY 29 2017


...................................

...THE TERRE HAUTE IN CLIMATE SUMMARY FOR MAY 28 2017...

CLIMATE NORMAL PERIOD 1981 TO 2010
CLIMATE RECORD PERIOD 9999 TO 9999


WEATHER ITEM   OBSERVED TIME   NORMAL DEPARTURE LAST
                VALUE   (LST)  VALUE  FROM      YEAR
                                      NORMAL
......................................................
TEMPERATURE (F)
 YESTERDAY
  MAXIMUM         77    456 PM  78     -1       84
  MINIMUM         62   1146 PM  56      6       71
  AVERAGE         70            67      3       78

PRECIPITATION (IN)
  YESTERDAY        0.37          0.15   0.22      T
  MONTH TO DATE    6.76          6.22   0.54     1.91
  SINCE MAR 1     18.58         13.74   4.84    11.33
  SINCE JAN 1     22.92         18.03   4.89    13.78

DEGREE DAYS
 HEATING
  YESTERDAY        0             2     -2        0
  MONTH TO DATE  126           129     -3      138
  SINCE MAR 1    908          1186   -278      955
  SINCE JUL 1   4243          5349  -1106     4417

 COOLING
  YESTERDAY        5             4      1       13
  MONTH TO DATE   77            60     17       51
  SINCE MAR 1    107            75     32       60
  SINCE JAN 1    107            75     32       60
......................................................


WIND (MPH)
  HIGHEST WIND SPEED    20   HIGHEST WIND DIRECTION    SW (230)
  HIGHEST GUST SPEED    25   HIGHEST GUST DIRECTION    SW (230)
  AVERAGE WIND SPEED     8.5


SKY COVER
  AVERAGE SKY COVER 0.3


WEATHER CONDITIONS
 THE FOLLOWING WEATHER WAS RECORDED YESTERDAY.
  THUNDERSTORM
  RAIN
  LIGHT RAIN
  FOG


RELATIVE HUMIDITY (PERCENT)
 HIGHEST    93           400 AM
 LOWEST     49           800 PM
 AVERAGE    71

..........................................................


THE TERRE HAUTE IN CLIMATE NORMALS FOR TODAY
                         NORMAL
 MAXIMUM TEMPERATURE (F)   78
 MINIMUM TEMPERATURE (F)   56


SUNRISE AND SUNSET
MAY 29 2017...........SUNRISE   625 AM EDT   SUNSET   908 PM EDT
MAY 30 2017...........SUNRISE   625 AM EDT   SUNSET   909 PM EDT


-  INDICATES NEGATIVE NUMBERS.
R  INDICATES RECORD WAS SET OR TIED.
MM INDICATES DATA IS MISSING.
T  INDICATES TRACE AMOUNT.




$$
