000
CDUS41 KCAR 172038
CLIHUL


CLIMATE REPORT
NATIONAL WEATHER SERVICE CARIBOU, ME
438 PM EDT WED SEP 17 2014


...................................

...THE HOULTON ME CLIMATE SUMMARY FOR SEPTEMBER 17 2014...
VALID TODAY AS OF 0400 PM LOCAL TIME.

CLIMATE NORMAL PERIOD 1981 TO 2010
CLIMATE RECORD PERIOD 1948 TO 2014


WEATHER ITEM   OBSERVED TIME   RECORD YEAR NORMAL DEPARTURE LAST
                VALUE   (LST)  VALUE       VALUE  FROM      YEAR
                                                  NORMAL
..................................................................
TEMPERATURE (F)
 TODAY
  MAXIMUM         66   1225 PM  85    1942  66      0       63
  MINIMUM         46    603 AM  27    1959  43      3       28
  AVERAGE         56                        55      1       46

PRECIPITATION (IN)
  TODAY            0.00          3.03 1999   0.12  -0.12     0.00
  MONTH TO DATE    1.25                      1.84  -0.59     4.86
  SINCE SEP 1      1.25                      1.84  -0.59     4.86
  SINCE JAN 1     28.91                     27.46   1.45    32.39

SNOWFALL (IN)
  TODAY           MM             0.0  2003   0.0   MM       MM
  MONTH TO DATE   MM                         0.0   MM       MM
  SINCE SEP 1     MM                         0.0   MM       MM
  SINCE JUL 1     MM                         0.0   MM       MM
  SNOW DEPTH      MM

DEGREE DAYS
 HEATING
  TODAY            9                        11     -2       19
  MONTH TO DATE  145                       137      8      141
  SINCE SEP 1    145                       137      8      141
  SINCE JUL 1    230                       293    -63      274

 COOLING
  TODAY            0                         0      0        0
  MONTH TO DATE   27                        12     15       19
  SINCE SEP 1     27                        12     15       19
  SINCE JAN 1    230                       190     40      198
..................................................................


WIND (MPH)
  HIGHEST WIND SPEED    15   HIGHEST WIND DIRECTION     W (260)
  HIGHEST GUST SPEED    23   HIGHEST GUST DIRECTION     W (270)
  AVERAGE WIND SPEED     6.8


SKY COVER
  POSSIBLE SUNSHINE  MM
  AVERAGE SKY COVER 0.5


WEATHER CONDITIONS
 THE FOLLOWING WEATHER WAS RECORDED TODAY.
  FOG


RELATIVE HUMIDITY (PERCENT)
 HIGHEST   100           200 AM
 LOWEST     48          1200 PM
 AVERAGE    74

..........................................................


THE HOULTON ME CLIMATE NORMALS FOR TOMORROW
                         NORMAL    RECORD    YEAR
 MAXIMUM TEMPERATURE (F)   66        88      1942
 MINIMUM TEMPERATURE (F)   42        25      1978


SUNRISE AND SUNSET
SEPTEMBER 17 2014.....SUNRISE   612 AM EDT   SUNSET   639 PM EDT
SEPTEMBER 18 2014.....SUNRISE   613 AM EDT   SUNSET   637 PM EDT


-  INDICATES NEGATIVE NUMBERS.
R  INDICATES RECORD WAS SET OR TIED.
MM INDICATES DATA IS MISSING.
T  INDICATES TRACE AMOUNT.




$$
