000
CDUS41 KCAR 120705
CLIHUL


CLIMATE REPORT
NATIONAL WEATHER SERVICE CARIBOU, ME
205 AM EST FRI FEB 12 2016


...................................

...THE HOULTON ME CLIMATE SUMMARY FOR FEBRUARY 11 2016...

CLIMATE NORMAL PERIOD 1981 TO 2010
CLIMATE RECORD PERIOD 1948 TO 2016


WEATHER ITEM   OBSERVED TIME   RECORD YEAR NORMAL DEPARTURE LAST
                VALUE   (LST)  VALUE       VALUE  FROM      YEAR
                                                  NORMAL
..................................................................
TEMPERATURE (F)
 YESTERDAY
  MAXIMUM         23    322 PM  52    1981  25     -2       12
  MINIMUM          7   1159 PM -25    1994   2      5      -17
  AVERAGE         15                        14      1       -2

PRECIPITATION (IN)
  YESTERDAY        T             1.13 1955   0.07  -0.07     0.00
  MONTH TO DATE    0.56                      0.80  -0.24     0.12
  SINCE DEC 1      6.17                      6.95  -0.78     7.06
  SINCE JAN 1      1.98                      3.66  -1.68     1.56

SNOWFALL (IN)
  YESTERDAY       MM            11.3  1955   0.6   MM       MM
  MONTH TO DATE   MM                         7.2   MM       MM
  SINCE DEC 1     MM                        46.9   MM       MM
  SINCE JUL 1     MM                        55.0   MM       MM
  SNOW DEPTH      MM

DEGREE DAYS
 HEATING
  YESTERDAY       50                        51     -1       67
  MONTH TO DATE  489                       575    -86      722
  SINCE DEC 1   3012                      3642   -630     3659
  SINCE JUL 1   4807                      5750   -943     5556

 COOLING
  YESTERDAY        0                         0      0        0
  MONTH TO DATE    0                         0      0        0
  SINCE DEC 1      0                         0      0        0
  SINCE JAN 1      0                         0      0        0
..................................................................


WIND (MPH)
  HIGHEST WIND SPEED    17   HIGHEST WIND DIRECTION     W (290)
  HIGHEST GUST SPEED    25   HIGHEST GUST DIRECTION    NW (300)
  AVERAGE WIND SPEED     6.7


SKY COVER
  POSSIBLE SUNSHINE  MM
  AVERAGE SKY COVER 0.9


WEATHER CONDITIONS
 THE FOLLOWING WEATHER WAS RECORDED YESTERDAY.
  LIGHT SNOW
  FOG
  HAZE


RELATIVE HUMIDITY (PERCENT)
 HIGHEST    92           100 AM
 LOWEST     59           300 PM
 AVERAGE    76

..........................................................


THE HOULTON ME CLIMATE NORMALS FOR TODAY
                         NORMAL    RECORD    YEAR
 MAXIMUM TEMPERATURE (F)   26        53      1981
 MINIMUM TEMPERATURE (F)    3       -27      1975


SUNRISE AND SUNSET
FEBRUARY 12 2016......SUNRISE   639 AM EST   SUNSET   452 PM EST
FEBRUARY 13 2016......SUNRISE   638 AM EST   SUNSET   453 PM EST


-  INDICATES NEGATIVE NUMBERS.
R  INDICATES RECORD WAS SET OR TIED.
MM INDICATES DATA IS MISSING.
T  INDICATES TRACE AMOUNT.




$$
