000
CDUS41 KCAR 010527
CLIHUL


CLIMATE REPORT
NATIONAL WEATHER SERVICE CARIBOU, ME
126 AM EDT SAT AUG 1 2015


...................................

...THE HOULTON ME CLIMATE SUMMARY FOR JULY 31 2015...

CLIMATE NORMAL PERIOD 1981 TO 2010
CLIMATE RECORD PERIOD 1948 TO 2015


WEATHER ITEM   OBSERVED TIME   RECORD YEAR NORMAL DEPARTURE LAST
                VALUE   (LST)  VALUE       VALUE  FROM      YEAR
                                                  NORMAL
..................................................................
TEMPERATURE (F)
 YESTERDAY
  MAXIMUM         84    232 PM  91    1995  78      6       79
  MINIMUM         56   1101 PM  34    1978  54      2       53
  AVERAGE         70                        66      4       66

PRECIPITATION (IN)
  YESTERDAY        0.00          1.62 1967   0.12  -0.12     0.00
  MONTH TO DATE    1.60                      3.66  -2.06     6.43
  SINCE JUN 1      5.62                      7.31  -1.69    10.69
  SINCE JAN 1     14.97                     21.94  -6.97    25.39

SNOWFALL (IN)
  YESTERDAY       MM             0.0  2003   0.0   MM       MM
  MONTH TO DATE   MM                         0.0   MM       MM
  SINCE JUN 1     MM                         0.0   MM       MM
  SINCE JUL 1     MM                         0.0   MM       MM
  SNOW DEPTH      MM

DEGREE DAYS
 HEATING
  YESTERDAY        0                         2     -2        0
  MONTH TO DATE   63                        65     -2       37
  SINCE JUN 1    300                       241     59      166
  SINCE JUL 1     63                        60      3       37

 COOLING
  YESTERDAY        5                         3      2        1
  MONTH TO DATE   41                        81    -40      130
  SINCE JUN 1     53                       116    -63      155
  SINCE JAN 1     78                       120    -42      156
..................................................................


WIND (MPH)
  HIGHEST WIND SPEED    20   HIGHEST WIND DIRECTION    SW (240)
  HIGHEST GUST SPEED    27   HIGHEST GUST DIRECTION    SW (240)
  AVERAGE WIND SPEED     8.8


SKY COVER
  POSSIBLE SUNSHINE  MM
  AVERAGE SKY COVER 0.5


WEATHER CONDITIONS
 THE FOLLOWING WEATHER WAS RECORDED YESTERDAY.
  FOG
  HAZE


RELATIVE HUMIDITY (PERCENT)
 HIGHEST   100           200 AM
 LOWEST     40           100 PM
 AVERAGE    70

..........................................................


THE HOULTON ME CLIMATE NORMALS FOR TODAY
                         NORMAL    RECORD    YEAR
 MAXIMUM TEMPERATURE (F)   78        97      1995
 MINIMUM TEMPERATURE (F)   54        41      1961


SUNRISE AND SUNSET
AUGUST  1 2015........SUNRISE   513 AM EDT   SUNSET   801 PM EDT
AUGUST  2 2015........SUNRISE   514 AM EDT   SUNSET   800 PM EDT


-  INDICATES NEGATIVE NUMBERS.
R  INDICATES RECORD WAS SET OR TIED.
MM INDICATES DATA IS MISSING.
T  INDICATES TRACE AMOUNT.




$$
