000
CDUS41 KCAR 230533
CLIHUL


CLIMATE REPORT
NATIONAL WEATHER SERVICE CARIBOU, ME
1233 AM EST THU FEB 23 2017


...................................

...THE HOULTON ME CLIMATE SUMMARY FOR FEBRUARY 22 2017...

CLIMATE NORMAL PERIOD 1981 TO 2010
CLIMATE RECORD PERIOD 1948 TO 2017


WEATHER ITEM   OBSERVED TIME   RECORD YEAR NORMAL DEPARTURE LAST
                VALUE   (LST)  VALUE       VALUE  FROM      YEAR
                                                  NORMAL
..................................................................
TEMPERATURE (F)
 YESTERDAY
  MAXIMUM         47    358 PM  55    1981  29     18       23
  MINIMUM         25   1159 PM -22    2000   6     19        2
  AVERAGE         36                        17     19       13

PRECIPITATION (IN)
  YESTERDAY        0.00          0.93 1951   0.07  -0.07     0.00
  MONTH TO DATE    1.00                      1.55  -0.55     1.97
  SINCE DEC 1      6.75                      7.70  -0.95     7.58
  SINCE JAN 1      3.83                      4.41  -0.58     3.39

SNOWFALL (IN)
  YESTERDAY       MM             7.6  1973   0.7   MM       MM
  MONTH TO DATE   MM                        14.0   MM       MM
  SINCE DEC 1     MM                        53.7   MM       MM
  SINCE JUL 1     MM                        61.8   MM       MM
  SNOW DEPTH      MM

DEGREE DAYS
 HEATING
  YESTERDAY       29                        48    -19       52
  MONTH TO DATE 1151                      1118     33     1030
  SINCE DEC 1   4033                      4185   -152     3553
  SINCE JUL 1   5776                      6293   -517     5348

 COOLING
  YESTERDAY        0                         0      0        0
  MONTH TO DATE    0                         0      0        0
  SINCE DEC 1      0                         0      0        0
  SINCE JAN 1      0                         0      0        0
..................................................................


WIND (MPH)
  HIGHEST WIND SPEED    12   HIGHEST WIND DIRECTION    NW (300)
  HIGHEST GUST SPEED    16   HIGHEST GUST DIRECTION    SW (220)
  AVERAGE WIND SPEED     4.7


SKY COVER
  POSSIBLE SUNSHINE  MM
  AVERAGE SKY COVER 0.6


WEATHER CONDITIONS
 THE FOLLOWING WEATHER WAS RECORDED YESTERDAY.
  NO SIGNIFICANT WEATHER WAS OBSERVED.


RELATIVE HUMIDITY (PERCENT)
 HIGHEST    92           800 PM
 LOWEST     47          1200 AM
 AVERAGE    70

..........................................................


THE HOULTON ME CLIMATE NORMALS FOR TODAY
                         NORMAL    RECORD    YEAR
 MAXIMUM TEMPERATURE (F)   29        58      1981
 MINIMUM TEMPERATURE (F)    6       -24      1972


SUNRISE AND SUNSET
FEBRUARY 23 2017......SUNRISE   620 AM EST   SUNSET   509 PM EST
FEBRUARY 24 2017......SUNRISE   619 AM EST   SUNSET   511 PM EST


-  INDICATES NEGATIVE NUMBERS.
R  INDICATES RECORD WAS SET OR TIED.
MM INDICATES DATA IS MISSING.
T  INDICATES TRACE AMOUNT.




$$
