000
CDUS41 KCAR 280527
CLIHUL


CLIMATE REPORT
NATIONAL WEATHER SERVICE CARIBOU, ME
127 AM EDT THU MAY 28 2015


...................................

...THE HOULTON ME CLIMATE SUMMARY FOR MAY 27 2015...

CLIMATE NORMAL PERIOD 1981 TO 2010
CLIMATE RECORD PERIOD 1948 TO 2015


WEATHER ITEM   OBSERVED TIME   RECORD YEAR NORMAL DEPARTURE LAST
                VALUE   (LST)  VALUE       VALUE  FROM      YEAR
                                                  NORMAL
..................................................................
TEMPERATURE (F)
 YESTERDAY
  MAXIMUM         87    346 PM  89    1972  67     20       55
  MINIMUM         58    322 AM  27    1977  42     16       40
  AVERAGE         73                        54     19       48

PRECIPITATION (IN)
  YESTERDAY        0.68          3.50 1961   0.11   0.57      T
  MONTH TO DATE    2.98                      2.87   0.11     3.03
  SINCE MAR 1      6.32                      9.34  -3.02     9.12
  SINCE JAN 1      8.42                     14.20  -5.78    14.70

SNOWFALL (IN)
  YESTERDAY       MM             0.0  2003   0.0   MM       MM
  MONTH TO DATE   MM                         0.1   MM       MM
  SINCE MAR 1     MM                        23.9   MM       MM
  SINCE JUL 1     MM                        89.5   MM       MM
  SNOW DEPTH      MM

DEGREE DAYS
 HEATING
  YESTERDAY        0                        11    -11       17
  MONTH TO DATE  305                       394    -89      365
  SINCE MAR 1   2540                      2394    146     2667
  SINCE JUL 1   9108                      8967    141     9257

 COOLING
  YESTERDAY        8                         0      8        0
  MONTH TO DATE   15                         0     15        1
  SINCE MAR 1     15                         0     15        1
  SINCE JAN 1     15                         0     15        1
..................................................................


WIND (MPH)
  HIGHEST WIND SPEED    20   HIGHEST WIND DIRECTION     S (200)
  HIGHEST GUST SPEED    29   HIGHEST GUST DIRECTION    SW (210)
  AVERAGE WIND SPEED     8.0


SKY COVER
  POSSIBLE SUNSHINE  MM
  AVERAGE SKY COVER 0.2


WEATHER CONDITIONS
 THE FOLLOWING WEATHER WAS RECORDED YESTERDAY.
  THUNDERSTORM
  HEAVY RAIN
  RAIN
  LIGHT RAIN
  FOG


RELATIVE HUMIDITY (PERCENT)
 HIGHEST    93           900 PM
 LOWEST     40           300 PM
 AVERAGE    67

..........................................................


THE HOULTON ME CLIMATE NORMALS FOR TODAY
                         NORMAL    RECORD    YEAR
 MAXIMUM TEMPERATURE (F)   68        92      1978
 MINIMUM TEMPERATURE (F)   42        26      1977


SUNRISE AND SUNSET
MAY 28 2015...........SUNRISE   446 AM EDT   SUNSET   811 PM EDT
MAY 29 2015...........SUNRISE   446 AM EDT   SUNSET   812 PM EDT


-  INDICATES NEGATIVE NUMBERS.
R  INDICATES RECORD WAS SET OR TIED.
MM INDICATES DATA IS MISSING.
T  INDICATES TRACE AMOUNT.




$$
