515
CDUS41 KCAR 220557
CLIHUL


CLIMATE REPORT
NATIONAL WEATHER SERVICE CARIBOU, ME
1246 AM EST THU FEB 22 2018


...................................

...THE HOULTON ME CLIMATE SUMMARY FOR FEBRUARY 21 2018...

CLIMATE NORMAL PERIOD 1981 TO 2010
CLIMATE RECORD PERIOD 1948 TO 2018


WEATHER ITEM   OBSERVED TIME   RECORD YEAR NORMAL DEPARTURE LAST
                VALUE   (LST)  VALUE       VALUE  FROM      YEAR
                                                  NORMAL
..................................................................
TEMPERATURE (F)
 YESTERDAY
  MAXIMUM         50R   638 PM  50    1953  29     21       36
  MINIMUM         30   1159 PM -36    1993   5     25       -7
  AVERAGE         40                        17     23       15

PRECIPITATION (IN)
  YESTERDAY        0.02          0.75 1989   0.07  -0.05     0.00
  MONTH TO DATE    2.28                      1.48   0.80     1.00
  SINCE DEC 1      8.82                      7.63   1.19     6.75
  SINCE JAN 1      5.58                      4.34   1.24     3.83

SNOWFALL (IN)
  YESTERDAY       MM             7.2  1982   0.6   MM       MM
  MONTH TO DATE   MM                        13.3   MM       MM
  SINCE DEC 1     MM                        53.0   MM       MM
  SINCE JUL 1     MM                        61.1   MM       MM
  SNOW DEPTH      MM

DEGREE DAYS
 HEATING
  YESTERDAY       25                        48    -23       50
  MONTH TO DATE  964                      1070   -106     1122
  SINCE DEC 1   4087                      4137    -50     4004
  SINCE JUL 1   5793                      6245   -452     5747

 COOLING
  YESTERDAY        0                         0      0        0
  MONTH TO DATE    0                         0      0        0
  SINCE DEC 1      0                         0      0        0
  SINCE JAN 1      0                         0      0        0
..................................................................


WIND (MPH)
  HIGHEST WIND SPEED    21   HIGHEST WIND DIRECTION    NW (330)
  HIGHEST GUST SPEED    35   HIGHEST GUST DIRECTION    NW (330)
  AVERAGE WIND SPEED     8.5


SKY COVER
  POSSIBLE SUNSHINE  MM
  AVERAGE SKY COVER 0.8


WEATHER CONDITIONS
 THE FOLLOWING WEATHER WAS RECORDED YESTERDAY.
  LT FREEZING RAIN
  FOG
  FOG W/VISIBILITY <= 1/4 MILE


RELATIVE HUMIDITY (PERCENT)
 HIGHEST   100          1200 AM
 LOWEST     48          1000 PM
 AVERAGE    74

..........................................................


THE HOULTON ME CLIMATE NORMALS FOR TODAY
                         NORMAL    RECORD    YEAR
 MAXIMUM TEMPERATURE (F)   29        55      1981
 MINIMUM TEMPERATURE (F)    6       -22      2000


SUNRISE AND SUNSET
FEBRUARY 22 2018......SUNRISE   622 AM EST   SUNSET   507 PM EST
FEBRUARY 23 2018......SUNRISE   621 AM EST   SUNSET   509 PM EST


-  INDICATES NEGATIVE NUMBERS.
R  INDICATES RECORD WAS SET OR TIED.
MM INDICATES DATA IS MISSING.
T  INDICATES TRACE AMOUNT.




$$
