000
CDUS41 KCAR 040528
CLIHUL


CLIMATE REPORT
NATIONAL WEATHER SERVICE CARIBOU, ME
126 AM EDT FRI SEP 4 2015


...................................

...THE HOULTON ME CLIMATE SUMMARY FOR SEPTEMBER 3 2015...

CLIMATE NORMAL PERIOD 1981 TO 2010
CLIMATE RECORD PERIOD 1948 TO 2015


WEATHER ITEM   OBSERVED TIME   RECORD YEAR NORMAL DEPARTURE LAST
                VALUE   (LST)  VALUE       VALUE  FROM      YEAR
                                                  NORMAL
..................................................................
TEMPERATURE (F)
 YESTERDAY
  MAXIMUM         78    138 PM  91    2010  72      6       80
                                      1999
  MINIMUM         43   1143 PM  30    1976  48     -5       53
  AVERAGE         61                        60      1       67

PRECIPITATION (IN)
  YESTERDAY        0.00          2.00 1967   0.10  -0.10     0.24
  MONTH TO DATE    0.00                      0.30  -0.30     0.24
  SINCE SEP 1      0.00                      0.30  -0.30     0.24
  SINCE JAN 1     18.76                     25.92  -7.16    27.90

SNOWFALL (IN)
  YESTERDAY       MM             0.0  2003   0.0   MM       MM
  MONTH TO DATE   MM                         0.0   MM       MM
  SINCE SEP 1     MM                         0.0   MM       MM
  SINCE JUL 1      0.0                       0.0    0.0     MM
  SNOW DEPTH      MM

DEGREE DAYS
 HEATING
  YESTERDAY        4                         6     -2        0
  MONTH TO DATE    6                        18    -12        0
  SINCE SEP 1      6                        18    -12        0
  SINCE JUL 1     93                       174    -81       85

 COOLING
  YESTERDAY        0                         1     -1        2
  MONTH TO DATE    5                         3      2       17
  SINCE SEP 1      5                         3      2       17
  SINCE JAN 1    195                       181     14      220
..................................................................


WIND (MPH)
  HIGHEST WIND SPEED    17   HIGHEST WIND DIRECTION     N (10)
  HIGHEST GUST SPEED    22   HIGHEST GUST DIRECTION     N (10)
  AVERAGE WIND SPEED     6.8


SKY COVER
  POSSIBLE SUNSHINE  MM
  AVERAGE SKY COVER 0.2


WEATHER CONDITIONS
 THE FOLLOWING WEATHER WAS RECORDED YESTERDAY.
  FOG
  HAZE


RELATIVE HUMIDITY (PERCENT)
 HIGHEST    93           500 AM
 LOWEST     33           100 PM
 AVERAGE    63

..........................................................


THE HOULTON ME CLIMATE NORMALS FOR TODAY
                         NORMAL    RECORD    YEAR
 MAXIMUM TEMPERATURE (F)   72        89      1999
 MINIMUM TEMPERATURE (F)   47        30      1989


SUNRISE AND SUNSET
SEPTEMBER  4 2015.....SUNRISE   555 AM EDT   SUNSET   704 PM EDT
SEPTEMBER  5 2015.....SUNRISE   556 AM EDT   SUNSET   703 PM EDT


-  INDICATES NEGATIVE NUMBERS.
R  INDICATES RECORD WAS SET OR TIED.
MM INDICATES DATA IS MISSING.
T  INDICATES TRACE AMOUNT.




$$
