000
CDUS41 KCAR 200534
CLIHUL


CLIMATE REPORT
NATIONAL WEATHER SERVICE CARIBOU, ME
133 AM EDT SUN AUG 20 2017


...................................

...THE HOULTON ME CLIMATE SUMMARY FOR AUGUST 19 2017...

CLIMATE NORMAL PERIOD 1981 TO 2010
CLIMATE RECORD PERIOD 1948 TO 2017


WEATHER ITEM   OBSERVED TIME   RECORD YEAR NORMAL DEPARTURE LAST
                VALUE   (LST)  VALUE       VALUE  FROM      YEAR
                                                  NORMAL
..................................................................
TEMPERATURE (F)
 YESTERDAY
  MAXIMUM         68    420 PM  92    1960  76     -8       73
  MINIMUM         58    545 AM  34    2005  51      7       49
  AVERAGE         63                        64     -1       61

PRECIPITATION (IN)
  YESTERDAY        0.10          1.26 1991   0.12  -0.02     0.00
  MONTH TO DATE    2.81                      2.40   0.41     4.83
  SINCE JUN 1      7.52                      9.71  -2.19    11.11
  SINCE JAN 1     22.27                     24.34  -2.07    25.49

SNOWFALL (IN)
  YESTERDAY       MM             0.0  2003   0.0   MM       MM
  MONTH TO DATE   MM                         0.0   MM       MM
  SINCE JUN 1     MM                         0.0   MM       MM
  SINCE JUL 1     MM                         0.0   MM       MM
  SNOW DEPTH      MM

DEGREE DAYS
 HEATING
  YESTERDAY        2                         3     -1        4
  MONTH TO DATE   38                        45     -7       32
  SINCE JUN 1    249                       286    -37      250
  SINCE JUL 1     89                       105    -16       75

 COOLING
  YESTERDAY        0                         2     -2        0
  MONTH TO DATE   33                        40     -7       40
  SINCE JUN 1    151                       156     -5      172
  SINCE JAN 1    157                       160     -3      179
..................................................................


WIND (MPH)
  HIGHEST WIND SPEED    10   HIGHEST WIND DIRECTION    SE (150)
  HIGHEST GUST SPEED    18   HIGHEST GUST DIRECTION    SE (140)
  AVERAGE WIND SPEED     2.9


SKY COVER
  POSSIBLE SUNSHINE  MM
  AVERAGE SKY COVER 1.0


WEATHER CONDITIONS
 THE FOLLOWING WEATHER WAS RECORDED YESTERDAY.
  RAIN
  LIGHT RAIN
  FOG


RELATIVE HUMIDITY (PERCENT)
 HIGHEST   100           700 AM
 LOWEST     93          1200 AM
 AVERAGE    97

..........................................................


THE HOULTON ME CLIMATE NORMALS FOR TODAY
                         NORMAL    RECORD    YEAR
 MAXIMUM TEMPERATURE (F)   76        89      1955
 MINIMUM TEMPERATURE (F)   51        35      1990


SUNRISE AND SUNSET
AUGUST 20 2017........SUNRISE   537 AM EDT   SUNSET   731 PM EDT
AUGUST 21 2017........SUNRISE   538 AM EDT   SUNSET   729 PM EDT


-  INDICATES NEGATIVE NUMBERS.
R  INDICATES RECORD WAS SET OR TIED.
MM INDICATES DATA IS MISSING.
T  INDICATES TRACE AMOUNT.




$$
