000
CDUS41 KCAR 302037
CLIHUL


CLIMATE REPORT
NATIONAL WEATHER SERVICE CARIBOU, ME
435 PM EDT SAT APR 30 2016


...................................

...THE HOULTON ME CLIMATE SUMMARY FOR APRIL 30 2016...
VALID TODAY AS OF 0400 PM LOCAL TIME.

CLIMATE NORMAL PERIOD 1981 TO 2010
CLIMATE RECORD PERIOD 1948 TO 2016


WEATHER ITEM   OBSERVED TIME   RECORD YEAR NORMAL DEPARTURE LAST
                VALUE   (LST)  VALUE       VALUE  FROM      YEAR
                                                  NORMAL
..................................................................
TEMPERATURE (F)
 TODAY
  MAXIMUM         58    259 PM  85    2004  58      0       51
  MINIMUM         21    433 AM  19    1975  34    -13       34
  AVERAGE         40                        46     -6       43

PRECIPITATION (IN)
  TODAY            0.00          0.44 1962   0.14  -0.14      T
  MONTH TO DATE    2.76                      3.88  -1.12     2.63
  SINCE MAR 1      6.76                      6.47   0.29     3.34
  SINCE JAN 1     11.72                     11.33   0.39     5.44

SNOWFALL (IN)
  TODAY           MM             T    1995   0.1   MM       MM
  MONTH TO DATE    0.0                       6.0   -6.0     MM
  SINCE MAR 1      0.0                      23.8  -23.8     MM
  SINCE JUL 1      0.0                      89.4  -89.4     MM
  SNOW DEPTH      MM

DEGREE DAYS
 HEATING
  TODAY           25                        19      6       22
  MONTH TO DATE  851                       777     74      839
  SINCE MAR 1   2028                      2000     28     2235
  SINCE JUL 1   7646                      8573   -927     8803

 COOLING
  TODAY            0                         0      0        0
  MONTH TO DATE    0                         0      0        0
  SINCE MAR 1      0                         0      0        0
  SINCE JAN 1      0                         0      0        0
..................................................................


WIND (MPH)
  HIGHEST WIND SPEED    13   HIGHEST WIND DIRECTION     N (360)
  HIGHEST GUST SPEED    18   HIGHEST GUST DIRECTION    NE (40)
  AVERAGE WIND SPEED     3.4


SKY COVER
  POSSIBLE SUNSHINE  MM
  AVERAGE SKY COVER 0.0


WEATHER CONDITIONS
 THE FOLLOWING WEATHER WAS RECORDED TODAY.
  NO SIGNIFICANT WEATHER WAS OBSERVED.


RELATIVE HUMIDITY (PERCENT)
 HIGHEST    84           400 AM
 LOWEST     17          1100 AM
 AVERAGE    51

..........................................................


THE HOULTON ME CLIMATE NORMALS FOR TOMORROW
                         NORMAL    RECORD    YEAR
 MAXIMUM TEMPERATURE (F)   58        83      2004
 MINIMUM TEMPERATURE (F)   34        18      1977


SUNRISE AND SUNSET
APRIL 30 2016.........SUNRISE   519 AM EDT   SUNSET   739 PM EDT
MAY  1 2016...........SUNRISE   517 AM EDT   SUNSET   740 PM EDT


-  INDICATES NEGATIVE NUMBERS.
R  INDICATES RECORD WAS SET OR TIED.
MM INDICATES DATA IS MISSING.
T  INDICATES TRACE AMOUNT.




$$
