000
CDUS41 KCAR 290533
CLIHUL


CLIMATE REPORT
NATIONAL WEATHER SERVICE CARIBOU, ME
132 AM EDT THU JUN 29 2017


...................................

...THE HOULTON ME CLIMATE SUMMARY FOR JUNE 28 2017...

CLIMATE NORMAL PERIOD 1981 TO 2010
CLIMATE RECORD PERIOD 1948 TO 2017


WEATHER ITEM   OBSERVED TIME   RECORD YEAR NORMAL DEPARTURE LAST
                VALUE   (LST)  VALUE       VALUE  FROM      YEAR
                                                  NORMAL
..................................................................
TEMPERATURE (F)
 YESTERDAY
  MAXIMUM         70    251 PM  93    1946  76     -6       77
  MINIMUM         48   1027 PM  36    1971  52     -4       62
  AVERAGE         59                        64     -5       70

PRECIPITATION (IN)
  YESTERDAY        0.01          1.59 1954   0.13  -0.12     0.02
  MONTH TO DATE    2.90                      3.38  -0.48     2.08
  SINCE JUN 1      2.90                      3.38  -0.48     2.08
  SINCE JAN 1     17.65                     18.01  -0.36    16.46

SNOWFALL (IN)
  YESTERDAY       MM             0.0  2003   0.0   MM       MM
  MONTH TO DATE   MM                         0.0   MM       MM
  SINCE JUN 1     MM                         0.0   MM       MM
  SINCE JUL 1     MM                        89.5   MM       MM
  SNOW DEPTH      MM

DEGREE DAYS
 HEATING
  YESTERDAY        6                         3      3        0
  MONTH TO DATE  156                       172    -16      174
  SINCE JUN 1    156                       172    -16      174
  SINCE JUL 1   8574                      9179   -605     8191

 COOLING
  YESTERDAY        0                         2     -2        5
  MONTH TO DATE   42                        31     11       29
  SINCE JUN 1     42                        31     11       29
  SINCE JAN 1     48                        35     13       36
..................................................................


WIND (MPH)
  HIGHEST WIND SPEED    16   HIGHEST WIND DIRECTION     W (250)
  HIGHEST GUST SPEED    24   HIGHEST GUST DIRECTION    NW (330)
  AVERAGE WIND SPEED     5.7


SKY COVER
  POSSIBLE SUNSHINE  MM
  AVERAGE SKY COVER 0.5


WEATHER CONDITIONS
 THE FOLLOWING WEATHER WAS RECORDED YESTERDAY.
  LIGHT RAIN


RELATIVE HUMIDITY (PERCENT)
 HIGHEST   100           200 AM
 LOWEST     57           300 PM
 AVERAGE    79

..........................................................


THE HOULTON ME CLIMATE NORMALS FOR TODAY
                         NORMAL    RECORD    YEAR
 MAXIMUM TEMPERATURE (F)   76        95      1944
 MINIMUM TEMPERATURE (F)   52        36      1980


SUNRISE AND SUNSET
JUNE 29 2017..........SUNRISE   443 AM EDT   SUNSET   826 PM EDT
JUNE 30 2017..........SUNRISE   443 AM EDT   SUNSET   826 PM EDT


-  INDICATES NEGATIVE NUMBERS.
R  INDICATES RECORD WAS SET OR TIED.
MM INDICATES DATA IS MISSING.
T  INDICATES TRACE AMOUNT.




$$
