000
CDUS41 KCAR 120527
CLIHUL


CLIMATE REPORT
NATIONAL WEATHER SERVICE CARIBOU, ME
1226 AM EST TUE DEC 12 2017


...................................

...THE HOULTON ME CLIMATE SUMMARY FOR DECEMBER 11 2017...

CLIMATE NORMAL PERIOD 1981 TO 2010
CLIMATE RECORD PERIOD 1948 TO 2017


WEATHER ITEM   OBSERVED TIME   RECORD YEAR NORMAL DEPARTURE LAST
                VALUE   (LST)  VALUE       VALUE  FROM      YEAR
                                                  NORMAL
..................................................................
TEMPERATURE (F)
 YESTERDAY
  MAXIMUM         17    158 PM  59    1969  30    -13       21
  MINIMUM         -2    843 PM -15    1968  13    -15       -3
  AVERAGE          8                        21    -13        9

PRECIPITATION (IN)
  YESTERDAY        T             2.89 1993   0.12  -0.12     0.00
  MONTH TO DATE    1.53                      1.31   0.22     1.03
  SINCE DEC 1      1.53                      1.31   0.22     1.03
  SINCE JAN 1     36.05                     38.00  -1.95    33.85

SNOWFALL (IN)
  YESTERDAY       MM             5.8  1973   0.5   MM       MM
  MONTH TO DATE   MM                         5.3   MM       MM
  SINCE DEC 1     MM                         5.3   MM       MM
  SINCE JUL 1     MM                        13.4   MM       MM
  SNOW DEPTH      MM

DEGREE DAYS
 HEATING
  YESTERDAY       57                        44     13       56
  MONTH TO DATE  419                       456    -37      494
  SINCE DEC 1    419                       456    -37      494
  SINCE JUL 1   2125                      2564   -439     2237

 COOLING
  YESTERDAY        0                         0      0        0
  MONTH TO DATE    0                         0      0        0
  SINCE DEC 1      0                         0      0        0
  SINCE JAN 1    211                       191     20      229
..................................................................


WIND (MPH)
  HIGHEST WIND SPEED    17   HIGHEST WIND DIRECTION     N (360)
  HIGHEST GUST SPEED    19   HIGHEST GUST DIRECTION     N (10)
  AVERAGE WIND SPEED     4.0


SKY COVER
  POSSIBLE SUNSHINE  MM
  AVERAGE SKY COVER 0.6


WEATHER CONDITIONS
 THE FOLLOWING WEATHER WAS RECORDED YESTERDAY.
  HAZE


RELATIVE HUMIDITY (PERCENT)
 HIGHEST    96           900 AM
 LOWEST     73          1100 AM
 AVERAGE    85

..........................................................


THE HOULTON ME CLIMATE NORMALS FOR TODAY
                         NORMAL    RECORD    YEAR
 MAXIMUM TEMPERATURE (F)   30        58      1950
 MINIMUM TEMPERATURE (F)   12       -18      1977


SUNRISE AND SUNSET
DECEMBER 12 2017......SUNRISE   704 AM EST   SUNSET   345 PM EST
DECEMBER 13 2017......SUNRISE   705 AM EST   SUNSET   346 PM EST


-  INDICATES NEGATIVE NUMBERS.
R  INDICATES RECORD WAS SET OR TIED.
MM INDICATES DATA IS MISSING.
T  INDICATES TRACE AMOUNT.




$$
