134
CDUS41 KCAR 280527
CLIHUL


CLIMATE REPORT
NATIONAL WEATHER SERVICE CARIBOU, ME
126 AM EDT THU JUL 28 2016


...................................

...THE HOULTON ME CLIMATE SUMMARY FOR JULY 27 2016...

CLIMATE NORMAL PERIOD 1981 TO 2010
CLIMATE RECORD PERIOD 1948 TO 2016


WEATHER ITEM   OBSERVED TIME   RECORD YEAR NORMAL DEPARTURE LAST
                VALUE   (LST)  VALUE       VALUE  FROM      YEAR
                                                  NORMAL
..................................................................
TEMPERATURE (F)
 YESTERDAY
  MAXIMUM         86    302 PM  93    1989  78      8       75
  MINIMUM         57    445 AM  41    1946  54      3       60
  AVERAGE         72                        66      6       68

PRECIPITATION (IN)
  YESTERDAY        0.00          0.98 1970   0.12  -0.12     0.00
  MONTH TO DATE    3.50                      3.17   0.33     1.50
  SINCE JUN 1      6.16                      6.82  -0.66     5.52
  SINCE JAN 1     20.54                     21.45  -0.91    14.87

SNOWFALL (IN)
  YESTERDAY       MM             0.0  2003   0.0   MM       MM
  MONTH TO DATE   MM                         0.0   MM       MM
  SINCE JUN 1     MM                         0.0   MM       MM
  SINCE JUL 1     MM                         0.0   MM       MM
  SNOW DEPTH      MM

DEGREE DAYS
 HEATING
  YESTERDAY        0                         2     -2        0
  MONTH TO DATE   41                        57    -16       63
  SINCE JUN 1    216                       238    -22      300
  SINCE JUL 1     41                        57    -16       63

 COOLING
  YESTERDAY        7                         3      4        3
  MONTH TO DATE   89                        79     10       28
  SINCE JUN 1    119                       114      5       40
  SINCE JAN 1    126                       118      8       65
..................................................................


WIND (MPH)
  HIGHEST WIND SPEED    12   HIGHEST WIND DIRECTION     W (280)
  HIGHEST GUST SPEED    15   HIGHEST GUST DIRECTION     W (290)
  AVERAGE WIND SPEED     3.4


SKY COVER
  POSSIBLE SUNSHINE  MM
  AVERAGE SKY COVER 0.2


WEATHER CONDITIONS
 THE FOLLOWING WEATHER WAS RECORDED YESTERDAY.
  FOG


RELATIVE HUMIDITY (PERCENT)
 HIGHEST   100          1200 AM
 LOWEST     44           200 PM
 AVERAGE    72

..........................................................


THE HOULTON ME CLIMATE NORMALS FOR TODAY
                         NORMAL    RECORD    YEAR
 MAXIMUM TEMPERATURE (F)   78        93      1970
 MINIMUM TEMPERATURE (F)   54        38      1977


SUNRISE AND SUNSET
JULY 28 2016..........SUNRISE   509 AM EDT   SUNSET   805 PM EDT
JULY 29 2016..........SUNRISE   510 AM EDT   SUNSET   804 PM EDT


-  INDICATES NEGATIVE NUMBERS.
R  INDICATES RECORD WAS SET OR TIED.
MM INDICATES DATA IS MISSING.
T  INDICATES TRACE AMOUNT.




$$
