000
CDUS41 KCAR 190546
CLIHUL


CLIMATE REPORT
NATIONAL WEATHER SERVICE CARIBOU, ME
142 AM EDT THU OCT 19 2017


...................................

...THE HOULTON ME CLIMATE SUMMARY FOR OCTOBER 18 2017...

CLIMATE NORMAL PERIOD 1981 TO 2010
CLIMATE RECORD PERIOD 1948 TO 2017


WEATHER ITEM   OBSERVED TIME   RECORD YEAR NORMAL DEPARTURE LAST
                VALUE   (LST)  VALUE       VALUE  FROM      YEAR
                                                  NORMAL
..................................................................
TEMPERATURE (F)
 YESTERDAY
  MAXIMUM         62    243 PM  82    1947  53      9       60
  MINIMUM         31   1128 PM  16    1972  32     -1       30
  AVERAGE         47                        43      4       45

PRECIPITATION (IN)
  YESTERDAY        0.00          0.65 1975   0.12  -0.12     0.01
  MONTH TO DATE    1.51                      2.10  -0.59     0.27
  SINCE SEP 1      4.10                      5.50  -1.40     1.26
  SINCE JAN 1     26.44                     31.12  -4.68    28.12

SNOWFALL (IN)
  YESTERDAY       MM             2.0  1959   0.0   MM       MM
  MONTH TO DATE   MM                         0.3   MM       MM
  SINCE SEP 1     MM                         0.4   MM       MM
  SINCE JUL 1     MM                         0.4   MM       MM
  SNOW DEPTH      MM

DEGREE DAYS
 HEATING
  YESTERDAY       18                        22     -4       20
  MONTH TO DATE  257                       349    -92      292
  SINCE SEP 1    417                       661   -244      534
  SINCE JUL 1    565                       817   -252      628

 COOLING
  YESTERDAY        0                         0      0        0
  MONTH TO DATE    0                         0      0        0
  SINCE SEP 1     35                        13     22       23
  SINCE JAN 1    211                       191     20      229
..................................................................


WIND (MPH)
  HIGHEST WIND SPEED    18   HIGHEST WIND DIRECTION    NW (310)
  HIGHEST GUST SPEED    28   HIGHEST GUST DIRECTION     W (270)
  AVERAGE WIND SPEED     6.4


SKY COVER
  POSSIBLE SUNSHINE  MM
  AVERAGE SKY COVER 0.2


WEATHER CONDITIONS
 THE FOLLOWING WEATHER WAS RECORDED YESTERDAY.
  NO SIGNIFICANT WEATHER WAS OBSERVED.


RELATIVE HUMIDITY (PERCENT)
 HIGHEST    92          1100 PM
 LOWEST     27           200 PM
 AVERAGE    60

..........................................................


THE HOULTON ME CLIMATE NORMALS FOR TODAY
                         NORMAL    RECORD    YEAR
 MAXIMUM TEMPERATURE (F)   53        76      1963
 MINIMUM TEMPERATURE (F)   32        12      1972


SUNRISE AND SUNSET
OCTOBER 19 2017.......SUNRISE   654 AM EDT   SUNSET   537 PM EDT
OCTOBER 20 2017.......SUNRISE   655 AM EDT   SUNSET   536 PM EDT


-  INDICATES NEGATIVE NUMBERS.
R  INDICATES RECORD WAS SET OR TIED.
MM INDICATES DATA IS MISSING.
T  INDICATES TRACE AMOUNT.




$$
