048
CDUS41 KCAR 252030
CLIHUL


CLIMATE REPORT
NATIONAL WEATHER SERVICE CARIBOU, ME
430 PM EDT WED MAY 25 2016


...................................

...THE HOULTON ME CLIMATE SUMMARY FOR MAY 25 2016...
VALID TODAY AS OF 0400 PM LOCAL TIME.

CLIMATE NORMAL PERIOD 1981 TO 2010
CLIMATE RECORD PERIOD 1948 TO 2016


WEATHER ITEM   OBSERVED TIME   RECORD YEAR NORMAL DEPARTURE LAST
                VALUE   (LST)  VALUE       VALUE  FROM      YEAR
                                                  NORMAL
..................................................................
TEMPERATURE (F)
 TODAY
  MAXIMUM         79    259 PM  91    2007  67     12       80
  MINIMUM         57    534 AM  24    1956  41     16       53
  AVERAGE         68                        54     14       67

PRECIPITATION (IN)
  TODAY            0.00          1.36 2013   0.12  -0.12     0.02
  MONTH TO DATE    2.16                      2.66  -0.50     1.87
  SINCE MAR 1      8.92                      9.13  -0.21     5.21
  SINCE JAN 1     13.88                     13.99  -0.11     7.31

SNOWFALL (IN)
  TODAY           MM             0.0  2003   0.0   MM       MM
  MONTH TO DATE   MM                         0.1   MM       MM
  SINCE MAR 1     MM                        23.9   MM       MM
  SINCE JUL 1     MM                        89.5   MM       MM
  SNOW DEPTH      MM

DEGREE DAYS
 HEATING
  TODAY            0                        11    -11        0
  MONTH TO DATE  328                       372    -44      305
  SINCE MAR 1   2356                      2372    -16     2540
  SINCE JUL 1   7974                      8945   -971     9108

 COOLING
  TODAY            3                         0      3        2
  MONTH TO DATE    3                         0      3        2
  SINCE MAR 1      3                         0      3        2
  SINCE JAN 1      3                         0      3        2
..................................................................


WIND (MPH)
  HIGHEST WIND SPEED    17   HIGHEST WIND DIRECTION    SW (230)
  HIGHEST GUST SPEED    22   HIGHEST GUST DIRECTION    SW (230)
  AVERAGE WIND SPEED     7.6


SKY COVER
  POSSIBLE SUNSHINE  MM
  AVERAGE SKY COVER 0.6


WEATHER CONDITIONS
 THE FOLLOWING WEATHER WAS RECORDED TODAY.
  NO SIGNIFICANT WEATHER WAS OBSERVED.


RELATIVE HUMIDITY (PERCENT)
 HIGHEST    93           600 AM
 LOWEST     42           300 PM
 AVERAGE    68

..........................................................


THE HOULTON ME CLIMATE NORMALS FOR TOMORROW
                         NORMAL    RECORD    YEAR
 MAXIMUM TEMPERATURE (F)   67        88      1950
 MINIMUM TEMPERATURE (F)   41        29      1990


SUNRISE AND SUNSET
MAY 25 2016...........SUNRISE   448 AM EDT   SUNSET   809 PM EDT
MAY 26 2016...........SUNRISE   447 AM EDT   SUNSET   810 PM EDT


-  INDICATES NEGATIVE NUMBERS.
R  INDICATES RECORD WAS SET OR TIED.
MM INDICATES DATA IS MISSING.
T  INDICATES TRACE AMOUNT.




$$
