000
CDUS45 KTFX 052330
CLIHVR


CLIMATE REPORT
NATIONAL WEATHER SERVICE GREAT FALLS MT
430 PM MST MON DEC 5 2016


...................................

...THE HAVRE MT CLIMATE SUMMARY FOR DECEMBER 5 2016...
VALID TODAY AS OF 0400 PM LOCAL TIME.

CLIMATE NORMAL PERIOD 1981 TO 2010
CLIMATE RECORD PERIOD 1880 TO 2016


WEATHER ITEM   OBSERVED TIME   RECORD YEAR NORMAL DEPARTURE LAST
                VALUE   (LST)  VALUE       VALUE  FROM      YEAR
                                                  NORMAL
..................................................................
TEMPERATURE (F)
 TODAY
  MAXIMUM         23    104 AM  71    1939  33    -10       47
  MINIMUM          8    359 PM -28    2013  11     -3       29
  AVERAGE         16                        22     -6       38

PRECIPITATION (IN)
  TODAY            T             0.62 1882   0.01  -0.01     0.00
  MONTH TO DATE    0.07                      0.06   0.01     0.00
  SINCE OCT 1      3.59                      1.07   2.52     1.51
  SINCE JAN 1     18.88                     10.86   8.02    11.75

SNOWFALL (IN)
  TODAY           MM             4.8  2005   0.2   MM        0.0
  MONTH TO DATE    T                         1.0   -1.0      0.0
  SINCE DEC 1      T                         1.0   -1.0      0.0
  SINCE JUL 1      5.5                       8.6   -3.1      3.0

DEGREE DAYS
 HEATING
  TODAY           49                        43      6       27
  MONTH TO DATE  188                       213    -25      172
  SINCE DEC 1    188                       213    -25      172
  SINCE JUL 1   1935                      2256   -321     2025

 COOLING
  TODAY            0                         0      0        0
  MONTH TO DATE    0                         0      0        0
  SINCE DEC 1      0                         0      0        0
  SINCE JAN 1    344                       387    -43      418
..................................................................


WIND (MPH)
  HIGHEST WIND SPEED    25   HIGHEST WIND DIRECTION    NW (320)
  HIGHEST GUST SPEED    32   HIGHEST GUST DIRECTION    NW (320)
  AVERAGE WIND SPEED    16.9


SKY COVER
  AVERAGE SKY COVER 0.9


WEATHER CONDITIONS
 THE FOLLOWING WEATHER WAS RECORDED TODAY.
  LIGHT SNOW
  FOG
  HAZE


RELATIVE HUMIDITY (PERCENT)
 HIGHEST    88          1200 AM
 LOWEST     66           100 PM
 AVERAGE    77

..........................................................


THE HAVRE MT CLIMATE NORMALS FOR TOMORROW
                         NORMAL    RECORD    YEAR
 MAXIMUM TEMPERATURE (F)   32        64      1987
 MINIMUM TEMPERATURE (F)   10       -38      2013


SUNRISE AND SUNSET
DECEMBER  5 2016......SUNRISE   755 AM MST   SUNSET   424 PM MST
DECEMBER  6 2016......SUNRISE   757 AM MST   SUNSET   424 PM MST


-  INDICATES NEGATIVE NUMBERS.
R  INDICATES RECORD WAS SET OR TIED.
MM INDICATES DATA IS MISSING.
T  INDICATES TRACE AMOUNT.




$$
