000
CDUS45 KTFX 241006
CLIHVR


CLIMATE REPORT
NATIONAL WEATHER SERVICE GREAT FALLS MT
306 AM MST FRI FEB 24 2017


...................................

...THE HAVRE MT CLIMATE SUMMARY FOR FEBRUARY 23 2017...

CLIMATE NORMAL PERIOD 1981 TO 2010
CLIMATE RECORD PERIOD 1880 TO 2017


WEATHER ITEM   OBSERVED TIME   RECORD YEAR NORMAL DEPARTURE LAST
                VALUE   (LST)  VALUE       VALUE  FROM      YEAR
                                                  NORMAL
..................................................................
TEMPERATURE (F)
 YESTERDAY
  MAXIMUM         30    114 AM  63    1976  36     -6       48
                                      1886
  MINIMUM         16   1138 PM -29    1979  13      3       19
  AVERAGE         23                        24     -1       34

PRECIPITATION (IN)
  YESTERDAY        0.02          0.38 2007   0.01   0.01     0.00
  MONTH TO DATE    0.55                      0.23   0.32     0.03
  SINCE OCT 1      5.23                      1.97   3.26     2.32
  SINCE JAN 1      1.24                      0.56   0.68     0.39

SNOWFALL (IN)
  YESTERDAY        1.0           3.5  2007   0.2    0.8      0.0
  MONTH TO DATE    7.1                       4.8    2.3       T
  SINCE DEC 1     23.3                      19.3    4.0     10.8
  SINCE JUL 1     28.8                      26.9    1.9     13.8
  SNOW DEPTH       2

DEGREE DAYS
 HEATING
  YESTERDAY       42                        41      1       31
  MONTH TO DATE  905                       997    -92      692
  SINCE DEC 1   4035                      3877    158     3399
  SINCE JUL 1   5782                      5920   -138     5252

 COOLING
  YESTERDAY        0                         0      0        0
  MONTH TO DATE    0                         0      0        0
  SINCE DEC 1      0                         0      0        0
  SINCE JAN 1      0                         0      0        0
..................................................................


WIND (MPH)
  HIGHEST WIND SPEED    17   HIGHEST WIND DIRECTION    NE (40)
  HIGHEST GUST SPEED    20   HIGHEST GUST DIRECTION    NE (60)
  AVERAGE WIND SPEED    11.3


SKY COVER
  AVERAGE SKY COVER 1.0


WEATHER CONDITIONS
 THE FOLLOWING WEATHER WAS RECORDED YESTERDAY.
  LIGHT SNOW
  FOG


RELATIVE HUMIDITY (PERCENT)
 HIGHEST    92          1200 AM
 LOWEST     78           200 PM
 AVERAGE    85

..........................................................


THE HAVRE MT CLIMATE NORMALS FOR TODAY
                         NORMAL    RECORD    YEAR
 MAXIMUM TEMPERATURE (F)   36        73      1995
 MINIMUM TEMPERATURE (F)   13       -31      2003


SUNRISE AND SUNSET
FEBRUARY 24 2017......SUNRISE   710 AM MST   SUNSET   556 PM MST
FEBRUARY 25 2017......SUNRISE   708 AM MST   SUNSET   557 PM MST


-  INDICATES NEGATIVE NUMBERS.
R  INDICATES RECORD WAS SET OR TIED.
MM INDICATES DATA IS MISSING.
T  INDICATES TRACE AMOUNT.




$$
