000
CDUS45 KTFX 042231
CLIHVR


CLIMATE REPORT
NATIONAL WEATHER SERVICE GREAT FALLS MT
429 PM MDT FRI SEP 4 2015


...................................

...THE HAVRE MT CLIMATE SUMMARY FOR SEPTEMBER 4 2015...
VALID TODAY AS OF 0400 PM LOCAL TIME.

CLIMATE NORMAL PERIOD 1981 TO 2010
CLIMATE RECORD PERIOD 1880 TO 2015


WEATHER ITEM   OBSERVED TIME   RECORD YEAR NORMAL DEPARTURE LAST
                VALUE   (LST)  VALUE       VALUE  FROM      YEAR
                                                  NORMAL
..................................................................
TEMPERATURE (F)
 TODAY
  MAXIMUM         55    859 AM  98    1978  76    -21       70
  MINIMUM         50    555 AM  32    1909  46      4       43
  AVERAGE         53                        61     -8       57

PRECIPITATION (IN)
  TODAY            0.27          2.52 1911   0.04   0.23      T
  MONTH TO DATE    0.28                      0.15   0.13     0.14
  SINCE OCT 1     10.42                     10.23   0.19    12.47
  SINCE JAN 1      8.85                      8.82   0.03    10.46

SNOWFALL (IN)
  TODAY            0.0           0.0  2000   0.0    0.0      0.0
                                      1998
  MONTH TO DATE    0.0                       0.0    0.0      0.0
  SINCE SEP 1      0.0                       0.0    0.0      0.0
  SINCE JUL 1      T                         0.0    0.0      0.0
  SNOW DEPTH       0

DEGREE DAYS
 HEATING
  TODAY           12                         5      7        8
  MONTH TO DATE   19                        20     -1       21
  SINCE SEP 1     19                        20     -1       21
  SINCE JUL 1     94                       103     -9       65

 COOLING
  TODAY            0                         1     -1        0
  MONTH TO DATE    2                         7     -5        0
  SINCE SEP 1      2                         7     -5        0
  SINCE JAN 1    412                       374     38      390
..................................................................


WIND (MPH)
  HIGHEST WIND SPEED    17   HIGHEST WIND DIRECTION     E (90)
  HIGHEST GUST SPEED    20   HIGHEST GUST DIRECTION     E (90)
  AVERAGE WIND SPEED     8.1


SKY COVER
  AVERAGE SKY COVER 0.9


WEATHER CONDITIONS
 THE FOLLOWING WEATHER WAS RECORDED TODAY.
  HEAVY RAIN
  RAIN
  LIGHT RAIN
  FOG


RELATIVE HUMIDITY (PERCENT)
 HIGHEST    96          1200 PM
 LOWEST     72           900 AM
 AVERAGE    84

..........................................................


THE HAVRE MT CLIMATE NORMALS FOR TOMORROW
                         NORMAL    RECORD    YEAR
 MAXIMUM TEMPERATURE (F)   76       101      1967
 MINIMUM TEMPERATURE (F)   46        32      1956


SUNRISE AND SUNSET
SEPTEMBER  4 2015.....SUNRISE   640 AM MDT   SUNSET   755 PM MDT
SEPTEMBER  5 2015.....SUNRISE   642 AM MDT   SUNSET   753 PM MDT


-  INDICATES NEGATIVE NUMBERS.
R  INDICATES RECORD WAS SET OR TIED.
MM INDICATES DATA IS MISSING.
T  INDICATES TRACE AMOUNT.




$$
