000
CDUS45 KTFX 302217
CLIHVR


CLIMATE REPORT
NATIONAL WEATHER SERVICE GREAT FALLS MT
416 PM MDT THU OCT 30 2014


...................................

...THE HAVRE MT CLIMATE SUMMARY FOR OCTOBER 30 2014...
VALID TODAY AS OF 0400 PM LOCAL TIME.

CLIMATE NORMAL PERIOD 1981 TO 2010
CLIMATE RECORD PERIOD 1880 TO 2014


WEATHER ITEM   OBSERVED TIME   RECORD YEAR NORMAL DEPARTURE LAST
                VALUE   (LST)  VALUE       VALUE  FROM      YEAR
                                                  NORMAL
..................................................................
TEMPERATURE (F)
 TODAY
  MAXIMUM         42   1252 PM  75    1944  51     -9       46
  MINIMUM         29    817 AM -15    1984  25      4       16
  AVERAGE         36                        38     -2       31

PRECIPITATION (IN)
  TODAY            0.00          0.43 1943   0.02  -0.02     0.00
  MONTH TO DATE    0.76                      0.57   0.19     0.30
  SINCE OCT 1      0.76                      0.57   0.19     0.30
  SINCE JAN 1     11.92                     10.36   1.56    17.45

SNOWFALL (IN)
  TODAY            0.0           1.7  1919   0.1   -0.1      0.0
  MONTH TO DATE    T                         1.9   -1.9      1.0
  SINCE SEP 1      T                         2.2   -2.2      1.0
  SINCE JUL 1      T                         2.2   -2.2      1.0
  SNOW DEPTH       0

DEGREE DAYS
 HEATING
  TODAY           29                        27      2       34
  MONTH TO DATE  433                       615   -182      640
  SINCE SEP 1    674                       889   -215      790
  SINCE JUL 1    718                       972   -254      808

 COOLING
  TODAY            0                         0      0        0
  MONTH TO DATE    0                         0      0        0
  SINCE SEP 1     12                        19     -7       70
  SINCE JAN 1    402                       386     16      445
..................................................................


WIND (MPH)
  HIGHEST WIND SPEED    26   HIGHEST WIND DIRECTION     E (70)
  HIGHEST GUST SPEED    30   HIGHEST GUST DIRECTION     E (70)
  AVERAGE WIND SPEED    12.7


SKY COVER
  AVERAGE SKY COVER 0.2


WEATHER CONDITIONS
 THE FOLLOWING WEATHER WAS RECORDED TODAY.
  FOG
  FOG W/VISIBILITY <= 1/4 MILE


RELATIVE HUMIDITY (PERCENT)
 HIGHEST   100           900 AM
 LOWEST     73           100 PM
 AVERAGE    87

..........................................................


THE HAVRE MT CLIMATE NORMALS FOR TOMORROW
                         NORMAL    RECORD    YEAR
 MAXIMUM TEMPERATURE (F)   50        73      1887
 MINIMUM TEMPERATURE (F)   25       -16      1984


SUNRISE AND SUNSET
OCTOBER 30 2014.......SUNRISE   802 AM MDT   SUNSET   602 PM MDT
OCTOBER 31 2014.......SUNRISE   804 AM MDT   SUNSET   601 PM MDT


-  INDICATES NEGATIVE NUMBERS.
R  INDICATES RECORD WAS SET OR TIED.
MM INDICATES DATA IS MISSING.
T  INDICATES TRACE AMOUNT.




$$
