000
CDUS45 KTFX 240727
CLIHVR


CLIMATE REPORT
NATIONAL WEATHER SERVICE GREAT FALLS MT
126 AM MDT SUN SEP 24 2017


...................................

...THE HAVRE MT CLIMATE SUMMARY FOR SEPTEMBER 23 2017...

CLIMATE NORMAL PERIOD 1981 TO 2010
CLIMATE RECORD PERIOD 1880 TO 2017


WEATHER ITEM   OBSERVED TIME   RECORD YEAR NORMAL DEPARTURE LAST
                VALUE   (LST)  VALUE       VALUE  FROM      YEAR
                                                  NORMAL
..................................................................
TEMPERATURE (F)
 YESTERDAY
  MAXIMUM         56    422 PM  93    2011  68    -12       59
                                      1992
                                      1885
  MINIMUM         37    937 PM  20    1926  39     -2       47
  AVERAGE         47                        54     -7       53

PRECIPITATION (IN)
  YESTERDAY        0.00          0.89 2007   0.04  -0.04     0.13
  MONTH TO DATE    0.97                      0.88   0.09     1.80
  SINCE OCT 1      8.55                     10.96  -2.41    17.22
  SINCE JAN 1      4.56                      9.55  -4.99    15.29

SNOWFALL (IN)
  YESTERDAY        0.0           2.2  1912   0.0    0.0      0.0
  MONTH TO DATE    0.0                       0.1   -0.1      0.0
  SINCE SEP 1      0.0                       0.1   -0.1      0.0
  SINCE JUL 1      0.0                       0.1   -0.1      0.0
  SNOW DEPTH       0

DEGREE DAYS
 HEATING
  YESTERDAY       18                        12      6       12
  MONTH TO DATE  187                       184      3      205
  SINCE SEP 1    187                       184      3      205
  SINCE JUL 1    199                       267    -68      266

 COOLING
  YESTERDAY        0                         0      0        0
  MONTH TO DATE   39                        17     22       17
  SINCE SEP 1     39                        17     22       17
  SINCE JAN 1    526                       384    142      341
..................................................................


WIND (MPH)
  HIGHEST WIND SPEED    10   HIGHEST WIND DIRECTION     E (80)
  HIGHEST GUST SPEED    12   HIGHEST GUST DIRECTION    NW (310)
  AVERAGE WIND SPEED     3.6


SKY COVER
  AVERAGE SKY COVER 0.8


WEATHER CONDITIONS
 THE FOLLOWING WEATHER WAS RECORDED YESTERDAY.
  NO SIGNIFICANT WEATHER WAS OBSERVED.


RELATIVE HUMIDITY (PERCENT)
 HIGHEST    92           900 PM
 LOWEST     50           300 PM
 AVERAGE    71

..........................................................


THE HAVRE MT CLIMATE NORMALS FOR TODAY
                         NORMAL    RECORD    YEAR
 MAXIMUM TEMPERATURE (F)   68        94      2009
 MINIMUM TEMPERATURE (F)   39        18      1926


SUNRISE AND SUNSET
SEPTEMBER 24 2017.....SUNRISE   709 AM MDT   SUNSET   712 PM MDT
SEPTEMBER 25 2017.....SUNRISE   710 AM MDT   SUNSET   710 PM MDT


-  INDICATES NEGATIVE NUMBERS.
R  INDICATES RECORD WAS SET OR TIED.
MM INDICATES DATA IS MISSING.
T  INDICATES TRACE AMOUNT.




$$
