000
CDUS41 KLWX 180529
CLIIAD


CLIMATE REPORT
NATIONAL WEATHER SERVICE BALTIMORE MD/WASHINGTON DC
1229 AM EST SAT NOV 18 2017


...................................

...THE WASHINGTON DULLES DC CLIMATE SUMMARY FOR NOVEMBER 17 2017...

CLIMATE NORMAL PERIOD 1981 TO 2010
CLIMATE RECORD PERIOD 1960 TO 2017


WEATHER ITEM   OBSERVED TIME   RECORD YEAR NORMAL DEPARTURE LAST
                VALUE   (LST)  VALUE       VALUE  FROM      YEAR
                                                  NORMAL
..................................................................
TEMPERATURE (F)
 YESTERDAY
  MAXIMUM         53    306 PM  75    1963  57     -4       61
  MINIMUM         29   1157 PM  17    1976  35     -6       31
  AVERAGE         41                        46     -5       46

PRECIPITATION (IN)
  YESTERDAY        0.00          1.03 1987   0.11  -0.11     0.00
  MONTH TO DATE    1.86                      1.91  -0.05     0.23
  SINCE SEP 1      6.76                      9.08  -2.32     3.43
  SINCE JAN 1     39.76                     37.08   2.68    31.43

SNOWFALL (IN)
  YESTERDAY        0.0           T    1980   0.0    0.0
                                      1967
                                      1965
  MONTH TO DATE    0.0                       0.1   -0.1
  SINCE JUL 1      T                         0.1   -0.1
  SNOW DEPTH       0

DEGREE DAYS
 HEATING
  YESTERDAY       24                        19      5       19
  MONTH TO DATE  309                       279     30      250
  SINCE SEP 1    529                       633   -104      461
  SINCE JUL 1    530                       635   -105      461

 COOLING
  YESTERDAY        0                         0      0        0
  MONTH TO DATE    1                         0      1        2
  SINCE SEP 1    220                       160     60      296
  SINCE JAN 1   1281                      1176    105     1559
..................................................................


WIND (MPH)
  HIGHEST WIND SPEED    18   HIGHEST WIND DIRECTION    NW (310)
  HIGHEST GUST SPEED    24   HIGHEST GUST DIRECTION    NW (330)
  AVERAGE WIND SPEED     7.2


SKY COVER
  POSSIBLE SUNSHINE  MM
  AVERAGE SKY COVER 0.4


WEATHER CONDITIONS
 THE FOLLOWING WEATHER WAS RECORDED YESTERDAY.
  NO SIGNIFICANT WEATHER WAS OBSERVED.


RELATIVE HUMIDITY (PERCENT)
 HIGHEST    92          1000 PM
 LOWEST     38           100 PM
 AVERAGE    65

..........................................................


THE WASHINGTON DULLES DC CLIMATE NORMALS FOR TODAY
                         NORMAL    RECORD    YEAR
 MAXIMUM TEMPERATURE (F)   57        76      1963
 MINIMUM TEMPERATURE (F)   35        18      2014


SUNRISE AND SUNSET
NOVEMBER 18 2017......SUNRISE   656 AM EST   SUNSET   454 PM EST
NOVEMBER 19 2017......SUNRISE   657 AM EST   SUNSET   453 PM EST


-  INDICATES NEGATIVE NUMBERS.
R  INDICATES RECORD WAS SET OR TIED.
MM INDICATES DATA IS MISSING.
T  INDICATES TRACE AMOUNT.




$$
