000
CDUS43 KUNR 270838
CLIICR


CLIMATE REPORT
NATIONAL WEATHER SERVICE RAPID CITY SD
236 AM MDT FRI MAR 27 2015


...................................

...THE WINNER REGIONAL AIRPORT SD CLIMATE SUMMARY FOR MARCH 26 2015...

CLIMATE NORMAL PERIOD 1981 TO 2010
CLIMATE RECORD PERIOD 9999 TO 9999


WEATHER ITEM   OBSERVED TIME   NORMAL DEPARTURE LAST
                VALUE   (LST)  VALUE  FROM      YEAR
                                      NORMAL
......................................................
TEMPERATURE (F)
 YESTERDAY
  MAXIMUM         39    943 AM  52    -13       71
  MINIMUM         18    426 AM  29    -11       33
  AVERAGE         29            40    -11       52

PRECIPITATION (IN)
  YESTERDAY        0.06          0.07  -0.01     0.00
  MONTH TO DATE    0.11          0.97  -0.86     0.01
  SINCE MAR 1      0.11          0.97  -0.86     0.01
  SINCE JAN 1      0.20          1.73  -1.53     0.09

DEGREE DAYS
 HEATING
  YESTERDAY       36            25     11       13
  MONTH TO DATE  570           758   -188      819
  SINCE MAR 1    570           758   -188      819
  SINCE JUL 1   5330          5767   -437     6152

 COOLING
  YESTERDAY        0             0      0        0
  MONTH TO DATE    6             0      6        0
  SINCE MAR 1      6             0      6        0
  SINCE JAN 1      6             0      6        0
......................................................


WIND (MPH)
  HIGHEST WIND SPEED    15   HIGHEST WIND DIRECTION     E (70)
  HIGHEST GUST SPEED    18   HIGHEST GUST DIRECTION    NE (50)
  AVERAGE WIND SPEED     6.9


SKY COVER
  AVERAGE SKY COVER 0.7


WEATHER CONDITIONS
 THE FOLLOWING WEATHER WAS RECORDED YESTERDAY.
  SNOW
  LIGHT SNOW
  FOG
  HAZE


RELATIVE HUMIDITY (PERCENT)
 HIGHEST    89          1200 PM
 LOWEST     54          1000 AM
 AVERAGE    72

..........................................................




SUNRISE AND SUNSET
MARCH 27 2015.........SUNRISE   730 AM CDT   SUNSET   800 PM CDT
MARCH 28 2015.........SUNRISE   729 AM CDT   SUNSET   801 PM CDT


-  INDICATES NEGATIVE NUMBERS.
R  INDICATES RECORD WAS SET OR TIED.
MM INDICATES DATA IS MISSING.
T  INDICATES TRACE AMOUNT.




$$
