000
CDUS43 KUNR 280832
CLIICR


CLIMATE REPORT
NATIONAL WEATHER SERVICE RAPID CITY SD
131 AM MST SUN DEC 28 2014


...................................

...THE WINNER REGIONAL AIRPORT SD CLIMATE SUMMARY FOR DECEMBER 27 2014...

CLIMATE NORMAL PERIOD 1981 TO 2010
CLIMATE RECORD PERIOD 9999 TO 9999


WEATHER ITEM   OBSERVED TIME   NORMAL DEPARTURE LAST
                VALUE   (LST)  VALUE  FROM      YEAR
                                      NORMAL
......................................................
TEMPERATURE (F)
 YESTERDAY
  MAXIMUM         24    358 PM  34    -10       55
  MINIMUM          9    614 AM  14     -5       35
  AVERAGE         17            24     -7       45

PRECIPITATION (IN)
  YESTERDAY       MM             0.01  MM        0.00
  MONTH TO DATE    0.19          0.31  -0.12     0.04
  SINCE DEC 1      0.19          0.31  -0.12     0.04
  SINCE JAN 1     14.77         21.56  -6.79    20.89

DEGREE DAYS
 HEATING
  YESTERDAY       48            41      7       20
  MONTH TO DATE  794          1075   -281     1220
  SINCE DEC 1    794          1075   -281     1220
  SINCE JUL 1   2250          2546   -296     2657

 COOLING
  YESTERDAY        0             0      0        0
  MONTH TO DATE    0             0      0        0
  SINCE DEC 1      0             0      0        0
  SINCE JAN 1    863           916    -53     1014
......................................................


WIND (MPH)
  HIGHEST WIND SPEED    16   HIGHEST WIND DIRECTION     W (260)
  HIGHEST GUST SPEED    19   HIGHEST GUST DIRECTION     W (260)
  AVERAGE WIND SPEED     8.6


SKY COVER
  AVERAGE SKY COVER 0.2


WEATHER CONDITIONS
 THE FOLLOWING WEATHER WAS RECORDED YESTERDAY.
  LIGHT SNOW
  FOG


RELATIVE HUMIDITY (PERCENT)
 HIGHEST    84           500 AM
 LOWEST     62          1100 PM
 AVERAGE    73

..........................................................




SUNRISE AND SUNSET
DECEMBER 28 2014......SUNRISE   811 AM CST   SUNSET   511 PM CST
DECEMBER 29 2014......SUNRISE   812 AM CST   SUNSET   511 PM CST


-  INDICATES NEGATIVE NUMBERS.
R  INDICATES RECORD WAS SET OR TIED.
MM INDICATES DATA IS MISSING.
T  INDICATES TRACE AMOUNT.




$$
