000
CDUS43 KUNR 280836
CLIICR


CLIMATE REPORT
NATIONAL WEATHER SERVICE RAPID CITY SD
135 AM MST FRI NOV 28 2014


...................................

...THE WINNER REGIONAL AIRPORT SD CLIMATE SUMMARY FOR NOVEMBER 27 2014...

CLIMATE NORMAL PERIOD 1981 TO 2010
CLIMATE RECORD PERIOD 9999 TO 9999


WEATHER ITEM   OBSERVED TIME   NORMAL DEPARTURE LAST
                VALUE   (LST)  VALUE  FROM      YEAR
                                      NORMAL
......................................................
TEMPERATURE (F)
 YESTERDAY
  MAXIMUM         41   1158 PM  40      1       58
  MINIMUM         16    612 AM  20     -4       12
  AVERAGE         29            30     -1       35

PRECIPITATION (IN)
  YESTERDAY        0.00          0.02  -0.02     0.00
  MONTH TO DATE    0.18          0.58  -0.40     0.12
  SINCE SEP 1      1.51          4.21  -2.70     4.86
  SINCE JAN 1     14.58         21.21  -6.63    20.85

DEGREE DAYS
 HEATING
  YESTERDAY       36            35      1       30
  MONTH TO DATE  924           765    159      747
  SINCE SEP 1   1348          1349     -1     1337
  SINCE JUL 1   1361          1363     -2     1344

 COOLING
  YESTERDAY        0             0      0        0
  MONTH TO DATE    0             0      0        0
  SINCE SEP 1    133           110     23      223
  SINCE JAN 1    863           916    -53     1014
......................................................


WIND (MPH)
  HIGHEST WIND SPEED    23   HIGHEST WIND DIRECTION    SW (210)
  HIGHEST GUST SPEED    30   HIGHEST GUST DIRECTION     S (190)
  AVERAGE WIND SPEED    14.6


SKY COVER
  AVERAGE SKY COVER 0.7


WEATHER CONDITIONS
 THE FOLLOWING WEATHER WAS RECORDED YESTERDAY.
  NO SIGNIFICANT WEATHER WAS OBSERVED.


RELATIVE HUMIDITY (PERCENT)
 HIGHEST    73           500 AM
 LOWEST     50          1000 PM
 AVERAGE    62

..........................................................




SUNRISE AND SUNSET
NOVEMBER 28 2014......SUNRISE   749 AM CST   SUNSET   506 PM CST
NOVEMBER 29 2014......SUNRISE   750 AM CST   SUNSET   505 PM CST


-  INDICATES NEGATIVE NUMBERS.
R  INDICATES RECORD WAS SET OR TIED.
MM INDICATES DATA IS MISSING.
T  INDICATES TRACE AMOUNT.




$$
