000
CDUS43 KUNR 190832
CLIICR


CLIMATE REPORT
NATIONAL WEATHER SERVICE RAPID CITY SD
131 AM MST SUN FEB 19 2017


...................................

...THE WINNER REGIONAL AIRPORT SD CLIMATE SUMMARY FOR FEBRUARY 18 2017...

CLIMATE NORMAL PERIOD 1981 TO 2010
CLIMATE RECORD PERIOD 9999 TO 9999


WEATHER ITEM   OBSERVED TIME   NORMAL DEPARTURE LAST
                VALUE   (LST)  VALUE  FROM      YEAR
                                      NORMAL
......................................................
TEMPERATURE (F)
 YESTERDAY
  MAXIMUM         67    348 PM  38     29       77
  MINIMUM         32    732 AM  18     14       41
  AVERAGE         50            28     22       59

PRECIPITATION (IN)
  YESTERDAY        0.00          0.02  -0.02     0.01
  MONTH TO DATE    0.06          0.33  -0.27     0.13
  SINCE DEC 1      1.69          0.92   0.77     1.65
  SINCE JAN 1      1.14          0.58   0.56     0.20

DEGREE DAYS
 HEATING
  YESTERDAY       15            37    -22        6
  MONTH TO DATE  577           699   -122      558
  SINCE DEC 1   3029          3183   -154     2933
  SINCE JUL 1   3899          4654   -755     4028

 COOLING
  YESTERDAY        0             0      0        0
  MONTH TO DATE    0             0      0        0
  SINCE DEC 1      0             0      0        0
  SINCE JAN 1      0             0      0        0
......................................................


WIND (MPH)
  HIGHEST WIND SPEED    22   HIGHEST WIND DIRECTION     S (170)
  HIGHEST GUST SPEED    28   HIGHEST GUST DIRECTION     S (160)
  AVERAGE WIND SPEED    10.1


SKY COVER
  AVERAGE SKY COVER 0.0


WEATHER CONDITIONS
 THE FOLLOWING WEATHER WAS RECORDED YESTERDAY.
  NO SIGNIFICANT WEATHER WAS OBSERVED.


RELATIVE HUMIDITY (PERCENT)
 HIGHEST    75          1200 AM
 LOWEST     24           400 PM
 AVERAGE    50

..........................................................




SUNRISE AND SUNSET
FEBRUARY 19 2017......SUNRISE   731 AM CST   SUNSET   616 PM CST
FEBRUARY 20 2017......SUNRISE   730 AM CST   SUNSET   617 PM CST


-  INDICATES NEGATIVE NUMBERS.
R  INDICATES RECORD WAS SET OR TIED.
MM INDICATES DATA IS MISSING.
T  INDICATES TRACE AMOUNT.




$$
