000
CDUS43 KUNR 240838
CLIICR


CLIMATE REPORT
NATIONAL WEATHER SERVICE RAPID CITY SD
236 AM MDT SUN MAY 24 2015


...................................

...THE WINNER REGIONAL AIRPORT SD CLIMATE SUMMARY FOR MAY 23 2015...

CLIMATE NORMAL PERIOD 1981 TO 2010
CLIMATE RECORD PERIOD 9999 TO 9999


WEATHER ITEM   OBSERVED TIME   NORMAL DEPARTURE LAST
                VALUE   (LST)  VALUE  FROM      YEAR
                                      NORMAL
......................................................
TEMPERATURE (F)
 YESTERDAY
  MAXIMUM         63    347 PM  72     -9       83
  MINIMUM         50    528 AM  49      1       60
  AVERAGE         57            60     -3       72

PRECIPITATION (IN)
  YESTERDAY        0.14          0.10   0.04     0.00
  MONTH TO DATE    2.54          2.42   0.12     1.81
  SINCE MAR 1      3.39          6.29  -2.90     4.16
  SINCE JAN 1      3.48          7.05  -3.57     4.24

DEGREE DAYS
 HEATING
  YESTERDAY        8             6      2        0
  MONTH TO DATE  217           204     13      246
  SINCE MAR 1   1230          1599   -369     1675
  SINCE JUL 1   5990          6608   -618     7008

 COOLING
  YESTERDAY        0             1     -1        7
  MONTH TO DATE   12            18     -6       12
  SINCE MAR 1     24            20      4       15
  SINCE JAN 1     24            20      4       15
......................................................


WIND (MPH)
  HIGHEST WIND SPEED    20   HIGHEST WIND DIRECTION    SE (130)
  HIGHEST GUST SPEED    23   HIGHEST GUST DIRECTION    SE (130)
  AVERAGE WIND SPEED    10.7


SKY COVER
  AVERAGE SKY COVER 1.0


WEATHER CONDITIONS
 THE FOLLOWING WEATHER WAS RECORDED YESTERDAY.
  LIGHT RAIN
  FOG


RELATIVE HUMIDITY (PERCENT)
 HIGHEST    89           500 AM
 LOWEST     72           300 PM
 AVERAGE    81

..........................................................




SUNRISE AND SUNSET
MAY 24 2015...........SUNRISE   607 AM CDT   SUNSET   906 PM CDT
MAY 25 2015...........SUNRISE   606 AM CDT   SUNSET   907 PM CDT


-  INDICATES NEGATIVE NUMBERS.
R  INDICATES RECORD WAS SET OR TIED.
MM INDICATES DATA IS MISSING.
T  INDICATES TRACE AMOUNT.




$$
