000
CDUS43 KUNR 200831
CLIICR


CLIMATE REPORT
NATIONAL WEATHER SERVICE RAPID CITY SD
231 AM MDT WED AUG 20 2014


...................................

...THE WINNER REGIONAL AIRPORT SD CLIMATE SUMMARY FOR AUGUST 19 2014...

CLIMATE NORMAL PERIOD 1981 TO 2010
CLIMATE RECORD PERIOD 9999 TO 9999


WEATHER ITEM   OBSERVED TIME   NORMAL DEPARTURE LAST
                VALUE   (LST)  VALUE  FROM      YEAR
                                      NORMAL
......................................................
TEMPERATURE (F)
 YESTERDAY
  MAXIMUM         90    332 PM  87      3       93
  MINIMUM         59    421 AM  62     -3       68
  AVERAGE         75            74      1       81

PRECIPITATION (IN)
  YESTERDAY        0.00          0.08  -0.08     0.00
  MONTH TO DATE    2.63          1.62   1.01     2.40
  SINCE JUN 1      7.04          8.23  -1.19     8.51
  SINCE JAN 1     11.83         16.30  -4.47    15.90

DEGREE DAYS
 HEATING
  YESTERDAY        0             0      0        0
  MONTH TO DATE    0             0      0        0
  SINCE JUN 1     49            59    -10       60
  SINCE JUL 1     12             5      7        7

 COOLING
  YESTERDAY       10             9      1       16
  MONTH TO DATE  168           203    -35      118
  SINCE JUN 1    571           679   -108      538
  SINCE JAN 1    652           709    -57      577
......................................................


WIND (MPH)
  HIGHEST WIND SPEED    16   HIGHEST WIND DIRECTION     E (110)
  HIGHEST GUST SPEED    22   HIGHEST GUST DIRECTION    SE (130)
  AVERAGE WIND SPEED     7.7


SKY COVER
  AVERAGE SKY COVER 0.0


WEATHER CONDITIONS
 THE FOLLOWING WEATHER WAS RECORDED YESTERDAY.
  NO SIGNIFICANT WEATHER WAS OBSERVED.


RELATIVE HUMIDITY (PERCENT)
 HIGHEST    84           500 AM
 LOWEST     36           100 PM
 AVERAGE    60

..........................................................




SUNRISE AND SUNSET
AUGUST 20 2014........SUNRISE   650 AM CDT   SUNSET   835 PM CDT
AUGUST 21 2014........SUNRISE   651 AM CDT   SUNSET   833 PM CDT


-  INDICATES NEGATIVE NUMBERS.
R  INDICATES RECORD WAS SET OR TIED.
MM INDICATES DATA IS MISSING.
T  INDICATES TRACE AMOUNT.




$$
