000
CDUS43 KUNR 140833
CLIICR


CLIMATE REPORT
NATIONAL WEATHER SERVICE RAPID CITY SD
232 AM MDT MON JUL 14 2014


...................................

...THE WINNER REGIONAL AIRPORT SD CLIMATE SUMMARY FOR JULY 13 2014...

CLIMATE NORMAL PERIOD 1981 TO 2010
CLIMATE RECORD PERIOD 9999 TO 9999


WEATHER ITEM   OBSERVED TIME   NORMAL DEPARTURE LAST
                VALUE   (LST)  VALUE  FROM      YEAR
                                      NORMAL
......................................................
TEMPERATURE (F)
 YESTERDAY
  MAXIMUM         90    210 PM  88      2       88
  MINIMUM         63    603 AM  63      0       69
  AVERAGE         77            76      1       79

PRECIPITATION (IN)
  YESTERDAY        0.00          0.09  -0.09     0.59
  MONTH TO DATE    0.18          1.40  -1.22     1.09
  SINCE JUN 1      4.34          5.05  -0.71     4.60
  SINCE JAN 1      9.13         13.12  -3.99    11.99

DEGREE DAYS
 HEATING
  YESTERDAY        0             0      0        0
  MONTH TO DATE    7             0      7        0
  SINCE JUN 1     44            54    -10       53
  SINCE JUL 1      7             0      7        0

 COOLING
  YESTERDAY       12            11      1       14
  MONTH TO DATE  119           124     -5      137
  SINCE JUN 1    236           269    -33      269
  SINCE JAN 1    317           299     18      308
......................................................


WIND (MPH)
  HIGHEST WIND SPEED    22   HIGHEST WIND DIRECTION     N (340)
  HIGHEST GUST SPEED    28   HIGHEST GUST DIRECTION    NW (310)
  AVERAGE WIND SPEED     8.6


SKY COVER
  AVERAGE SKY COVER 0.3


WEATHER CONDITIONS
 THE FOLLOWING WEATHER WAS RECORDED YESTERDAY.
  NO SIGNIFICANT WEATHER WAS OBSERVED.


RELATIVE HUMIDITY (PERCENT)
 HIGHEST    93           500 AM
 LOWEST     27           200 PM
 AVERAGE    60

..........................................................




SUNRISE AND SUNSET
JULY 14 2014..........SUNRISE   612 AM CDT   SUNSET   918 PM CDT
JULY 15 2014..........SUNRISE   613 AM CDT   SUNSET   918 PM CDT


-  INDICATES NEGATIVE NUMBERS.
R  INDICATES RECORD WAS SET OR TIED.
MM INDICATES DATA IS MISSING.
T  INDICATES TRACE AMOUNT.




$$
