000
CDUS43 KUNR 230831
CLIICR


CLIMATE REPORT
NATIONAL WEATHER SERVICE RAPID CITY SD
131 AM MST THU NOV 23 2017


...................................

...THE WINNER REGIONAL AIRPORT SD CLIMATE SUMMARY FOR NOVEMBER 22 2017...

CLIMATE NORMAL PERIOD 1981 TO 2010
CLIMATE RECORD PERIOD 9999 TO 9999


WEATHER ITEM   OBSERVED TIME   NORMAL DEPARTURE LAST
                VALUE   (LST)  VALUE  FROM      YEAR
                                      NORMAL
......................................................
TEMPERATURE (F)
 YESTERDAY
  MAXIMUM         69    349 PM  42     27       46
  MINIMUM         17   1206 AM  23     -6       33
  AVERAGE         43            32     11       40

PRECIPITATION (IN)
  YESTERDAY        0.00          0.02  -0.02    MM
  MONTH TO DATE    0.35          0.50  -0.15     0.08
  SINCE SEP 1      3.70          4.13  -0.43     3.40
  SINCE JAN 1     19.22         21.13  -1.91    18.26

DEGREE DAYS
 HEATING
  YESTERDAY       22            33    -11       25
  MONTH TO DATE  577           594    -17      322
  SINCE SEP 1   1102          1178    -76      636
  SINCE JUL 1   1104          1192    -88      644

 COOLING
  YESTERDAY        0             0      0        0
  MONTH TO DATE    0             0      0        0
  SINCE SEP 1    137           110     27      149
  SINCE JAN 1   1113           916    197     1193
......................................................


WIND (MPH)
  HIGHEST WIND SPEED    20   HIGHEST WIND DIRECTION     W (280)
  HIGHEST GUST SPEED    26   HIGHEST GUST DIRECTION    NW (300)
  AVERAGE WIND SPEED     9.9


SKY COVER
  AVERAGE SKY COVER 0.0


WEATHER CONDITIONS
 THE FOLLOWING WEATHER WAS RECORDED YESTERDAY.
  NO SIGNIFICANT WEATHER WAS OBSERVED.


RELATIVE HUMIDITY (PERCENT)
 HIGHEST    73          1200 AM
 LOWEST     32           200 PM
 AVERAGE    53

..........................................................




SUNRISE AND SUNSET
NOVEMBER 23 2017......SUNRISE   743 AM CST   SUNSET   508 PM CST
NOVEMBER 24 2017......SUNRISE   744 AM CST   SUNSET   508 PM CST


-  INDICATES NEGATIVE NUMBERS.
R  INDICATES RECORD WAS SET OR TIED.
MM INDICATES DATA IS MISSING.
T  INDICATES TRACE AMOUNT.




$$
