000
CDUS43 KICT 202307
CLIICT


CLIMATE REPORT
NATIONAL WEATHER SERVICE WICHITA KS
507 PM CST SAT DEC 20 2014


...................................

...THE WICHITA MID CONTINENT CLIMATE SUMMARY FOR DECEMBER 20 2014...
VALID TODAY AS OF 0500 PM LOCAL TIME.

CLIMATE NORMAL PERIOD 1981 TO 2010
CLIMATE RECORD PERIOD 1888 TO 2014


WEATHER ITEM   OBSERVED TIME   RECORD YEAR NORMAL DEPARTURE LAST
                VALUE   (LST)  VALUE       VALUE  FROM      YEAR
                                                  NORMAL
..................................................................
TEMPERATURE (F)
 TODAY
  MAXIMUM         49    317 PM  70    1894  42      7       36
  MINIMUM         32    651 AM  -7    1983  23      9       18
  AVERAGE         41                        33      8       27

PRECIPITATION (IN)
  TODAY            0.00          1.02 1920   0.04  -0.04      T
  MONTH TO DATE    1.12                      0.84   0.28      T
  SINCE DEC 1      1.12                      0.84   0.28      T
  SINCE JAN 1     25.43                     32.28  -6.85    39.85

SNOWFALL (IN)
  TODAY            0.0           4.8  1983   0.1   -0.1       T
  MONTH TO DATE    2.7                       2.7    0.0       T
  SINCE DEC 1      2.7                       2.7    0.0       T
  SINCE JUL 1      4.5                       4.1    0.4       T
  SNOW DEPTH       0

DEGREE DAYS
 HEATING
  TODAY           24                        32     -8       38
  MONTH TO DATE  482                       604   -122      654
  SINCE DEC 1    482                       604   -122      654
  SINCE JUL 1   1362                      1480   -118     1539

 COOLING
  TODAY            0                         0      0        0
  MONTH TO DATE    0                         0      0        0
  SINCE DEC 1      0                         0      0        0
  SINCE JAN 1   1849                      1686    163     1778
..................................................................


WIND (MPH)
  HIGHEST WIND SPEED    21   HIGHEST WIND DIRECTION     S (190)
  HIGHEST GUST SPEED    24   HIGHEST GUST DIRECTION    SW (210)
  AVERAGE WIND SPEED    11.0


SKY COVER
  POSSIBLE SUNSHINE  MM
  AVERAGE SKY COVER 0.6


WEATHER CONDITIONS
 THE FOLLOWING WEATHER WAS RECORDED TODAY.
  FOG
  HAZE


RELATIVE HUMIDITY (PERCENT)
 HIGHEST    92           200 AM
 LOWEST     61           100 PM
 AVERAGE    77

..........................................................


THE WICHITA MID CONTINENT CLIMATE NORMALS FOR TOMORROW
                         NORMAL    RECORD    YEAR
 MAXIMUM TEMPERATURE (F)   42        66      1893
 MINIMUM TEMPERATURE (F)   23        -8      1983


SUNRISE AND SUNSET
DECEMBER 20 2014......SUNRISE   740 AM CST   SUNSET   514 PM CST
DECEMBER 21 2014......SUNRISE   741 AM CST   SUNSET   515 PM CST


-  INDICATES NEGATIVE NUMBERS.
R  INDICATES RECORD WAS SET OR TIED.
MM INDICATES DATA IS MISSING.
T  INDICATES TRACE AMOUNT.




$$
