000
CDUS43 KICT 250615
CLIICT


CLIMATE REPORT
NATIONAL WEATHER SERVICE WICHITA KS
115 AM CDT FRI APR 25 2014


...................................

...THE WICHITA MID CONTINENT KS CLIMATE SUMMARY FOR APRIL 24 2014...

CLIMATE NORMAL PERIOD 1981 TO 2010
CLIMATE RECORD PERIOD 1888 TO 2014


WEATHER ITEM   OBSERVED TIME   RECORD YEAR NORMAL DEPARTURE LAST
                VALUE   (LST)  VALUE       VALUE  FROM      YEAR
                                                  NORMAL
..................................................................
TEMPERATURE (F)
 YESTERDAY
  MAXIMUM         70    531 PM  90    1989  70      0       58
                                      1893
  MINIMUM         46   1159 PM  25    2013  48     -2       25
  AVERAGE         58                        59     -1       42

PRECIPITATION (IN)
  YESTERDAY        0.03          1.25 1942   0.10  -0.07     0.00
  MONTH TO DATE    0.48                      1.95  -1.47     3.26
  SINCE MAR 1      0.97                      4.64  -3.67     5.37
  SINCE JAN 1      1.96                      6.65  -4.69     8.39

SNOWFALL (IN)
  YESTERDAY        0.0           0.0  2007   0.0    0.0      0.0
  MONTH TO DATE    0.3                       0.2    0.1      0.2
  SINCE MAR 1      3.5                       2.5    1.0      5.5
  SINCE JUL 1     23.0                      14.9    8.1     30.0
  SNOW DEPTH       0

DEGREE DAYS
 HEATING
  YESTERDAY        7                         7      0       23
  MONTH TO DATE  224                       253    -29      385
  SINCE MAR 1    901                       830     71     1051
  SINCE JUL 1   4820                      4470    350     4322

 COOLING
  YESTERDAY        0                         1     -1        0
  MONTH TO DATE   19                        17      2        3
  SINCE MAR 1     19                        19      0        3
  SINCE JAN 1     19                        19      0        3
..................................................................


WIND (MPH)
  HIGHEST WIND SPEED    33   HIGHEST WIND DIRECTION    NW (330)
  HIGHEST GUST SPEED    45   HIGHEST GUST DIRECTION    NW (330)
  AVERAGE WIND SPEED    16.2


SKY COVER
  POSSIBLE SUNSHINE   0 PERCENT
  AVERAGE SKY COVER 0.0


WEATHER CONDITIONS
 THE FOLLOWING WEATHER WAS RECORDED YESTERDAY.
  NO SIGNIFICANT WEATHER WAS OBSERVED.


RELATIVE HUMIDITY (PERCENT)
 HIGHEST     0          1200 AM
 LOWEST      0          1200 AM
 AVERAGE     0

..........................................................


THE WICHITA MID CONTINENT KS CLIMATE NORMALS FOR TODAY
                         NORMAL    RECORD    YEAR
 MAXIMUM TEMPERATURE (F)   71        95      2012
 MINIMUM TEMPERATURE (F)   48        33      2013


SUNRISE AND SUNSET
APRIL 25 2014.........SUNRISE   641 AM CDT   SUNSET   814 PM CDT
APRIL 26 2014.........SUNRISE   640 AM CDT   SUNSET   815 PM CDT


-  INDICATES NEGATIVE NUMBERS.
R  INDICATES RECORD WAS SET OR TIED.
MM INDICATES DATA IS MISSING.
T  INDICATES TRACE AMOUNT.




$$
