000
CDUS43 KICT 272308
CLIICT


CLIMATE REPORT
NATIONAL WEATHER SERVICE WICHITA KS
508 PM CST MON FEB 27 2017


...................................

...THE WICHITA EISENHOWER NATIONAL CLIMATE SUMMARY FOR FEBRUARY 27 2017...
VALID TODAY AS OF 0500 PM LOCAL TIME.

CLIMATE NORMAL PERIOD 1981 TO 2010
CLIMATE RECORD PERIOD 1888 TO 2017


WEATHER ITEM   OBSERVED TIME   RECORD YEAR NORMAL DEPARTURE LAST
                VALUE   (LST)  VALUE       VALUE  FROM      YEAR
                                                  NORMAL
..................................................................
TEMPERATURE (F)
 TODAY
  MAXIMUM         62    416 PM  78    1976  52     10       75
  MINIMUM         29    435 AM   1    1890  30     -1       28
  AVERAGE         46                        41      5       52

PRECIPITATION (IN)
  TODAY            0.00          1.93 1918   0.05  -0.05     0.00
  MONTH TO DATE    0.83                      1.13  -0.30     0.55
  SINCE DEC 1      4.28                      3.16   1.12     2.96
  SINCE JAN 1      3.62                      1.96   1.66     0.74

SNOWFALL (IN)
  TODAY            0.0           4.0  1900   0.1   -0.1      0.0
  MONTH TO DATE    0.0                       3.1   -3.1      0.0
  SINCE DEC 1      2.0                      10.9   -8.9      0.5
  SINCE JUL 1      2.0                      12.3  -10.3      0.8
  SNOW DEPTH       0

DEGREE DAYS
 HEATING
  TODAY           19                        24     -5       13
  MONTH TO DATE  523                       755   -232      575
  SINCE DEC 1   2382                      2739   -357     2257
  SINCE JUL 1   2835                      3615   -780     2826

 COOLING
  TODAY            0                         0      0        0
  MONTH TO DATE    0                         0      0        0
  SINCE DEC 1      0                         0      0        0
  SINCE JAN 1      0                         0      0        0
..................................................................


WIND (MPH)
  HIGHEST WIND SPEED    22   HIGHEST WIND DIRECTION     S (160)
  HIGHEST GUST SPEED    27   HIGHEST GUST DIRECTION     S (160)
  AVERAGE WIND SPEED    11.6


SKY COVER
  POSSIBLE SUNSHINE  MM
  AVERAGE SKY COVER 0.5


WEATHER CONDITIONS
 THE FOLLOWING WEATHER WAS RECORDED TODAY.
  NO SIGNIFICANT WEATHER WAS OBSERVED.


RELATIVE HUMIDITY (PERCENT)
 HIGHEST    82           600 AM
 LOWEST     60           400 PM
 AVERAGE    71

..........................................................


THE WICHITA EISENHOWER NATIONAL CLIMATE NORMALS FOR TOMORROW
                         NORMAL    RECORD    YEAR
 MAXIMUM TEMPERATURE (F)   52        78      2006
 MINIMUM TEMPERATURE (F)   30         0      1890


SUNRISE AND SUNSET
FEBRUARY 27 2017......SUNRISE   703 AM CST   SUNSET   622 PM CST
FEBRUARY 28 2017......SUNRISE   702 AM CST   SUNSET   623 PM CST


-  INDICATES NEGATIVE NUMBERS.
R  INDICATES RECORD WAS SET OR TIED.
MM INDICATES DATA IS MISSING.
T  INDICATES TRACE AMOUNT.




$$
