000
CDUS45 KPIH 270738
CLIIDA


CLIMATE REPORT
NATIONAL WEATHER SERVICE POCATELLO ID
137 AM MDT THU JUL 27 2017


...................................

...THE IDAHO FALLS ID CLIMATE SUMMARY FOR JULY 26 2017...

CLIMATE NORMAL PERIOD 1981 TO 2010
CLIMATE RECORD PERIOD 1948 TO 2017


WEATHER ITEM   OBSERVED TIME   RECORD YEAR NORMAL DEPARTURE LAST
                VALUE   (LST)  VALUE       VALUE  FROM      YEAR
                                                  NORMAL
..................................................................
TEMPERATURE (F)
 YESTERDAY
  MAXIMUM         84    503 PM  96    2016  88     -4       96
                                      2013
                                      2012
  MINIMUM         55    413 AM  40    1999  51      4       44
  AVERAGE         70                        69      1       70

PRECIPITATION (IN)
  YESTERDAY        1.06R         0.34 2007   0.01   1.05      T
  MONTH TO DATE    1.24                      0.42   0.82     0.19
  SINCE OCT 1     10.34                      8.93   1.41     7.67
  SINCE JAN 1      6.06                      6.36  -0.30     5.35

SNOWFALL (IN)
  YESTERDAY       MM
  MONTH TO DATE   MM
  SINCE JUN 1     MM
  SINCE JUL 1     MM
  SNOW DEPTH      MM

DEGREE DAYS
 HEATING
  YESTERDAY        0                         0      0        0
  MONTH TO DATE    0                        25    -25       33
  SINCE JUN 1    108                       178    -70      107
  SINCE JUL 1      0                        25    -25       33

 COOLING
  YESTERDAY        5                         5      0        5
  MONTH TO DATE  171                       103     68       77
  SINCE JUN 1    209                       133     76      137
  SINCE JAN 1    211                       135     76      137
..................................................................


WIND (MPH)
  HIGHEST WIND SPEED    30   HIGHEST WIND DIRECTION    NW (310)
  HIGHEST GUST SPEED    38   HIGHEST GUST DIRECTION    NW (310)
  AVERAGE WIND SPEED     7.8


SKY COVER
  POSSIBLE SUNSHINE  MM
  AVERAGE SKY COVER 0.5


WEATHER CONDITIONS
 THE FOLLOWING WEATHER WAS RECORDED YESTERDAY.
  THUNDERSTORM
  HEAVY RAIN
  LIGHT RAIN
  FOG


RELATIVE HUMIDITY (PERCENT)
 HIGHEST   100          1000 AM
 LOWEST     37           500 PM
 AVERAGE    69

..........................................................


THE IDAHO FALLS ID CLIMATE NORMALS FOR TODAY
                         NORMAL    RECORD    YEAR
 MAXIMUM TEMPERATURE (F)   88        97      1975
 MINIMUM TEMPERATURE (F)   51        39      2005


SUNRISE AND SUNSET
JULY 27 2017..........SUNRISE   613 AM MDT   SUNSET   856 PM MDT
JULY 28 2017..........SUNRISE   614 AM MDT   SUNSET   855 PM MDT


-  INDICATES NEGATIVE NUMBERS.
R  INDICATES RECORD WAS SET OR TIED.
MM INDICATES DATA IS MISSING.
T  INDICATES TRACE AMOUNT.




$$
