000
CDUS45 KPIH 140123
CLIIDA


CLIMATE REPORT
NATIONAL WEATHER SERVICE POCATELLO ID
722 PM MDT SUN JUL 13 2014


...................................

...THE IDAHO FALLS ID CLIMATE SUMMARY FOR JULY 13 2014...
VALID TODAY AS OF 0500 PM LOCAL TIME.

CLIMATE NORMAL PERIOD 1981 TO 2010
CLIMATE RECORD PERIOD 1948 TO 2014


WEATHER ITEM   OBSERVED TIME   RECORD YEAR NORMAL DEPARTURE LAST
                VALUE   (LST)  VALUE       VALUE  FROM      YEAR
                                                  NORMAL
..................................................................
TEMPERATURE (F)
 TODAY
  MAXIMUM         92    302 PM  98    1954  86      6       87
  MINIMUM         55    550 AM  38    1993  50      5       51
  AVERAGE         74                        68      6       69

PRECIPITATION (IN)
  TODAY            0.00          0.41 1962   0.02  -0.02     0.00
  MONTH TO DATE    T                         0.21  -0.21     0.08
  SINCE OCT 1      5.14                      8.72  -3.58     4.71
  SINCE JAN 1      3.84                      6.15  -2.31     2.02

SNOWFALL (IN)
  TODAY           MM
  MONTH TO DATE   MM
  SINCE JUN 1     MM
  SINCE JUL 1     MM
  SNOW DEPTH      MM

DEGREE DAYS
 HEATING
  TODAY            0                         1     -1        0
  MONTH TO DATE    2                        17    -15        0
  SINCE JUN 1    130                       170    -40      100
  SINCE JUL 1      2                        17    -15        0

 COOLING
  TODAY            9                         4      5        4
  MONTH TO DATE   88                        43     45      101
  SINCE JUN 1     97                        73     24      170
  SINCE JAN 1     98                        75     23      174
..................................................................


WIND (MPH)
  HIGHEST WIND SPEED    10   HIGHEST WIND DIRECTION    NW (320)
  HIGHEST GUST SPEED    13   HIGHEST GUST DIRECTION    NW (320)
  AVERAGE WIND SPEED    MM


SKY COVER
  POSSIBLE SUNSHINE  MM
  AVERAGE SKY COVER  MM


WEATHER CONDITIONS
 THE FOLLOWING WEATHER WAS RECORDED TODAY.
  NO SIGNIFICANT WEATHER WAS OBSERVED.


RELATIVE HUMIDITY (PERCENT)
 HIGHEST    MM
 LOWEST     MM
 AVERAGE    MM

..........................................................


THE IDAHO FALLS ID CLIMATE NORMALS FOR TOMORROW
                         NORMAL    RECORD    YEAR
 MAXIMUM TEMPERATURE (F)   86        98      1974
 MINIMUM TEMPERATURE (F)   50        36      2010


SUNRISE AND SUNSET
JULY 13 2014..........SUNRISE   559 AM MDT   SUNSET   908 PM MDT
JULY 14 2014..........SUNRISE   600 AM MDT   SUNSET   908 PM MDT


-  INDICATES NEGATIVE NUMBERS.
R  INDICATES RECORD WAS SET OR TIED.
MM INDICATES DATA IS MISSING.
T  INDICATES TRACE AMOUNT.




$$
