000
CDUS45 KPIH 030737
CLIIDA


CLIMATE REPORT
NATIONAL WEATHER SERVICE POCATELLO ID
134 AM MDT FRI JUL 3 2015


...................................

...THE IDAHO FALLS ID CLIMATE SUMMARY FOR JULY 2 2015...

CLIMATE NORMAL PERIOD 1981 TO 2010
CLIMATE RECORD PERIOD 1948 TO 2015


WEATHER ITEM   OBSERVED TIME   RECORD YEAR NORMAL DEPARTURE LAST
                VALUE   (LST)  VALUE       VALUE  FROM      YEAR
                                                  NORMAL
..................................................................
TEMPERATURE (F)
 YESTERDAY
  MAXIMUM         95    354 PM  96    1985  83     12       91
  MINIMUM         57    534 AM  37    1973  49      8       44
  AVERAGE         76                        66     10       68

PRECIPITATION (IN)
  YESTERDAY        0.00          0.50 1980   0.02  -0.02     0.00
  MONTH TO DATE    0.00                      0.03  -0.03     0.00
  SINCE OCT 1      6.87                      8.54  -1.67     5.14
  SINCE JAN 1      5.41                      5.97  -0.56     3.84

SNOWFALL (IN)
  YESTERDAY       MM
  MONTH TO DATE   MM
  SINCE JUN 1     MM
  SINCE JUL 1     MM
  SNOW DEPTH      MM

DEGREE DAYS
 HEATING
  YESTERDAY        0                         2     -2        0
  MONTH TO DATE    0                         4     -4        2
  SINCE JUN 1     46                       157   -111      130
  SINCE JUL 1      0                         4     -4        2

 COOLING
  YESTERDAY       11                         3      8        3
  MONTH TO DATE   21                         5     16        3
  SINCE JUN 1    117                        35     82       12
  SINCE JAN 1    118                        37     81       13
..................................................................


WIND (MPH)
  HIGHEST WIND SPEED    13   HIGHEST WIND DIRECTION     N (20)
  HIGHEST GUST SPEED    17   HIGHEST GUST DIRECTION    NE (30)
  AVERAGE WIND SPEED     5.8


SKY COVER
  POSSIBLE SUNSHINE  MM
  AVERAGE SKY COVER 0.0


WEATHER CONDITIONS
 THE FOLLOWING WEATHER WAS RECORDED YESTERDAY.
  HAZE


RELATIVE HUMIDITY (PERCENT)
 HIGHEST    86           500 AM
 LOWEST     13           400 PM
 AVERAGE    50

..........................................................


THE IDAHO FALLS ID CLIMATE NORMALS FOR TODAY
                         NORMAL    RECORD    YEAR
 MAXIMUM TEMPERATURE (F)   83        95      2011
                                             2008
 MINIMUM TEMPERATURE (F)   49        39      2005


SUNRISE AND SUNSET
JULY  3 2015..........SUNRISE   552 AM MDT   SUNSET   913 PM MDT
JULY  4 2015..........SUNRISE   553 AM MDT   SUNSET   912 PM MDT


-  INDICATES NEGATIVE NUMBERS.
R  INDICATES RECORD WAS SET OR TIED.
MM INDICATES DATA IS MISSING.
T  INDICATES TRACE AMOUNT.




$$
