856
CDUS45 KPIH 212323
CLIIDA


CLIMATE REPORT
NATIONAL WEATHER SERVICE POCATELLO ID
522 PM MDT THU SEP 21 2017


...................................

...THE IDAHO FALLS ID CLIMATE SUMMARY FOR SEPTEMBER 21 2017...
VALID TODAY AS OF 0500 PM LOCAL TIME.

CLIMATE NORMAL PERIOD 1981 TO 2010
CLIMATE RECORD PERIOD 1948 TO 2017


WEATHER ITEM   OBSERVED TIME   RECORD YEAR NORMAL DEPARTURE LAST
                VALUE   (LST)  VALUE       VALUE  FROM      YEAR
                                                  NORMAL
..................................................................
TEMPERATURE (F)
 TODAY
  MAXIMUM         46   1204 AM  86    1966  72    -26       74
  MINIMUM         38    840 AM  22    1983  39     -1       45
  AVERAGE         42                        55    -13       60

PRECIPITATION (IN)
  TODAY            0.53          1.03 2006   0.03   0.50     0.24
  MONTH TO DATE    2.15                      0.57   1.58     0.42
  SINCE OCT 1     12.52                     10.12   2.40     8.18
  SINCE JAN 1      8.24                      7.55   0.69     5.86

SNOWFALL (IN)
  TODAY           MM
  MONTH TO DATE   MM
  SINCE SEP 1     MM
  SINCE JUL 1     MM
  SNOW DEPTH      MM

DEGREE DAYS
 HEATING
  TODAY           23                        10     13        5
  MONTH TO DATE  113                       133    -20      158
  SINCE SEP 1    113                       133    -20      158
  SINCE JUL 1    122                       198    -76      235

 COOLING
  TODAY            0                         0      0        0
  MONTH TO DATE   40                        10     30       16
  SINCE SEP 1     40                        10     30       16
  SINCE JAN 1    362                       262    100      260
..................................................................


WIND (MPH)
  HIGHEST WIND SPEED    12   HIGHEST WIND DIRECTION     S (170)
  HIGHEST GUST SPEED    14   HIGHEST GUST DIRECTION     S (170)
  AVERAGE WIND SPEED     7.6


SKY COVER
  POSSIBLE SUNSHINE  MM
  AVERAGE SKY COVER 1.0


WEATHER CONDITIONS
 THE FOLLOWING WEATHER WAS RECORDED TODAY.
  RAIN
  LIGHT RAIN
  FOG


RELATIVE HUMIDITY (PERCENT)
 HIGHEST   100           600 AM
 LOWEST     86          1200 AM
 AVERAGE    93

..........................................................


THE IDAHO FALLS ID CLIMATE NORMALS FOR TOMORROW
                         NORMAL    RECORD    YEAR
 MAXIMUM TEMPERATURE (F)   71        87      1966
 MINIMUM TEMPERATURE (F)   38        25      1971


SUNRISE AND SUNSET
SEPTEMBER 21 2017.....SUNRISE   715 AM MDT   SUNSET   727 PM MDT
SEPTEMBER 22 2017.....SUNRISE   716 AM MDT   SUNSET   725 PM MDT


-  INDICATES NEGATIVE NUMBERS.
R  INDICATES RECORD WAS SET OR TIED.
MM INDICATES DATA IS MISSING.
T  INDICATES TRACE AMOUNT.




$$
