000
CDUS45 KPIH 262334
CLIIDA


CLIMATE REPORT
NATIONAL WEATHER SERVICE POCATELLO ID
431 PM MST MON JAN 26 2015


...................................

...THE IDAHO FALLS ID CLIMATE SUMMARY FOR JANUARY 26 2015...
VALID TODAY AS OF 0400 PM LOCAL TIME.

CLIMATE NORMAL PERIOD 1981 TO 2010
CLIMATE RECORD PERIOD 1948 TO 2015


WEATHER ITEM   OBSERVED TIME   RECORD YEAR NORMAL DEPARTURE LAST
                VALUE   (LST)  VALUE       VALUE  FROM      YEAR
                                                  NORMAL
..................................................................
TEMPERATURE (F)
 TODAY
  MAXIMUM         41    359 PM  44    1987  29     12       25
  MINIMUM         20    820 AM -18    2009  12      8       11
  AVERAGE         31                        20     11       18

PRECIPITATION (IN)
  TODAY            0.00          0.27 1956   0.02  -0.02     0.00
  MONTH TO DATE    0.22                      0.59  -0.37     0.19
  SINCE OCT 1      1.68                      3.16  -1.48     1.49
  SINCE JAN 1      0.22                      0.59  -0.37     0.19

SNOWFALL (IN)
  TODAY           MM
  MONTH TO DATE   MM
  SINCE DEC 1     MM
  SINCE JUL 1     MM
  SNOW DEPTH      MM

DEGREE DAYS
 HEATING
  TODAY           34                        44    -10       47
  MONTH TO DATE 1070                      1169    -99     1062
  SINCE DEC 1   2191                      2539   -348     2603
  SINCE JUL 1   3880                      4442   -562     4327

 COOLING
  TODAY            0                         0      0        0
  MONTH TO DATE    0                         0      0        0
  SINCE DEC 1      0                         0      0        0
  SINCE JAN 1      0                         0      0        0
..................................................................


WIND (MPH)
  HIGHEST WIND SPEED    12   HIGHEST WIND DIRECTION     N (340)
  HIGHEST GUST SPEED    14   HIGHEST GUST DIRECTION     N (340)
  AVERAGE WIND SPEED     5.3


SKY COVER
  POSSIBLE SUNSHINE  MM
  AVERAGE SKY COVER 0.4


WEATHER CONDITIONS
 THE FOLLOWING WEATHER WAS RECORDED TODAY.
  FOG
  FOG W/VISIBILITY <= 1/4 MILE


RELATIVE HUMIDITY (PERCENT)
 HIGHEST   100           300 AM
 LOWEST     70           400 PM
 AVERAGE    85

..........................................................


THE IDAHO FALLS ID CLIMATE NORMALS FOR TOMORROW
                         NORMAL    RECORD    YEAR
 MAXIMUM TEMPERATURE (F)   29        42      1970
 MINIMUM TEMPERATURE (F)   12       -29      2009


SUNRISE AND SUNSET
JANUARY 26 2015.......SUNRISE   751 AM MST   SUNSET   531 PM MST
JANUARY 27 2015.......SUNRISE   750 AM MST   SUNSET   533 PM MST


-  INDICATES NEGATIVE NUMBERS.
R  INDICATES RECORD WAS SET OR TIED.
MM INDICATES DATA IS MISSING.
T  INDICATES TRACE AMOUNT.




$$
