959
CDUS45 KPIH 290736
CLIIDA


CLIMATE REPORT
NATIONAL WEATHER SERVICE POCATELLO ID
134 AM MDT MON MAY 29 2017


...................................

...THE IDAHO FALLS ID CLIMATE SUMMARY FOR MAY 28 2017...

CLIMATE NORMAL PERIOD 1981 TO 2010
CLIMATE RECORD PERIOD 1948 TO 2017


WEATHER ITEM   OBSERVED TIME   RECORD YEAR NORMAL DEPARTURE LAST
                VALUE   (LST)  VALUE       VALUE  FROM      YEAR
                                                  NORMAL
..................................................................
TEMPERATURE (F)
 YESTERDAY
  MAXIMUM         75    440 PM  94    2003  70      5       66
  MINIMUM         38    529 AM  30    1991  42     -4       40
  AVERAGE         57                        56      1       53

PRECIPITATION (IN)
  YESTERDAY        0.00          0.57 1982   0.05  -0.05     0.00
  MONTH TO DATE    0.50                      1.35  -0.85     1.84
  SINCE OCT 1      8.29                      7.27   1.02     7.43
  SINCE JAN 1      4.01                      4.70  -0.69     5.11

SNOWFALL (IN)
  YESTERDAY       MM
  MONTH TO DATE   MM
  SINCE MAR 1     MM
  SINCE JUL 1     MM
  SNOW DEPTH      MM

DEGREE DAYS
 HEATING
  YESTERDAY        8                         9     -1       12
  MONTH TO DATE  357                       352      5      334
  SINCE MAR 1   1725                      1863   -138     1626
  SINCE JUL 1   7522                      7665   -143     7208

 COOLING
  YESTERDAY        0                         0      0        0
  MONTH TO DATE    0                         0      0        0
  SINCE MAR 1      0                         0      0        0
  SINCE JAN 1      0                         0      0        0
..................................................................


WIND (MPH)
  HIGHEST WIND SPEED    13   HIGHEST WIND DIRECTION    NW (320)
  HIGHEST GUST SPEED    14   HIGHEST GUST DIRECTION    NW (310)
  AVERAGE WIND SPEED     3.7


SKY COVER
  POSSIBLE SUNSHINE  MM
  AVERAGE SKY COVER 0.2


WEATHER CONDITIONS
 THE FOLLOWING WEATHER WAS RECORDED YESTERDAY.
  NO SIGNIFICANT WEATHER WAS OBSERVED.


RELATIVE HUMIDITY (PERCENT)
 HIGHEST    96           200 AM
 LOWEST     27           200 PM
 AVERAGE    62

..........................................................


THE IDAHO FALLS ID CLIMATE NORMALS FOR TODAY
                         NORMAL    RECORD    YEAR
 MAXIMUM TEMPERATURE (F)   70        94      2003
 MINIMUM TEMPERATURE (F)   42        31      2007
                                             1979


SUNRISE AND SUNSET
MAY 29 2017...........SUNRISE   552 AM MDT   SUNSET   900 PM MDT
MAY 30 2017...........SUNRISE   551 AM MDT   SUNSET   901 PM MDT


-  INDICATES NEGATIVE NUMBERS.
R  INDICATES RECORD WAS SET OR TIED.
MM INDICATES DATA IS MISSING.
T  INDICATES TRACE AMOUNT.




$$
