000
CDUS45 KPIH 170750
CLIIDA


CLIMATE REPORT
NATIONAL WEATHER SERVICE POCATELLO ID
1249 AM MST SAT FEB 17 2018


...................................

...THE IDAHO FALLS ID CLIMATE SUMMARY FOR FEBRUARY 16 2018...

CLIMATE NORMAL PERIOD 1981 TO 2010
CLIMATE RECORD PERIOD 1948 TO 2018


WEATHER ITEM   OBSERVED TIME   RECORD YEAR NORMAL DEPARTURE LAST
                VALUE   (LST)  VALUE       VALUE  FROM      YEAR
                                                  NORMAL
..................................................................
TEMPERATURE (F)
 YESTERDAY
  MAXIMUM         31    628 PM  55    1970  34     -3       45
  MINIMUM         23    455 AM -10    1993  15      8       19
  AVERAGE         27                        24      3       32

PRECIPITATION (IN)
  YESTERDAY        T             0.22 1982   0.02  -0.02     0.01
  MONTH TO DATE    0.04                      0.34  -0.30     0.42
  SINCE OCT 1      2.45                      3.60  -1.15     5.59
  SINCE JAN 1      0.52                      1.03  -0.51     1.31

SNOWFALL (IN)
  YESTERDAY       MM
  MONTH TO DATE   MM
  SINCE DEC 1     MM
  SINCE JUL 1     MM
  SNOW DEPTH      MM

DEGREE DAYS
 HEATING
  YESTERDAY       38                        41     -3       33
  MONTH TO DATE  482                       682   -200      572
  SINCE DEC 1   2947                      3442   -495     3731
  SINCE JUL 1   4771                      5345   -574     5349

 COOLING
  YESTERDAY        0                         0      0        0
  MONTH TO DATE    0                         0      0        0
  SINCE DEC 1      0                         0      0        0
  SINCE JAN 1      0                         0      0        0
..................................................................


WIND (MPH)
  HIGHEST WIND SPEED    29   HIGHEST WIND DIRECTION    SW (220)
  HIGHEST GUST SPEED    37   HIGHEST GUST DIRECTION    SW (210)
  AVERAGE WIND SPEED    16.2


SKY COVER
  POSSIBLE SUNSHINE  MM
  AVERAGE SKY COVER 0.6


WEATHER CONDITIONS
 THE FOLLOWING WEATHER WAS RECORDED YESTERDAY.
  LIGHT SNOW
  FOG
  HAZE


RELATIVE HUMIDITY (PERCENT)
 HIGHEST    84           200 PM
 LOWEST     57          1000 AM
 AVERAGE    71

..........................................................


THE IDAHO FALLS ID CLIMATE NORMALS FOR TODAY
                         NORMAL    RECORD    YEAR
 MAXIMUM TEMPERATURE (F)   34        50      2014
 MINIMUM TEMPERATURE (F)   15       -13      1993


SUNRISE AND SUNSET
FEBRUARY 17 2018......SUNRISE   723 AM MST   SUNSET   602 PM MST
FEBRUARY 18 2018......SUNRISE   722 AM MST   SUNSET   603 PM MST


-  INDICATES NEGATIVE NUMBERS.
R  INDICATES RECORD WAS SET OR TIED.
MM INDICATES DATA IS MISSING.
T  INDICATES TRACE AMOUNT.




$$
