418
CDUS45 KPIH 140730
CLIIDA


CLIMATE REPORT
NATIONAL WEATHER SERVICE POCATELLO ID
1228 AM MST SUN FEB 14 2016


...................................

...THE IDAHO FALLS ID CLIMATE SUMMARY FOR FEBRUARY 13 2016...

CLIMATE NORMAL PERIOD 1981 TO 2010
CLIMATE RECORD PERIOD 1948 TO 2016


WEATHER ITEM   OBSERVED TIME   RECORD YEAR NORMAL DEPARTURE LAST
                VALUE   (LST)  VALUE       VALUE  FROM      YEAR
                                                  NORMAL
..................................................................
TEMPERATURE (F)
 YESTERDAY
  MAXIMUM         36    543 PM  55    2015  33      3       55
  MINIMUM         13    650 AM -28    1949  14     -1       27
  AVERAGE         25                        23      2       41

PRECIPITATION (IN)
  YESTERDAY        0.00          0.35 1983   0.03  -0.03     0.00
  MONTH TO DATE    0.07                      0.28  -0.21     0.17
  SINCE OCT 1      3.34                      3.54  -0.20     1.91
  SINCE JAN 1      1.02                      0.97   0.05     0.45

SNOWFALL (IN)
  YESTERDAY       MM
  MONTH TO DATE   MM
  SINCE DEC 1     MM
  SINCE JUL 1     MM
  SNOW DEPTH      MM

DEGREE DAYS
 HEATING
  YESTERDAY       40                        42     -2       24
  MONTH TO DATE  628                       559     69      312
  SINCE DEC 1   3364                      3319     45     2659
  SINCE JUL 1   5064                      5222   -158     4348

 COOLING
  YESTERDAY        0                         0      0        0
  MONTH TO DATE    0                         0      0        0
  SINCE DEC 1      0                         0      0        0
  SINCE JAN 1      0                         0      0        0
..................................................................


WIND (MPH)
  HIGHEST WIND SPEED    30   HIGHEST WIND DIRECTION    SW (220)
  HIGHEST GUST SPEED    37   HIGHEST GUST DIRECTION    SW (220)
  AVERAGE WIND SPEED    10.9


SKY COVER
  POSSIBLE SUNSHINE  MM
  AVERAGE SKY COVER 0.4


WEATHER CONDITIONS
 THE FOLLOWING WEATHER WAS RECORDED YESTERDAY.
  FOG
  HAZE


RELATIVE HUMIDITY (PERCENT)
 HIGHEST   100           600 AM
 LOWEST     70           900 PM
 AVERAGE    85

..........................................................


THE IDAHO FALLS ID CLIMATE NORMALS FOR TODAY
                         NORMAL    RECORD    YEAR
 MAXIMUM TEMPERATURE (F)   33        57      2015
 MINIMUM TEMPERATURE (F)   14       -13      1989


SUNRISE AND SUNSET
FEBRUARY 14 2016......SUNRISE   729 AM MST   SUNSET   557 PM MST
FEBRUARY 15 2016......SUNRISE   727 AM MST   SUNSET   558 PM MST


-  INDICATES NEGATIVE NUMBERS.
R  INDICATES RECORD WAS SET OR TIED.
MM INDICATES DATA IS MISSING.
T  INDICATES TRACE AMOUNT.




$$
