000
CDUS45 KPIH 220738
CLIIDA


CLIMATE REPORT
NATIONAL WEATHER SERVICE POCATELLO ID
132 AM MDT FRI AUG 22 2014


...................................

...THE IDAHO FALLS ID CLIMATE SUMMARY FOR AUGUST 21 2014...

CLIMATE NORMAL PERIOD 1981 TO 2010
CLIMATE RECORD PERIOD 1948 TO 2014


WEATHER ITEM   OBSERVED TIME   RECORD YEAR NORMAL DEPARTURE LAST
                VALUE   (LST)  VALUE       VALUE  FROM      YEAR
                                                  NORMAL
..................................................................
TEMPERATURE (F)
 YESTERDAY
  MAXIMUM         75    407 PM  96    2009  85    -10       83
  MINIMUM         55    928 PM  35    1964  48      7       60
  AVERAGE         65                        66     -1       72

PRECIPITATION (IN)
  YESTERDAY        0.32          0.43 1968   0.02   0.30     0.00
  MONTH TO DATE    2.06                      0.33   1.73     0.01
  SINCE OCT 1      7.31                      9.34  -2.03     5.13
  SINCE JAN 1      6.01                      6.77  -0.76     2.44

SNOWFALL (IN)
  YESTERDAY       MM
  MONTH TO DATE   MM
  SINCE JUN 1     MM
  SINCE JUL 1     MM
  SNOW DEPTH      MM

DEGREE DAYS
 HEATING
  YESTERDAY        0                         1     -1        0
  MONTH TO DATE    0                        13    -13        0
  SINCE JUN 1    130                       193    -63      100
  SINCE JUL 1      2                        40    -38        0

 COOLING
  YESTERDAY        0                         3     -3        7
  MONTH TO DATE   76                        76      0      116
  SINCE JUN 1    278                       229     49      403
  SINCE JAN 1    279                       231     48      407
..................................................................


WIND (MPH)
  HIGHEST WIND SPEED    26   HIGHEST WIND DIRECTION    NW (330)
  HIGHEST GUST SPEED    34   HIGHEST GUST DIRECTION    NW (330)
  AVERAGE WIND SPEED     7.9


SKY COVER
  POSSIBLE SUNSHINE  MM
  AVERAGE SKY COVER 0.7


WEATHER CONDITIONS
 THE FOLLOWING WEATHER WAS RECORDED YESTERDAY.
  THUNDERSTORM
  RAIN
  LIGHT RAIN
  FOG


RELATIVE HUMIDITY (PERCENT)
 HIGHEST   100           400 AM
 LOWEST     44           300 PM
 AVERAGE    72

..........................................................


THE IDAHO FALLS ID CLIMATE NORMALS FOR TODAY
                         NORMAL    RECORD    YEAR
 MAXIMUM TEMPERATURE (F)   84        98      1969
 MINIMUM TEMPERATURE (F)   48        36      1954


SUNRISE AND SUNSET
AUGUST 22 2014........SUNRISE   641 AM MDT   SUNSET   820 PM MDT
AUGUST 23 2014........SUNRISE   642 AM MDT   SUNSET   819 PM MDT


-  INDICATES NEGATIVE NUMBERS.
R  INDICATES RECORD WAS SET OR TIED.
MM INDICATES DATA IS MISSING.
T  INDICATES TRACE AMOUNT.




$$
