000
CDUS43 KUNR 210831
CLIIEN


CLIMATE REPORT
NATIONAL WEATHER SERVICE RAPID CITY SD
231 AM MDT MON APR 21 2014


...................................

...THE PINE RIDGE SD CLIMATE SUMMARY FOR APRIL 20 2014...

CLIMATE NORMAL PERIOD 1981 TO 2010
CLIMATE RECORD PERIOD 9999 TO 9999


WEATHER ITEM   OBSERVED TIME   NORMAL DEPARTURE LAST
                VALUE   (LST)  VALUE  FROM      YEAR
                                      NORMAL
......................................................
TEMPERATURE (F)
 YESTERDAY
  MAXIMUM         78    256 PM  61     17       59
  MINIMUM         46   1212 AM  32     14       34
  AVERAGE         62            47     15       47

PRECIPITATION (IN)
  YESTERDAY        0.00          0.07  -0.07     0.00
  MONTH TO DATE    0.78          1.19  -0.41     0.35
  SINCE MAR 1      1.12          2.06  -0.94     0.66
  SINCE JAN 1      1.39          2.85  -1.46     1.60

DEGREE DAYS
 HEATING
  YESTERDAY        3            18    -15       18
  MONTH TO DATE  459           418     41      583
  SINCE MAR 1   1392          1306     86     1484
  SINCE JUL 1   6874          6656    218     6585

 COOLING
  YESTERDAY        0             0      0        0
  MONTH TO DATE    0             0      0        0
  SINCE MAR 1      0             0      0        0
  SINCE JAN 1      0             0      0        0
......................................................


WIND (MPH)
  HIGHEST WIND SPEED    28   HIGHEST WIND DIRECTION     N (360)
  HIGHEST GUST SPEED    35   HIGHEST GUST DIRECTION     N (10)
  AVERAGE WIND SPEED    11.0


SKY COVER
  AVERAGE SKY COVER 0.1


WEATHER CONDITIONS
 THE FOLLOWING WEATHER WAS RECORDED YESTERDAY.
  NO SIGNIFICANT WEATHER WAS OBSERVED.


RELATIVE HUMIDITY (PERCENT)
 HIGHEST    71           500 AM
 LOWEST     17           300 PM
 AVERAGE    44

..........................................................




SUNRISE AND SUNSET
APRIL 21 2014.........SUNRISE   559 AM MDT   SUNSET   740 PM MDT
APRIL 22 2014.........SUNRISE   557 AM MDT   SUNSET   741 PM MDT


-  INDICATES NEGATIVE NUMBERS.
R  INDICATES RECORD WAS SET OR TIED.
MM INDICATES DATA IS MISSING.
T  INDICATES TRACE AMOUNT.




$$
