000
CDUS43 KUNR 150853
CLIIEN


CLIMATE REPORT
NATIONAL WEATHER SERVICE RAPID CITY SD
153 AM MST FRI DEC 15 2017


...................................

...THE PINE RIDGE SD CLIMATE SUMMARY FOR DECEMBER 14 2017...

CLIMATE NORMAL PERIOD 1981 TO 2010
CLIMATE RECORD PERIOD 9999 TO 9999


WEATHER ITEM   OBSERVED TIME   NORMAL DEPARTURE LAST
                VALUE   (LST)  VALUE  FROM      YEAR
                                      NORMAL
......................................................
TEMPERATURE (F)
 YESTERDAY
  MAXIMUM         36   1220 AM  36      0       17
  MINIMUM         18   1003 PM  10      8       -5
  AVERAGE         27            23      4        6

PRECIPITATION (IN)
  YESTERDAY        T             0.01  -0.01     0.00
  MONTH TO DATE    0.19          0.15   0.04     0.14
  SINCE DEC 1      0.19          0.15   0.04     0.14
  SINCE JAN 1     15.38         17.32  -1.94    14.70

DEGREE DAYS
 HEATING
  YESTERDAY       38            42     -4       59
  MONTH TO DATE  449           572   -123      720
  SINCE DEC 1    449           572   -123      720
  SINCE JUL 1   1946          2262   -316     1893

 COOLING
  YESTERDAY        0             0      0        0
  MONTH TO DATE    0             0      0        0
  SINCE DEC 1      0             0      0        0
  SINCE JAN 1    780           717     63      774
......................................................


WIND (MPH)
  HIGHEST WIND SPEED    23   HIGHEST WIND DIRECTION     N (340)
  HIGHEST GUST SPEED    32   HIGHEST GUST DIRECTION     N (350)
  AVERAGE WIND SPEED     9.3


SKY COVER
  AVERAGE SKY COVER 0.8


WEATHER CONDITIONS
 THE FOLLOWING WEATHER WAS RECORDED YESTERDAY.
  LIGHT SNOW
  FOG


RELATIVE HUMIDITY (PERCENT)
 HIGHEST   100           400 AM
 LOWEST     64          1200 AM
 AVERAGE    82

..........................................................




SUNRISE AND SUNSET
DECEMBER 15 2017......SUNRISE   715 AM MST   SUNSET   416 PM MST
DECEMBER 16 2017......SUNRISE   715 AM MST   SUNSET   416 PM MST


-  INDICATES NEGATIVE NUMBERS.
R  INDICATES RECORD WAS SET OR TIED.
MM INDICATES DATA IS MISSING.
T  INDICATES TRACE AMOUNT.




$$
