000
CDUS43 KUNR 160830
CLIIEN


CLIMATE REPORT
NATIONAL WEATHER SERVICE RAPID CITY SD
230 AM MDT MON OCT 16 2017


...................................

...THE PINE RIDGE SD CLIMATE SUMMARY FOR OCTOBER 15 2017...

CLIMATE NORMAL PERIOD 1981 TO 2010
CLIMATE RECORD PERIOD 9999 TO 9999


WEATHER ITEM   OBSERVED TIME   NORMAL DEPARTURE LAST
                VALUE   (LST)  VALUE  FROM      YEAR
                                      NORMAL
......................................................
TEMPERATURE (F)
 YESTERDAY
  MAXIMUM         63    255 PM  64     -1       MM
  MINIMUM         27    530 AM  33     -6       MM
  AVERAGE         45            48     -3       MM

PRECIPITATION (IN)
  YESTERDAY        0.00          0.04  -0.04     0.00
  MONTH TO DATE    0.81          0.62   0.19     0.07
  SINCE SEP 1      1.62          2.23  -0.61     0.75
  SINCE JAN 1     14.79         16.02  -1.23    13.67

DEGREE DAYS
 HEATING
  YESTERDAY       20            17      3       MM
  MONTH TO DATE  247           210     37      165
  SINCE SEP 1    415           395     20      296
  SINCE JUL 1    427           432     -5      329

 COOLING
  YESTERDAY        0             0      0       MM
  MONTH TO DATE    0             0      0        8
  SINCE SEP 1    101            66     35       62
  SINCE JAN 1    774           714     60      774
......................................................


WIND (MPH)
  HIGHEST WIND SPEED    20   HIGHEST WIND DIRECTION     W (280)
  HIGHEST GUST SPEED    25   HIGHEST GUST DIRECTION     W (280)
  AVERAGE WIND SPEED     5.7


SKY COVER
  AVERAGE SKY COVER 0.0


WEATHER CONDITIONS
 THE FOLLOWING WEATHER WAS RECORDED YESTERDAY.
  NO SIGNIFICANT WEATHER WAS OBSERVED.


RELATIVE HUMIDITY (PERCENT)
 HIGHEST    92          1200 AM
 LOWEST     27           300 PM
 AVERAGE    60

..........................................................




SUNRISE AND SUNSET
OCTOBER 16 2017.......SUNRISE   705 AM MDT   SUNSET   605 PM MDT
OCTOBER 17 2017.......SUNRISE   706 AM MDT   SUNSET   604 PM MDT


-  INDICATES NEGATIVE NUMBERS.
R  INDICATES RECORD WAS SET OR TIED.
MM INDICATES DATA IS MISSING.
T  INDICATES TRACE AMOUNT.




$$
