000
CDUS43 KUNR 240834
CLIIEN


CLIMATE REPORT
NATIONAL WEATHER SERVICE RAPID CITY SD
233 AM MDT SAT SEP 24 2016


...................................

...THE PINE RIDGE SD CLIMATE SUMMARY FOR SEPTEMBER 23 2016...

CLIMATE NORMAL PERIOD 1981 TO 2010
CLIMATE RECORD PERIOD 9999 TO 9999


WEATHER ITEM   OBSERVED TIME   NORMAL DEPARTURE LAST
                VALUE   (LST)  VALUE  FROM      YEAR
                                      NORMAL
......................................................
TEMPERATURE (F)
 YESTERDAY
  MAXIMUM         82    306 PM  74      8       74
  MINIMUM         53   1159 PM  41     12       55
  AVERAGE         68            58     10       65

PRECIPITATION (IN)
  YESTERDAY        0.01          0.06  -0.05     0.00
  MONTH TO DATE    0.68          1.30  -0.62     0.37
  SINCE SEP 1      0.68          1.30  -0.62     0.37
  SINCE JAN 1     13.60         15.09  -1.49    16.68

DEGREE DAYS
 HEATING
  YESTERDAY        0             8     -8        0
  MONTH TO DATE   86           116    -30       68
  SINCE SEP 1     86           116    -30       68
  SINCE JUL 1    119           153    -34      118

 COOLING
  YESTERDAY        3             1      2        0
  MONTH TO DATE   52            62    -10      100
  SINCE SEP 1     52            62    -10      100
  SINCE JAN 1    764           710     54      605
......................................................


WIND (MPH)
  HIGHEST WIND SPEED    33   HIGHEST WIND DIRECTION     W (280)
  HIGHEST GUST SPEED    45   HIGHEST GUST DIRECTION     W (290)
  AVERAGE WIND SPEED     9.8


SKY COVER
  AVERAGE SKY COVER 0.6


WEATHER CONDITIONS
 THE FOLLOWING WEATHER WAS RECORDED YESTERDAY.
  THUNDERSTORM
  LIGHT RAIN
  FOG
  HAZE


RELATIVE HUMIDITY (PERCENT)
 HIGHEST    93           900 AM
 LOWEST     51           300 PM
 AVERAGE    72

..........................................................




SUNRISE AND SUNSET
SEPTEMBER 24 2016.....SUNRISE   640 AM MDT   SUNSET   643 PM MDT
SEPTEMBER 25 2016.....SUNRISE   641 AM MDT   SUNSET   641 PM MDT


-  INDICATES NEGATIVE NUMBERS.
R  INDICATES RECORD WAS SET OR TIED.
MM INDICATES DATA IS MISSING.
T  INDICATES TRACE AMOUNT.




$$
