191
CDUS45 KVEF 200828
CLIIGM


CLIMATE REPORT
NATIONAL WEATHER SERVICE LAS VEGAS, NV
1227 AM PST MON NOV 20 2017


...................................

...THE KINGMAN AZ CLIMATE SUMMARY FOR NOVEMBER 19 2017...

CLIMATE NORMAL PERIOD 1981 TO 2010
CLIMATE RECORD PERIOD 1901 TO 2017


WEATHER ITEM   OBSERVED TIME   RECORD YEAR NORMAL DEPARTURE LAST
                VALUE   (LST)  VALUE       VALUE  FROM      YEAR
                                                  NORMAL
..................................................................
TEMPERATURE (F)
 YESTERDAY
  MAXIMUM         67    343 PM  80    2007  63      4       72
  MINIMUM         26    546 AM  22    2000  36    -10       31
  AVERAGE         47                        49     -2       52

PRECIPITATION (IN)
  YESTERDAY        0.00          0.69 1973   0.02  -0.02     0.00
  MONTH TO DATE    T                         0.42  -0.42      T
  SINCE OCT 1      T                         1.13  -1.13     0.50
  SINCE JAN 1      7.97                      7.42   0.55     7.93

DEGREE DAYS
 HEATING
  YESTERDAY       18                        16      2       13
  MONTH TO DATE  144                       232    -88       99
  SINCE SEP 1    212                       371   -159      129
  SINCE JUL 1    212                       371   -159      129

 COOLING
  YESTERDAY        0                         0      0        0
  MONTH TO DATE    0                         0      0        2
  SINCE SEP 1    313                       391    -78      368
  SINCE JAN 1   2183                      2092     91     2244
..................................................................


WIND (MPH)
  RESULTANT WIND SPEED   3   RESULTANT WIND DIRECTION  NE (60)
  HIGHEST WIND SPEED     9   HIGHEST WIND DIRECTION     E (110)
  HIGHEST GUST SPEED    12   HIGHEST GUST DIRECTION     N (20)
  AVERAGE WIND SPEED     4.6


SKY COVER
  POSSIBLE SUNSHINE  MM
  AVERAGE SKY COVER 0.0


WEATHER CONDITIONS
 THE FOLLOWING WEATHER WAS RECORDED YESTERDAY.
  NO SIGNIFICANT WEATHER WAS OBSERVED.


RELATIVE HUMIDITY (PERCENT)
 HIGHEST    39           100 AM
 LOWEST     10           300 PM
 AVERAGE    25

..........................................................


THE KINGMAN AZ CLIMATE NORMALS FOR TODAY
                         NORMAL    RECORD    YEAR
 MAXIMUM TEMPERATURE (F)   62        82      1924
 MINIMUM TEMPERATURE (F)   36        18      1956


SUNRISE AND SUNSET
NOVEMBER 20 2017......SUNRISE   716 AM MST   SUNSET   527 PM MST
NOVEMBER 21 2017......SUNRISE   717 AM MST   SUNSET   526 PM MST


-  INDICATES NEGATIVE NUMBERS.
R  INDICATES RECORD WAS SET OR TIED.
MM INDICATES DATA IS MISSING.
T  INDICATES TRACE AMOUNT.




$$
