000
CDUS45 KIGM 020025
CLIIGM


CLIMATE REPORT
NATIONAL WEATHER SERVICE LAS VEGAS, NV
525 PM PDT MON SEP 1 2014


...................................

...THE KINGMAN AZ CLIMATE SUMMARY FOR SEPTEMBER 1 2014...
VALID TODAY AS OF 0500 PM LOCAL TIME.

CLIMATE NORMAL PERIOD 1981 TO 2010
CLIMATE RECORD PERIOD 1901 TO 2014


WEATHER ITEM   OBSERVED TIME   RECORD YEAR NORMAL DEPARTURE LAST
                VALUE   (LST)  VALUE       VALUE  FROM      YEAR
                                                  NORMAL
..................................................................
TEMPERATURE (F)
 TODAY
  MAXIMUM         98    344 PM 108    1950  94      4       86
  MINIMUM         69    528 AM  48    1907  67      2       66
  AVERAGE         84                        80      4       76

PRECIPITATION (IN)
  TODAY            0.00          1.95 1935   0.05  -0.05     0.79
  MONTH TO DATE    0.00                      0.05  -0.05     0.79
  SINCE OCT 1      4.97                      7.42  -2.45     6.00
  SINCE JAN 1      4.09                      5.32  -1.23     4.83

DEGREE DAYS
 HEATING
  TODAY            0                         0      0        0
  MONTH TO DATE    0                         0      0        0
  SINCE SEP 1      0                         0      0        0
  SINCE JUL 1      0                         0      0        0

 COOLING
  TODAY           19                        15      4       11
  MONTH TO DATE   19                        15      4       11
  SINCE SEP 1     19                        15      4       11
  SINCE JAN 1   1701                      1716    -15     1885
..................................................................


WIND (MPH)
  RESULTANT WIND SPEED   8   RESULTANT WIND DIRECTION   S (180)
  HIGHEST WIND SPEED    24   HIGHEST WIND DIRECTION    SW (230)
  HIGHEST GUST SPEED    29   HIGHEST GUST DIRECTION    SW (230)
  AVERAGE WIND SPEED    11.1


SKY COVER
  POSSIBLE SUNSHINE  MM
  AVERAGE SKY COVER 0.0


WEATHER CONDITIONS
 THE FOLLOWING WEATHER WAS RECORDED TODAY.
  NO SIGNIFICANT WEATHER WAS OBSERVED.


RELATIVE HUMIDITY (PERCENT)
 HIGHEST    41           600 AM
 LOWEST     12           400 PM
 AVERAGE    27

..........................................................


THE KINGMAN AZ CLIMATE NORMALS FOR TOMORROW
                         NORMAL    RECORD    YEAR
 MAXIMUM TEMPERATURE (F)   94       106      1950
 MINIMUM TEMPERATURE (F)   66        42      1921


SUNRISE AND SUNSET
SEPTEMBER  1 2014.....SUNRISE   608 AM MST   SUNSET   703 PM MST
SEPTEMBER  2 2014.....SUNRISE   609 AM MST   SUNSET   701 PM MST


-  INDICATES NEGATIVE NUMBERS.
R  INDICATES RECORD WAS SET OR TIED.
MM INDICATES DATA IS MISSING.
T  INDICATES TRACE AMOUNT.




$$
