000
CDUS45 KVEF 240028
CLIIGM


CLIMATE REPORT
NATIONAL WEATHER SERVICE LAS VEGAS, NV
528 PM PDT SAT MAY 23 2015


...................................

...THE KINGMAN AZ CLIMATE SUMMARY FOR MAY 23 2015...
VALID TODAY AS OF 0500 PM LOCAL TIME.

CLIMATE NORMAL PERIOD 1981 TO 2010
CLIMATE RECORD PERIOD 1901 TO 2015


WEATHER ITEM   OBSERVED TIME   RECORD YEAR NORMAL DEPARTURE LAST
                VALUE   (LST)  VALUE       VALUE  FROM      YEAR
                                                  NORMAL
..................................................................
TEMPERATURE (F)
 TODAY
  MAXIMUM         75    429 PM 100    2005  87    -12       80
  MINIMUM         44    513 AM  38    1932  55    -11       50
  AVERAGE         60                        71    -11       65

PRECIPITATION (IN)
  TODAY            0.00          0.16 1941   0.01  -0.01      T
  MONTH TO DATE    0.18                      0.11   0.07      T
  SINCE OCT 1      5.12                      5.54  -0.42     1.67
  SINCE JAN 1      2.99                      3.44  -0.45     0.79

DEGREE DAYS
 HEATING
  TODAY            5                         1      4        0
  MONTH TO DATE   87                        48     39       42
  SINCE MAR 1    549                       681   -132      512
  SINCE JUL 1   2529                      3094   -565     2834

 COOLING
  TODAY            0                         7     -7        0
  MONTH TO DATE   27                       105    -78       84
  SINCE MAR 1     45                       136    -91      117
  SINCE JAN 1     45                       136    -91      117
..................................................................


WIND (MPH)
  RESULTANT WIND SPEED   8   RESULTANT WIND DIRECTION   S (180)
  HIGHEST WIND SPEED    24   HIGHEST WIND DIRECTION    SW (220)
  HIGHEST GUST SPEED    29   HIGHEST GUST DIRECTION    SW (210)
  AVERAGE WIND SPEED    10.6


SKY COVER
  POSSIBLE SUNSHINE  MM
  AVERAGE SKY COVER 0.1


WEATHER CONDITIONS
 THE FOLLOWING WEATHER WAS RECORDED TODAY.
  NO SIGNIFICANT WEATHER WAS OBSERVED.


RELATIVE HUMIDITY (PERCENT)
 HIGHEST    76           200 AM
 LOWEST     23           400 PM
 AVERAGE    50

..........................................................


THE KINGMAN AZ CLIMATE NORMALS FOR TOMORROW
                         NORMAL    RECORD    YEAR
 MAXIMUM TEMPERATURE (F)   88       101      2001
 MINIMUM TEMPERATURE (F)   55        34      1909


SUNRISE AND SUNSET
MAY 23 2015...........SUNRISE   526 AM MST   SUNSET   739 PM MST
MAY 24 2015...........SUNRISE   526 AM MST   SUNSET   740 PM MST


-  INDICATES NEGATIVE NUMBERS.
R  INDICATES RECORD WAS SET OR TIED.
MM INDICATES DATA IS MISSING.
T  INDICATES TRACE AMOUNT.




$$
