000
CDUS45 KIGM 300042
CLIIGM


CLIMATE REPORT
NATIONAL WEATHER SERVICE LAS VEGAS, NV
541 PM PDT FRI AUG 29 2014


...................................

...THE KINGMAN AZ CLIMATE SUMMARY FOR AUGUST 29 2014...
VALID TODAY AS OF 0500 PM LOCAL TIME.

CLIMATE NORMAL PERIOD 1981 TO 2010
CLIMATE RECORD PERIOD 1901 TO 2014


WEATHER ITEM   OBSERVED TIME   RECORD YEAR NORMAL DEPARTURE LAST
                VALUE   (LST)  VALUE       VALUE  FROM      YEAR
                                                  NORMAL
..................................................................
TEMPERATURE (F)
 TODAY
  MAXIMUM         99    305 PM 105    1915  94      5       92
  MINIMUM         61    249 AM  49    1920  67     -6       67
  AVERAGE         80                        81     -1       80

PRECIPITATION (IN)
  TODAY            0.00          2.23 1951   0.05  -0.05     0.40
  MONTH TO DATE    2.05                      0.86   1.19     1.36
  SINCE OCT 1      4.97                      7.26  -2.29     5.20
  SINCE JAN 1      4.09                      5.16  -1.07     4.03

DEGREE DAYS
 HEATING
  TODAY            0                         0      0        0
  MONTH TO DATE    0                         0      0        0
  SINCE JUN 1      0                         3     -3        0
  SINCE JUL 1      0                         0      0        0

 COOLING
  TODAY           15                        16     -1       15
  MONTH TO DATE  394                       512   -118      495
  SINCE JUN 1   1419                      1473    -54     1627
  SINCE JAN 1   1644                      1671    -27     1849
..................................................................


WIND (MPH)
  RESULTANT WIND SPEED   4   RESULTANT WIND DIRECTION  SE (120)
  HIGHEST WIND SPEED    17   HIGHEST WIND DIRECTION    SE (120)
  HIGHEST GUST SPEED    22   HIGHEST GUST DIRECTION    SE (120)
  AVERAGE WIND SPEED     6.7


SKY COVER
  POSSIBLE SUNSHINE  MM
  AVERAGE SKY COVER 0.0


WEATHER CONDITIONS
 THE FOLLOWING WEATHER WAS RECORDED TODAY.
  NO SIGNIFICANT WEATHER WAS OBSERVED.


RELATIVE HUMIDITY (PERCENT)
 HIGHEST    40           700 AM
 LOWEST     10           300 PM
 AVERAGE    25

..........................................................


THE KINGMAN AZ CLIMATE NORMALS FOR TOMORROW
                         NORMAL    RECORD    YEAR
 MAXIMUM TEMPERATURE (F)   94       108      1915
 MINIMUM TEMPERATURE (F)   67        43      1907


SUNRISE AND SUNSET
AUGUST 29 2014........SUNRISE   606 AM MST   SUNSET   707 PM MST
AUGUST 30 2014........SUNRISE   607 AM MST   SUNSET   705 PM MST


-  INDICATES NEGATIVE NUMBERS.
R  INDICATES RECORD WAS SET OR TIED.
MM INDICATES DATA IS MISSING.
T  INDICATES TRACE AMOUNT.




$$
