000
CDUS45 KVEF 260040
CLIIGM


CLIMATE REPORT
NATIONAL WEATHER SERVICE LAS VEGAS, NV
526 PM PDT TUE JUL 25 2017


...................................

...THE KINGMAN AZ CLIMATE SUMMARY FOR JULY 25 2017...
VALID TODAY AS OF 0500 PM LOCAL TIME.

CLIMATE NORMAL PERIOD 1981 TO 2010
CLIMATE RECORD PERIOD 1901 TO 2017


WEATHER ITEM   OBSERVED TIME   RECORD YEAR NORMAL DEPARTURE LAST
                VALUE   (LST)  VALUE       VALUE  FROM      YEAR
                                                  NORMAL
..................................................................
TEMPERATURE (F)
 TODAY
  MAXIMUM         79   1014 AM 107    1943  97    -18      101
  MINIMUM         65   1237 PM  53    1918  71     -6       76
  AVERAGE         72                        84    -12       89

PRECIPITATION (IN)
  TODAY            1.31          1.78 1956   0.03   1.28     0.00
  MONTH TO DATE    2.06                      0.58   1.48     0.32
  SINCE OCT 1      8.51                      6.23   2.28     5.48
  SINCE JAN 1      4.95                      4.13   0.82     3.96

DEGREE DAYS
 HEATING
  TODAY            0                         0      0        0
  MONTH TO DATE    0                         0      0        0
  SINCE JUN 1      0                         3     -3        0
  SINCE JUL 1      0                         0      0        0

 COOLING
  TODAY            7                        19    -12       24
  MONTH TO DATE  530                       461     69      518
  SINCE JUN 1   1045                       846    199     1080
  SINCE JAN 1   1205                      1044    161     1220
..................................................................


WIND (MPH)
  RESULTANT WIND SPEED   3   RESULTANT WIND DIRECTION  SE (130)
  HIGHEST WIND SPEED    24   HIGHEST WIND DIRECTION     N (360)
  HIGHEST GUST SPEED    30   HIGHEST GUST DIRECTION     N (360)
  AVERAGE WIND SPEED     7.1


SKY COVER
  POSSIBLE SUNSHINE  MM
  AVERAGE SKY COVER 0.8


WEATHER CONDITIONS
 THE FOLLOWING WEATHER WAS RECORDED TODAY.
  THUNDERSTORM
  HEAVY RAIN
  RAIN
  LIGHT RAIN
  FOG


RELATIVE HUMIDITY (PERCENT)
 HIGHEST    97           200 AM
 LOWEST     62           900 AM
 AVERAGE    80

..........................................................


THE KINGMAN AZ CLIMATE NORMALS FOR TOMORROW
                         NORMAL    RECORD    YEAR
 MAXIMUM TEMPERATURE (F)   97       108      1934
 MINIMUM TEMPERATURE (F)   71        55      1918


SUNRISE AND SUNSET
JULY 25 2017..........SUNRISE   540 AM MST   SUNSET   745 PM MST
JULY 26 2017..........SUNRISE   540 AM MST   SUNSET   744 PM MST


-  INDICATES NEGATIVE NUMBERS.
R  INDICATES RECORD WAS SET OR TIED.
MM INDICATES DATA IS MISSING.
T  INDICATES TRACE AMOUNT.




$$
