000
CDUS45 KVEF 310836
CLIIGM


CLIMATE REPORT
NATIONAL WEATHER SERVICE LAS VEGAS, NV
136 AM PDT TUE MAY 31 2016


...................................

...THE KINGMAN AZ CLIMATE SUMMARY FOR MAY 30 2016...

CLIMATE NORMAL PERIOD 1981 TO 2010
CLIMATE RECORD PERIOD 1901 TO 2016


WEATHER ITEM   OBSERVED TIME   RECORD YEAR NORMAL DEPARTURE LAST
                VALUE   (LST)  VALUE       VALUE  FROM      YEAR
                                                  NORMAL
..................................................................
TEMPERATURE (F)
 YESTERDAY
  MAXIMUM         91    216 PM 101    2002  89      2       96
  MINIMUM         51    436 AM  38    1971  57     -6       61
  AVERAGE         71                        73     -2       79

PRECIPITATION (IN)
  YESTERDAY        0.00          0.11 1992   0.01  -0.01     0.00
  MONTH TO DATE    0.38                      0.13   0.25     0.18
  SINCE OCT 1      4.61                      5.56  -0.95     5.12
  SINCE JAN 1      3.09                      3.46  -0.37     2.99

DEGREE DAYS
 HEATING
  YESTERDAY        0                         1     -1        0
  MONTH TO DATE   47                        55     -8       88
  SINCE MAR 1    476                       688   -212      550
  SINCE JUL 1   2828                      3101   -273     2530

 COOLING
  YESTERDAY        6                         9     -3       14
  MONTH TO DATE  108                       160    -52       74
  SINCE MAR 1    128                       191    -63       92
  SINCE JAN 1    128                       191    -63       92
..................................................................


WIND (MPH)
  RESULTANT WIND SPEED   3   RESULTANT WIND DIRECTION  NE (60)
  HIGHEST WIND SPEED    32   HIGHEST WIND DIRECTION    NE (30)
  HIGHEST GUST SPEED    42   HIGHEST GUST DIRECTION    NE (30)
  AVERAGE WIND SPEED     5.8


SKY COVER
  POSSIBLE SUNSHINE  MM
  AVERAGE SKY COVER 0.0


WEATHER CONDITIONS
 THE FOLLOWING WEATHER WAS RECORDED YESTERDAY.
  NO SIGNIFICANT WEATHER WAS OBSERVED.


RELATIVE HUMIDITY (PERCENT)
 HIGHEST    28           400 AM
 LOWEST      7          1000 AM
 AVERAGE    18

..........................................................


THE KINGMAN AZ CLIMATE NORMALS FOR TODAY
                         NORMAL    RECORD    YEAR
 MAXIMUM TEMPERATURE (F)   90       100      1938
 MINIMUM TEMPERATURE (F)   57        41      1935


SUNRISE AND SUNSET
MAY 31 2016...........SUNRISE   523 AM MST   SUNSET   745 PM MST
JUNE  1 2016..........SUNRISE   522 AM MST   SUNSET   746 PM MST


-  INDICATES NEGATIVE NUMBERS.
R  INDICATES RECORD WAS SET OR TIED.
MM INDICATES DATA IS MISSING.
T  INDICATES TRACE AMOUNT.




$$
