000
CDUS45 KVEF 270828
CLIIGM


CLIMATE REPORT
NATIONAL WEATHER SERVICE LAS VEGAS, NV
1228 AM PST MON FEB 27 2017


...................................

...THE KINGMAN AZ CLIMATE SUMMARY FOR FEBRUARY 26 2017...

CLIMATE NORMAL PERIOD 1981 TO 2010
CLIMATE RECORD PERIOD 1901 TO 2017


WEATHER ITEM   OBSERVED TIME   RECORD YEAR NORMAL DEPARTURE LAST
                VALUE   (LST)  VALUE       VALUE  FROM      YEAR
                                                  NORMAL
..................................................................
TEMPERATURE (F)
 YESTERDAY
  MAXIMUM         56    304 PM  82    1986  62     -6       78
  MINIMUM         34    707 AM  20    1929  35     -1       35
  AVERAGE         45                        48     -3       57

PRECIPITATION (IN)
  YESTERDAY        0.00          0.91 1969   0.03  -0.03     0.00
  MONTH TO DATE    0.18                      1.08  -0.90      T
  SINCE OCT 1      5.52                      4.20   1.32     2.70
  SINCE JAN 1      1.96                      2.10  -0.14     1.18

DEGREE DAYS
 HEATING
  YESTERDAY       20                        17      3        8
  MONTH TO DATE  345                       477   -132      376
  SINCE DEC 1   1632                      1816   -184     1758
  SINCE JUL 1   1954                      2382   -428     2334

 COOLING
  YESTERDAY        0                         0      0        0
  MONTH TO DATE    0                         0      0        0
  SINCE DEC 1      0                         0      0        0
  SINCE JAN 1      0                         0      0        0
..................................................................


WIND (MPH)
  RESULTANT WIND SPEED   8   RESULTANT WIND DIRECTION  SW (210)
  HIGHEST WIND SPEED    23   HIGHEST WIND DIRECTION    SW (210)
  HIGHEST GUST SPEED    27   HIGHEST GUST DIRECTION    SW (220)
  AVERAGE WIND SPEED    10.7


SKY COVER
  POSSIBLE SUNSHINE  MM
  AVERAGE SKY COVER 0.5


WEATHER CONDITIONS
 THE FOLLOWING WEATHER WAS RECORDED YESTERDAY.
  NO SIGNIFICANT WEATHER WAS OBSERVED.


RELATIVE HUMIDITY (PERCENT)
 HIGHEST    44           500 AM
 LOWEST     19           200 PM
 AVERAGE    32

..........................................................


THE KINGMAN AZ CLIMATE NORMALS FOR TODAY
                         NORMAL    RECORD    YEAR
 MAXIMUM TEMPERATURE (F)   62        81      1986
 MINIMUM TEMPERATURE (F)   36        20      1956


SUNRISE AND SUNSET
FEBRUARY 27 2017......SUNRISE   707 AM MST   SUNSET   630 PM MST
FEBRUARY 28 2017......SUNRISE   706 AM MST   SUNSET   631 PM MST


-  INDICATES NEGATIVE NUMBERS.
R  INDICATES RECORD WAS SET OR TIED.
MM INDICATES DATA IS MISSING.
T  INDICATES TRACE AMOUNT.




$$
