000
CDUS45 KVEF 180839
CLIIGM


CLIMATE REPORT
NATIONAL WEATHER SERVICE LAS VEGAS, NV
1239 AM PST THU DEC 18 2014


...................................

...THE KINGMAN AZ CLIMATE SUMMARY FOR DECEMBER 17 2014...

CLIMATE NORMAL PERIOD 1981 TO 2010
CLIMATE RECORD PERIOD 1901 TO 2014


WEATHER ITEM   OBSERVED TIME   RECORD YEAR NORMAL DEPARTURE LAST
                VALUE   (LST)  VALUE       VALUE  FROM      YEAR
                                                  NORMAL
..................................................................
TEMPERATURE (F)
 YESTERDAY
  MAXIMUM         48    320 PM  74    1980  54     -6       64
  MINIMUM         34    748 AM  17    2005  31      3       31
  AVERAGE         41                        42     -1       48

PRECIPITATION (IN)
  YESTERDAY        0.01          1.23 2008   0.02  -0.01     0.00
  MONTH TO DATE    0.87                      0.40   0.47     0.04
  SINCE OCT 1      1.63                      1.76  -0.13     0.88
  SINCE JAN 1      8.12                      8.05   0.07     6.72

DEGREE DAYS
 HEATING
  YESTERDAY       24                        23      1       17
  MONTH TO DATE  271                       364    -93      448
  SINCE DEC 1    271                       364    -93      448
  SINCE JUL 1    685                       930   -245     1081

 COOLING
  YESTERDAY        0                         0      0        0
  MONTH TO DATE    0                         0      0        0
  SINCE DEC 1      0                         0      0        0
  SINCE JAN 1   2070                      2093    -23     2106
..................................................................


WIND (MPH)
  RESULTANT WIND SPEED   3   RESULTANT WIND DIRECTION   S (170)
  HIGHEST WIND SPEED    14   HIGHEST WIND DIRECTION    SW (220)
  HIGHEST GUST SPEED    17   HIGHEST GUST DIRECTION    SW (220)
  AVERAGE WIND SPEED     5.6


SKY COVER
  POSSIBLE SUNSHINE  MM
  AVERAGE SKY COVER 0.7


WEATHER CONDITIONS
 THE FOLLOWING WEATHER WAS RECORDED YESTERDAY.
  LIGHT RAIN
  FOG


RELATIVE HUMIDITY (PERCENT)
 HIGHEST    93           800 PM
 LOWEST     76          1100 AM
 AVERAGE    85

..........................................................


THE KINGMAN AZ CLIMATE NORMALS FOR TODAY
                         NORMAL    RECORD    YEAR
 MAXIMUM TEMPERATURE (F)   53        71      1979
 MINIMUM TEMPERATURE (F)   31        20      1967


SUNRISE AND SUNSET
DECEMBER 18 2014......SUNRISE   739 AM MST   SUNSET   526 PM MST
DECEMBER 19 2014......SUNRISE   740 AM MST   SUNSET   526 PM MST


-  INDICATES NEGATIVE NUMBERS.
R  INDICATES RECORD WAS SET OR TIED.
MM INDICATES DATA IS MISSING.
T  INDICATES TRACE AMOUNT.




$$
