000
CDUS41 KPHI 022137
CLIILG


CLIMATE REPORT
NATIONAL WEATHER SERVICE MOUNT HOLLY NJ
536 PM EDT TUE JUN 2 2015


...................................

...THE WILMINGTON DE CLIMATE SUMMARY FOR JUNE 2 2015...
VALID TODAY AS OF 0500 PM LOCAL TIME.

CLIMATE NORMAL PERIOD 1981 TO 2010
CLIMATE RECORD PERIOD 1894 TO 2015


WEATHER ITEM   OBSERVED TIME   RECORD YEAR NORMAL DEPARTURE LAST
                VALUE   (LST)  VALUE       VALUE  FROM      YEAR
                                                  NORMAL
..................................................................
TEMPERATURE (F)
 TODAY
  MAXIMUM         59   1253 AM  99    1895  78    -19       80
  MINIMUM         53    848 AM  44    1945  58     -5       54
  AVERAGE         56                        68    -12       67

PRECIPITATION (IN)
  TODAY            0.18          2.44 1959   0.12   0.06     0.00
  MONTH TO DATE    3.98                      0.25   3.73     0.00
  SINCE JUN 1      3.98                      0.25   3.73     0.00
  SINCE JAN 1     22.66                     17.31   5.35    22.33

SNOWFALL (IN)
  TODAY            0.0           0.0  1894   0.0    0.0      0.0
  MONTH TO DATE    0.0                       0.0    0.0      0.0
  SINCE JUN 1      0.0                       0.0    0.0      0.0
  SINCE JUL 1     23.4                      20.2    3.2     56.1
  SNOW DEPTH       0

DEGREE DAYS
 HEATING
  TODAY            9                         2      7        0
  MONTH TO DATE    9                         4      5        2
  SINCE JUN 1      9                         4      5        2
  SINCE JUL 1   5066                      4808    258     5127

 COOLING
  TODAY            0                         5     -5        2
  MONTH TO DATE    6                         9     -3        2
  SINCE JUN 1      6                         9     -3        2
  SINCE JAN 1    174                        88     86       69
..................................................................


WIND (MPH)
  HIGHEST WIND SPEED    17   HIGHEST WIND DIRECTION    NE (30)
  HIGHEST GUST SPEED    22   HIGHEST GUST DIRECTION    NE (40)
  AVERAGE WIND SPEED    12.8


SKY COVER
  POSSIBLE SUNSHINE  MM
  AVERAGE SKY COVER 0.9


WEATHER CONDITIONS
 THE FOLLOWING WEATHER WAS RECORDED TODAY.
  RAIN
  LIGHT RAIN
  FOG


RELATIVE HUMIDITY (PERCENT)
 HIGHEST   100           500 AM
 LOWEST     86          1100 AM
 AVERAGE    93

..........................................................


THE WILMINGTON DE CLIMATE NORMALS FOR TOMORROW
                         NORMAL    RECORD    YEAR
 MAXIMUM TEMPERATURE (F)   78       101      1895
 MINIMUM TEMPERATURE (F)   59        44      1929


SUNRISE AND SUNSET
JUNE  2 2015..........SUNRISE   536 AM EDT   SUNSET   825 PM EDT
JUNE  3 2015..........SUNRISE   536 AM EDT   SUNSET   825 PM EDT


-  INDICATES NEGATIVE NUMBERS.
R  INDICATES RECORD WAS SET OR TIED.
MM INDICATES DATA IS MISSING.
T  INDICATES TRACE AMOUNT.




$$
