000
CDUS41 KPHI 242132
CLIILG


CLIMATE REPORT
NATIONAL WEATHER SERVICE MOUNT HOLLY NJ
430 PM EST MON NOV 24 2014


...................................

...THE WILMINGTON DE CLIMATE SUMMARY FOR NOVEMBER 24 2014...
VALID TODAY AS OF 0400 PM LOCAL TIME.

CLIMATE NORMAL PERIOD 1981 TO 2010
CLIMATE RECORD PERIOD 1894 TO 2014


WEATHER ITEM   OBSERVED TIME   RECORD YEAR NORMAL DEPARTURE LAST
                VALUE   (LST)  VALUE       VALUE  FROM      YEAR
                                                  NORMAL
..................................................................
TEMPERATURE (F)
 TODAY
  MAXIMUM         72   1121 AM  73    1979  52     20       32
  MINIMUM         55   1240 AM  16    1956  35     20       22
  AVERAGE         64                        44     20       27

PRECIPITATION (IN)
  TODAY            0.36          1.08 1911   0.11   0.25     0.00
  MONTH TO DATE    3.08                      2.42   0.66     0.40
  SINCE SEP 1      8.71                     10.16  -1.45     4.29
  SINCE JAN 1     46.78                     38.92   7.86    40.62

SNOWFALL (IN)
  TODAY            0.0           0.2  2005   0.0    0.0      0.0
  MONTH TO DATE    T                         0.2   -0.2       T
  SINCE SEP 1      T                         0.2   -0.2       T
  SINCE JUL 1      T                         0.2   -0.2       T
  SNOW DEPTH       0

DEGREE DAYS
 HEATING
  TODAY            1                        21    -20       38
  MONTH TO DATE  495                       420     75      453
  SINCE SEP 1    750                       762    -12      749
  SINCE JUL 1    750                       764    -14      749

 COOLING
  TODAY            0                         0      0        0
  MONTH TO DATE    0                         0      0        0
  SINCE SEP 1    167                       152     15      156
  SINCE JAN 1   1073                      1145    -72     1241
..................................................................


WIND (MPH)
  HIGHEST WIND SPEED    29   HIGHEST WIND DIRECTION    SE (150)
  HIGHEST GUST SPEED    39   HIGHEST GUST DIRECTION     S (200)
  AVERAGE WIND SPEED    18.6


SKY COVER
  POSSIBLE SUNSHINE  MM
  AVERAGE SKY COVER 0.8


WEATHER CONDITIONS
 THE FOLLOWING WEATHER WAS RECORDED TODAY.
  HEAVY RAIN
  RAIN
  LIGHT RAIN
  FOG


RELATIVE HUMIDITY (PERCENT)
 HIGHEST   100           500 AM
 LOWEST     57           300 PM
 AVERAGE    79

..........................................................


THE WILMINGTON DE CLIMATE NORMALS FOR TOMORROW
                         NORMAL    RECORD    YEAR
 MAXIMUM TEMPERATURE (F)   52        74      1973
 MINIMUM TEMPERATURE (F)   35        18      1970


SUNRISE AND SUNSET
NOVEMBER 24 2014......SUNRISE   657 AM EST   SUNSET   441 PM EST
NOVEMBER 25 2014......SUNRISE   658 AM EST   SUNSET   441 PM EST


-  INDICATES NEGATIVE NUMBERS.
R  INDICATES RECORD WAS SET OR TIED.
MM INDICATES DATA IS MISSING.
T  INDICATES TRACE AMOUNT.




$$
