000
CDUS41 KPHI 260630
CLIILG


CLIMATE REPORT
NATIONAL WEATHER SERVICE MOUNT HOLLY NJ
129 AM EST SUN FEB 26 2017


...................................

...THE WILMINGTON DE CLIMATE SUMMARY FOR FEBRUARY 25 2017...

CLIMATE NORMAL PERIOD 1981 TO 2010
CLIMATE RECORD PERIOD 1894 TO 2017


WEATHER ITEM   OBSERVED TIME   RECORD YEAR NORMAL DEPARTURE LAST
                VALUE   (LST)  VALUE       VALUE  FROM      YEAR
                                                  NORMAL
..................................................................
TEMPERATURE (F)
 YESTERDAY
  MAXIMUM         71    244 PM  78    1930  46     25       62
  MINIMUM         44   1159 PM   5    1914  29     15       38
  AVERAGE         58                        37     21       50

PRECIPITATION (IN)
  YESTERDAY        0.38          0.89 2011   0.10   0.28      T
  MONTH TO DATE    1.24                      2.39  -1.15     4.43
  SINCE DEC 1      6.50                      8.88  -2.38    11.94
  SINCE JAN 1      3.91                      5.40  -1.49     6.73

SNOWFALL (IN)
  YESTERDAY        0.0           4.8  1974   0.2   -0.2      0.0
  MONTH TO DATE    1.1                       7.7   -6.6      5.8
  SINCE DEC 1      5.6                      17.0  -11.4     22.7
  SINCE JUL 1      5.6                      17.4  -11.8     22.7
  SNOW DEPTH       0

DEGREE DAYS
 HEATING
  YESTERDAY        7                        28    -21       15
  MONTH TO DATE  544                       755   -211      727
  SINCE DEC 1   2216                      2644   -428     2213
  SINCE JUL 1   2940                      3542   -602     2917

 COOLING
  YESTERDAY        0                         0      0        0
  MONTH TO DATE    0                         0      0        0
  SINCE DEC 1      0                         0      0        1
  SINCE JAN 1      0                         0      0        0
..................................................................


WIND (MPH)
  HIGHEST WIND SPEED    31   HIGHEST WIND DIRECTION     W (280)
  HIGHEST GUST SPEED    39   HIGHEST GUST DIRECTION     W (280)
  AVERAGE WIND SPEED    11.2


SKY COVER
  POSSIBLE SUNSHINE  MM
  AVERAGE SKY COVER 0.4


WEATHER CONDITIONS
 THE FOLLOWING WEATHER WAS RECORDED YESTERDAY.
  THUNDERSTORM
  HEAVY RAIN
  RAIN
  LIGHT RAIN
  FOG
  FOG W/VISIBILITY <= 1/4 MILE


RELATIVE HUMIDITY (PERCENT)
 HIGHEST   100          1200 AM
 LOWEST     53          1100 PM
 AVERAGE    77

..........................................................


THE WILMINGTON DE CLIMATE NORMALS FOR TODAY
                         NORMAL    RECORD    YEAR
 MAXIMUM TEMPERATURE (F)   46        76      1930
 MINIMUM TEMPERATURE (F)   29         8      1970


SUNRISE AND SUNSET
FEBRUARY 26 2017......SUNRISE   639 AM EST   SUNSET   552 PM EST
FEBRUARY 27 2017......SUNRISE   638 AM EST   SUNSET   553 PM EST


-  INDICATES NEGATIVE NUMBERS.
R  INDICATES RECORD WAS SET OR TIED.
MM INDICATES DATA IS MISSING.
T  INDICATES TRACE AMOUNT.




$$
