000
CDUS41 KPHI 190546
CLIILG


CLIMATE REPORT
NATIONAL WEATHER SERVICE MOUNT HOLLY NJ
144 AM EDT TUE SEP 19 2017


...................................

...THE WILMINGTON DE CLIMATE SUMMARY FOR SEPTEMBER 18 2017...

CLIMATE NORMAL PERIOD 1981 TO 2010
CLIMATE RECORD PERIOD 1894 TO 2017


WEATHER ITEM   OBSERVED TIME   RECORD YEAR NORMAL DEPARTURE LAST
                VALUE   (LST)  VALUE       VALUE  FROM      YEAR
                                                  NORMAL
..................................................................
TEMPERATURE (F)
 YESTERDAY
  MAXIMUM         81    320 PM  90    1915  77      4       89
  MINIMUM         68    321 AM  40    1990  57     11       67
                                      1959
  AVERAGE         75                        67      8       78

PRECIPITATION (IN)
  YESTERDAY        0.00          2.54 2004   0.16  -0.16     0.00
  MONTH TO DATE    1.07                      2.44  -1.37     0.22
  SINCE SEP 1      1.07                      2.44  -1.37     0.22
  SINCE JAN 1     33.21                     31.20   2.01    29.48

SNOWFALL (IN)
  YESTERDAY        0.0           0.0  1894   0.0    0.0      0.0
  MONTH TO DATE    0.0                       0.0    0.0      0.0
  SINCE SEP 1      0.0                       0.0    0.0      0.0
  SINCE JUL 1      0.0                       0.0    0.0      0.0
  SNOW DEPTH       0

DEGREE DAYS
 HEATING
  YESTERDAY        0                         2     -2        0
  MONTH TO DATE   14                        13      1        0
  SINCE SEP 1     14                        13      1        0
  SINCE JUL 1     14                        15     -1        0

 COOLING
  YESTERDAY       10                         4      6       13
  MONTH TO DATE   75                       104    -29      190
  SINCE SEP 1     75                       104    -29      190
  SINCE JAN 1   1121                      1097     24     1411
..................................................................


WIND (MPH)
  HIGHEST WIND SPEED    16   HIGHEST WIND DIRECTION     E (70)
  HIGHEST GUST SPEED    21   HIGHEST GUST DIRECTION    NE (60)
  AVERAGE WIND SPEED     9.6


SKY COVER
  POSSIBLE SUNSHINE  MM
  AVERAGE SKY COVER 0.8


WEATHER CONDITIONS
 THE FOLLOWING WEATHER WAS RECORDED YESTERDAY.
  FOG


RELATIVE HUMIDITY (PERCENT)
 HIGHEST    93           200 AM
 LOWEST     67           200 PM
 AVERAGE    80

..........................................................


THE WILMINGTON DE CLIMATE NORMALS FOR TODAY
                         NORMAL    RECORD    YEAR
 MAXIMUM TEMPERATURE (F)   76        94      1983
 MINIMUM TEMPERATURE (F)   57        40      1929


SUNRISE AND SUNSET
SEPTEMBER 19 2017.....SUNRISE   647 AM EDT   SUNSET   704 PM EDT
SEPTEMBER 20 2017.....SUNRISE   648 AM EDT   SUNSET   702 PM EDT


-  INDICATES NEGATIVE NUMBERS.
R  INDICATES RECORD WAS SET OR TIED.
MM INDICATES DATA IS MISSING.
T  INDICATES TRACE AMOUNT.




$$
