000
CDUS41 KPHI 210604
CLIILG


CLIMATE REPORT
NATIONAL WEATHER SERVICE MOUNT HOLLY NJ
102 AM EST WED FEB 21 2018


...................................

...THE WILMINGTON DE CLIMATE SUMMARY FOR FEBRUARY 20 2018...

CLIMATE NORMAL PERIOD 1981 TO 2010
CLIMATE RECORD PERIOD 1894 TO 2018


WEATHER ITEM   OBSERVED TIME   RECORD YEAR NORMAL DEPARTURE LAST
                VALUE   (LST)  VALUE       VALUE  FROM      YEAR
                                                  NORMAL
..................................................................
TEMPERATURE (F)
 YESTERDAY
  MAXIMUM         75R   351 PM  71    1930  45     30       60
  MINIMUM         45    215 AM   2    2015  28     17       39
  AVERAGE         60                        36     24       50

PRECIPITATION (IN)
  YESTERDAY        0.01          2.79 1924   0.10  -0.09     0.00
  MONTH TO DATE    4.90                      1.90   3.00     0.86
  SINCE DEC 1      8.57                      8.39   0.18     6.12
  SINCE JAN 1      7.34                      4.91   2.43     3.53

SNOWFALL (IN)
  YESTERDAY        0.0           6.0  1947   0.3   -0.3      0.0
  MONTH TO DATE    2.5                       6.4   -3.9      1.1
  SINCE DEC 1     13.8                      15.7   -1.9      5.6
  SINCE JUL 1     13.8                      16.1   -2.3      5.6
  SNOW DEPTH       0

DEGREE DAYS
 HEATING
  YESTERDAY        5                        29    -24       15
  MONTH TO DATE  539                       614    -75      486
  SINCE DEC 1   2500                      2503     -3     2158
  SINCE JUL 1   3228                      3401   -173     2882

 COOLING
  YESTERDAY        0                         0      0        0
  MONTH TO DATE    0                         0      0        0
  SINCE DEC 1      0                         0      0        0
  SINCE JAN 1      0                         0      0        0
..................................................................


WIND (MPH)
  HIGHEST WIND SPEED    16   HIGHEST WIND DIRECTION    SW (210)
  HIGHEST GUST SPEED    22   HIGHEST GUST DIRECTION     S (200)
  AVERAGE WIND SPEED     8.0


SKY COVER
  POSSIBLE SUNSHINE  MM
  AVERAGE SKY COVER 0.5


WEATHER CONDITIONS
 THE FOLLOWING WEATHER WAS RECORDED YESTERDAY.
  LIGHT RAIN
  FOG
  FOG W/VISIBILITY <= 1/4 MILE


RELATIVE HUMIDITY (PERCENT)
 HIGHEST   100          1200 AM
 LOWEST     58           400 PM
 AVERAGE    79

..........................................................


THE WILMINGTON DE CLIMATE NORMALS FOR TODAY
                         NORMAL    RECORD    YEAR
 MAXIMUM TEMPERATURE (F)   45        70      1953
 MINIMUM TEMPERATURE (F)   28         3      2015


SUNRISE AND SUNSET
FEBRUARY 21 2018......SUNRISE   647 AM EST   SUNSET   546 PM EST
FEBRUARY 22 2018......SUNRISE   645 AM EST   SUNSET   547 PM EST


-  INDICATES NEGATIVE NUMBERS.
R  INDICATES RECORD WAS SET OR TIED.
MM INDICATES DATA IS MISSING.
T  INDICATES TRACE AMOUNT.




$$
