000
CDUS41 KPHI 252128
CLIILG


CLIMATE REPORT
NATIONAL WEATHER SERVICE MOUNT HOLLY NJ
428 PM EST THU DEC 25 2014


...................................

...THE WILMINGTON DE CLIMATE SUMMARY FOR DECEMBER 25 2014...
VALID TODAY AS OF 0400 PM LOCAL TIME.

CLIMATE NORMAL PERIOD 1981 TO 2010
CLIMATE RECORD PERIOD 1894 TO 2014


WEATHER ITEM   OBSERVED TIME   RECORD YEAR NORMAL DEPARTURE LAST
                VALUE   (LST)  VALUE       VALUE  FROM      YEAR
                                                  NORMAL
..................................................................
TEMPERATURE (F)
 TODAY
  MAXIMUM         65    207 AM  70    1982  42     23       32
  MINIMUM         49    947 AM  -7    1983  26     23       18
  AVERAGE         57                        34     23       25

PRECIPITATION (IN)
  TODAY            0.04          0.99 2002   0.11  -0.07     0.00
  MONTH TO DATE    2.95                      2.91   0.04     3.85
  SINCE DEC 1      2.95                      2.91   0.04     3.85
  SINCE JAN 1     50.85                     42.51   8.34    46.98

SNOWFALL (IN)
  TODAY            0.0           3.9  1969   0.1   -0.1      0.0
  MONTH TO DATE    0.2                       2.6   -2.4     11.9
  SINCE DEC 1      0.2                       2.6   -2.4     11.9
  SINCE JUL 1      0.5                       3.0   -2.5     11.9
  SNOW DEPTH       0

DEGREE DAYS
 HEATING
  TODAY            8                        31    -23       40
  MONTH TO DATE  601                       690    -89      673
  SINCE DEC 1    601                       690    -89      673
  SINCE JUL 1   1490                      1588    -98     1594

 COOLING
  TODAY            0                         0      0        0
  MONTH TO DATE    0                         0      0        0
  SINCE DEC 1      0                         0      0        0
  SINCE JAN 1   1073                      1145    -72     1241
..................................................................


WIND (MPH)
  HIGHEST WIND SPEED    29   HIGHEST WIND DIRECTION     W (290)
  HIGHEST GUST SPEED    37   HIGHEST GUST DIRECTION     W (270)
  AVERAGE WIND SPEED    18.2


SKY COVER
  POSSIBLE SUNSHINE  MM
  AVERAGE SKY COVER 0.8


WEATHER CONDITIONS
 THE FOLLOWING WEATHER WAS RECORDED TODAY.
  LIGHT RAIN
  FOG


RELATIVE HUMIDITY (PERCENT)
 HIGHEST    87          1200 AM
 LOWEST     41          1200 PM
 AVERAGE    64

..........................................................


THE WILMINGTON DE CLIMATE NORMALS FOR TOMORROW
                         NORMAL    RECORD    YEAR
 MAXIMUM TEMPERATURE (F)   42        70      1964
 MINIMUM TEMPERATURE (F)   26        -2      1983


SUNRISE AND SUNSET
DECEMBER 25 2014......SUNRISE   721 AM EST   SUNSET   444 PM EST
DECEMBER 26 2014......SUNRISE   722 AM EST   SUNSET   444 PM EST


-  INDICATES NEGATIVE NUMBERS.
R  INDICATES RECORD WAS SET OR TIED.
MM INDICATES DATA IS MISSING.
T  INDICATES TRACE AMOUNT.




$$
