646
CDUS41 KPHI 260631
CLIILG


CLIMATE REPORT
NATIONAL WEATHER SERVICE MOUNT HOLLY NJ
230 AM EDT SUN MAR 26 2017


...................................

...THE WILMINGTON DE CLIMATE SUMMARY FOR MARCH 25 2017...

CLIMATE NORMAL PERIOD 1981 TO 2010
CLIMATE RECORD PERIOD 1894 TO 2017


WEATHER ITEM   OBSERVED TIME   RECORD YEAR NORMAL DEPARTURE LAST
                VALUE   (LST)  VALUE       VALUE  FROM      YEAR
                                                  NORMAL
..................................................................
TEMPERATURE (F)
 YESTERDAY
  MAXIMUM         79    129 PM  80    1939  56     23       72
  MINIMUM         43    114 AM  17    1940  36      7       47
                                      1911
  AVERAGE         61                        46     15       60

PRECIPITATION (IN)
  YESTERDAY        T             0.69 1953   0.13  -0.13      T
  MONTH TO DATE    2.66                      3.09  -0.43     1.37
  SINCE MAR 1      2.66                      3.09  -0.43     1.37
  SINCE JAN 1      6.68                      8.78  -2.10     8.10

SNOWFALL (IN)
  YESTERDAY        0.0           1.2  1965   0.1   -0.1      0.0
  MONTH TO DATE    3.4                       1.8    1.6      2.7
  SINCE MAR 1      3.4                       1.8    1.6      2.7
  SINCE JUL 1      9.0                      19.8  -10.8     25.4
  SNOW DEPTH       0

DEGREE DAYS
 HEATING
  YESTERDAY        4                        19    -15        5
  MONTH TO DATE  620                       574     46      415
  SINCE MAR 1    620                       574     46      415
  SINCE JUL 1   3622                      4197   -575     3423

 COOLING
  YESTERDAY        0                         0      0        0
  MONTH TO DATE    0                         0      0        2
  SINCE MAR 1      0                         0      0        2
  SINCE JAN 1      0                         0      0        2
..................................................................


WIND (MPH)
  HIGHEST WIND SPEED    29   HIGHEST WIND DIRECTION    NE (50)
  HIGHEST GUST SPEED    35   HIGHEST GUST DIRECTION    NE (60)
  AVERAGE WIND SPEED     7.8


SKY COVER
  POSSIBLE SUNSHINE  MM
  AVERAGE SKY COVER 0.3


WEATHER CONDITIONS
 THE FOLLOWING WEATHER WAS RECORDED YESTERDAY.
  LIGHT RAIN


RELATIVE HUMIDITY (PERCENT)
 HIGHEST    86           700 PM
 LOWEST     39           100 PM
 AVERAGE    63

..........................................................


THE WILMINGTON DE CLIMATE NORMALS FOR TODAY
                         NORMAL    RECORD    YEAR
 MAXIMUM TEMPERATURE (F)   56        77      1921
 MINIMUM TEMPERATURE (F)   37        20      1983


SUNRISE AND SUNSET
MARCH 26 2017.........SUNRISE   656 AM EDT   SUNSET   721 PM EDT
MARCH 27 2017.........SUNRISE   654 AM EDT   SUNSET   722 PM EDT


-  INDICATES NEGATIVE NUMBERS.
R  INDICATES RECORD WAS SET OR TIED.
MM INDICATES DATA IS MISSING.
T  INDICATES TRACE AMOUNT.




$$
