000
CDUS41 KPHI 312131
CLIILG


CLIMATE REPORT
NATIONAL WEATHER SERVICE MOUNT HOLLY NJ
531 PM EDT FRI OCT 31 2014


...................................

...THE WILMINGTON DE CLIMATE SUMMARY FOR OCTOBER 31 2014...
VALID TODAY AS OF 0500 PM LOCAL TIME.

CLIMATE NORMAL PERIOD 1981 TO 2010
CLIMATE RECORD PERIOD 1894 TO 2014


WEATHER ITEM   OBSERVED TIME   RECORD YEAR NORMAL DEPARTURE LAST
                VALUE   (LST)  VALUE       VALUE  FROM      YEAR
                                                  NORMAL
..................................................................
TEMPERATURE (F)
 TODAY
  MAXIMUM         55   1254 PM  82    1946  61     -6       71
  MINIMUM         36    718 AM  25    1925  42     -6       46
  AVERAGE         46                        51     -5       59

PRECIPITATION (IN)
  TODAY            0.00          1.53 1939   0.10  -0.10     0.02
  MONTH TO DATE    2.79                      3.42  -0.63     1.97
  SINCE SEP 1      5.63                      7.74  -2.11     3.89
  SINCE JAN 1     43.70                     36.50   7.20    40.22

SNOWFALL (IN)
  TODAY            0.0           0.0  1894   0.0    0.0      0.0
  MONTH TO DATE    0.0                       0.0    0.0      0.0
  SINCE SEP 1      0.0                       0.0    0.0      0.0
  SINCE JUL 1      0.0                       0.0    0.0      0.0
  SNOW DEPTH       0

DEGREE DAYS
 HEATING
  TODAY           19                        14      5        6
  MONTH TO DATE  217                       290    -73      227
  SINCE SEP 1    255                       342    -87      296
  SINCE JUL 1    255                       344    -89      296

 COOLING
  TODAY            0                         0      0        0
  MONTH TO DATE   18                        18      0       49
  SINCE SEP 1    167                       152     15      156
  SINCE JAN 1   1073                      1145    -72     1241
..................................................................


WIND (MPH)
  HIGHEST WIND SPEED    14   HIGHEST WIND DIRECTION    NE (50)
  HIGHEST GUST SPEED    16   HIGHEST GUST DIRECTION    NE (40)
  AVERAGE WIND SPEED     5.6


SKY COVER
  POSSIBLE SUNSHINE  MM
  AVERAGE SKY COVER 0.4


WEATHER CONDITIONS
 THE FOLLOWING WEATHER WAS RECORDED TODAY.
  NO SIGNIFICANT WEATHER WAS OBSERVED.


RELATIVE HUMIDITY (PERCENT)
 HIGHEST    92           100 AM
 LOWEST     51           100 PM
 AVERAGE    72

..........................................................


THE WILMINGTON DE CLIMATE NORMALS FOR TOMORROW
                         NORMAL    RECORD    YEAR
 MAXIMUM TEMPERATURE (F)   61        85      1950
 MINIMUM TEMPERATURE (F)   41        27      1917


SUNRISE AND SUNSET
OCTOBER 31 2014.......SUNRISE   730 AM EDT   SUNSET   602 PM EDT
NOVEMBER  1 2014......SUNRISE   731 AM EDT   SUNSET   601 PM EDT


-  INDICATES NEGATIVE NUMBERS.
R  INDICATES RECORD WAS SET OR TIED.
MM INDICATES DATA IS MISSING.
T  INDICATES TRACE AMOUNT.




$$
