000
CDUS42 KILM 160941
CLIILM


CLIMATE REPORT
NATIONAL WEATHER SERVICE WILMINGTON NC
440 AM EST SAT DEC 16 2017


...................................

...THE WILMINGTON NC CLIMATE SUMMARY FOR DECEMBER 15 2017...

CLIMATE NORMAL PERIOD 1981 TO 2010
CLIMATE RECORD PERIOD 1871 TO 2017


WEATHER ITEM   OBSERVED TIME   RECORD YEAR NORMAL DEPARTURE LAST
                VALUE   (LST)  VALUE       VALUE  FROM      YEAR
                                                  NORMAL
..................................................................
TEMPERATURE (F)
 YESTERDAY
  MAXIMUM         61    250 PM  78    1971  59      2       52
  MINIMUM         36    740 AM  17    2010  38     -2       30
                                      1962
  AVERAGE         49                        48      1       41

PRECIPITATION (IN)
  YESTERDAY        0.00          1.70 1943   0.12  -0.12     0.00
  MONTH TO DATE    2.22                      1.76   0.46     4.00
  SINCE DEC 1      2.22                      1.76   0.46     4.00
  SINCE JAN 1     61.00                     55.75   5.25    70.28

SNOWFALL (IN)
  YESTERDAY        0.0           6.0  1943   0.1   -0.1      0.0
  MONTH TO DATE    0.0                       0.3   -0.3      0.0
  SINCE DEC 1      0.0                       0.3   -0.3      0.0
  SINCE JUL 1      0.0                       0.3   -0.3      0.0
  SNOW DEPTH       0

DEGREE DAYS
 HEATING
  YESTERDAY       16                        17     -1       24
  MONTH TO DATE  228                       223      5      229
  SINCE DEC 1    228                       223      5      229
  SINCE JUL 1    566                       592    -26      588

 COOLING
  YESTERDAY        0                         0      0        0
  MONTH TO DATE    0                         0      0        0
  SINCE DEC 1      0                         0      0        0
  SINCE JAN 1   2355                      2037    318     2394
..................................................................


WIND (MPH)
  HIGHEST WIND SPEED    18   HIGHEST WIND DIRECTION    NW (330)
  HIGHEST GUST SPEED    22   HIGHEST GUST DIRECTION    NW (330)
  AVERAGE WIND SPEED     5.4


SKY COVER
  POSSIBLE SUNSHINE  MM
  AVERAGE SKY COVER 0.0


WEATHER CONDITIONS
 THE FOLLOWING WEATHER WAS RECORDED YESTERDAY.
  FOG
  HAZE


RELATIVE HUMIDITY (PERCENT)
 HIGHEST   100           200 AM
 LOWEST     46           200 PM
 AVERAGE    73

..........................................................


THE WILMINGTON NC CLIMATE NORMALS FOR TODAY
                         NORMAL    RECORD    YEAR
 MAXIMUM TEMPERATURE (F)   59        80      1971
 MINIMUM TEMPERATURE (F)   38        12      1943


SUNRISE AND SUNSET
DECEMBER 16 2017......SUNRISE   711 AM EST   SUNSET   504 PM EST
DECEMBER 17 2017......SUNRISE   712 AM EST   SUNSET   504 PM EST


-  INDICATES NEGATIVE NUMBERS.
R  INDICATES RECORD WAS SET OR TIED.
MM INDICATES DATA IS MISSING.
T  INDICATES TRACE AMOUNT.




$$
