000
CDUS42 KILM 302040
CLIILM


CLIMATE REPORT
NATIONAL WEATHER SERVICE WILMINGTON NC
440 PM EDT SAT APR 30 2016


...................................

...THE WILMINGTON NC CLIMATE SUMMARY FOR APRIL 30 2016...
VALID TODAY AS OF 0400 PM LOCAL TIME.

CLIMATE NORMAL PERIOD 1981 TO 2010
CLIMATE RECORD PERIOD 1871 TO 2016


WEATHER ITEM   OBSERVED TIME   RECORD YEAR NORMAL DEPARTURE LAST
                VALUE   (LST)  VALUE       VALUE  FROM      YEAR
                                                  NORMAL
..................................................................
TEMPERATURE (F)
 TODAY
  MAXIMUM         68    218 PM  92    1974  78    -10       67
  MINIMUM         59    251 AM  41    2006  55      4       53
                                      1982
                                      1939
  AVERAGE         64                        66     -2       60

PRECIPITATION (IN)
  TODAY            0.00          2.19 1999   0.09  -0.09     0.08
  MONTH TO DATE    1.91                      2.82  -0.91     2.16
  SINCE MAR 1      4.74                      7.03  -2.29     5.59
  SINCE JAN 1     16.81                     14.41   2.40    14.91

SNOWFALL (IN)
  TODAY            0.0          MM      MM   0.0    0.0      0.0
  MONTH TO DATE    0.0                       0.0    0.0      0.0
  SINCE MAR 1      0.0                       0.2   -0.2      0.0
  SINCE JUL 1      T                         1.7   -1.7      0.3
  SNOW DEPTH       0

DEGREE DAYS
 HEATING
  TODAY            1                         2     -1        5
  MONTH TO DATE  127                       131     -4       91
  SINCE MAR 1    300                       453   -153      404
  SINCE JUL 1   1787                      2382   -595     2587

 COOLING
  TODAY            0                         4     -4        0
  MONTH TO DATE   71                        67      4       63
  SINCE MAR 1    143                        83     60       83
  SINCE JAN 1    146                        88     58       89
..................................................................


WIND (MPH)
  HIGHEST WIND SPEED    16   HIGHEST WIND DIRECTION     E (80)
  HIGHEST GUST SPEED    22   HIGHEST GUST DIRECTION     E (70)
  AVERAGE WIND SPEED     7.8


SKY COVER
  POSSIBLE SUNSHINE  MM
  AVERAGE SKY COVER 0.7


WEATHER CONDITIONS
 THE FOLLOWING WEATHER WAS RECORDED TODAY.
  NO SIGNIFICANT WEATHER WAS OBSERVED.


RELATIVE HUMIDITY (PERCENT)
 HIGHEST   100           100 AM
 LOWEST     73           300 PM
 AVERAGE    87

..........................................................


THE WILMINGTON NC CLIMATE NORMALS FOR TOMORROW
                         NORMAL    RECORD    YEAR
 MAXIMUM TEMPERATURE (F)   78        94      1986
 MINIMUM TEMPERATURE (F)   56        38      1876


SUNRISE AND SUNSET
APRIL 30 2016.........SUNRISE   623 AM EDT   SUNSET   755 PM EDT
MAY  1 2016...........SUNRISE   622 AM EDT   SUNSET   756 PM EDT


-  INDICATES NEGATIVE NUMBERS.
R  INDICATES RECORD WAS SET OR TIED.
MM INDICATES DATA IS MISSING.
T  INDICATES TRACE AMOUNT.




$$
