000
CDUS42 KILM 301002
CLIILM


CLIMATE REPORT
NATIONAL WEATHER SERVICE WILMINGTON NC
502 AM EST FRI JAN 30 2015


...................................

...THE WILMINGTON NC CLIMATE SUMMARY FOR JANUARY 29 2015...

CLIMATE NORMAL PERIOD 1981 TO 2010
CLIMATE RECORD PERIOD 1871 TO 2015


WEATHER ITEM   OBSERVED TIME   RECORD YEAR NORMAL DEPARTURE LAST
                VALUE   (LST)  VALUE       VALUE  FROM      YEAR
                                                  NORMAL
..................................................................
TEMPERATURE (F)
 YESTERDAY
  MAXIMUM         51    210 PM  78    2002  57     -6       28
  MINIMUM         22    505 AM  14    1897  36    -14       20
  AVERAGE         37                        47    -10       24

PRECIPITATION (IN)
  YESTERDAY        T             1.37 1974   0.13  -0.13     0.20
  MONTH TO DATE    4.91                      3.50   1.41     2.72
  SINCE DEC 1      9.90                      7.12   2.78     4.45
  SINCE JAN 1      4.91                      3.50   1.41     2.72

SNOWFALL (IN)
  YESTERDAY        0.0           T    1961   0.0    0.0      0.4
  MONTH TO DATE    0.0                       0.4   -0.4      1.0
  SINCE DEC 1      0.0                       1.2   -1.2      1.0
  SINCE JUL 1      0.0                       1.2   -1.2      1.0
  SNOW DEPTH       0

DEGREE DAYS
 HEATING
  YESTERDAY       28                        18     10       41
  MONTH TO DATE  548                       549     -1      617
  SINCE DEC 1   1011                      1064    -53     1015
  SINCE JUL 1   1464                      1433     31     1417

 COOLING
  YESTERDAY        0                         0      0        0
  MONTH TO DATE    6                         0      6        3
  SINCE DEC 1      6                         5      1       25
  SINCE JAN 1      6                         0      6        3
..................................................................


WIND (MPH)
  HIGHEST WIND SPEED    12   HIGHEST WIND DIRECTION    SW (230)
  HIGHEST GUST SPEED    15   HIGHEST GUST DIRECTION    SW (230)
  AVERAGE WIND SPEED     4.0


SKY COVER
  POSSIBLE SUNSHINE  MM
  AVERAGE SKY COVER 0.1


WEATHER CONDITIONS
 THE FOLLOWING WEATHER WAS RECORDED YESTERDAY.
  LIGHT RAIN


RELATIVE HUMIDITY (PERCENT)
 HIGHEST    92           500 AM
 LOWEST     25          1200 PM
 AVERAGE    59

..........................................................


THE WILMINGTON NC CLIMATE NORMALS FOR TODAY
                         NORMAL    RECORD    YEAR
 MAXIMUM TEMPERATURE (F)   58        79      2002
 MINIMUM TEMPERATURE (F)   36        11      1934


SUNRISE AND SUNSET
JANUARY 30 2015.......SUNRISE   711 AM EST   SUNSET   540 PM EST
JANUARY 31 2015.......SUNRISE   710 AM EST   SUNSET   541 PM EST


-  INDICATES NEGATIVE NUMBERS.
R  INDICATES RECORD WAS SET OR TIED.
MM INDICATES DATA IS MISSING.
T  INDICATES TRACE AMOUNT.




$$
