000
CDUS42 KILM 282040
CLIILM


CLIMATE REPORT
NATIONAL WEATHER SERVICE WILMINGTON NC
440 PM EDT WED JUN 28 2017


...................................

...THE WILMINGTON NC CLIMATE SUMMARY FOR JUNE 28 2017...
VALID TODAY AS OF 0400 PM LOCAL TIME.

CLIMATE NORMAL PERIOD 1981 TO 2010
CLIMATE RECORD PERIOD 1871 TO 2017


WEATHER ITEM   OBSERVED TIME   RECORD YEAR NORMAL DEPARTURE LAST
                VALUE   (LST)  VALUE       VALUE  FROM      YEAR
                                                  NORMAL
..................................................................
TEMPERATURE (F)
 TODAY
  MAXIMUM         86    212 PM 100    1978  89     -3       85
  MINIMUM         65    523 AM  56    1988  71     -6       71
  AVERAGE         76                        80     -4       78

PRECIPITATION (IN)
  TODAY            0.00          2.62 1892   0.18  -0.18     1.18
  MONTH TO DATE    3.49                      4.78  -1.29     6.62
  SINCE JUN 1      3.49                      4.78  -1.29     6.62
  SINCE JAN 1     23.99                     23.68   0.31    29.31

DEGREE DAYS
 HEATING
  TODAY            0                         0      0        0
  MONTH TO DATE    2                         0      2        0
  SINCE JUN 1      2                         0      2        0
  SINCE JUL 1   1946                      2409   -463     1806

 COOLING
  TODAY           11                        15     -4       13
  MONTH TO DATE  367                       355     12      387
  SINCE JUN 1    367                       355     12      387
  SINCE JAN 1    804                       636    168      722
..................................................................


WIND (MPH)
  HIGHEST WIND SPEED    15   HIGHEST WIND DIRECTION    NE (40)
  HIGHEST GUST SPEED    17   HIGHEST GUST DIRECTION    NE (30)
  AVERAGE WIND SPEED     6.8


SKY COVER
  POSSIBLE SUNSHINE  MM
  AVERAGE SKY COVER 0.0


WEATHER CONDITIONS
 THE FOLLOWING WEATHER WAS RECORDED TODAY.
  NO SIGNIFICANT WEATHER WAS OBSERVED.


RELATIVE HUMIDITY (PERCENT)
 HIGHEST    84           500 AM
 LOWEST     32           100 PM
 AVERAGE    58

..........................................................


THE WILMINGTON NC CLIMATE NORMALS FOR TOMORROW
                         NORMAL    RECORD    YEAR
 MAXIMUM TEMPERATURE (F)   89       101      1959
 MINIMUM TEMPERATURE (F)   72        56      1981


SUNRISE AND SUNSET
JUNE 28 2017..........SUNRISE   602 AM EDT   SUNSET   828 PM EDT
JUNE 29 2017..........SUNRISE   603 AM EDT   SUNSET   828 PM EDT


-  INDICATES NEGATIVE NUMBERS.
R  INDICATES RECORD WAS SET OR TIED.
MM INDICATES DATA IS MISSING.
T  INDICATES TRACE AMOUNT.




$$
