000
CDUS42 KILM 260941
CLIILM


CLIMATE REPORT
NATIONAL WEATHER SERVICE WILMINGTON NC
440 AM EST FRI DEC 26 2014


...................................

...THE WILMINGTON NC CLIMATE SUMMARY FOR DECEMBER 25 2014...

CLIMATE NORMAL PERIOD 1981 TO 2010
CLIMATE RECORD PERIOD 1871 TO 2014


WEATHER ITEM   OBSERVED TIME   RECORD YEAR NORMAL DEPARTURE LAST
                VALUE   (LST)  VALUE       VALUE  FROM      YEAR
                                                  NORMAL
..................................................................
TEMPERATURE (F)
 YESTERDAY
  MAXIMUM         66    114 AM  77    1955  57      9       47
  MINIMUM         40   1157 PM   0    1989  36      4       30
  AVERAGE         53                        47      6       39

PRECIPITATION (IN)
  YESTERDAY        T             2.26 2006   0.12  -0.12     0.00
  MONTH TO DATE    4.72                      2.95   1.77     1.51
  SINCE DEC 1      4.72                      2.95   1.77     1.51
  SINCE JAN 1     59.50                     56.94   2.56    50.92

SNOWFALL (IN)
  YESTERDAY        0.0           T    1948   0.0    0.0      0.0
  MONTH TO DATE    0.0                       0.6   -0.6      0.0
  SINCE DEC 1      0.0                       0.6   -0.6      0.0
  SINCE JUL 1      0.0                       0.6   -0.6       T
  SNOW DEPTH       0

DEGREE DAYS
 HEATING
  YESTERDAY       12                        18     -6       26
  MONTH TO DATE  371                       399    -28      302
  SINCE DEC 1    371                       399    -28      302
  SINCE JUL 1    824                       768     56      704

 COOLING
  YESTERDAY        0                         0      0        0
  MONTH TO DATE    0                         0      0       22
  SINCE DEC 1      0                         0      0       22
  SINCE JAN 1   2190                      2037    153     1914
..................................................................


WIND (MPH)
  HIGHEST WIND SPEED    25   HIGHEST WIND DIRECTION     W (260)
  HIGHEST GUST SPEED    34   HIGHEST GUST DIRECTION     W (270)
  AVERAGE WIND SPEED     8.6


SKY COVER
  POSSIBLE SUNSHINE  MM
  AVERAGE SKY COVER 0.4


WEATHER CONDITIONS
 THE FOLLOWING WEATHER WAS RECORDED YESTERDAY.
  LIGHT RAIN
  FOG


RELATIVE HUMIDITY (PERCENT)
 HIGHEST   100          1000 PM
 LOWEST     51           300 PM
 AVERAGE    76

..........................................................


THE WILMINGTON NC CLIMATE NORMALS FOR TODAY
                         NORMAL    RECORD    YEAR
 MAXIMUM TEMPERATURE (F)   57        78      1964
 MINIMUM TEMPERATURE (F)   36        10      1983


SUNRISE AND SUNSET
DECEMBER 26 2014......SUNRISE   716 AM EST   SUNSET   509 PM EST
DECEMBER 27 2014......SUNRISE   716 AM EST   SUNSET   509 PM EST


-  INDICATES NEGATIVE NUMBERS.
R  INDICATES RECORD WAS SET OR TIED.
MM INDICATES DATA IS MISSING.
T  INDICATES TRACE AMOUNT.




$$
