000
CDUS42 KILM 280845
CLIILM


CLIMATE REPORT
NATIONAL WEATHER SERVICE WILMINGTON NC
445 AM EDT SAT MAY 28 2016


...................................

...THE WILMINGTON NC CLIMATE SUMMARY FOR MAY 27 2016...

CLIMATE NORMAL PERIOD 1981 TO 2010
CLIMATE RECORD PERIOD 1871 TO 2016


WEATHER ITEM   OBSERVED TIME   RECORD YEAR NORMAL DEPARTURE LAST
                VALUE   (LST)  VALUE       VALUE  FROM      YEAR
                                                  NORMAL
..................................................................
TEMPERATURE (F)
 YESTERDAY
  MAXIMUM         81    144 PM  96    1989  83     -2       83
  MINIMUM         63    513 AM  46    1925  63      0       70
  AVERAGE         72                        73     -1       77

PRECIPITATION (IN)
  YESTERDAY        0.00          3.02 1960   0.17  -0.17      T
  MONTH TO DATE    4.50                      3.81   0.69     5.66
  SINCE MAR 1      9.24                     10.84  -1.60    11.25
  SINCE JAN 1     21.31                     18.22   3.09    20.57

DEGREE DAYS
 HEATING
  YESTERDAY        0                         0      0        0
  MONTH TO DATE   19                        25     -6       10
  SINCE MAR 1    319                       478   -159      414
  SINCE JUL 1   1806                      2407   -601     2597

 COOLING
  YESTERDAY        7                         8     -1       12
  MONTH TO DATE  149                       157     -8      169
  SINCE MAR 1    292                       240     52      252
  SINCE JAN 1    295                       245     50      258
..................................................................


WIND (MPH)
  HIGHEST WIND SPEED    15   HIGHEST WIND DIRECTION     E (110)
  HIGHEST GUST SPEED    23   HIGHEST GUST DIRECTION     E (110)
  AVERAGE WIND SPEED     5.1


SKY COVER
  POSSIBLE SUNSHINE  MM
  AVERAGE SKY COVER 0.1


WEATHER CONDITIONS
 THE FOLLOWING WEATHER WAS RECORDED YESTERDAY.
  NO SIGNIFICANT WEATHER WAS OBSERVED.


RELATIVE HUMIDITY (PERCENT)
 HIGHEST    93           300 AM
 LOWEST     45           100 PM
 AVERAGE    69

..........................................................


THE WILMINGTON NC CLIMATE NORMALS FOR TODAY
                         NORMAL    RECORD    YEAR
 MAXIMUM TEMPERATURE (F)   83        97      1967
 MINIMUM TEMPERATURE (F)   64        44      1961


SUNRISE AND SUNSET
MAY 28 2016...........SUNRISE   602 AM EDT   SUNSET   816 PM EDT
MAY 29 2016...........SUNRISE   602 AM EDT   SUNSET   817 PM EDT


-  INDICATES NEGATIVE NUMBERS.
R  INDICATES RECORD WAS SET OR TIED.
MM INDICATES DATA IS MISSING.
T  INDICATES TRACE AMOUNT.




$$
