000
CDUS42 KILM 142200
CLIILM


CLIMATE REPORT
NATIONAL WEATHER SERVICE WILMINGTON NC
500 PM EST SUN FEB 14 2016


...................................

...THE WILMINGTON NC CLIMATE SUMMARY FOR FEBRUARY 14 2016...
VALID TODAY AS OF 0400 PM LOCAL TIME.

CLIMATE NORMAL PERIOD 1981 TO 2010
CLIMATE RECORD PERIOD 1871 TO 2016


WEATHER ITEM   OBSERVED TIME   RECORD YEAR NORMAL DEPARTURE LAST
                VALUE   (LST)  VALUE       VALUE  FROM      YEAR
                                                  NORMAL
..................................................................
TEMPERATURE (F)
 TODAY
  MAXIMUM         36    205 PM  78    1951  60    -24       53
  MINIMUM         21    718 AM   5    1899  38    -17       21
  AVERAGE         29                        49    -20       37

PRECIPITATION (IN)
  TODAY            0.00          2.42 1944   0.12  -0.12     0.00
  MONTH TO DATE    6.21                      1.76   4.45     1.18
  SINCE DEC 1     16.16                      9.14   7.02    11.15
  SINCE JAN 1     10.66                      5.52   5.14     6.16

SNOWFALL (IN)
  TODAY            0.0           T    1960   0.0    0.0      0.0
  MONTH TO DATE    T                         0.2   -0.2      0.0
  SINCE DEC 1      T                         1.4   -1.4      0.0
  SINCE JUL 1      T                         1.4   -1.4      0.0
  SNOW DEPTH       0

DEGREE DAYS
 HEATING
  TODAY           36                        16     20       28
  MONTH TO DATE  275                       242     33      291
  SINCE DEC 1   1078                      1348   -270     1349
  SINCE JUL 1   1308                      1717   -409     1802

 COOLING
  TODAY            0                         0      0        0
  MONTH TO DATE    0                         0      0        0
  SINCE DEC 1     76                         7     69        6
  SINCE JAN 1      0                         2     -2        6
..................................................................


WIND (MPH)
  HIGHEST WIND SPEED    18   HIGHEST WIND DIRECTION    NE (30)
  HIGHEST GUST SPEED    21   HIGHEST GUST DIRECTION    NE (30)
  AVERAGE WIND SPEED     8.3


SKY COVER
  POSSIBLE SUNSHINE  MM
  AVERAGE SKY COVER 0.1


WEATHER CONDITIONS
 THE FOLLOWING WEATHER WAS RECORDED TODAY.
  NO SIGNIFICANT WEATHER WAS OBSERVED.


RELATIVE HUMIDITY (PERCENT)
 HIGHEST    54           200 AM
 LOWEST     23           200 PM
 AVERAGE    39

..........................................................


THE WILMINGTON NC CLIMATE NORMALS FOR TOMORROW
                         NORMAL    RECORD    YEAR
 MAXIMUM TEMPERATURE (F)   60        79      2001
 MINIMUM TEMPERATURE (F)   38        15      1916


SUNRISE AND SUNSET
FEBRUARY 14 2016......SUNRISE   658 AM EST   SUNSET   554 PM EST
FEBRUARY 15 2016......SUNRISE   657 AM EST   SUNSET   555 PM EST


-  INDICATES NEGATIVE NUMBERS.
R  INDICATES RECORD WAS SET OR TIED.
MM INDICATES DATA IS MISSING.
T  INDICATES TRACE AMOUNT.




$$
