000
CDUS42 KILM 290854
CLIILM


CLIMATE REPORT
NATIONAL WEATHER SERVICE WILMINGTON NC
454 AM EDT TUE JUL 29 2014


...................................

...THE WILMINGTON NC CLIMATE SUMMARY FOR JULY 28 2014...

CLIMATE NORMAL PERIOD 1981 TO 2010
CLIMATE RECORD PERIOD 1871 TO 2014


WEATHER ITEM   OBSERVED TIME   RECORD YEAR NORMAL DEPARTURE LAST
                VALUE   (LST)  VALUE       VALUE  FROM      YEAR
                                                  NORMAL
..................................................................
TEMPERATURE (F)
 YESTERDAY
  MAXIMUM         92    159 PM 102    1936  90      2       87
  MINIMUM         71    512 PM  58    1920  73     -2       73
  AVERAGE         82                        81      1       80

PRECIPITATION (IN)
  YESTERDAY        0.59          3.50 1988   0.26   0.33      T
  MONTH TO DATE   11.39                      6.73   4.66     4.64
  SINCE JUN 1     13.87                     11.91   1.96    16.10
  SINCE JAN 1     33.11                     30.81   2.30    32.81

DEGREE DAYS
 HEATING
  YESTERDAY        0                         0      0        0
  MONTH TO DATE    0                         0      0        0
  SINCE JUN 1      0                         2     -2        0
  SINCE JUL 1      0                         0      0        0

 COOLING
  YESTERDAY       17                        16      1       15
  MONTH TO DATE  431                       448    -17      426
  SINCE JUN 1    871                       833     38      806
  SINCE JAN 1   1278                      1114    164     1032
..................................................................


WIND (MPH)
  HIGHEST WIND SPEED    25   HIGHEST WIND DIRECTION     S (200)
  HIGHEST GUST SPEED    37   HIGHEST GUST DIRECTION     S (200)
  AVERAGE WIND SPEED     8.6


SKY COVER
  POSSIBLE SUNSHINE  MM
  AVERAGE SKY COVER 0.2


WEATHER CONDITIONS
 THE FOLLOWING WEATHER WAS RECORDED YESTERDAY.
  THUNDERSTORM
  HEAVY RAIN
  LIGHT RAIN
  FOG


RELATIVE HUMIDITY (PERCENT)
 HIGHEST    93           800 PM
 LOWEST     56          1100 AM
 AVERAGE    75

..........................................................


THE WILMINGTON NC CLIMATE NORMALS FOR TODAY
                         NORMAL    RECORD    YEAR
 MAXIMUM TEMPERATURE (F)   89       101      1993
 MINIMUM TEMPERATURE (F)   73        62      1924
                                             1920


SUNRISE AND SUNSET
JULY 29 2014..........SUNRISE   620 AM EDT   SUNSET   815 PM EDT
JULY 30 2014..........SUNRISE   621 AM EDT   SUNSET   815 PM EDT


-  INDICATES NEGATIVE NUMBERS.
R  INDICATES RECORD WAS SET OR TIED.
MM INDICATES DATA IS MISSING.
T  INDICATES TRACE AMOUNT.




$$
