000
CDUS42 KILM 242041
CLIILM


CLIMATE REPORT
NATIONAL WEATHER SERVICE WILMINGTON NC
441 PM EDT FRI MAR 24 2017


...................................

...THE WILMINGTON NC CLIMATE SUMMARY FOR MARCH 24 2017...
VALID TODAY AS OF 0400 PM LOCAL TIME.

CLIMATE NORMAL PERIOD 1981 TO 2010
CLIMATE RECORD PERIOD 1871 TO 2017


WEATHER ITEM   OBSERVED TIME   RECORD YEAR NORMAL DEPARTURE LAST
                VALUE   (LST)  VALUE       VALUE  FROM      YEAR
                                                  NORMAL
..................................................................
TEMPERATURE (F)
 TODAY
  MAXIMUM         71    251 PM  87    1929  69      2       80
                                      1907
  MINIMUM         34    547 AM  26    1885  46    -12       51
  AVERAGE         53                        57     -4       66

PRECIPITATION (IN)
  TODAY            0.00          1.45 1979   0.12  -0.12      T
  MONTH TO DATE    1.98                      3.30  -1.32     1.95
  SINCE MAR 1      1.98                      3.30  -1.32     1.95
  SINCE JAN 1      7.53                     10.68  -3.15    14.02

SNOWFALL (IN)
  TODAY            0.0           2.9  1983   0.0    0.0      0.0
  MONTH TO DATE    1.1                       0.1    1.0      0.0
  SINCE MAR 1      1.1                       0.1    1.0      0.0
  SINCE JUL 1      1.1                       1.6   -0.5       T
  SNOW DEPTH       0

DEGREE DAYS
 HEATING
  TODAY           12                         8      4        0
  MONTH TO DATE  360                       269     91      158
  SINCE MAR 1    360                       269     91      158
  SINCE JUL 1   1875                      2198   -323     1645

 COOLING
  TODAY            0                         1     -1        1
  MONTH TO DATE   11                         9      2       55
  SINCE MAR 1     11                         9      2       55
  SINCE JAN 1     17                        14      3       58
..................................................................


WIND (MPH)
  HIGHEST WIND SPEED    18   HIGHEST WIND DIRECTION     S (180)
  HIGHEST GUST SPEED    24   HIGHEST GUST DIRECTION     S (190)
  AVERAGE WIND SPEED     6.7


SKY COVER
  POSSIBLE SUNSHINE  MM
  AVERAGE SKY COVER 0.0


WEATHER CONDITIONS
 THE FOLLOWING WEATHER WAS RECORDED TODAY.
  NO SIGNIFICANT WEATHER WAS OBSERVED.


RELATIVE HUMIDITY (PERCENT)
 HIGHEST    92          1200 AM
 LOWEST     44          1200 PM
 AVERAGE    68

..........................................................


THE WILMINGTON NC CLIMATE NORMALS FOR TOMORROW
                         NORMAL    RECORD    YEAR
 MAXIMUM TEMPERATURE (F)   69        83      1935
 MINIMUM TEMPERATURE (F)   46        28      1983


SUNRISE AND SUNSET
MARCH 24 2017.........SUNRISE   710 AM EDT   SUNSET   727 PM EDT
MARCH 25 2017.........SUNRISE   708 AM EDT   SUNSET   727 PM EDT


-  INDICATES NEGATIVE NUMBERS.
R  INDICATES RECORD WAS SET OR TIED.
MM INDICATES DATA IS MISSING.
T  INDICATES TRACE AMOUNT.




$$
